[INFO] cloning repository https://github.com/John-Bush14/rsnbs
[INFO] running `Command { std: "git" "-c" "credential.helper=" "-c" "credential.helper=/workspace/cargo-home/bin/git-credential-null" "clone" "--bare" "https://github.com/John-Bush14/rsnbs" "/workspace/cache/git-repos/https%3A%2F%2Fgithub.com%2FJohn-Bush14%2Frsnbs", kill_on_drop: false }`
[INFO] [stderr] Cloning into bare repository '/workspace/cache/git-repos/https%3A%2F%2Fgithub.com%2FJohn-Bush14%2Frsnbs'...
[INFO] running `Command { std: "git" "rev-parse" "HEAD", kill_on_drop: false }`
[INFO] [stdout] 1a82161f95bb71de109918b42ebb267dd385419e
[INFO] testing John-Bush14/rsnbs against nightly-2025-01-18+rustflags=-Zrandomize-layout for randomize-layout-2
[INFO] running `Command { std: "git" "clone" "/workspace/cache/git-repos/https%3A%2F%2Fgithub.com%2FJohn-Bush14%2Frsnbs" "/workspace/builds/worker-5-tc2/source", kill_on_drop: false }`
[INFO] [stderr] Cloning into '/workspace/builds/worker-5-tc2/source'...
[INFO] [stderr] done.
[INFO] validating manifest of git repo https://github.com/John-Bush14/rsnbs on toolchain nightly-2025-01-18
[INFO] running `Command { std: CARGO_HOME="/workspace/cargo-home" RUSTUP_HOME="/workspace/rustup-home" "/workspace/cargo-home/bin/cargo" "+nightly-2025-01-18" "metadata" "--manifest-path" "Cargo.toml" "--no-deps", kill_on_drop: false }`
[INFO] started tweaking git repo https://github.com/John-Bush14/rsnbs
[INFO] finished tweaking git repo https://github.com/John-Bush14/rsnbs
[INFO] tweaked toml for git repo https://github.com/John-Bush14/rsnbs written to /workspace/builds/worker-5-tc2/source/Cargo.toml
[INFO] running `Command { std: CARGO_HOME="/workspace/cargo-home" RUSTUP_HOME="/workspace/rustup-home" "/workspace/cargo-home/bin/cargo" "+nightly-2025-01-18" "generate-lockfile" "--manifest-path" "Cargo.toml", kill_on_drop: false }`
[INFO] [stderr]     Updating crates.io index
[INFO] [stderr]      Locking 3 packages to latest compatible versions
[INFO] running `Command { std: CARGO_HOME="/workspace/cargo-home" RUSTUP_HOME="/workspace/rustup-home" "/workspace/cargo-home/bin/cargo" "+nightly-2025-01-18" "fetch" "--manifest-path" "Cargo.toml", kill_on_drop: false }`
[INFO] running `Command { std: "docker" "create" "-v" "/var/lib/crater-agent-workspace/builds/worker-5-tc2/target:/opt/rustwide/target:rw,Z" "-v" "/var/lib/crater-agent-workspace/builds/worker-5-tc2/source:/opt/rustwide/workdir:ro,Z" "-v" "/var/lib/crater-agent-workspace/cargo-home:/opt/rustwide/cargo-home:ro,Z" "-v" "/var/lib/crater-agent-workspace/rustup-home:/opt/rustwide/rustup-home:ro,Z" "-e" "SOURCE_DIR=/opt/rustwide/workdir" "-e" "CARGO_TARGET_DIR=/opt/rustwide/target" "-e" "CARGO_HOME=/opt/rustwide/cargo-home" "-e" "RUSTUP_HOME=/opt/rustwide/rustup-home" "-w" "/opt/rustwide/workdir" "-m" "1610612736" "--user" "0:0" "--network" "none" "ghcr.io/rust-lang/crates-build-env/linux@sha256:819108c5571ea2e421544af4d832f968d213c87fbe3707a016657f43d2f853bc" "/opt/rustwide/cargo-home/bin/cargo" "+nightly-2025-01-18" "metadata" "--no-deps" "--format-version=1", kill_on_drop: false }`
[INFO] [stdout] e1d17fd5c9ec0157eb926ff820c6cb3e1302b3ea9b1ee43ebf0bfeea1fcafb79
[INFO] running `Command { std: "docker" "start" "-a" "e1d17fd5c9ec0157eb926ff820c6cb3e1302b3ea9b1ee43ebf0bfeea1fcafb79", kill_on_drop: false }`
[INFO] running `Command { std: "docker" "inspect" "e1d17fd5c9ec0157eb926ff820c6cb3e1302b3ea9b1ee43ebf0bfeea1fcafb79", kill_on_drop: false }`
[INFO] running `Command { std: "docker" "rm" "-f" "e1d17fd5c9ec0157eb926ff820c6cb3e1302b3ea9b1ee43ebf0bfeea1fcafb79", kill_on_drop: false }`
[INFO] [stdout] e1d17fd5c9ec0157eb926ff820c6cb3e1302b3ea9b1ee43ebf0bfeea1fcafb79
[INFO] running `Command { std: "docker" "create" "-v" "/var/lib/crater-agent-workspace/builds/worker-5-tc2/target:/opt/rustwide/target:rw,Z" "-v" "/var/lib/crater-agent-workspace/builds/worker-5-tc2/source:/opt/rustwide/workdir:ro,Z" "-v" "/var/lib/crater-agent-workspace/cargo-home:/opt/rustwide/cargo-home:ro,Z" "-v" "/var/lib/crater-agent-workspace/rustup-home:/opt/rustwide/rustup-home:ro,Z" "-e" "SOURCE_DIR=/opt/rustwide/workdir" "-e" "CARGO_TARGET_DIR=/opt/rustwide/target" "-e" "CARGO_INCREMENTAL=0" "-e" "RUST_BACKTRACE=full" "-e" "RUSTFLAGS=--cap-lints=forbid -Zrandomize-layout" "-e" "RUSTDOCFLAGS=--cap-lints=forbid" "-e" "CARGO_HOME=/opt/rustwide/cargo-home" "-e" "RUSTUP_HOME=/opt/rustwide/rustup-home" "-w" "/opt/rustwide/workdir" "-m" "1610612736" "--user" "0:0" "--network" "none" "ghcr.io/rust-lang/crates-build-env/linux@sha256:819108c5571ea2e421544af4d832f968d213c87fbe3707a016657f43d2f853bc" "/opt/rustwide/cargo-home/bin/cargo" "+nightly-2025-01-18" "build" "--frozen" "--message-format=json", kill_on_drop: false }`
[INFO] [stdout] ed1c10537fa406c2987f06da295e5e5f6a35836ec6ec7ddb1d38685d6207d710
[INFO] running `Command { std: "docker" "start" "-a" "ed1c10537fa406c2987f06da295e5e5f6a35836ec6ec7ddb1d38685d6207d710", kill_on_drop: false }`
[INFO] [stderr]    Compiling paste v1.0.15
[INFO] [stderr]    Compiling byteorder v1.5.0
[INFO] [stderr]    Compiling diff v0.1.13
[INFO] [stderr]    Compiling rsnbs v0.1.2 (/opt/rustwide/workdir)
[INFO] [stdout] warning: unused import: `Header`
[INFO] [stdout]  --> src/parser.rs:1:37
[INFO] [stdout]   |
[INFO] [stdout] 1 | use super::{Song, BinaryMut, Layer, Header, Note, Instrument};
[INFO] [stdout]   |                                     ^^^^^^
[INFO] [stdout]   |
[INFO] [stdout]   = note: `#[warn(unused_imports)]` on by default
[INFO] [stdout] 
[INFO] [stdout] 
[INFO] [stdout] warning: unused import: `std::mem::transmute`
[INFO] [stdout]   --> src/parser.rs:15:5
[INFO] [stdout]    |
[INFO] [stdout] 15 | use std::mem::transmute;
[INFO] [stdout]    |     ^^^^^^^^^^^^^^^^^^^
[INFO] [stdout] 
[INFO] [stdout] 
[INFO] [stdout] warning: trait `from_bytes` should have an upper camel case name
[INFO] [stdout]   --> src/parser.rs:17:7
[INFO] [stdout]    |
[INFO] [stdout] 17 | trait from_bytes<T> {fn from_bytes(bytes: Vec<u8>) -> T;}
[INFO] [stdout]    |       ^^^^^^^^^^ help: convert the identifier to upper camel case: `FromBytes`
[INFO] [stdout]    |
[INFO] [stdout]    = note: `#[warn(non_camel_case_types)]` on by default
[INFO] [stdout] 
[INFO] [stdout] 
[INFO] [stdout] warning: denote infinite loops with `loop { ... }`
[INFO] [stdout]   --> src/parser.rs:73:5
[INFO] [stdout]    |
[INFO] [stdout] 73 |     while true {
[INFO] [stdout]    |     ^^^^^^^^^^ help: use `loop`
[INFO] [stdout]    |
[INFO] [stdout]    = note: `#[warn(while_true)]` on by default
[INFO] [stdout] 
[INFO] [stdout] 
[INFO] [stdout] warning: unused import: `super::super::parser::read_nbs`
[INFO] [stdout]  --> src/tests.rs:2:9
[INFO] [stdout]   |
[INFO] [stdout] 2 |     use super::super::parser::read_nbs;
[INFO] [stdout]   |         ^^^^^^^^^^^^^^^^^^^^^^^^^^^^^^
[INFO] [stdout] 
[INFO] [stdout] 
[INFO] [stdout] warning: unused import: `super::super::Song`
[INFO] [stdout]  --> src/tests.rs:3:9
[INFO] [stdout]   |
[INFO] [stdout] 3 |     use super::super::Song;
[INFO] [stdout]   |         ^^^^^^^^^^^^^^^^^^
[INFO] [stdout] 
[INFO] [stdout] 
[INFO] [stdout] warning: unused import: `diff::chars`
[INFO] [stdout]  --> src/tests.rs:4:9
[INFO] [stdout]   |
[INFO] [stdout] 4 |     use diff::chars;
[INFO] [stdout]   |         ^^^^^^^^^^^
[INFO] [stdout] 
[INFO] [stdout] 
[INFO] [stdout] warning: trait `writable_bin` should have an upper camel case name
[INFO] [stdout]   --> src/writer.rs:27:7
[INFO] [stdout]    |
[INFO] [stdout] 27 | trait writable_bin {
[INFO] [stdout]    |       ^^^^^^^^^^^^ help: convert the identifier to upper camel case: `WritableBin`
[INFO] [stdout] 
[INFO] [stdout] 
[INFO] [stdout] warning: variable does not need to be mutable
[INFO] [stdout]   --> src/parser.rs:21:16
[INFO] [stdout]    |
[INFO] [stdout] 21 | fn read_string(mut file: File) -> Option<String> {
[INFO] [stdout]    |                ----^^^^
[INFO] [stdout]    |                |
[INFO] [stdout]    |                help: remove this `mut`
[INFO] [stdout]    |
[INFO] [stdout]    = note: `#[warn(unused_mut)]` on by default
[INFO] [stdout] 
[INFO] [stdout] 
[INFO] [stdout] warning: unused variable: `version`
[INFO] [stdout]   --> src/parser.rs:43:18
[INFO] [stdout]    |
[INFO] [stdout] 43 |     for (binary, version) in part {
[INFO] [stdout]    |                  ^^^^^^^ help: if this is intentional, prefix it with an underscore: `_version`
[INFO] [stdout]    |
[INFO] [stdout]    = note: `#[warn(unused_variables)]` on by default
[INFO] [stdout] 
[INFO] [stdout] 
[INFO] [stdout] warning: variable does not need to be mutable
[INFO] [stdout]   --> src/writer.rs:15:34
[INFO] [stdout]    |
[INFO] [stdout] 15 |                 fn write_default(mut file: File) -> Option<Self> {
[INFO] [stdout]    |                                  ----^^^^
[INFO] [stdout]    |                                  |
[INFO] [stdout]    |                                  help: remove this `mut`
[INFO] [stdout] ...
[INFO] [stdout] 32 | impl_writable_bin!([u8, i8, i16, i32,]);
[INFO] [stdout]    | --------------------------------------- in this macro invocation
[INFO] [stdout]    |
[INFO] [stdout]    = note: this warning originates in the macro `impl_writable_bin` (in Nightly builds, run with -Z macro-backtrace for more info)
[INFO] [stdout] 
[INFO] [stdout] 
[INFO] [stdout] warning: variable does not need to be mutable
[INFO] [stdout]   --> src/writer.rs:43:22
[INFO] [stdout]    |
[INFO] [stdout] 43 |     fn write_default(mut file: File) -> Option<Self> {
[INFO] [stdout]    |                      ----^^^^
[INFO] [stdout]    |                      |
[INFO] [stdout]    |                      help: remove this `mut`
[INFO] [stdout] 
[INFO] [stdout] 
[INFO] [stdout] warning: variable does not need to be mutable
[INFO] [stdout]   --> src/writer.rs:57:22
[INFO] [stdout]    |
[INFO] [stdout] 57 |     fn write_default(mut file: File) -> Option<Self> {
[INFO] [stdout]    |                      ----^^^^
[INFO] [stdout]    |                      |
[INFO] [stdout]    |                      help: remove this `mut`
[INFO] [stdout] 
[INFO] [stdout] 
[INFO] [stdout] warning: unused variable: `version`
[INFO] [stdout]   --> src/writer.rs:74:18
[INFO] [stdout]    |
[INFO] [stdout] 74 |     for (binary, version) in part {
[INFO] [stdout]    |                  ^^^^^^^ help: if this is intentional, prefix it with an underscore: `_version`
[INFO] [stdout] 
[INFO] [stdout] 
[INFO] [stdout] warning: variable does not need to be mutable
[INFO] [stdout]   --> src/writer.rs:73:15
[INFO] [stdout]    |
[INFO] [stdout] 73 | fn write_part(mut file: File, part: Vec<(Binary, u8)>) -> Option<()> {
[INFO] [stdout]    |               ----^^^^
[INFO] [stdout]    |               |
[INFO] [stdout]    |               help: remove this `mut`
[INFO] [stdout] 
[INFO] [stdout] 
[INFO] [stdout] warning: variable does not need to be mutable
[INFO] [stdout]   --> src/writer.rs:96:13
[INFO] [stdout]    |
[INFO] [stdout] 96 |         let mut file = match OpenOptions::new().write(true).open(filename) {
[INFO] [stdout]    |             ----^^^^
[INFO] [stdout]    |             |
[INFO] [stdout]    |             help: remove this `mut`
[INFO] [stdout] 
[INFO] [stdout] 
[INFO] [stdout] warning: constant `TEST_FILES` is never used
[INFO] [stdout]  --> src/tests.rs:5:11
[INFO] [stdout]   |
[INFO] [stdout] 5 |     const TEST_FILES: [&str;2] = ["test_files/Megalovania.nbs", "test_files/DB.nbs"];
[INFO] [stdout]   |           ^^^^^^^^^^
[INFO] [stdout]   |
[INFO] [stdout]   = note: `#[warn(dead_code)]` on by default
[INFO] [stdout] 
[INFO] [stdout] 
[INFO] [stderr]     Finished `dev` profile [unoptimized + debuginfo] target(s) in 1.59s
[INFO] running `Command { std: "docker" "inspect" "ed1c10537fa406c2987f06da295e5e5f6a35836ec6ec7ddb1d38685d6207d710", kill_on_drop: false }`
[INFO] running `Command { std: "docker" "rm" "-f" "ed1c10537fa406c2987f06da295e5e5f6a35836ec6ec7ddb1d38685d6207d710", kill_on_drop: false }`
[INFO] [stdout] ed1c10537fa406c2987f06da295e5e5f6a35836ec6ec7ddb1d38685d6207d710
[INFO] running `Command { std: "docker" "create" "-v" "/var/lib/crater-agent-workspace/builds/worker-5-tc2/target:/opt/rustwide/target:rw,Z" "-v" "/var/lib/crater-agent-workspace/builds/worker-5-tc2/source:/opt/rustwide/workdir:ro,Z" "-v" "/var/lib/crater-agent-workspace/cargo-home:/opt/rustwide/cargo-home:ro,Z" "-v" "/var/lib/crater-agent-workspace/rustup-home:/opt/rustwide/rustup-home:ro,Z" "-e" "SOURCE_DIR=/opt/rustwide/workdir" "-e" "CARGO_TARGET_DIR=/opt/rustwide/target" "-e" "CARGO_INCREMENTAL=0" "-e" "RUST_BACKTRACE=full" "-e" "RUSTFLAGS=--cap-lints=forbid -Zrandomize-layout" "-e" "RUSTDOCFLAGS=--cap-lints=forbid" "-e" "CARGO_HOME=/opt/rustwide/cargo-home" "-e" "RUSTUP_HOME=/opt/rustwide/rustup-home" "-w" "/opt/rustwide/workdir" "-m" "1610612736" "--user" "0:0" "--network" "none" "ghcr.io/rust-lang/crates-build-env/linux@sha256:819108c5571ea2e421544af4d832f968d213c87fbe3707a016657f43d2f853bc" "/opt/rustwide/cargo-home/bin/cargo" "+nightly-2025-01-18" "test" "--frozen" "--no-run" "--message-format=json", kill_on_drop: false }`
[INFO] [stdout] 16dabd9d76fe5464511987f581d2c97dd62b6950f5d0d7a9d945727d29441c68
[INFO] running `Command { std: "docker" "start" "-a" "16dabd9d76fe5464511987f581d2c97dd62b6950f5d0d7a9d945727d29441c68", kill_on_drop: false }`
[INFO] [stdout] warning: unused import: `Header`
[INFO] [stdout]  --> src/parser.rs:1:37
[INFO] [stdout]   |
[INFO] [stdout] 1 | use super::{Song, BinaryMut, Layer, Header, Note, Instrument};
[INFO] [stdout]   |                                     ^^^^^^
[INFO] [stdout]   |
[INFO] [stdout]   = note: `#[warn(unused_imports)]` on by default
[INFO] [stdout] 
[INFO] [stdout] 
[INFO] [stdout] warning: unused import: `std::mem::transmute`
[INFO] [stdout]   --> src/parser.rs:15:5
[INFO] [stdout]    |
[INFO] [stdout] 15 | use std::mem::transmute;
[INFO] [stdout]    |     ^^^^^^^^^^^^^^^^^^^
[INFO] [stdout] 
[INFO] [stdout] 
[INFO] [stdout] warning: trait `from_bytes` should have an upper camel case name
[INFO] [stdout]   --> src/parser.rs:17:7
[INFO] [stdout]    |
[INFO] [stdout] 17 | trait from_bytes<T> {fn from_bytes(bytes: Vec<u8>) -> T;}
[INFO] [stdout]    |       ^^^^^^^^^^ help: convert the identifier to upper camel case: `FromBytes`
[INFO] [stdout]    |
[INFO] [stdout]    = note: `#[warn(non_camel_case_types)]` on by default
[INFO] [stdout] 
[INFO] [stdout] 
[INFO] [stdout] warning: denote infinite loops with `loop { ... }`
[INFO] [stdout]   --> src/parser.rs:73:5
[INFO] [stdout]    |
[INFO] [stdout] 73 |     while true {
[INFO] [stdout]    |     ^^^^^^^^^^ help: use `loop`
[INFO] [stdout]    |
[INFO] [stdout]    = note: `#[warn(while_true)]` on by default
[INFO] [stdout] 
[INFO] [stdout] 
[INFO] [stdout] warning: unused import: `super::super::parser::read_nbs`
[INFO] [stdout]  --> src/tests.rs:2:9
[INFO] [stdout]   |
[INFO] [stdout] 2 |     use super::super::parser::read_nbs;
[INFO] [stdout]   |         ^^^^^^^^^^^^^^^^^^^^^^^^^^^^^^
[INFO] [stdout] 
[INFO] [stdout] 
[INFO] [stdout] warning: unused import: `super::super::Song`
[INFO] [stdout]  --> src/tests.rs:3:9
[INFO] [stdout]   |
[INFO] [stdout] 3 |     use super::super::Song;
[INFO] [stdout]   |         ^^^^^^^^^^^^^^^^^^
[INFO] [stdout] 
[INFO] [stdout] 
[INFO] [stdout] warning: unused import: `diff::chars`
[INFO] [stdout]  --> src/tests.rs:4:9
[INFO] [stdout]   |
[INFO] [stdout] 4 |     use diff::chars;
[INFO] [stdout]   |         ^^^^^^^^^^^
[INFO] [stdout] 
[INFO] [stdout] 
[INFO] [stderr]    Compiling rsnbs v0.1.2 (/opt/rustwide/workdir)
[INFO] [stdout] warning: trait `writable_bin` should have an upper camel case name
[INFO] [stdout]   --> src/writer.rs:27:7
[INFO] [stdout]    |
[INFO] [stdout] 27 | trait writable_bin {
[INFO] [stdout]    |       ^^^^^^^^^^^^ help: convert the identifier to upper camel case: `WritableBin`
[INFO] [stdout] 
[INFO] [stdout] 
[INFO] [stdout] warning: variable does not need to be mutable
[INFO] [stdout]   --> src/parser.rs:21:16
[INFO] [stdout]    |
[INFO] [stdout] 21 | fn read_string(mut file: File) -> Option<String> {
[INFO] [stdout]    |                ----^^^^
[INFO] [stdout]    |                |
[INFO] [stdout]    |                help: remove this `mut`
[INFO] [stdout]    |
[INFO] [stdout]    = note: `#[warn(unused_mut)]` on by default
[INFO] [stdout] 
[INFO] [stdout] 
[INFO] [stdout] warning: unused variable: `version`
[INFO] [stdout]   --> src/parser.rs:43:18
[INFO] [stdout]    |
[INFO] [stdout] 43 |     for (binary, version) in part {
[INFO] [stdout]    |                  ^^^^^^^ help: if this is intentional, prefix it with an underscore: `_version`
[INFO] [stdout]    |
[INFO] [stdout]    = note: `#[warn(unused_variables)]` on by default
[INFO] [stdout] 
[INFO] [stdout] 
[INFO] [stdout] warning: variable does not need to be mutable
[INFO] [stdout]   --> src/writer.rs:15:34
[INFO] [stdout]    |
[INFO] [stdout] 15 |                 fn write_default(mut file: File) -> Option<Self> {
[INFO] [stdout]    |                                  ----^^^^
[INFO] [stdout]    |                                  |
[INFO] [stdout]    |                                  help: remove this `mut`
[INFO] [stdout] ...
[INFO] [stdout] 32 | impl_writable_bin!([u8, i8, i16, i32,]);
[INFO] [stdout]    | --------------------------------------- in this macro invocation
[INFO] [stdout]    |
[INFO] [stdout]    = note: this warning originates in the macro `impl_writable_bin` (in Nightly builds, run with -Z macro-backtrace for more info)
[INFO] [stdout] 
[INFO] [stdout] 
[INFO] [stdout] warning: variable does not need to be mutable
[INFO] [stdout]   --> src/writer.rs:43:22
[INFO] [stdout]    |
[INFO] [stdout] 43 |     fn write_default(mut file: File) -> Option<Self> {
[INFO] [stdout]    |                      ----^^^^
[INFO] [stdout]    |                      |
[INFO] [stdout]    |                      help: remove this `mut`
[INFO] [stdout] 
[INFO] [stdout] 
[INFO] [stdout] warning: variable does not need to be mutable
[INFO] [stdout]   --> src/writer.rs:57:22
[INFO] [stdout]    |
[INFO] [stdout] 57 |     fn write_default(mut file: File) -> Option<Self> {
[INFO] [stdout]    |                      ----^^^^
[INFO] [stdout]    |                      |
[INFO] [stdout]    |                      help: remove this `mut`
[INFO] [stdout] 
[INFO] [stdout] 
[INFO] [stdout] warning: unused variable: `version`
[INFO] [stdout]   --> src/writer.rs:74:18
[INFO] [stdout]    |
[INFO] [stdout] 74 |     for (binary, version) in part {
[INFO] [stdout]    |                  ^^^^^^^ help: if this is intentional, prefix it with an underscore: `_version`
[INFO] [stdout] 
[INFO] [stdout] 
[INFO] [stdout] warning: variable does not need to be mutable
[INFO] [stdout]   --> src/writer.rs:73:15
[INFO] [stdout]    |
[INFO] [stdout] 73 | fn write_part(mut file: File, part: Vec<(Binary, u8)>) -> Option<()> {
[INFO] [stdout]    |               ----^^^^
[INFO] [stdout]    |               |
[INFO] [stdout]    |               help: remove this `mut`
[INFO] [stdout] 
[INFO] [stdout] 
[INFO] [stdout] warning: variable does not need to be mutable
[INFO] [stdout]   --> src/writer.rs:96:13
[INFO] [stdout]    |
[INFO] [stdout] 96 |         let mut file = match OpenOptions::new().write(true).open(filename) {
[INFO] [stdout]    |             ----^^^^
[INFO] [stdout]    |             |
[INFO] [stdout]    |             help: remove this `mut`
[INFO] [stdout] 
[INFO] [stdout] 
[INFO] [stdout] warning: constant `TEST_FILES` is never used
[INFO] [stdout]  --> src/tests.rs:5:11
[INFO] [stdout]   |
[INFO] [stdout] 5 |     const TEST_FILES: [&str;2] = ["test_files/Megalovania.nbs", "test_files/DB.nbs"];
[INFO] [stdout]   |           ^^^^^^^^^^
[INFO] [stdout]   |
[INFO] [stdout]   = note: `#[warn(dead_code)]` on by default
[INFO] [stdout] 
[INFO] [stdout] 
[INFO] [stdout] warning: unused import: `Header`
[INFO] [stdout]  --> src/parser.rs:1:37
[INFO] [stdout]   |
[INFO] [stdout] 1 | use super::{Song, BinaryMut, Layer, Header, Note, Instrument};
[INFO] [stdout]   |                                     ^^^^^^
[INFO] [stdout]   |
[INFO] [stdout]   = note: `#[warn(unused_imports)]` on by default
[INFO] [stdout] 
[INFO] [stdout] 
[INFO] [stdout] warning: unused import: `std::mem::transmute`
[INFO] [stdout]   --> src/parser.rs:15:5
[INFO] [stdout]    |
[INFO] [stdout] 15 | use std::mem::transmute;
[INFO] [stdout]    |     ^^^^^^^^^^^^^^^^^^^
[INFO] [stdout] 
[INFO] [stdout] 
[INFO] [stdout] warning: trait `from_bytes` should have an upper camel case name
[INFO] [stdout]   --> src/parser.rs:17:7
[INFO] [stdout]    |
[INFO] [stdout] 17 | trait from_bytes<T> {fn from_bytes(bytes: Vec<u8>) -> T;}
[INFO] [stdout]    |       ^^^^^^^^^^ help: convert the identifier to upper camel case: `FromBytes`
[INFO] [stdout]    |
[INFO] [stdout]    = note: `#[warn(non_camel_case_types)]` on by default
[INFO] [stdout] 
[INFO] [stdout] 
[INFO] [stdout] warning: denote infinite loops with `loop { ... }`
[INFO] [stdout]   --> src/parser.rs:73:5
[INFO] [stdout]    |
[INFO] [stdout] 73 |     while true {
[INFO] [stdout]    |     ^^^^^^^^^^ help: use `loop`
[INFO] [stdout]    |
[INFO] [stdout]    = note: `#[warn(while_true)]` on by default
[INFO] [stdout] 
[INFO] [stdout] 
[INFO] [stdout] warning: unused import: `super::super::Song`
[INFO] [stdout]  --> src/tests.rs:3:9
[INFO] [stdout]   |
[INFO] [stdout] 3 |     use super::super::Song;
[INFO] [stdout]   |         ^^^^^^^^^^^^^^^^^^
[INFO] [stdout] 
[INFO] [stdout] 
[INFO] [stdout] warning: unnecessary parentheses around assigned value
[INFO] [stdout]   --> src/tests.rs:11:30
[INFO] [stdout]    |
[INFO] [stdout] 11 |         let test_file_dest = (test_file.to_string() + "Test");
[INFO] [stdout]    |                              ^                              ^
[INFO] [stdout]    |
[INFO] [stdout]    = note: `#[warn(unused_parens)]` on by default
[INFO] [stdout] help: remove these parentheses
[INFO] [stdout]    |
[INFO] [stdout] 11 -         let test_file_dest = (test_file.to_string() + "Test");
[INFO] [stdout] 11 +         let test_file_dest = test_file.to_string() + "Test";
[INFO] [stdout]    |
[INFO] [stdout] 
[INFO] [stdout] 
[INFO] [stdout] warning: trait `writable_bin` should have an upper camel case name
[INFO] [stdout]   --> src/writer.rs:27:7
[INFO] [stdout]    |
[INFO] [stdout] 27 | trait writable_bin {
[INFO] [stdout]    |       ^^^^^^^^^^^^ help: convert the identifier to upper camel case: `WritableBin`
[INFO] [stdout] 
[INFO] [stdout] 
[INFO] [stdout] warning: variable does not need to be mutable
[INFO] [stdout]   --> src/parser.rs:21:16
[INFO] [stdout]    |
[INFO] [stdout] 21 | fn read_string(mut file: File) -> Option<String> {
[INFO] [stdout]    |                ----^^^^
[INFO] [stdout]    |                |
[INFO] [stdout]    |                help: remove this `mut`
[INFO] [stdout]    |
[INFO] [stdout]    = note: `#[warn(unused_mut)]` on by default
[INFO] [stdout] 
[INFO] [stdout] 
[INFO] [stdout] warning: unused variable: `version`
[INFO] [stdout]   --> src/parser.rs:43:18
[INFO] [stdout]    |
[INFO] [stdout] 43 |     for (binary, version) in part {
[INFO] [stdout]    |                  ^^^^^^^ help: if this is intentional, prefix it with an underscore: `_version`
[INFO] [stdout]    |
[INFO] [stdout]    = note: `#[warn(unused_variables)]` on by default
[INFO] [stdout] 
[INFO] [stdout] 
[INFO] [stdout] warning: variable does not need to be mutable
[INFO] [stdout]   --> src/writer.rs:15:34
[INFO] [stdout]    |
[INFO] [stdout] 15 |                 fn write_default(mut file: File) -> Option<Self> {
[INFO] [stdout]    |                                  ----^^^^
[INFO] [stdout]    |                                  |
[INFO] [stdout]    |                                  help: remove this `mut`
[INFO] [stdout] ...
[INFO] [stdout] 32 | impl_writable_bin!([u8, i8, i16, i32,]);
[INFO] [stdout]    | --------------------------------------- in this macro invocation
[INFO] [stdout]    |
[INFO] [stdout]    = note: this warning originates in the macro `impl_writable_bin` (in Nightly builds, run with -Z macro-backtrace for more info)
[INFO] [stdout] 
[INFO] [stdout] 
[INFO] [stdout] warning: variable does not need to be mutable
[INFO] [stdout]   --> src/writer.rs:43:22
[INFO] [stdout]    |
[INFO] [stdout] 43 |     fn write_default(mut file: File) -> Option<Self> {
[INFO] [stdout]    |                      ----^^^^
[INFO] [stdout]    |                      |
[INFO] [stdout]    |                      help: remove this `mut`
[INFO] [stdout] 
[INFO] [stdout] 
[INFO] [stdout] warning: variable does not need to be mutable
[INFO] [stdout]   --> src/writer.rs:57:22
[INFO] [stdout]    |
[INFO] [stdout] 57 |     fn write_default(mut file: File) -> Option<Self> {
[INFO] [stdout]    |                      ----^^^^
[INFO] [stdout]    |                      |
[INFO] [stdout]    |                      help: remove this `mut`
[INFO] [stdout] 
[INFO] [stdout] 
[INFO] [stdout] warning: unused variable: `version`
[INFO] [stdout]   --> src/writer.rs:74:18
[INFO] [stdout]    |
[INFO] [stdout] 74 |     for (binary, version) in part {
[INFO] [stdout]    |                  ^^^^^^^ help: if this is intentional, prefix it with an underscore: `_version`
[INFO] [stdout] 
[INFO] [stdout] 
[INFO] [stdout] warning: variable does not need to be mutable
[INFO] [stdout]   --> src/writer.rs:73:15
[INFO] [stdout]    |
[INFO] [stdout] 73 | fn write_part(mut file: File, part: Vec<(Binary, u8)>) -> Option<()> {
[INFO] [stdout]    |               ----^^^^
[INFO] [stdout]    |               |
[INFO] [stdout]    |               help: remove this `mut`
[INFO] [stdout] 
[INFO] [stdout] 
[INFO] [stdout] warning: variable does not need to be mutable
[INFO] [stdout]   --> src/writer.rs:96:13
[INFO] [stdout]    |
[INFO] [stdout] 96 |         let mut file = match OpenOptions::new().write(true).open(filename) {
[INFO] [stdout]    |             ----^^^^
[INFO] [stdout]    |             |
[INFO] [stdout]    |             help: remove this `mut`
[INFO] [stdout] 
[INFO] [stdout] 
[INFO] [stderr]     Finished `test` profile [unoptimized + debuginfo] target(s) in 0.63s
[INFO] running `Command { std: "docker" "inspect" "16dabd9d76fe5464511987f581d2c97dd62b6950f5d0d7a9d945727d29441c68", kill_on_drop: false }`
[INFO] running `Command { std: "docker" "rm" "-f" "16dabd9d76fe5464511987f581d2c97dd62b6950f5d0d7a9d945727d29441c68", kill_on_drop: false }`
[INFO] [stdout] 16dabd9d76fe5464511987f581d2c97dd62b6950f5d0d7a9d945727d29441c68
[INFO] running `Command { std: "docker" "create" "-v" "/var/lib/crater-agent-workspace/builds/worker-5-tc2/target:/opt/rustwide/target:rw,Z" "-v" "/var/lib/crater-agent-workspace/builds/worker-5-tc2/source:/opt/rustwide/workdir:ro,Z" "-v" "/var/lib/crater-agent-workspace/cargo-home:/opt/rustwide/cargo-home:ro,Z" "-v" "/var/lib/crater-agent-workspace/rustup-home:/opt/rustwide/rustup-home:ro,Z" "-e" "SOURCE_DIR=/opt/rustwide/workdir" "-e" "CARGO_TARGET_DIR=/opt/rustwide/target" "-e" "CARGO_INCREMENTAL=0" "-e" "RUST_BACKTRACE=full" "-e" "RUSTFLAGS=--cap-lints=forbid -Zrandomize-layout" "-e" "RUSTDOCFLAGS=--cap-lints=forbid" "-e" "CARGO_HOME=/opt/rustwide/cargo-home" "-e" "RUSTUP_HOME=/opt/rustwide/rustup-home" "-w" "/opt/rustwide/workdir" "-m" "1610612736" "--user" "0:0" "--network" "none" "ghcr.io/rust-lang/crates-build-env/linux@sha256:819108c5571ea2e421544af4d832f968d213c87fbe3707a016657f43d2f853bc" "/opt/rustwide/cargo-home/bin/cargo" "+nightly-2025-01-18" "test" "--frozen", kill_on_drop: false }`
[INFO] [stdout] 6f79edcaece8fec94c030e0cc394d9023398603572577d1906f7df77c0188757
[INFO] running `Command { std: "docker" "start" "-a" "6f79edcaece8fec94c030e0cc394d9023398603572577d1906f7df77c0188757", kill_on_drop: false }`
[INFO] [stderr] warning: unused import: `Header`
[INFO] [stderr]  --> src/parser.rs:1:37
[INFO] [stderr]   |
[INFO] [stderr] 1 | use super::{Song, BinaryMut, Layer, Header, Note, Instrument};
[INFO] [stderr]   |                                     ^^^^^^
[INFO] [stderr]   |
[INFO] [stderr]   = note: `#[warn(unused_imports)]` on by default
[INFO] [stderr] 
[INFO] [stderr] warning: unused import: `std::mem::transmute`
[INFO] [stderr]   --> src/parser.rs:15:5
[INFO] [stderr]    |
[INFO] [stderr] 15 | use std::mem::transmute;
[INFO] [stderr]    |     ^^^^^^^^^^^^^^^^^^^
[INFO] [stderr] 
[INFO] [stderr] warning: trait `from_bytes` should have an upper camel case name
[INFO] [stderr]   --> src/parser.rs:17:7
[INFO] [stderr]    |
[INFO] [stderr] 17 | trait from_bytes<T> {fn from_bytes(bytes: Vec<u8>) -> T;}
[INFO] [stderr]    |       ^^^^^^^^^^ help: convert the identifier to upper camel case: `FromBytes`
[INFO] [stderr]    |
[INFO] [stderr]    = note: `#[warn(non_camel_case_types)]` on by default
[INFO] [stderr] 
[INFO] [stderr] warning: denote infinite loops with `loop { ... }`
[INFO] [stderr]   --> src/parser.rs:73:5
[INFO] [stderr]    |
[INFO] [stderr] 73 |     while true {
[INFO] [stderr]    |     ^^^^^^^^^^ help: use `loop`
[INFO] [stderr]    |
[INFO] [stderr]    = note: `#[warn(while_true)]` on by default
[INFO] [stderr] 
[INFO] [stderr] warning: unused import: `super::super::parser::read_nbs`
[INFO] [stderr]  --> src/tests.rs:2:9
[INFO] [stderr]   |
[INFO] [stderr] 2 |     use super::super::parser::read_nbs;
[INFO] [stderr]   |         ^^^^^^^^^^^^^^^^^^^^^^^^^^^^^^
[INFO] [stderr] 
[INFO] [stderr] warning: unused import: `super::super::Song`
[INFO] [stderr]  --> src/tests.rs:3:9
[INFO] [stderr]   |
[INFO] [stderr] 3 |     use super::super::Song;
[INFO] [stderr]   |         ^^^^^^^^^^^^^^^^^^
[INFO] [stderr] 
[INFO] [stderr] warning: unused import: `diff::chars`
[INFO] [stderr]  --> src/tests.rs:4:9
[INFO] [stderr]   |
[INFO] [stderr] 4 |     use diff::chars;
[INFO] [stderr]   |         ^^^^^^^^^^^
[INFO] [stderr] 
[INFO] [stderr] warning: trait `writable_bin` should have an upper camel case name
[INFO] [stderr]   --> src/writer.rs:27:7
[INFO] [stderr]    |
[INFO] [stderr] 27 | trait writable_bin {
[INFO] [stderr]    |       ^^^^^^^^^^^^ help: convert the identifier to upper camel case: `WritableBin`
[INFO] [stderr] 
[INFO] [stderr] warning: variable does not need to be mutable
[INFO] [stderr]   --> src/parser.rs:21:16
[INFO] [stderr]    |
[INFO] [stderr] 21 | fn read_string(mut file: File) -> Option<String> {
[INFO] [stderr]    |                ----^^^^
[INFO] [stderr]    |                |
[INFO] [stderr]    |                help: remove this `mut`
[INFO] [stderr]    |
[INFO] [stderr]    = note: `#[warn(unused_mut)]` on by default
[INFO] [stderr] 
[INFO] [stderr] warning: unused variable: `version`
[INFO] [stderr]   --> src/parser.rs:43:18
[INFO] [stderr]    |
[INFO] [stderr] 43 |     for (binary, version) in part {
[INFO] [stderr]    |                  ^^^^^^^ help: if this is intentional, prefix it with an underscore: `_version`
[INFO] [stderr]    |
[INFO] [stderr]    = note: `#[warn(unused_variables)]` on by default
[INFO] [stderr] 
[INFO] [stderr] warning: variable does not need to be mutable
[INFO] [stderr]   --> src/writer.rs:15:34
[INFO] [stderr]    |
[INFO] [stderr] 15 |                 fn write_default(mut file: File) -> Option<Self> {
[INFO] [stderr]    |                                  ----^^^^
[INFO] [stderr]    |                                  |
[INFO] [stderr]    |                                  help: remove this `mut`
[INFO] [stderr] ...
[INFO] [stderr] 32 | impl_writable_bin!([u8, i8, i16, i32,]);
[INFO] [stderr]    | --------------------------------------- in this macro invocation
[INFO] [stderr]    |
[INFO] [stderr]    = note: this warning originates in the macro `impl_writable_bin` (in Nightly builds, run with -Z macro-backtrace for more info)
[INFO] [stderr] 
[INFO] [stderr] warning: variable does not need to be mutable
[INFO] [stderr]   --> src/writer.rs:43:22
[INFO] [stderr]    |
[INFO] [stderr] 43 |     fn write_default(mut file: File) -> Option<Self> {
[INFO] [stderr]    |                      ----^^^^
[INFO] [stderr]    |                      |
[INFO] [stderr]    |                      help: remove this `mut`
[INFO] [stderr] 
[INFO] [stderr] warning: variable does not need to be mutable
[INFO] [stderr]   --> src/writer.rs:57:22
[INFO] [stderr]    |
[INFO] [stderr] 57 |     fn write_default(mut file: File) -> Option<Self> {
[INFO] [stderr]    |                      ----^^^^
[INFO] [stderr]    |                      |
[INFO] [stderr]    |                      help: remove this `mut`
[INFO] [stderr] 
[INFO] [stderr] warning: unused variable: `version`
[INFO] [stderr]   --> src/writer.rs:74:18
[INFO] [stderr]    |
[INFO] [stderr] 74 |     for (binary, version) in part {
[INFO] [stderr]    |                  ^^^^^^^ help: if this is intentional, prefix it with an underscore: `_version`
[INFO] [stderr] 
[INFO] [stderr] warning: variable does not need to be mutable
[INFO] [stderr]   --> src/writer.rs:73:15
[INFO] [stderr]    |
[INFO] [stderr] 73 | fn write_part(mut file: File, part: Vec<(Binary, u8)>) -> Option<()> {
[INFO] [stderr]    |               ----^^^^
[INFO] [stderr]    |               |
[INFO] [stderr]    |               help: remove this `mut`
[INFO] [stderr] 
[INFO] [stderr] warning: variable does not need to be mutable
[INFO] [stderr]   --> src/writer.rs:96:13
[INFO] [stderr]    |
[INFO] [stderr] 96 |         let mut file = match OpenOptions::new().write(true).open(filename) {
[INFO] [stderr]    |             ----^^^^
[INFO] [stderr]    |             |
[INFO] [stderr]    |             help: remove this `mut`
[INFO] [stderr] 
[INFO] [stderr] warning: constant `TEST_FILES` is never used
[INFO] [stderr]  --> src/tests.rs:5:11
[INFO] [stderr]   |
[INFO] [stderr] 5 |     const TEST_FILES: [&str;2] = ["test_files/Megalovania.nbs", "test_files/DB.nbs"];
[INFO] [stderr]   |           ^^^^^^^^^^
[INFO] [stderr]   |
[INFO] [stderr]   = note: `#[warn(dead_code)]` on by default
[INFO] [stderr] 
[INFO] [stderr] warning: unnecessary parentheses around assigned value
[INFO] [stderr]   --> src/tests.rs:11:30
[INFO] [stderr]    |
[INFO] [stderr] 11 |         let test_file_dest = (test_file.to_string() + "Test");
[INFO] [stderr]    |                              ^                              ^
[INFO] [stderr]    |
[INFO] [stderr]    = note: `#[warn(unused_parens)]` on by default
[INFO] [stderr] help: remove these parentheses
[INFO] [stderr]    |
[INFO] [stderr] 11 -         let test_file_dest = (test_file.to_string() + "Test");
[INFO] [stderr] 11 +         let test_file_dest = test_file.to_string() + "Test";
[INFO] [stderr]    |
[INFO] [stderr] 
[INFO] [stderr] warning: `rsnbs` (lib) generated 17 warnings (run `cargo fix --lib -p rsnbs` to apply 12 suggestions)
[INFO] [stderr] warning: `rsnbs` (lib test) generated 15 warnings (14 duplicates) (run `cargo fix --lib -p rsnbs --tests` to apply 1 suggestion)
[INFO] [stderr]     Finished `test` profile [unoptimized + debuginfo] target(s) in 0.04s
[INFO] [stderr]      Running unittests src/lib.rs (/opt/rustwide/target/debug/deps/rsnbs-682403ebec48fcda)
[INFO] [stdout] 
[INFO] [stdout] running 1 test
[INFO] [stdout] test tests::tests::io ... FAILED
[INFO] [stdout] 
[INFO] [stdout] failures:
[INFO] [stdout] 
[INFO] [stdout] ---- tests::tests::io stdout ----
[INFO] [stdout] 
[INFO] [stdout] thread 'tests::tests::io' panicked at src/tests.rs:13:110:
[INFO] [stdout] Some writing error ocurred
[INFO] [stdout] stack backtrace:
[INFO] [stdout]    0:     0x620c334f619a - std::backtrace_rs::backtrace::libunwind::trace::hb059275cfc8d6126
[INFO] [stdout]                                at /rustc/6067b36314ab5eb2eb47cecc464545ba58e1ad24/library/std/src/../../backtrace/src/backtrace/libunwind.rs:116:5
[INFO] [stdout]    1:     0x620c334f619a - std::backtrace_rs::backtrace::trace_unsynchronized::h2da071e4327ce3ee
[INFO] [stdout]                                at /rustc/6067b36314ab5eb2eb47cecc464545ba58e1ad24/library/std/src/../../backtrace/src/backtrace/mod.rs:66:5
[INFO] [stdout]    2:     0x620c334f619a - std::sys::backtrace::_print_fmt::h842a1474e6f8d23f
[INFO] [stdout]                                at /rustc/6067b36314ab5eb2eb47cecc464545ba58e1ad24/library/std/src/sys/backtrace.rs:66:9
[INFO] [stdout]    3:     0x620c334f619a - <std::sys::backtrace::BacktraceLock::print::DisplayBacktrace as core::fmt::Display>::fmt::h71a62eb3b9696b12
[INFO] [stdout]                                at /rustc/6067b36314ab5eb2eb47cecc464545ba58e1ad24/library/std/src/sys/backtrace.rs:39:26
[INFO] [stdout]    4:     0x620c3351ddd3 - core::fmt::rt::Argument::fmt::hdb6b616786b41dc1
[INFO] [stdout]                                at /rustc/6067b36314ab5eb2eb47cecc464545ba58e1ad24/library/core/src/fmt/rt.rs:177:76
[INFO] [stdout]    5:     0x620c3351ddd3 - core::fmt::write::h2cc1698af7e2d686
[INFO] [stdout]                                at /rustc/6067b36314ab5eb2eb47cecc464545ba58e1ad24/library/core/src/fmt/mod.rs:1440:21
[INFO] [stdout]    6:     0x620c334f2c33 - std::io::Write::write_fmt::hab1b4cd059a79022
[INFO] [stdout]                                at /rustc/6067b36314ab5eb2eb47cecc464545ba58e1ad24/library/std/src/io/mod.rs:1887:15
[INFO] [stdout]    7:     0x620c334f5fe2 - std::sys::backtrace::BacktraceLock::print::h147fe35b4ea13b08
[INFO] [stdout]                                at /rustc/6067b36314ab5eb2eb47cecc464545ba58e1ad24/library/std/src/sys/backtrace.rs:42:9
[INFO] [stdout]    8:     0x620c334f75bf - std::panicking::default_hook::{{closure}}::hbd44223dbdc0d208
[INFO] [stdout]                                at /rustc/6067b36314ab5eb2eb47cecc464545ba58e1ad24/library/std/src/panicking.rs:298:22
[INFO] [stdout]    9:     0x620c334f73d8 - std::panicking::default_hook::h20f81eb0576efcec
[INFO] [stdout]                                at /rustc/6067b36314ab5eb2eb47cecc464545ba58e1ad24/library/std/src/panicking.rs:322:9
[INFO] [stdout]   10:     0x620c334b8fa3 - <alloc::boxed::Box<F,A> as core::ops::function::Fn<Args>>::call::hdb53814c496a4d34
[INFO] [stdout]                                at /rustc/6067b36314ab5eb2eb47cecc464545ba58e1ad24/library/alloc/src/boxed.rs:2027:9
[INFO] [stdout]   11:     0x620c334b8fa3 - test::test_main::{{closure}}::hc0a4963c59427c24
[INFO] [stdout]                                at /rustc/6067b36314ab5eb2eb47cecc464545ba58e1ad24/library/test/src/lib.rs:134:21
[INFO] [stdout]   12:     0x620c334f80b3 - <alloc::boxed::Box<F,A> as core::ops::function::Fn<Args>>::call::h591b2225413a77e9
[INFO] [stdout]                                at /rustc/6067b36314ab5eb2eb47cecc464545ba58e1ad24/library/alloc/src/boxed.rs:2027:9
[INFO] [stdout]   13:     0x620c334f80b3 - std::panicking::rust_panic_with_hook::h625eea43051b2edc
[INFO] [stdout]                                at /rustc/6067b36314ab5eb2eb47cecc464545ba58e1ad24/library/std/src/panicking.rs:839:13
[INFO] [stdout]   14:     0x620c334f7d6a - std::panicking::begin_panic_handler::{{closure}}::h4f9159cfbc3f6bd3
[INFO] [stdout]                                at /rustc/6067b36314ab5eb2eb47cecc464545ba58e1ad24/library/std/src/panicking.rs:704:13
[INFO] [stdout]   15:     0x620c334f6699 - std::sys::backtrace::__rust_end_short_backtrace::h0390abce48353151
[INFO] [stdout]                                at /rustc/6067b36314ab5eb2eb47cecc464545ba58e1ad24/library/std/src/sys/backtrace.rs:168:18
[INFO] [stdout]   16:     0x620c334f79fd - rust_begin_unwind
[INFO] [stdout]                                at /rustc/6067b36314ab5eb2eb47cecc464545ba58e1ad24/library/std/src/panicking.rs:695:5
[INFO] [stdout]   17:     0x620c3351c7b0 - core::panicking::panic_fmt::h9e7c637e9e5f29c9
[INFO] [stdout]                                at /rustc/6067b36314ab5eb2eb47cecc464545ba58e1ad24/library/core/src/panicking.rs:75:14
[INFO] [stdout]   18:     0x620c3351c78b - core::panicking::panic_display::hd8e666a41baebd7d
[INFO] [stdout]                                at /rustc/6067b36314ab5eb2eb47cecc464545ba58e1ad24/library/core/src/panicking.rs:261:5
[INFO] [stdout]   19:     0x620c3351c78b - core::option::expect_failed::he3b89fed4e21ec1e
[INFO] [stdout]                                at /rustc/6067b36314ab5eb2eb47cecc464545ba58e1ad24/library/core/src/option.rs:2024:5
[INFO] [stdout]   20:     0x620c3347705d - core::option::Option<T>::expect::hd1690273b6550d43
[INFO] [stdout]                                at /rustc/6067b36314ab5eb2eb47cecc464545ba58e1ad24/library/core/src/option.rs:933:21
[INFO] [stdout]   21:     0x620c3347501d - rsnbs::tests::tests::io::h757c20d9f4c17220
[INFO] [stdout]                                at /opt/rustwide/workdir/src/tests.rs:13:9
[INFO] [stdout]   22:     0x620c33474d57 - rsnbs::tests::tests::io::{{closure}}::hd80b729edd9801aa
[INFO] [stdout]                                at /opt/rustwide/workdir/src/tests.rs:8:12
[INFO] [stdout]   23:     0x620c33471e86 - core::ops::function::FnOnce::call_once::hb12b68a65e551f5a
[INFO] [stdout]                                at /rustc/6067b36314ab5eb2eb47cecc464545ba58e1ad24/library/core/src/ops/function.rs:250:5
[INFO] [stdout]   24:     0x620c334be6fb - core::ops::function::FnOnce::call_once::he27718dfdd183f43
[INFO] [stdout]                                at /rustc/6067b36314ab5eb2eb47cecc464545ba58e1ad24/library/core/src/ops/function.rs:250:5
[INFO] [stdout]   25:     0x620c334be6fb - test::__rust_begin_short_backtrace::h4e84902998457a5d
[INFO] [stdout]                                at /rustc/6067b36314ab5eb2eb47cecc464545ba58e1ad24/library/test/src/lib.rs:632:18
[INFO] [stdout]   26:     0x620c334bd633 - test::run_test_in_process::{{closure}}::h7176fd18fc1feca0
[INFO] [stdout]                                at /rustc/6067b36314ab5eb2eb47cecc464545ba58e1ad24/library/test/src/lib.rs:655:60
[INFO] [stdout]   27:     0x620c334bd633 - <core::panic::unwind_safe::AssertUnwindSafe<F> as core::ops::function::FnOnce<()>>::call_once::hf79cff2a624d8cf7
[INFO] [stdout]                                at /rustc/6067b36314ab5eb2eb47cecc464545ba58e1ad24/library/core/src/panic/unwind_safe.rs:272:9
[INFO] [stdout]   28:     0x620c334bd633 - std::panicking::try::do_call::h3da0561d9ab99c25
[INFO] [stdout]                                at /rustc/6067b36314ab5eb2eb47cecc464545ba58e1ad24/library/std/src/panicking.rs:587:40
[INFO] [stdout]   29:     0x620c334bd633 - std::panicking::try::h41c9fa508bc61df6
[INFO] [stdout]                                at /rustc/6067b36314ab5eb2eb47cecc464545ba58e1ad24/library/std/src/panicking.rs:550:19
[INFO] [stdout]   30:     0x620c334bd633 - std::panic::catch_unwind::h6b3ff07bb5afad93
[INFO] [stdout]                                at /rustc/6067b36314ab5eb2eb47cecc464545ba58e1ad24/library/std/src/panic.rs:358:14
[INFO] [stdout]   31:     0x620c334bd633 - test::run_test_in_process::hc7253dd11b39b9f4
[INFO] [stdout]                                at /rustc/6067b36314ab5eb2eb47cecc464545ba58e1ad24/library/test/src/lib.rs:655:27
[INFO] [stdout]   32:     0x620c334bd633 - test::run_test::{{closure}}::hfb2007f8649c30bb
[INFO] [stdout]                                at /rustc/6067b36314ab5eb2eb47cecc464545ba58e1ad24/library/test/src/lib.rs:576:43
[INFO] [stdout]   33:     0x620c33480715 - test::run_test::{{closure}}::h56a17aa7a282a9f4
[INFO] [stdout]                                at /rustc/6067b36314ab5eb2eb47cecc464545ba58e1ad24/library/test/src/lib.rs:606:41
[INFO] [stdout]   34:     0x620c33480715 - std::sys::backtrace::__rust_begin_short_backtrace::hd2d2d2fb8e8c6aac
[INFO] [stdout]                                at /rustc/6067b36314ab5eb2eb47cecc464545ba58e1ad24/library/std/src/sys/backtrace.rs:152:18
[INFO] [stdout]   35:     0x620c33483ffa - std::thread::Builder::spawn_unchecked_::{{closure}}::{{closure}}::h4faa3f9db6133423
[INFO] [stdout]                                at /rustc/6067b36314ab5eb2eb47cecc464545ba58e1ad24/library/std/src/thread/mod.rs:559:17
[INFO] [stdout]   36:     0x620c33483ffa - <core::panic::unwind_safe::AssertUnwindSafe<F> as core::ops::function::FnOnce<()>>::call_once::hf2e855a36a4ea846
[INFO] [stdout]                                at /rustc/6067b36314ab5eb2eb47cecc464545ba58e1ad24/library/core/src/panic/unwind_safe.rs:272:9
[INFO] [stdout]   37:     0x620c33483ffa - std::panicking::try::do_call::h2f73af3616c35465
[INFO] [stdout]                                at /rustc/6067b36314ab5eb2eb47cecc464545ba58e1ad24/library/std/src/panicking.rs:587:40
[INFO] [stdout]   38:     0x620c33483ffa - std::panicking::try::hd1660ce9efadef5a
[INFO] [stdout]                                at /rustc/6067b36314ab5eb2eb47cecc464545ba58e1ad24/library/std/src/panicking.rs:550:19
[INFO] [stdout]   39:     0x620c33483ffa - std::panic::catch_unwind::h5ee8d7823b8ca744
[INFO] [stdout]                                at /rustc/6067b36314ab5eb2eb47cecc464545ba58e1ad24/library/std/src/panic.rs:358:14
[INFO] [stdout]   40:     0x620c33483ffa - std::thread::Builder::spawn_unchecked_::{{closure}}::h53c3a1894dce8407
[INFO] [stdout]                                at /rustc/6067b36314ab5eb2eb47cecc464545ba58e1ad24/library/std/src/thread/mod.rs:557:30
[INFO] [stdout]   41:     0x620c33483ffa - core::ops::function::FnOnce::call_once{{vtable.shim}}::h048ce291ad4f62bf
[INFO] [stdout]                                at /rustc/6067b36314ab5eb2eb47cecc464545ba58e1ad24/library/core/src/ops/function.rs:250:5
[INFO] [stdout]   42:     0x620c334fc50b - <alloc::boxed::Box<F,A> as core::ops::function::FnOnce<Args>>::call_once::ha52bedf99a3b4981
[INFO] [stdout]                                at /rustc/6067b36314ab5eb2eb47cecc464545ba58e1ad24/library/alloc/src/boxed.rs:2013:9
[INFO] [stdout]   43:     0x620c334fc50b - <alloc::boxed::Box<F,A> as core::ops::function::FnOnce<Args>>::call_once::h567748934d80ccf8
[INFO] [stdout]                                at /rustc/6067b36314ab5eb2eb47cecc464545ba58e1ad24/library/alloc/src/boxed.rs:2013:9
[INFO] [stdout]   44:     0x620c334fc50b - std::sys::pal::unix::thread::Thread::new::thread_start::h2d970728ae887adc
[INFO] [stdout]                                at /rustc/6067b36314ab5eb2eb47cecc464545ba58e1ad24/library/std/src/sys/pal/unix/thread.rs:106:17
[INFO] [stdout]   45:     0x7b31e06a4ac3 - <unknown>
[INFO] [stdout]   46:     0x7b31e0735a04 - clone
[INFO] [stdout]   47:                0x0 - <unknown>
[INFO] [stdout] 
[INFO] [stdout] 
[INFO] [stdout] failures:
[INFO] [stdout]     tests::tests::io
[INFO] [stdout] 
[INFO] [stdout] test result: FAILED. 0 passed; 1 failed; 0 ignored; 0 measured; 0 filtered out; finished in 0.18s
[INFO] [stdout] 
[INFO] [stderr] error: test failed, to rerun pass `--lib`
[INFO] running `Command { std: "docker" "inspect" "6f79edcaece8fec94c030e0cc394d9023398603572577d1906f7df77c0188757", kill_on_drop: false }`
[INFO] running `Command { std: "docker" "rm" "-f" "6f79edcaece8fec94c030e0cc394d9023398603572577d1906f7df77c0188757", kill_on_drop: false }`
[INFO] [stdout] 6f79edcaece8fec94c030e0cc394d9023398603572577d1906f7df77c0188757
