[INFO] cloning repository https://github.com/Joey9801/advent-of-code-2024
[INFO] running `Command { std: "git" "-c" "credential.helper=" "-c" "credential.helper=/workspace/cargo-home/bin/git-credential-null" "clone" "--bare" "https://github.com/Joey9801/advent-of-code-2024" "/workspace/cache/git-repos/https%3A%2F%2Fgithub.com%2FJoey9801%2Fadvent-of-code-2024", kill_on_drop: false }`
[INFO] [stderr] Cloning into bare repository '/workspace/cache/git-repos/https%3A%2F%2Fgithub.com%2FJoey9801%2Fadvent-of-code-2024'...
[INFO] running `Command { std: "git" "rev-parse" "HEAD", kill_on_drop: false }`
[INFO] [stdout] c409aa4d8937c33bbf590d98968f60116f1a949e
[INFO] testing Joey9801/advent-of-code-2024 against nightly-2025-01-18 for randomize-layout-2
[INFO] running `Command { std: "git" "clone" "/workspace/cache/git-repos/https%3A%2F%2Fgithub.com%2FJoey9801%2Fadvent-of-code-2024" "/workspace/builds/worker-2-tc1/source", kill_on_drop: false }`
[INFO] [stderr] Cloning into '/workspace/builds/worker-2-tc1/source'...
[INFO] [stderr] done.
[INFO] validating manifest of git repo https://github.com/Joey9801/advent-of-code-2024 on toolchain nightly-2025-01-18
[INFO] running `Command { std: CARGO_HOME="/workspace/cargo-home" RUSTUP_HOME="/workspace/rustup-home" "/workspace/cargo-home/bin/cargo" "+nightly-2025-01-18" "metadata" "--manifest-path" "Cargo.toml" "--no-deps", kill_on_drop: false }`
[INFO] started tweaking git repo https://github.com/Joey9801/advent-of-code-2024
[INFO] finished tweaking git repo https://github.com/Joey9801/advent-of-code-2024
[INFO] tweaked toml for git repo https://github.com/Joey9801/advent-of-code-2024 written to /workspace/builds/worker-2-tc1/source/Cargo.toml
[INFO] crate git repo https://github.com/Joey9801/advent-of-code-2024 already has a lockfile, it will not be regenerated
[INFO] running `Command { std: CARGO_HOME="/workspace/cargo-home" RUSTUP_HOME="/workspace/rustup-home" "/workspace/cargo-home/bin/cargo" "+nightly-2025-01-18" "fetch" "--manifest-path" "Cargo.toml", kill_on_drop: false }`
[INFO] [stderr]  Downloading crates ...
[INFO] [stderr]   Downloaded wasm-bindgen-futures v0.4.47
[INFO] [stderr]   Downloaded cookie_store v0.21.1
[INFO] [stderr]   Downloaded hyper v1.5.1
[INFO] [stderr]   Downloaded publicsuffix v2.3.0
[INFO] [stderr]   Downloaded rustls v0.23.19
[INFO] running `Command { std: "docker" "create" "-v" "/var/lib/crater-agent-workspace/builds/worker-2-tc1/target:/opt/rustwide/target:rw,Z" "-v" "/var/lib/crater-agent-workspace/builds/worker-2-tc1/source:/opt/rustwide/workdir:ro,Z" "-v" "/var/lib/crater-agent-workspace/cargo-home:/opt/rustwide/cargo-home:ro,Z" "-v" "/var/lib/crater-agent-workspace/rustup-home:/opt/rustwide/rustup-home:ro,Z" "-e" "SOURCE_DIR=/opt/rustwide/workdir" "-e" "CARGO_TARGET_DIR=/opt/rustwide/target" "-e" "CARGO_HOME=/opt/rustwide/cargo-home" "-e" "RUSTUP_HOME=/opt/rustwide/rustup-home" "-w" "/opt/rustwide/workdir" "-m" "1610612736" "--user" "0:0" "--network" "none" "ghcr.io/rust-lang/crates-build-env/linux@sha256:819108c5571ea2e421544af4d832f968d213c87fbe3707a016657f43d2f853bc" "/opt/rustwide/cargo-home/bin/cargo" "+nightly-2025-01-18" "metadata" "--no-deps" "--format-version=1", kill_on_drop: false }`
[INFO] [stdout] 71c6ebf743eff83516a8e4bac6f228b7e0f19ffe868515b1fe12192a2610cbaa
[INFO] running `Command { std: "docker" "start" "-a" "71c6ebf743eff83516a8e4bac6f228b7e0f19ffe868515b1fe12192a2610cbaa", kill_on_drop: false }`
[INFO] running `Command { std: "docker" "inspect" "71c6ebf743eff83516a8e4bac6f228b7e0f19ffe868515b1fe12192a2610cbaa", kill_on_drop: false }`
[INFO] running `Command { std: "docker" "rm" "-f" "71c6ebf743eff83516a8e4bac6f228b7e0f19ffe868515b1fe12192a2610cbaa", kill_on_drop: false }`
[INFO] [stdout] 71c6ebf743eff83516a8e4bac6f228b7e0f19ffe868515b1fe12192a2610cbaa
[INFO] running `Command { std: "docker" "create" "-v" "/var/lib/crater-agent-workspace/builds/worker-2-tc1/target:/opt/rustwide/target:rw,Z" "-v" "/var/lib/crater-agent-workspace/builds/worker-2-tc1/source:/opt/rustwide/workdir:ro,Z" "-v" "/var/lib/crater-agent-workspace/cargo-home:/opt/rustwide/cargo-home:ro,Z" "-v" "/var/lib/crater-agent-workspace/rustup-home:/opt/rustwide/rustup-home:ro,Z" "-e" "SOURCE_DIR=/opt/rustwide/workdir" "-e" "CARGO_TARGET_DIR=/opt/rustwide/target" "-e" "CARGO_INCREMENTAL=0" "-e" "RUST_BACKTRACE=full" "-e" "RUSTFLAGS=--cap-lints=forbid" "-e" "RUSTDOCFLAGS=--cap-lints=forbid" "-e" "CARGO_HOME=/opt/rustwide/cargo-home" "-e" "RUSTUP_HOME=/opt/rustwide/rustup-home" "-w" "/opt/rustwide/workdir" "-m" "1610612736" "--user" "0:0" "--network" "none" "ghcr.io/rust-lang/crates-build-env/linux@sha256:819108c5571ea2e421544af4d832f968d213c87fbe3707a016657f43d2f853bc" "/opt/rustwide/cargo-home/bin/cargo" "+nightly-2025-01-18" "build" "--frozen" "--message-format=json", kill_on_drop: false }`
[INFO] [stdout] cfae8c59fd45a99e171afa23dc3ab7820d9e0aa2d94a7537c06f6f4e8d08b4f8
[INFO] running `Command { std: "docker" "start" "-a" "cfae8c59fd45a99e171afa23dc3ab7820d9e0aa2d94a7537c06f6f4e8d08b4f8", kill_on_drop: false }`
[INFO] [stderr]    Compiling proc-macro2 v1.0.92
[INFO] [stderr]    Compiling unicode-ident v1.0.14
[INFO] [stderr]    Compiling libc v0.2.167
[INFO] [stderr]    Compiling stable_deref_trait v1.2.0
[INFO] [stderr]    Compiling itoa v1.0.14
[INFO] [stderr]    Compiling shlex v1.3.0
[INFO] [stderr]    Compiling litemap v0.7.4
[INFO] [stderr]    Compiling writeable v0.5.5
[INFO] [stderr]    Compiling pin-project-lite v0.2.15
[INFO] [stderr]    Compiling bytes v1.9.0
[INFO] [stderr]    Compiling futures-core v0.3.31
[INFO] [stderr]    Compiling vcpkg v0.2.15
[INFO] [stderr]    Compiling cc v1.2.2
[INFO] [stderr]    Compiling pkg-config v0.3.31
[INFO] [stderr]    Compiling once_cell v1.20.2
[INFO] [stderr]    Compiling autocfg v1.4.0
[INFO] [stderr]    Compiling icu_locid_transform_data v1.5.0
[INFO] [stderr]    Compiling futures-sink v0.3.31
[INFO] [stderr]    Compiling icu_properties_data v1.5.0
[INFO] [stderr]    Compiling quote v1.0.37
[INFO] [stderr]    Compiling slab v0.4.9
[INFO] [stderr]    Compiling memchr v2.7.4
[INFO] [stderr]    Compiling http v1.1.0
[INFO] [stderr]    Compiling syn v2.0.90
[INFO] [stderr]    Compiling utf16_iter v1.0.5
[INFO] [stderr]    Compiling write16 v1.0.0
[INFO] [stderr]    Compiling icu_normalizer_data v1.5.0
[INFO] [stderr]    Compiling utf8_iter v1.0.4
[INFO] [stderr]    Compiling tracing-core v0.1.33
[INFO] [stderr]    Compiling futures-io v0.3.31
[INFO] [stderr]    Compiling serde v1.0.215
[INFO] [stderr]    Compiling socket2 v0.5.8
[INFO] [stderr]    Compiling mio v1.0.3
[INFO] [stderr]    Compiling httparse v1.9.5
[INFO] [stderr]    Compiling openssl v0.10.68
[INFO] [stderr]    Compiling tokio v1.41.1
[INFO] [stderr]    Compiling hashbrown v0.15.2
[INFO] [stderr]    Compiling futures-task v0.3.31
[INFO] [stderr]    Compiling futures-util v0.3.31
[INFO] [stderr]    Compiling http-body v1.0.1
[INFO] [stderr]    Compiling openssl-sys v0.9.104
[INFO] [stderr]    Compiling tracing v0.1.41
[INFO] [stderr]    Compiling native-tls v0.2.12
[INFO] [stderr]    Compiling num-conv v0.1.0
[INFO] [stderr]    Compiling try-lock v0.2.5
[INFO] [stderr]    Compiling powerfmt v0.2.0
[INFO] [stderr]    Compiling bitflags v2.6.0
[INFO] [stderr]    Compiling time-core v0.1.2
[INFO] [stderr]    Compiling version_check v0.9.5
[INFO] [stderr]    Compiling log v0.4.22
[INFO] [stderr]    Compiling deranged v0.3.11
[INFO] [stderr]    Compiling time-macros v0.2.18
[INFO] [stderr]    Compiling indexmap v2.7.0
[INFO] [stderr]    Compiling cookie v0.18.1
[INFO] [stderr]    Compiling want v0.3.1
[INFO] [stderr]    Compiling futures-channel v0.3.31
[INFO] [stderr]    Compiling serde_json v1.0.133
[INFO] [stderr]    Compiling byteorder v1.5.0
[INFO] [stderr]    Compiling ryu v1.0.18
[INFO] [stderr]    Compiling anstyle-parse v0.2.6
[INFO] [stderr]    Compiling time v0.3.36
[INFO] [stderr]    Compiling getrandom v0.2.15
[INFO] [stderr]    Compiling anstyle-query v1.1.2
[INFO] [stderr]    Compiling psl-types v2.0.11
[INFO] [stderr]    Compiling anstyle v1.0.10
[INFO] [stderr]    Compiling litrs v0.4.1
[INFO] [stderr]    Compiling tower-service v0.3.3
[INFO] [stderr]    Compiling colorchoice v1.0.3
[INFO] [stderr]    Compiling anstream v0.6.18
[INFO] [stderr]    Compiling rand_core v0.6.4
[INFO] [stderr]    Compiling clap_lex v0.7.3
[INFO] [stderr]    Compiling rustls-pki-types v1.10.0
[INFO] [stderr]    Compiling document-features v0.2.10
[INFO] [stderr]    Compiling anyhow v1.0.93
[INFO] [stderr]    Compiling clap_builder v4.5.21
[INFO] [stderr]    Compiling synstructure v0.13.1
[INFO] [stderr]    Compiling rustls-pemfile v2.2.0
[INFO] [stderr]    Compiling encoding_rs v0.8.35
[INFO] [stderr]    Compiling http-body-util v0.1.2
[INFO] [stderr]    Compiling serde_urlencoded v0.7.1
[INFO] [stderr]    Compiling sync_wrapper v1.0.2
[INFO] [stderr]    Compiling mime v0.3.17
[INFO] [stderr]    Compiling ipnet v2.10.1
[INFO] [stderr]    Compiling tokio-util v0.7.12
[INFO] [stderr]    Compiling zerofrom-derive v0.1.5
[INFO] [stderr]    Compiling yoke-derive v0.7.5
[INFO] [stderr]    Compiling zerovec-derive v0.10.3
[INFO] [stderr]    Compiling displaydoc v0.2.5
[INFO] [stderr]    Compiling icu_provider_macros v1.5.0
[INFO] [stderr]    Compiling openssl-macros v0.1.1
[INFO] [stderr]    Compiling h2 v0.4.7
[INFO] [stderr]    Compiling zerocopy-derive v0.7.35
[INFO] [stderr]    Compiling serde_derive v1.0.215
[INFO] [stderr]    Compiling zerofrom v0.1.5
[INFO] [stderr]    Compiling yoke v0.7.5
[INFO] [stderr]    Compiling clap_derive v4.5.18
[INFO] [stderr]    Compiling zerovec v0.10.4
[INFO] [stderr]    Compiling zerocopy v0.7.35
[INFO] [stderr]    Compiling clap v4.5.21
[INFO] [stderr]    Compiling ppv-lite86 v0.2.20
[INFO] [stderr]    Compiling tinystr v0.7.6
[INFO] [stderr]    Compiling icu_locid v1.5.0
[INFO] [stderr]    Compiling icu_collections v1.5.0
[INFO] [stderr]    Compiling rand_chacha v0.3.1
[INFO] [stderr]    Compiling rand v0.8.5
[INFO] [stderr]    Compiling icu_provider v1.5.0
[INFO] [stderr]    Compiling icu_locid_transform v1.5.0
[INFO] [stderr]    Compiling hyper v1.5.1
[INFO] [stderr]    Compiling icu_properties v1.5.1
[INFO] [stderr]    Compiling tokio-native-tls v0.3.1
[INFO] [stderr]    Compiling hyper-util v0.1.10
[INFO] [stderr]    Compiling hyper-tls v0.6.0
[INFO] [stderr]    Compiling icu_normalizer v1.5.0
[INFO] [stderr]    Compiling idna_adapter v1.2.0
[INFO] [stderr]    Compiling idna v1.0.3
[INFO] [stderr]    Compiling url v2.5.4
[INFO] [stderr]    Compiling publicsuffix v2.3.0
[INFO] [stderr]    Compiling cookie_store v0.21.1
[INFO] [stderr]    Compiling reqwest v0.12.9
[INFO] [stderr]    Compiling aoc_2024 v0.1.0 (/opt/rustwide/workdir)
[INFO] [stdout] warning: unused variable: `input`
[INFO] [stdout]    --> src/day_7.rs:101:21
[INFO] [stdout]     |
[INFO] [stdout] 101 | pub fn solve_part_2(input: &[Line]) -> u64 {
[INFO] [stdout]     |                     ^^^^^ help: if this is intentional, prefix it with an underscore: `_input`
[INFO] [stdout]     |
[INFO] [stdout]     = note: `#[warn(unused_variables)]` on by default
[INFO] [stdout] 
[INFO] [stdout] 
[INFO] [stdout] warning: unused variable: `input`
[INFO] [stdout]   --> src/day_8.rs:73:21
[INFO] [stdout]    |
[INFO] [stdout] 73 | pub fn solve_part_2(input: &Input) -> u64 {
[INFO] [stdout]    |                     ^^^^^ help: if this is intentional, prefix it with an underscore: `_input`
[INFO] [stdout] 
[INFO] [stdout] 
[INFO] [stdout] warning: variable does not need to be mutable
[INFO] [stdout]  --> src/day_9.rs:8:9
[INFO] [stdout]   |
[INFO] [stdout] 8 |     let mut cell_lengths = input
[INFO] [stdout]   |         ----^^^^^^^^^^^^
[INFO] [stdout]   |         |
[INFO] [stdout]   |         help: remove this `mut`
[INFO] [stdout]   |
[INFO] [stdout]   = note: `#[warn(unused_mut)]` on by default
[INFO] [stdout] 
[INFO] [stdout] 
[INFO] [stdout] warning: unused variable: `input`
[INFO] [stdout]   --> src/day_9.rs:69:21
[INFO] [stdout]    |
[INFO] [stdout] 69 | pub fn solve_part_2(input: &[Contents]) -> u64 {
[INFO] [stdout]    |                     ^^^^^ help: if this is intentional, prefix it with an underscore: `_input`
[INFO] [stdout] 
[INFO] [stdout] 
[INFO] [stdout] warning: unused variable: `input`
[INFO] [stdout]   --> src/day_10.rs:58:21
[INFO] [stdout]    |
[INFO] [stdout] 58 | pub fn solve_part_2(input: &Map2d<u8>) -> u64 {
[INFO] [stdout]    |                     ^^^^^ help: if this is intentional, prefix it with an underscore: `_input`
[INFO] [stdout] 
[INFO] [stdout] 
[INFO] [stdout] warning: field `pos` is never read
[INFO] [stdout]   --> src/day_12.rs:16:5
[INFO] [stdout]    |
[INFO] [stdout] 15 | struct StackElement<I: Iterator<Item = Vec2>> {
[INFO] [stdout]    |        ------------ field in this struct
[INFO] [stdout] 16 |     pos: Vec2,
[INFO] [stdout]    |     ^^^
[INFO] [stdout]    |
[INFO] [stdout]    = note: `#[warn(dead_code)]` on by default
[INFO] [stdout] 
[INFO] [stdout] 
[INFO] [stdout] warning: variable `A` should have a snake case name
[INFO] [stdout]   --> src/day_13.rs:64:9
[INFO] [stdout]    |
[INFO] [stdout] 64 |     let A = (b.y * prize.x - b.x * prize.y) / det;
[INFO] [stdout]    |         ^ help: convert the identifier to snake case: `a`
[INFO] [stdout]    |
[INFO] [stdout]    = note: `#[warn(non_snake_case)]` on by default
[INFO] [stdout] 
[INFO] [stdout] 
[INFO] [stdout] warning: variable `B` should have a snake case name
[INFO] [stdout]   --> src/day_13.rs:65:9
[INFO] [stdout]    |
[INFO] [stdout] 65 |     let B = (-a.y * prize.x + a.x * prize.y) / det;
[INFO] [stdout]    |         ^ help: convert the identifier to snake case: `b`
[INFO] [stdout] 
[INFO] [stdout] 
[INFO] [stderr]     Finished `dev` profile [unoptimized + debuginfo] target(s) in 1m 35s
[INFO] running `Command { std: "docker" "inspect" "cfae8c59fd45a99e171afa23dc3ab7820d9e0aa2d94a7537c06f6f4e8d08b4f8", kill_on_drop: false }`
[INFO] running `Command { std: "docker" "rm" "-f" "cfae8c59fd45a99e171afa23dc3ab7820d9e0aa2d94a7537c06f6f4e8d08b4f8", kill_on_drop: false }`
[INFO] [stdout] cfae8c59fd45a99e171afa23dc3ab7820d9e0aa2d94a7537c06f6f4e8d08b4f8
[INFO] running `Command { std: "docker" "create" "-v" "/var/lib/crater-agent-workspace/builds/worker-2-tc1/target:/opt/rustwide/target:rw,Z" "-v" "/var/lib/crater-agent-workspace/builds/worker-2-tc1/source:/opt/rustwide/workdir:ro,Z" "-v" "/var/lib/crater-agent-workspace/cargo-home:/opt/rustwide/cargo-home:ro,Z" "-v" "/var/lib/crater-agent-workspace/rustup-home:/opt/rustwide/rustup-home:ro,Z" "-e" "SOURCE_DIR=/opt/rustwide/workdir" "-e" "CARGO_TARGET_DIR=/opt/rustwide/target" "-e" "CARGO_INCREMENTAL=0" "-e" "RUST_BACKTRACE=full" "-e" "RUSTFLAGS=--cap-lints=forbid" "-e" "RUSTDOCFLAGS=--cap-lints=forbid" "-e" "CARGO_HOME=/opt/rustwide/cargo-home" "-e" "RUSTUP_HOME=/opt/rustwide/rustup-home" "-w" "/opt/rustwide/workdir" "-m" "1610612736" "--user" "0:0" "--network" "none" "ghcr.io/rust-lang/crates-build-env/linux@sha256:819108c5571ea2e421544af4d832f968d213c87fbe3707a016657f43d2f853bc" "/opt/rustwide/cargo-home/bin/cargo" "+nightly-2025-01-18" "test" "--frozen" "--no-run" "--message-format=json", kill_on_drop: false }`
[INFO] [stdout] d34def89dbf8bd5f5740912a0993dc3c1cb347073c454856aa9e1f4674c22a07
[INFO] running `Command { std: "docker" "start" "-a" "d34def89dbf8bd5f5740912a0993dc3c1cb347073c454856aa9e1f4674c22a07", kill_on_drop: false }`
[INFO] [stderr]    Compiling yansi v1.0.1
[INFO] [stderr]    Compiling diff v0.1.13
[INFO] [stdout] warning: unused variable: `input`
[INFO] [stdout]    --> src/day_7.rs:101:21
[INFO] [stdout]     |
[INFO] [stdout] 101 | pub fn solve_part_2(input: &[Line]) -> u64 {
[INFO] [stdout]     |                     ^^^^^ help: if this is intentional, prefix it with an underscore: `_input`
[INFO] [stdout]     |
[INFO] [stdout]     = note: `#[warn(unused_variables)]` on by default
[INFO] [stdout] 
[INFO] [stdout] 
[INFO] [stdout] warning: unused variable: `input`
[INFO] [stdout]   --> src/day_8.rs:73:21
[INFO] [stdout]    |
[INFO] [stdout] 73 | pub fn solve_part_2(input: &Input) -> u64 {
[INFO] [stdout]    |                     ^^^^^ help: if this is intentional, prefix it with an underscore: `_input`
[INFO] [stdout] 
[INFO] [stdout] 
[INFO] [stdout] warning: variable does not need to be mutable
[INFO] [stdout]  --> src/day_9.rs:8:9
[INFO] [stdout]   |
[INFO] [stdout] 8 |     let mut cell_lengths = input
[INFO] [stdout]   |         ----^^^^^^^^^^^^
[INFO] [stdout]   |         |
[INFO] [stdout]   |         help: remove this `mut`
[INFO] [stdout]   |
[INFO] [stdout]   = note: `#[warn(unused_mut)]` on by default
[INFO] [stdout] 
[INFO] [stdout] 
[INFO] [stdout] warning: unused variable: `input`
[INFO] [stdout]   --> src/day_9.rs:69:21
[INFO] [stdout]    |
[INFO] [stdout] 69 | pub fn solve_part_2(input: &[Contents]) -> u64 {
[INFO] [stdout]    |                     ^^^^^ help: if this is intentional, prefix it with an underscore: `_input`
[INFO] [stdout] 
[INFO] [stdout] 
[INFO] [stdout] warning: unused variable: `input`
[INFO] [stdout]   --> src/day_10.rs:58:21
[INFO] [stdout]    |
[INFO] [stdout] 58 | pub fn solve_part_2(input: &Map2d<u8>) -> u64 {
[INFO] [stdout]    |                     ^^^^^ help: if this is intentional, prefix it with an underscore: `_input`
[INFO] [stdout] 
[INFO] [stdout] 
[INFO] [stdout] warning: field `pos` is never read
[INFO] [stdout]   --> src/day_12.rs:16:5
[INFO] [stdout]    |
[INFO] [stdout] 15 | struct StackElement<I: Iterator<Item = Vec2>> {
[INFO] [stdout]    |        ------------ field in this struct
[INFO] [stdout] 16 |     pos: Vec2,
[INFO] [stdout]    |     ^^^
[INFO] [stdout]    |
[INFO] [stdout]    = note: `#[warn(dead_code)]` on by default
[INFO] [stdout] 
[INFO] [stdout] 
[INFO] [stdout] warning: variable `A` should have a snake case name
[INFO] [stdout]   --> src/day_13.rs:64:9
[INFO] [stdout]    |
[INFO] [stdout] 64 |     let A = (b.y * prize.x - b.x * prize.y) / det;
[INFO] [stdout]    |         ^ help: convert the identifier to snake case: `a`
[INFO] [stdout]    |
[INFO] [stdout]    = note: `#[warn(non_snake_case)]` on by default
[INFO] [stdout] 
[INFO] [stdout] 
[INFO] [stdout] warning: variable `B` should have a snake case name
[INFO] [stdout]   --> src/day_13.rs:65:9
[INFO] [stdout]    |
[INFO] [stdout] 65 |     let B = (-a.y * prize.x + a.x * prize.y) / det;
[INFO] [stdout]    |         ^ help: convert the identifier to snake case: `b`
[INFO] [stdout] 
[INFO] [stdout] 
[INFO] [stderr]    Compiling pretty_assertions v1.4.1
[INFO] [stderr]    Compiling aoc_2024 v0.1.0 (/opt/rustwide/workdir)
[INFO] [stdout] warning: unused variable: `input`
[INFO] [stdout]    --> src/day_7.rs:101:21
[INFO] [stdout]     |
[INFO] [stdout] 101 | pub fn solve_part_2(input: &[Line]) -> u64 {
[INFO] [stdout]     |                     ^^^^^ help: if this is intentional, prefix it with an underscore: `_input`
[INFO] [stdout]     |
[INFO] [stdout]     = note: `#[warn(unused_variables)]` on by default
[INFO] [stdout] 
[INFO] [stdout] 
[INFO] [stdout] warning: unused variable: `input`
[INFO] [stdout]   --> src/day_8.rs:73:21
[INFO] [stdout]    |
[INFO] [stdout] 73 | pub fn solve_part_2(input: &Input) -> u64 {
[INFO] [stdout]    |                     ^^^^^ help: if this is intentional, prefix it with an underscore: `_input`
[INFO] [stdout] 
[INFO] [stdout] 
[INFO] [stdout] warning: variable does not need to be mutable
[INFO] [stdout]  --> src/day_9.rs:8:9
[INFO] [stdout]   |
[INFO] [stdout] 8 |     let mut cell_lengths = input
[INFO] [stdout]   |         ----^^^^^^^^^^^^
[INFO] [stdout]   |         |
[INFO] [stdout]   |         help: remove this `mut`
[INFO] [stdout]   |
[INFO] [stdout]   = note: `#[warn(unused_mut)]` on by default
[INFO] [stdout] 
[INFO] [stdout] 
[INFO] [stdout] warning: unused variable: `input`
[INFO] [stdout]   --> src/day_9.rs:69:21
[INFO] [stdout]    |
[INFO] [stdout] 69 | pub fn solve_part_2(input: &[Contents]) -> u64 {
[INFO] [stdout]    |                     ^^^^^ help: if this is intentional, prefix it with an underscore: `_input`
[INFO] [stdout] 
[INFO] [stdout] 
[INFO] [stdout] warning: unused variable: `input`
[INFO] [stdout]   --> src/day_10.rs:58:21
[INFO] [stdout]    |
[INFO] [stdout] 58 | pub fn solve_part_2(input: &Map2d<u8>) -> u64 {
[INFO] [stdout]    |                     ^^^^^ help: if this is intentional, prefix it with an underscore: `_input`
[INFO] [stdout] 
[INFO] [stdout] 
[INFO] [stdout] warning: field `pos` is never read
[INFO] [stdout]   --> src/day_12.rs:16:5
[INFO] [stdout]    |
[INFO] [stdout] 15 | struct StackElement<I: Iterator<Item = Vec2>> {
[INFO] [stdout]    |        ------------ field in this struct
[INFO] [stdout] 16 |     pos: Vec2,
[INFO] [stdout]    |     ^^^
[INFO] [stdout]    |
[INFO] [stdout]    = note: `#[warn(dead_code)]` on by default
[INFO] [stdout] 
[INFO] [stdout] 
[INFO] [stdout] warning: variable `A` should have a snake case name
[INFO] [stdout]   --> src/day_13.rs:64:9
[INFO] [stdout]    |
[INFO] [stdout] 64 |     let A = (b.y * prize.x - b.x * prize.y) / det;
[INFO] [stdout]    |         ^ help: convert the identifier to snake case: `a`
[INFO] [stdout]    |
[INFO] [stdout]    = note: `#[warn(non_snake_case)]` on by default
[INFO] [stdout] 
[INFO] [stdout] 
[INFO] [stdout] warning: variable `B` should have a snake case name
[INFO] [stdout]   --> src/day_13.rs:65:9
[INFO] [stdout]    |
[INFO] [stdout] 65 |     let B = (-a.y * prize.x + a.x * prize.y) / det;
[INFO] [stdout]    |         ^ help: convert the identifier to snake case: `b`
[INFO] [stdout] 
[INFO] [stdout] 
[INFO] [stderr]     Finished `test` profile [unoptimized + debuginfo] target(s) in 3.62s
[INFO] running `Command { std: "docker" "inspect" "d34def89dbf8bd5f5740912a0993dc3c1cb347073c454856aa9e1f4674c22a07", kill_on_drop: false }`
[INFO] running `Command { std: "docker" "rm" "-f" "d34def89dbf8bd5f5740912a0993dc3c1cb347073c454856aa9e1f4674c22a07", kill_on_drop: false }`
[INFO] [stdout] d34def89dbf8bd5f5740912a0993dc3c1cb347073c454856aa9e1f4674c22a07
[INFO] running `Command { std: "docker" "create" "-v" "/var/lib/crater-agent-workspace/builds/worker-2-tc1/target:/opt/rustwide/target:rw,Z" "-v" "/var/lib/crater-agent-workspace/builds/worker-2-tc1/source:/opt/rustwide/workdir:ro,Z" "-v" "/var/lib/crater-agent-workspace/cargo-home:/opt/rustwide/cargo-home:ro,Z" "-v" "/var/lib/crater-agent-workspace/rustup-home:/opt/rustwide/rustup-home:ro,Z" "-e" "SOURCE_DIR=/opt/rustwide/workdir" "-e" "CARGO_TARGET_DIR=/opt/rustwide/target" "-e" "CARGO_INCREMENTAL=0" "-e" "RUST_BACKTRACE=full" "-e" "RUSTFLAGS=--cap-lints=forbid" "-e" "RUSTDOCFLAGS=--cap-lints=forbid" "-e" "CARGO_HOME=/opt/rustwide/cargo-home" "-e" "RUSTUP_HOME=/opt/rustwide/rustup-home" "-w" "/opt/rustwide/workdir" "-m" "1610612736" "--user" "0:0" "--network" "none" "ghcr.io/rust-lang/crates-build-env/linux@sha256:819108c5571ea2e421544af4d832f968d213c87fbe3707a016657f43d2f853bc" "/opt/rustwide/cargo-home/bin/cargo" "+nightly-2025-01-18" "test" "--frozen", kill_on_drop: false }`
[INFO] [stdout] 5b2e58052f4dbe082292710e2e41a3c882d81fcf59b0db98bcee6e0275a45be8
[INFO] running `Command { std: "docker" "start" "-a" "5b2e58052f4dbe082292710e2e41a3c882d81fcf59b0db98bcee6e0275a45be8", kill_on_drop: false }`
[INFO] [stderr] warning: unused variable: `input`
[INFO] [stderr]    --> src/day_7.rs:101:21
[INFO] [stderr]     |
[INFO] [stderr] 101 | pub fn solve_part_2(input: &[Line]) -> u64 {
[INFO] [stderr]     |                     ^^^^^ help: if this is intentional, prefix it with an underscore: `_input`
[INFO] [stderr]     |
[INFO] [stderr]     = note: `#[warn(unused_variables)]` on by default
[INFO] [stderr] 
[INFO] [stderr] warning: unused variable: `input`
[INFO] [stderr]   --> src/day_8.rs:73:21
[INFO] [stderr]    |
[INFO] [stderr] 73 | pub fn solve_part_2(input: &Input) -> u64 {
[INFO] [stderr]    |                     ^^^^^ help: if this is intentional, prefix it with an underscore: `_input`
[INFO] [stderr] 
[INFO] [stderr] warning: variable does not need to be mutable
[INFO] [stderr]  --> src/day_9.rs:8:9
[INFO] [stderr]   |
[INFO] [stderr] 8 |     let mut cell_lengths = input
[INFO] [stderr]   |         ----^^^^^^^^^^^^
[INFO] [stderr]   |         |
[INFO] [stderr]   |         help: remove this `mut`
[INFO] [stderr]   |
[INFO] [stderr]   = note: `#[warn(unused_mut)]` on by default
[INFO] [stderr] 
[INFO] [stderr] warning: unused variable: `input`
[INFO] [stderr]   --> src/day_9.rs:69:21
[INFO] [stderr]    |
[INFO] [stderr] 69 | pub fn solve_part_2(input: &[Contents]) -> u64 {
[INFO] [stderr]    |                     ^^^^^ help: if this is intentional, prefix it with an underscore: `_input`
[INFO] [stderr] 
[INFO] [stderr] warning: unused variable: `input`
[INFO] [stderr]   --> src/day_10.rs:58:21
[INFO] [stderr]    |
[INFO] [stderr] 58 | pub fn solve_part_2(input: &Map2d<u8>) -> u64 {
[INFO] [stderr]    |                     ^^^^^ help: if this is intentional, prefix it with an underscore: `_input`
[INFO] [stderr] 
[INFO] [stderr] warning: field `pos` is never read
[INFO] [stderr]   --> src/day_12.rs:16:5
[INFO] [stderr]    |
[INFO] [stderr] 15 | struct StackElement<I: Iterator<Item = Vec2>> {
[INFO] [stderr]    |        ------------ field in this struct
[INFO] [stderr] 16 |     pos: Vec2,
[INFO] [stderr]    |     ^^^
[INFO] [stderr]    |
[INFO] [stderr]    = note: `#[warn(dead_code)]` on by default
[INFO] [stderr] 
[INFO] [stderr] warning: variable `A` should have a snake case name
[INFO] [stderr]   --> src/day_13.rs:64:9
[INFO] [stderr]    |
[INFO] [stderr] 64 |     let A = (b.y * prize.x - b.x * prize.y) / det;
[INFO] [stderr]    |         ^ help: convert the identifier to snake case: `a`
[INFO] [stderr]    |
[INFO] [stderr]    = note: `#[warn(non_snake_case)]` on by default
[INFO] [stderr] 
[INFO] [stderr] warning: variable `B` should have a snake case name
[INFO] [stderr]   --> src/day_13.rs:65:9
[INFO] [stderr]    |
[INFO] [stderr] 65 |     let B = (-a.y * prize.x + a.x * prize.y) / det;
[INFO] [stderr]    |         ^ help: convert the identifier to snake case: `b`
[INFO] [stderr] 
[INFO] [stderr] warning: `aoc_2024` (lib) generated 8 warnings (run `cargo fix --lib -p aoc_2024` to apply 1 suggestion)
[INFO] [stderr] warning: `aoc_2024` (lib test) generated 8 warnings (8 duplicates)
[INFO] [stderr]     Finished `test` profile [unoptimized + debuginfo] target(s) in 0.22s
[INFO] [stderr]      Running unittests src/lib.rs (/opt/rustwide/target/debug/deps/aoc_2024-2ca9f172380c44c5)
[INFO] [stdout] 
[INFO] [stdout] running 23 tests
[INFO] [stdout] test day_12::tests::test_part_1 ... ok
[INFO] [stdout] test day_2::tests::test_part_1 ... ok
[INFO] [stdout] test day_14::tests::test_part_1 ... ok
[INFO] [stdout] test day_10::tests::test_part_1 ... ok
[INFO] [stdout] test day_3::tests::test_part_2 ... ok
[INFO] [stdout] test day_5::tests::test_part_1 ... ok
[INFO] [stdout] test day_11::tests::test_part_1 ... ok
[INFO] [stdout] test day_3::tests::test_part_1 ... ok
[INFO] [stdout] test day_6::tests::test_part_1 ... ok
[INFO] [stdout] test day_5::tests::test_part_2 ... ok
[INFO] [stdout] test day_11::tests::test_split_digits ... ok
[INFO] [stdout] test day_2::tests::test_part_2 ... ok
[INFO] [stdout] test day_13::tests::test_machine_solve ... ok
[INFO] [stdout] test day_13::tests::test_part_1 ... ok
[INFO] [stdout] test day_3::tests::test_parse ... ok
[INFO] [stdout] test day_9::tests::test_part_1 ... ok
[INFO] [stdout] test util::line::tests::test_line_intersection ... ok
[INFO] [stdout] test day_6::tests::test_part_2 ... ok
[INFO] [stdout] test day_7::tests::test_op_iter ... ok
[INFO] [stdout] test util::numbers::tests::test_binomial_coefficient ... ok
[INFO] [stdout] test day_7::tests::test_part_1 ... ok
[INFO] [stdout] test day_8::tests::test_part_1 ... ok
[INFO] [stdout] test util::line::tests::test_line_range ... FAILED
[INFO] [stdout] 
[INFO] [stdout] failures:
[INFO] [stdout] 
[INFO] [stdout] ---- util::line::tests::test_line_range stdout ----
[INFO] [stdout] 
[INFO] [stdout] thread 'util::line::tests::test_line_range' panicked at src/util/line.rs:70:9:
[INFO] [stdout] assertion `left == right` failed
[INFO] [stdout]   left: (20, 20)
[INFO] [stdout]  right: (20, 2)
[INFO] [stdout] stack backtrace:
[INFO] [stdout]    0:     0x5eb0fc3e31ba - std::backtrace_rs::backtrace::libunwind::trace::hb059275cfc8d6126
[INFO] [stdout]                                at /rustc/6067b36314ab5eb2eb47cecc464545ba58e1ad24/library/std/src/../../backtrace/src/backtrace/libunwind.rs:116:5
[INFO] [stdout]    1:     0x5eb0fc3e31ba - std::backtrace_rs::backtrace::trace_unsynchronized::h2da071e4327ce3ee
[INFO] [stdout]                                at /rustc/6067b36314ab5eb2eb47cecc464545ba58e1ad24/library/std/src/../../backtrace/src/backtrace/mod.rs:66:5
[INFO] [stdout]    2:     0x5eb0fc3e31ba - std::sys::backtrace::_print_fmt::h842a1474e6f8d23f
[INFO] [stdout]                                at /rustc/6067b36314ab5eb2eb47cecc464545ba58e1ad24/library/std/src/sys/backtrace.rs:66:9
[INFO] [stdout]    3:     0x5eb0fc3e31ba - <std::sys::backtrace::BacktraceLock::print::DisplayBacktrace as core::fmt::Display>::fmt::h71a62eb3b9696b12
[INFO] [stdout]                                at /rustc/6067b36314ab5eb2eb47cecc464545ba58e1ad24/library/std/src/sys/backtrace.rs:39:26
[INFO] [stdout]    4:     0x5eb0fc40a963 - core::fmt::rt::Argument::fmt::hdb6b616786b41dc1
[INFO] [stdout]                                at /rustc/6067b36314ab5eb2eb47cecc464545ba58e1ad24/library/core/src/fmt/rt.rs:177:76
[INFO] [stdout]    5:     0x5eb0fc40a963 - core::fmt::write::h2cc1698af7e2d686
[INFO] [stdout]                                at /rustc/6067b36314ab5eb2eb47cecc464545ba58e1ad24/library/core/src/fmt/mod.rs:1440:21
[INFO] [stdout]    6:     0x5eb0fc3dfd13 - std::io::Write::write_fmt::hab1b4cd059a79022
[INFO] [stdout]                                at /rustc/6067b36314ab5eb2eb47cecc464545ba58e1ad24/library/std/src/io/mod.rs:1887:15
[INFO] [stdout]    7:     0x5eb0fc3e3002 - std::sys::backtrace::BacktraceLock::print::h147fe35b4ea13b08
[INFO] [stdout]                                at /rustc/6067b36314ab5eb2eb47cecc464545ba58e1ad24/library/std/src/sys/backtrace.rs:42:9
[INFO] [stdout]    8:     0x5eb0fc3e45df - std::panicking::default_hook::{{closure}}::hbd44223dbdc0d208
[INFO] [stdout]                                at /rustc/6067b36314ab5eb2eb47cecc464545ba58e1ad24/library/std/src/panicking.rs:298:22
[INFO] [stdout]    9:     0x5eb0fc3e43f8 - std::panicking::default_hook::h20f81eb0576efcec
[INFO] [stdout]                                at /rustc/6067b36314ab5eb2eb47cecc464545ba58e1ad24/library/std/src/panicking.rs:322:9
[INFO] [stdout]   10:     0x5eb0fc3ad213 - <alloc::boxed::Box<F,A> as core::ops::function::Fn<Args>>::call::hdb53814c496a4d34
[INFO] [stdout]                                at /rustc/6067b36314ab5eb2eb47cecc464545ba58e1ad24/library/alloc/src/boxed.rs:2027:9
[INFO] [stdout]   11:     0x5eb0fc3ad213 - test::test_main::{{closure}}::hc0a4963c59427c24
[INFO] [stdout]                                at /rustc/6067b36314ab5eb2eb47cecc464545ba58e1ad24/library/test/src/lib.rs:134:21
[INFO] [stdout]   12:     0x5eb0fc3e50d3 - <alloc::boxed::Box<F,A> as core::ops::function::Fn<Args>>::call::h591b2225413a77e9
[INFO] [stdout]                                at /rustc/6067b36314ab5eb2eb47cecc464545ba58e1ad24/library/alloc/src/boxed.rs:2027:9
[INFO] [stdout]   13:     0x5eb0fc3e50d3 - std::panicking::rust_panic_with_hook::h625eea43051b2edc
[INFO] [stdout]                                at /rustc/6067b36314ab5eb2eb47cecc464545ba58e1ad24/library/std/src/panicking.rs:839:13
[INFO] [stdout]   14:     0x5eb0fc3e4d8a - std::panicking::begin_panic_handler::{{closure}}::h4f9159cfbc3f6bd3
[INFO] [stdout]                                at /rustc/6067b36314ab5eb2eb47cecc464545ba58e1ad24/library/std/src/panicking.rs:704:13
[INFO] [stdout]   15:     0x5eb0fc3e36b9 - std::sys::backtrace::__rust_end_short_backtrace::h0390abce48353151
[INFO] [stdout]                                at /rustc/6067b36314ab5eb2eb47cecc464545ba58e1ad24/library/std/src/sys/backtrace.rs:168:18
[INFO] [stdout]   16:     0x5eb0fc3e4a1d - rust_begin_unwind
[INFO] [stdout]                                at /rustc/6067b36314ab5eb2eb47cecc464545ba58e1ad24/library/std/src/panicking.rs:695:5
[INFO] [stdout]   17:     0x5eb0fc409340 - core::panicking::panic_fmt::h9e7c637e9e5f29c9
[INFO] [stdout]                                at /rustc/6067b36314ab5eb2eb47cecc464545ba58e1ad24/library/core/src/panicking.rs:75:14
[INFO] [stdout]   18:     0x5eb0fc409732 - core::panicking::assert_failed_inner::h538bec7c1374cd9c
[INFO] [stdout]   19:     0x5eb0fc356616 - core::panicking::assert_failed::hb87baf2a678eee3b
[INFO] [stdout]                                at /rustc/6067b36314ab5eb2eb47cecc464545ba58e1ad24/library/core/src/panicking.rs:364:5
[INFO] [stdout]   20:     0x5eb0fc33eab8 - aoc_2024::util::line::tests::test_line_range::hada72ef16692d721
[INFO] [stdout]                                at /opt/rustwide/workdir/src/util/line.rs:70:9
[INFO] [stdout]   21:     0x5eb0fc33e947 - aoc_2024::util::line::tests::test_line_range::{{closure}}::hbf718670f8581a56
[INFO] [stdout]                                at /opt/rustwide/workdir/src/util/line.rs:62:25
[INFO] [stdout]   22:     0x5eb0fc351f16 - core::ops::function::FnOnce::call_once::he1e814a0a8de6490
[INFO] [stdout]                                at /rustc/6067b36314ab5eb2eb47cecc464545ba58e1ad24/library/core/src/ops/function.rs:250:5
[INFO] [stdout]   23:     0x5eb0fc3b296b - core::ops::function::FnOnce::call_once::he27718dfdd183f43
[INFO] [stdout]                                at /rustc/6067b36314ab5eb2eb47cecc464545ba58e1ad24/library/core/src/ops/function.rs:250:5
[INFO] [stdout]   24:     0x5eb0fc3b296b - test::__rust_begin_short_backtrace::h4e84902998457a5d
[INFO] [stdout]                                at /rustc/6067b36314ab5eb2eb47cecc464545ba58e1ad24/library/test/src/lib.rs:632:18
[INFO] [stdout]   25:     0x5eb0fc3b18a3 - test::run_test_in_process::{{closure}}::h7176fd18fc1feca0
[INFO] [stdout]                                at /rustc/6067b36314ab5eb2eb47cecc464545ba58e1ad24/library/test/src/lib.rs:655:60
[INFO] [stdout]   26:     0x5eb0fc3b18a3 - <core::panic::unwind_safe::AssertUnwindSafe<F> as core::ops::function::FnOnce<()>>::call_once::hf79cff2a624d8cf7
[INFO] [stdout]                                at /rustc/6067b36314ab5eb2eb47cecc464545ba58e1ad24/library/core/src/panic/unwind_safe.rs:272:9
[INFO] [stdout]   27:     0x5eb0fc3b18a3 - std::panicking::try::do_call::h3da0561d9ab99c25
[INFO] [stdout]                                at /rustc/6067b36314ab5eb2eb47cecc464545ba58e1ad24/library/std/src/panicking.rs:587:40
[INFO] [stdout]   28:     0x5eb0fc3b18a3 - std::panicking::try::h41c9fa508bc61df6
[INFO] [stdout]                                at /rustc/6067b36314ab5eb2eb47cecc464545ba58e1ad24/library/std/src/panicking.rs:550:19
[INFO] [stdout]   29:     0x5eb0fc3b18a3 - std::panic::catch_unwind::h6b3ff07bb5afad93
[INFO] [stdout]                                at /rustc/6067b36314ab5eb2eb47cecc464545ba58e1ad24/library/std/src/panic.rs:358:14
[INFO] [stdout]   30:     0x5eb0fc3b18a3 - test::run_test_in_process::hc7253dd11b39b9f4
[INFO] [stdout]                                at /rustc/6067b36314ab5eb2eb47cecc464545ba58e1ad24/library/test/src/lib.rs:655:27
[INFO] [stdout]   31:     0x5eb0fc3b18a3 - test::run_test::{{closure}}::hfb2007f8649c30bb
[INFO] [stdout]                                at /rustc/6067b36314ab5eb2eb47cecc464545ba58e1ad24/library/test/src/lib.rs:576:43
[INFO] [stdout]   32:     0x5eb0fc374985 - test::run_test::{{closure}}::h56a17aa7a282a9f4
[INFO] [stdout]                                at /rustc/6067b36314ab5eb2eb47cecc464545ba58e1ad24/library/test/src/lib.rs:606:41
[INFO] [stdout]   33:     0x5eb0fc374985 - std::sys::backtrace::__rust_begin_short_backtrace::hd2d2d2fb8e8c6aac
[INFO] [stdout]                                at /rustc/6067b36314ab5eb2eb47cecc464545ba58e1ad24/library/std/src/sys/backtrace.rs:152:18
[INFO] [stdout]   34:     0x5eb0fc37826a - std::thread::Builder::spawn_unchecked_::{{closure}}::{{closure}}::h4faa3f9db6133423
[INFO] [stdout]                                at /rustc/6067b36314ab5eb2eb47cecc464545ba58e1ad24/library/std/src/thread/mod.rs:559:17
[INFO] [stdout]   35:     0x5eb0fc37826a - <core::panic::unwind_safe::AssertUnwindSafe<F> as core::ops::function::FnOnce<()>>::call_once::hf2e855a36a4ea846
[INFO] [stdout]                                at /rustc/6067b36314ab5eb2eb47cecc464545ba58e1ad24/library/core/src/panic/unwind_safe.rs:272:9
[INFO] [stdout]   36:     0x5eb0fc37826a - std::panicking::try::do_call::h2f73af3616c35465
[INFO] [stdout]                                at /rustc/6067b36314ab5eb2eb47cecc464545ba58e1ad24/library/std/src/panicking.rs:587:40
[INFO] [stdout]   37:     0x5eb0fc37826a - std::panicking::try::hd1660ce9efadef5a
[INFO] [stdout]                                at /rustc/6067b36314ab5eb2eb47cecc464545ba58e1ad24/library/std/src/panicking.rs:550:19
[INFO] [stdout]   38:     0x5eb0fc37826a - std::panic::catch_unwind::h5ee8d7823b8ca744
[INFO] [stdout]                                at /rustc/6067b36314ab5eb2eb47cecc464545ba58e1ad24/library/std/src/panic.rs:358:14
[INFO] [stdout]   39:     0x5eb0fc37826a - std::thread::Builder::spawn_unchecked_::{{closure}}::h53c3a1894dce8407
[INFO] [stdout]                                at /rustc/6067b36314ab5eb2eb47cecc464545ba58e1ad24/library/std/src/thread/mod.rs:557:30
[INFO] [stdout]   40:     0x5eb0fc37826a - core::ops::function::FnOnce::call_once{{vtable.shim}}::h048ce291ad4f62bf
[INFO] [stdout]                                at /rustc/6067b36314ab5eb2eb47cecc464545ba58e1ad24/library/core/src/ops/function.rs:250:5
[INFO] [stdout]   41:     0x5eb0fc3e900b - <alloc::boxed::Box<F,A> as core::ops::function::FnOnce<Args>>::call_once::ha52bedf99a3b4981
[INFO] [stdout]                                at /rustc/6067b36314ab5eb2eb47cecc464545ba58e1ad24/library/alloc/src/boxed.rs:2013:9
[INFO] [stdout]   42:     0x5eb0fc3e900b - <alloc::boxed::Box<F,A> as core::ops::function::FnOnce<Args>>::call_once::h567748934d80ccf8
[INFO] [stdout]                                at /rustc/6067b36314ab5eb2eb47cecc464545ba58e1ad24/library/alloc/src/boxed.rs:2013:9
[INFO] [stdout]   43:     0x5eb0fc3e900b - std::sys::pal::unix::thread::Thread::new::thread_start::h2d970728ae887adc
[INFO] [stdout]                                at /rustc/6067b36314ab5eb2eb47cecc464545ba58e1ad24/library/std/src/sys/pal/unix/thread.rs:106:17
[INFO] [stdout]   44:     0x798245dccac3 - <unknown>
[INFO] [stdout]   45:     0x798245e5da04 - clone
[INFO] [stdout]   46:                0x0 - <unknown>
[INFO] [stdout] 
[INFO] [stdout] 
[INFO] [stdout] failures:
[INFO] [stdout]     util::line::tests::test_line_range
[INFO] [stdout] 
[INFO] [stdout] test result: FAILED. 22 passed; 1 failed; 0 ignored; 0 measured; 0 filtered out; finished in 0.18s
[INFO] [stdout] 
[INFO] [stderr] error: test failed, to rerun pass `--lib`
[INFO] running `Command { std: "docker" "inspect" "5b2e58052f4dbe082292710e2e41a3c882d81fcf59b0db98bcee6e0275a45be8", kill_on_drop: false }`
[INFO] running `Command { std: "docker" "rm" "-f" "5b2e58052f4dbe082292710e2e41a3c882d81fcf59b0db98bcee6e0275a45be8", kill_on_drop: false }`
[INFO] [stdout] 5b2e58052f4dbe082292710e2e41a3c882d81fcf59b0db98bcee6e0275a45be8
