[INFO] cloning repository https://github.com/JekTheCoder/term-chess-rs
[INFO] running `Command { std: "git" "-c" "credential.helper=" "-c" "credential.helper=/workspace/cargo-home/bin/git-credential-null" "clone" "--bare" "https://github.com/JekTheCoder/term-chess-rs" "/workspace/cache/git-repos/https%3A%2F%2Fgithub.com%2FJekTheCoder%2Fterm-chess-rs", kill_on_drop: false }`
[INFO] [stderr] Cloning into bare repository '/workspace/cache/git-repos/https%3A%2F%2Fgithub.com%2FJekTheCoder%2Fterm-chess-rs'...
[INFO] running `Command { std: "git" "rev-parse" "HEAD", kill_on_drop: false }`
[INFO] [stdout] ad55e176d48b21c637e7591a350dd43600209419
[INFO] testing JekTheCoder/term-chess-rs against nightly-2025-01-18+rustflags=-Zrandomize-layout for randomize-layout-2
[INFO] running `Command { std: "git" "clone" "/workspace/cache/git-repos/https%3A%2F%2Fgithub.com%2FJekTheCoder%2Fterm-chess-rs" "/workspace/builds/worker-6-tc2/source", kill_on_drop: false }`
[INFO] [stderr] Cloning into '/workspace/builds/worker-6-tc2/source'...
[INFO] [stderr] done.
[INFO] validating manifest of git repo https://github.com/JekTheCoder/term-chess-rs on toolchain nightly-2025-01-18
[INFO] running `Command { std: CARGO_HOME="/workspace/cargo-home" RUSTUP_HOME="/workspace/rustup-home" "/workspace/cargo-home/bin/cargo" "+nightly-2025-01-18" "metadata" "--manifest-path" "Cargo.toml" "--no-deps", kill_on_drop: false }`
[INFO] started tweaking git repo https://github.com/JekTheCoder/term-chess-rs
[INFO] finished tweaking git repo https://github.com/JekTheCoder/term-chess-rs
[INFO] tweaked toml for git repo https://github.com/JekTheCoder/term-chess-rs written to /workspace/builds/worker-6-tc2/source/Cargo.toml
[INFO] crate git repo https://github.com/JekTheCoder/term-chess-rs already has a lockfile, it will not be regenerated
[INFO] running `Command { std: CARGO_HOME="/workspace/cargo-home" RUSTUP_HOME="/workspace/rustup-home" "/workspace/cargo-home/bin/cargo" "+nightly-2025-01-18" "fetch" "--manifest-path" "Cargo.toml", kill_on_drop: false }`
[INFO] running `Command { std: "docker" "create" "-v" "/var/lib/crater-agent-workspace/builds/worker-6-tc2/target:/opt/rustwide/target:rw,Z" "-v" "/var/lib/crater-agent-workspace/builds/worker-6-tc2/source:/opt/rustwide/workdir:ro,Z" "-v" "/var/lib/crater-agent-workspace/cargo-home:/opt/rustwide/cargo-home:ro,Z" "-v" "/var/lib/crater-agent-workspace/rustup-home:/opt/rustwide/rustup-home:ro,Z" "-e" "SOURCE_DIR=/opt/rustwide/workdir" "-e" "CARGO_TARGET_DIR=/opt/rustwide/target" "-e" "CARGO_HOME=/opt/rustwide/cargo-home" "-e" "RUSTUP_HOME=/opt/rustwide/rustup-home" "-w" "/opt/rustwide/workdir" "-m" "1610612736" "--user" "0:0" "--network" "none" "ghcr.io/rust-lang/crates-build-env/linux@sha256:819108c5571ea2e421544af4d832f968d213c87fbe3707a016657f43d2f853bc" "/opt/rustwide/cargo-home/bin/cargo" "+nightly-2025-01-18" "metadata" "--no-deps" "--format-version=1", kill_on_drop: false }`
[INFO] [stdout] 505d11d76b98f5907507955c8f1bef393ba1ce9df3d5d70cc6130617cccb07f2
[INFO] running `Command { std: "docker" "start" "-a" "505d11d76b98f5907507955c8f1bef393ba1ce9df3d5d70cc6130617cccb07f2", kill_on_drop: false }`
[INFO] running `Command { std: "docker" "inspect" "505d11d76b98f5907507955c8f1bef393ba1ce9df3d5d70cc6130617cccb07f2", kill_on_drop: false }`
[INFO] running `Command { std: "docker" "rm" "-f" "505d11d76b98f5907507955c8f1bef393ba1ce9df3d5d70cc6130617cccb07f2", kill_on_drop: false }`
[INFO] [stdout] 505d11d76b98f5907507955c8f1bef393ba1ce9df3d5d70cc6130617cccb07f2
[INFO] running `Command { std: "docker" "create" "-v" "/var/lib/crater-agent-workspace/builds/worker-6-tc2/target:/opt/rustwide/target:rw,Z" "-v" "/var/lib/crater-agent-workspace/builds/worker-6-tc2/source:/opt/rustwide/workdir:ro,Z" "-v" "/var/lib/crater-agent-workspace/cargo-home:/opt/rustwide/cargo-home:ro,Z" "-v" "/var/lib/crater-agent-workspace/rustup-home:/opt/rustwide/rustup-home:ro,Z" "-e" "SOURCE_DIR=/opt/rustwide/workdir" "-e" "CARGO_TARGET_DIR=/opt/rustwide/target" "-e" "CARGO_INCREMENTAL=0" "-e" "RUST_BACKTRACE=full" "-e" "RUSTFLAGS=--cap-lints=forbid -Zrandomize-layout" "-e" "RUSTDOCFLAGS=--cap-lints=forbid" "-e" "CARGO_HOME=/opt/rustwide/cargo-home" "-e" "RUSTUP_HOME=/opt/rustwide/rustup-home" "-w" "/opt/rustwide/workdir" "-m" "1610612736" "--user" "0:0" "--network" "none" "ghcr.io/rust-lang/crates-build-env/linux@sha256:819108c5571ea2e421544af4d832f968d213c87fbe3707a016657f43d2f853bc" "/opt/rustwide/cargo-home/bin/cargo" "+nightly-2025-01-18" "build" "--frozen" "--message-format=json", kill_on_drop: false }`
[INFO] [stdout] cb42eaf7068a446e86277ed97e493fe134afe331e507d8e88cc597b9cdf05c4c
[INFO] running `Command { std: "docker" "start" "-a" "cb42eaf7068a446e86277ed97e493fe134afe331e507d8e88cc597b9cdf05c4c", kill_on_drop: false }`
[INFO] [stderr]    Compiling chess v0.1.0 (/opt/rustwide/workdir)
[INFO] [stdout] warning: method `prev_is_some_and` is never used
[INFO] [stdout]  --> src/traits/is_some_and.rs:2:8
[INFO] [stdout]   |
[INFO] [stdout] 1 | pub trait IsSomeAnd<T> {
[INFO] [stdout]   |           --------- method in this trait
[INFO] [stdout] 2 |     fn prev_is_some_and<F: Fn(T) -> bool>(self, f: F) -> bool;
[INFO] [stdout]   |        ^^^^^^^^^^^^^^^^
[INFO] [stdout]   |
[INFO] [stdout]   = note: `#[warn(dead_code)]` on by default
[INFO] [stdout] 
[INFO] [stdout] 
[INFO] [stderr]     Finished `dev` profile [unoptimized + debuginfo] target(s) in 0.67s
[INFO] running `Command { std: "docker" "inspect" "cb42eaf7068a446e86277ed97e493fe134afe331e507d8e88cc597b9cdf05c4c", kill_on_drop: false }`
[INFO] running `Command { std: "docker" "rm" "-f" "cb42eaf7068a446e86277ed97e493fe134afe331e507d8e88cc597b9cdf05c4c", kill_on_drop: false }`
[INFO] [stdout] cb42eaf7068a446e86277ed97e493fe134afe331e507d8e88cc597b9cdf05c4c
[INFO] running `Command { std: "docker" "create" "-v" "/var/lib/crater-agent-workspace/builds/worker-6-tc2/target:/opt/rustwide/target:rw,Z" "-v" "/var/lib/crater-agent-workspace/builds/worker-6-tc2/source:/opt/rustwide/workdir:ro,Z" "-v" "/var/lib/crater-agent-workspace/cargo-home:/opt/rustwide/cargo-home:ro,Z" "-v" "/var/lib/crater-agent-workspace/rustup-home:/opt/rustwide/rustup-home:ro,Z" "-e" "SOURCE_DIR=/opt/rustwide/workdir" "-e" "CARGO_TARGET_DIR=/opt/rustwide/target" "-e" "CARGO_INCREMENTAL=0" "-e" "RUST_BACKTRACE=full" "-e" "RUSTFLAGS=--cap-lints=forbid -Zrandomize-layout" "-e" "RUSTDOCFLAGS=--cap-lints=forbid" "-e" "CARGO_HOME=/opt/rustwide/cargo-home" "-e" "RUSTUP_HOME=/opt/rustwide/rustup-home" "-w" "/opt/rustwide/workdir" "-m" "1610612736" "--user" "0:0" "--network" "none" "ghcr.io/rust-lang/crates-build-env/linux@sha256:819108c5571ea2e421544af4d832f968d213c87fbe3707a016657f43d2f853bc" "/opt/rustwide/cargo-home/bin/cargo" "+nightly-2025-01-18" "test" "--frozen" "--no-run" "--message-format=json", kill_on_drop: false }`
[INFO] [stdout] 90f976b40bcf4b2277145afa1f389da36046dcf2099ab9bcf0cd080a4189e2d7
[INFO] running `Command { std: "docker" "start" "-a" "90f976b40bcf4b2277145afa1f389da36046dcf2099ab9bcf0cd080a4189e2d7", kill_on_drop: false }`
[INFO] [stderr]    Compiling chess v0.1.0 (/opt/rustwide/workdir)
[INFO] [stdout] warning: method `prev_is_some_and` is never used
[INFO] [stdout]  --> src/traits/is_some_and.rs:2:8
[INFO] [stdout]   |
[INFO] [stdout] 1 | pub trait IsSomeAnd<T> {
[INFO] [stdout]   |           --------- method in this trait
[INFO] [stdout] 2 |     fn prev_is_some_and<F: Fn(T) -> bool>(self, f: F) -> bool;
[INFO] [stdout]   |        ^^^^^^^^^^^^^^^^
[INFO] [stdout]   |
[INFO] [stdout]   = note: `#[warn(dead_code)]` on by default
[INFO] [stdout] 
[INFO] [stdout] 
[INFO] [stderr]     Finished `test` profile [unoptimized + debuginfo] target(s) in 0.68s
[INFO] running `Command { std: "docker" "inspect" "90f976b40bcf4b2277145afa1f389da36046dcf2099ab9bcf0cd080a4189e2d7", kill_on_drop: false }`
[INFO] running `Command { std: "docker" "rm" "-f" "90f976b40bcf4b2277145afa1f389da36046dcf2099ab9bcf0cd080a4189e2d7", kill_on_drop: false }`
[INFO] [stdout] 90f976b40bcf4b2277145afa1f389da36046dcf2099ab9bcf0cd080a4189e2d7
[INFO] running `Command { std: "docker" "create" "-v" "/var/lib/crater-agent-workspace/builds/worker-6-tc2/target:/opt/rustwide/target:rw,Z" "-v" "/var/lib/crater-agent-workspace/builds/worker-6-tc2/source:/opt/rustwide/workdir:ro,Z" "-v" "/var/lib/crater-agent-workspace/cargo-home:/opt/rustwide/cargo-home:ro,Z" "-v" "/var/lib/crater-agent-workspace/rustup-home:/opt/rustwide/rustup-home:ro,Z" "-e" "SOURCE_DIR=/opt/rustwide/workdir" "-e" "CARGO_TARGET_DIR=/opt/rustwide/target" "-e" "CARGO_INCREMENTAL=0" "-e" "RUST_BACKTRACE=full" "-e" "RUSTFLAGS=--cap-lints=forbid -Zrandomize-layout" "-e" "RUSTDOCFLAGS=--cap-lints=forbid" "-e" "CARGO_HOME=/opt/rustwide/cargo-home" "-e" "RUSTUP_HOME=/opt/rustwide/rustup-home" "-w" "/opt/rustwide/workdir" "-m" "1610612736" "--user" "0:0" "--network" "none" "ghcr.io/rust-lang/crates-build-env/linux@sha256:819108c5571ea2e421544af4d832f968d213c87fbe3707a016657f43d2f853bc" "/opt/rustwide/cargo-home/bin/cargo" "+nightly-2025-01-18" "test" "--frozen", kill_on_drop: false }`
[INFO] [stdout] 69ae9d67d7bc15e5f58cdd318cc95cc52379d6bc36b2d7dd1d65d21602c2074e
[INFO] running `Command { std: "docker" "start" "-a" "69ae9d67d7bc15e5f58cdd318cc95cc52379d6bc36b2d7dd1d65d21602c2074e", kill_on_drop: false }`
[INFO] [stderr] warning: method `prev_is_some_and` is never used
[INFO] [stderr]  --> src/traits/is_some_and.rs:2:8
[INFO] [stderr]   |
[INFO] [stderr] 1 | pub trait IsSomeAnd<T> {
[INFO] [stderr]   |           --------- method in this trait
[INFO] [stderr] 2 |     fn prev_is_some_and<F: Fn(T) -> bool>(self, f: F) -> bool;
[INFO] [stderr]   |        ^^^^^^^^^^^^^^^^
[INFO] [stderr]   |
[INFO] [stderr]   = note: `#[warn(dead_code)]` on by default
[INFO] [stderr] 
[INFO] [stderr] warning: `chess` (bin "chess" test) generated 1 warning
[INFO] [stderr]     Finished `test` profile [unoptimized + debuginfo] target(s) in 0.02s
[INFO] [stderr]      Running unittests src/main.rs (/opt/rustwide/target/debug/deps/chess-b415d783fd30f1a8)
[INFO] [stdout] 
[INFO] [stdout] running 31 tests
[INFO] [stdout] test game::board::display::tests::board_len ... ok
[INFO] [stdout] test game::board::piece_ray::tests::ray_limit_finds ... ok
[INFO] [stdout] test game::piece::diagonal_ray::tests::gets_mixed ... ok
[INFO] [stdout] test game::piece::pawn_valid_mov::tests::can_mov_non_local ... ok
[INFO] [stdout] test game::piece::diagonal_ray::tests::gets_with_distance ... ok
[INFO] [stdout] test game::board::piece_ray::tests::ray_finds ... ok
[INFO] [stdout] test game::piece::pawn_valid_mov::tests::range_includes_positive ... ok
[INFO] [stdout] test game::piece::pawn_valid_mov::tests::range_includes_negative ... ok
[INFO] [stdout] test game::piece::diagonal_ray::tests::gets_negative ... ok
[INFO] [stdout] test game::piece::diagonal_ray::tests::test_diagonal_ray ... ok
[INFO] [stdout] test game::piece::pawn_valid_mov::tests::range_not_includes_start ... ok
[INFO] [stdout] test game::piece::pawn_valid_mov::tests::range_includes_negative_with_offset ... ok
[INFO] [stdout] test game::piece::pawn_valid_mov::tests::validates_direction ... ok
[INFO] [stdout] test game::piece::pawn_valid_mov::tests::range_includes_positive_with_offset ... ok
[INFO] [stdout] test game::piece::rook_valid_mov::tests::rook_can_eat ... ok
[INFO] [stdout] test game::piece::rook_valid_mov::tests::do_not_surpass ... ok
[INFO] [stdout] test game::tests::converts_to_queen ... ok
[INFO] [stdout] test game::tests::eat_ads_to_rival ... ok
[INFO] [stdout] test game::tests::eat_do_not_ads_to_local ... ok
[INFO] [stdout] test mov::tests::it_gets_numbers ... ok
[INFO] [stdout] test game::tests::rival_eat_ads_to_local ... ok
[INFO] [stdout] test traits::get_two_points_mut::tests::get_points_in_same_row ... ok
[INFO] [stdout] test traits::get_both_mut::tests::can_mut_one ... ok
[INFO] [stdout] test traits::get_both_mut::tests::it_works ... ok
[INFO] [stdout] test mov::tests::it_works ... ok
[INFO] [stdout] test traits::get_two_points_mut::tests::empty_out_of_bounds ... ok
[INFO] [stdout] test traits::get_two_points_mut::tests::get_points_in_same_column ... ok
[INFO] [stdout] test traits::get_two_points_mut::tests::get_separated_points ... ok
[INFO] [stdout] test traits::get_both_mut::tests::works_reverse ... ok
[INFO] [stdout] test traits::get_two_points_mut::tests::empty_on_same_point ... ok
[INFO] [stdout] test game::tests::can_win ... FAILED
[INFO] [stdout] 
[INFO] [stdout] failures:
[INFO] [stdout] 
[INFO] [stdout] ---- game::tests::can_win stdout ----
[INFO] [stdout] 
[INFO] [stdout] thread 'game::tests::can_win' panicked at src/game.rs:262:9:
[INFO] [stdout] assertion `left == right` failed
[INFO] [stdout]   left: None
[INFO] [stdout]  right: Win(White)
[INFO] [stdout] stack backtrace:
[INFO] [stdout]    0:     0x624cceb0399a - std::backtrace_rs::backtrace::libunwind::trace::hb059275cfc8d6126
[INFO] [stdout]                                at /rustc/6067b36314ab5eb2eb47cecc464545ba58e1ad24/library/std/src/../../backtrace/src/backtrace/libunwind.rs:116:5
[INFO] [stdout]    1:     0x624cceb0399a - std::backtrace_rs::backtrace::trace_unsynchronized::h2da071e4327ce3ee
[INFO] [stdout]                                at /rustc/6067b36314ab5eb2eb47cecc464545ba58e1ad24/library/std/src/../../backtrace/src/backtrace/mod.rs:66:5
[INFO] [stdout]    2:     0x624cceb0399a - std::sys::backtrace::_print_fmt::h842a1474e6f8d23f
[INFO] [stdout]                                at /rustc/6067b36314ab5eb2eb47cecc464545ba58e1ad24/library/std/src/sys/backtrace.rs:66:9
[INFO] [stdout]    3:     0x624cceb0399a - <std::sys::backtrace::BacktraceLock::print::DisplayBacktrace as core::fmt::Display>::fmt::h71a62eb3b9696b12
[INFO] [stdout]                                at /rustc/6067b36314ab5eb2eb47cecc464545ba58e1ad24/library/std/src/sys/backtrace.rs:39:26
[INFO] [stdout]    4:     0x624cceb2aff3 - core::fmt::rt::Argument::fmt::hdb6b616786b41dc1
[INFO] [stdout]                                at /rustc/6067b36314ab5eb2eb47cecc464545ba58e1ad24/library/core/src/fmt/rt.rs:177:76
[INFO] [stdout]    5:     0x624cceb2aff3 - core::fmt::write::h2cc1698af7e2d686
[INFO] [stdout]                                at /rustc/6067b36314ab5eb2eb47cecc464545ba58e1ad24/library/core/src/fmt/mod.rs:1440:21
[INFO] [stdout]    6:     0x624cceb004f3 - std::io::Write::write_fmt::hab1b4cd059a79022
[INFO] [stdout]                                at /rustc/6067b36314ab5eb2eb47cecc464545ba58e1ad24/library/std/src/io/mod.rs:1887:15
[INFO] [stdout]    7:     0x624cceb037e2 - std::sys::backtrace::BacktraceLock::print::h147fe35b4ea13b08
[INFO] [stdout]                                at /rustc/6067b36314ab5eb2eb47cecc464545ba58e1ad24/library/std/src/sys/backtrace.rs:42:9
[INFO] [stdout]    8:     0x624cceb04dbf - std::panicking::default_hook::{{closure}}::hbd44223dbdc0d208
[INFO] [stdout]                                at /rustc/6067b36314ab5eb2eb47cecc464545ba58e1ad24/library/std/src/panicking.rs:298:22
[INFO] [stdout]    9:     0x624cceb04bd8 - std::panicking::default_hook::h20f81eb0576efcec
[INFO] [stdout]                                at /rustc/6067b36314ab5eb2eb47cecc464545ba58e1ad24/library/std/src/panicking.rs:322:9
[INFO] [stdout]   10:     0x624cceacd9f3 - <alloc::boxed::Box<F,A> as core::ops::function::Fn<Args>>::call::hdb53814c496a4d34
[INFO] [stdout]                                at /rustc/6067b36314ab5eb2eb47cecc464545ba58e1ad24/library/alloc/src/boxed.rs:2027:9
[INFO] [stdout]   11:     0x624cceacd9f3 - test::test_main::{{closure}}::hc0a4963c59427c24
[INFO] [stdout]                                at /rustc/6067b36314ab5eb2eb47cecc464545ba58e1ad24/library/test/src/lib.rs:134:21
[INFO] [stdout]   12:     0x624cceb058b3 - <alloc::boxed::Box<F,A> as core::ops::function::Fn<Args>>::call::h591b2225413a77e9
[INFO] [stdout]                                at /rustc/6067b36314ab5eb2eb47cecc464545ba58e1ad24/library/alloc/src/boxed.rs:2027:9
[INFO] [stdout]   13:     0x624cceb058b3 - std::panicking::rust_panic_with_hook::h625eea43051b2edc
[INFO] [stdout]                                at /rustc/6067b36314ab5eb2eb47cecc464545ba58e1ad24/library/std/src/panicking.rs:839:13
[INFO] [stdout]   14:     0x624cceb0556a - std::panicking::begin_panic_handler::{{closure}}::h4f9159cfbc3f6bd3
[INFO] [stdout]                                at /rustc/6067b36314ab5eb2eb47cecc464545ba58e1ad24/library/std/src/panicking.rs:704:13
[INFO] [stdout]   15:     0x624cceb03e99 - std::sys::backtrace::__rust_end_short_backtrace::h0390abce48353151
[INFO] [stdout]                                at /rustc/6067b36314ab5eb2eb47cecc464545ba58e1ad24/library/std/src/sys/backtrace.rs:168:18
[INFO] [stdout]   16:     0x624cceb051fd - rust_begin_unwind
[INFO] [stdout]                                at /rustc/6067b36314ab5eb2eb47cecc464545ba58e1ad24/library/std/src/panicking.rs:695:5
[INFO] [stdout]   17:     0x624cceb299d0 - core::panicking::panic_fmt::h9e7c637e9e5f29c9
[INFO] [stdout]                                at /rustc/6067b36314ab5eb2eb47cecc464545ba58e1ad24/library/core/src/panicking.rs:75:14
[INFO] [stdout]   18:     0x624cceb29dc2 - core::panicking::assert_failed_inner::h538bec7c1374cd9c
[INFO] [stdout]   19:     0x624ccea800bd - core::panicking::assert_failed::hf3cd25eebdc4bf3d
[INFO] [stdout]                                at /rustc/6067b36314ab5eb2eb47cecc464545ba58e1ad24/library/core/src/panicking.rs:364:5
[INFO] [stdout]   20:     0x624ccea850b6 - chess::game::tests::can_win::h0c423a968d7b64ca
[INFO] [stdout]                                at /opt/rustwide/workdir/src/game.rs:262:9
[INFO] [stdout]   21:     0x624ccea84387 - chess::game::tests::can_win::{{closure}}::h48b6e816c67820a4
[INFO] [stdout]                                at /opt/rustwide/workdir/src/game.rs:245:17
[INFO] [stdout]   22:     0x624ccea86c06 - core::ops::function::FnOnce::call_once::hf94458a9a451b123
[INFO] [stdout]                                at /rustc/6067b36314ab5eb2eb47cecc464545ba58e1ad24/library/core/src/ops/function.rs:250:5
[INFO] [stdout]   23:     0x624ccead314b - core::ops::function::FnOnce::call_once::he27718dfdd183f43
[INFO] [stdout]                                at /rustc/6067b36314ab5eb2eb47cecc464545ba58e1ad24/library/core/src/ops/function.rs:250:5
[INFO] [stdout]   24:     0x624ccead314b - test::__rust_begin_short_backtrace::h4e84902998457a5d
[INFO] [stdout]                                at /rustc/6067b36314ab5eb2eb47cecc464545ba58e1ad24/library/test/src/lib.rs:632:18
[INFO] [stdout]   25:     0x624ccead2083 - test::run_test_in_process::{{closure}}::h7176fd18fc1feca0
[INFO] [stdout]                                at /rustc/6067b36314ab5eb2eb47cecc464545ba58e1ad24/library/test/src/lib.rs:655:60
[INFO] [stdout]   26:     0x624ccead2083 - <core::panic::unwind_safe::AssertUnwindSafe<F> as core::ops::function::FnOnce<()>>::call_once::hf79cff2a624d8cf7
[INFO] [stdout]                                at /rustc/6067b36314ab5eb2eb47cecc464545ba58e1ad24/library/core/src/panic/unwind_safe.rs:272:9
[INFO] [stdout]   27:     0x624ccead2083 - std::panicking::try::do_call::h3da0561d9ab99c25
[INFO] [stdout]                                at /rustc/6067b36314ab5eb2eb47cecc464545ba58e1ad24/library/std/src/panicking.rs:587:40
[INFO] [stdout]   28:     0x624ccead2083 - std::panicking::try::h41c9fa508bc61df6
[INFO] [stdout]                                at /rustc/6067b36314ab5eb2eb47cecc464545ba58e1ad24/library/std/src/panicking.rs:550:19
[INFO] [stdout]   29:     0x624ccead2083 - std::panic::catch_unwind::h6b3ff07bb5afad93
[INFO] [stdout]                                at /rustc/6067b36314ab5eb2eb47cecc464545ba58e1ad24/library/std/src/panic.rs:358:14
[INFO] [stdout]   30:     0x624ccead2083 - test::run_test_in_process::hc7253dd11b39b9f4
[INFO] [stdout]                                at /rustc/6067b36314ab5eb2eb47cecc464545ba58e1ad24/library/test/src/lib.rs:655:27
[INFO] [stdout]   31:     0x624ccead2083 - test::run_test::{{closure}}::hfb2007f8649c30bb
[INFO] [stdout]                                at /rustc/6067b36314ab5eb2eb47cecc464545ba58e1ad24/library/test/src/lib.rs:576:43
[INFO] [stdout]   32:     0x624ccea95165 - test::run_test::{{closure}}::h56a17aa7a282a9f4
[INFO] [stdout]                                at /rustc/6067b36314ab5eb2eb47cecc464545ba58e1ad24/library/test/src/lib.rs:606:41
[INFO] [stdout]   33:     0x624ccea95165 - std::sys::backtrace::__rust_begin_short_backtrace::hd2d2d2fb8e8c6aac
[INFO] [stdout]                                at /rustc/6067b36314ab5eb2eb47cecc464545ba58e1ad24/library/std/src/sys/backtrace.rs:152:18
[INFO] [stdout]   34:     0x624ccea98a4a - std::thread::Builder::spawn_unchecked_::{{closure}}::{{closure}}::h4faa3f9db6133423
[INFO] [stdout]                                at /rustc/6067b36314ab5eb2eb47cecc464545ba58e1ad24/library/std/src/thread/mod.rs:559:17
[INFO] [stdout]   35:     0x624ccea98a4a - <core::panic::unwind_safe::AssertUnwindSafe<F> as core::ops::function::FnOnce<()>>::call_once::hf2e855a36a4ea846
[INFO] [stdout]                                at /rustc/6067b36314ab5eb2eb47cecc464545ba58e1ad24/library/core/src/panic/unwind_safe.rs:272:9
[INFO] [stdout]   36:     0x624ccea98a4a - std::panicking::try::do_call::h2f73af3616c35465
[INFO] [stdout]                                at /rustc/6067b36314ab5eb2eb47cecc464545ba58e1ad24/library/std/src/panicking.rs:587:40
[INFO] [stdout]   37:     0x624ccea98a4a - std::panicking::try::hd1660ce9efadef5a
[INFO] [stdout]                                at /rustc/6067b36314ab5eb2eb47cecc464545ba58e1ad24/library/std/src/panicking.rs:550:19
[INFO] [stdout]   38:     0x624ccea98a4a - std::panic::catch_unwind::h5ee8d7823b8ca744
[INFO] [stdout]                                at /rustc/6067b36314ab5eb2eb47cecc464545ba58e1ad24/library/std/src/panic.rs:358:14
[INFO] [stdout]   39:     0x624ccea98a4a - std::thread::Builder::spawn_unchecked_::{{closure}}::h53c3a1894dce8407
[INFO] [stdout]                                at /rustc/6067b36314ab5eb2eb47cecc464545ba58e1ad24/library/std/src/thread/mod.rs:557:30
[INFO] [stdout]   40:     0x624ccea98a4a - core::ops::function::FnOnce::call_once{{vtable.shim}}::h048ce291ad4f62bf
[INFO] [stdout]                                at /rustc/6067b36314ab5eb2eb47cecc464545ba58e1ad24/library/core/src/ops/function.rs:250:5
[INFO] [stdout]   41:     0x624cceb097eb - <alloc::boxed::Box<F,A> as core::ops::function::FnOnce<Args>>::call_once::ha52bedf99a3b4981
[INFO] [stdout]                                at /rustc/6067b36314ab5eb2eb47cecc464545ba58e1ad24/library/alloc/src/boxed.rs:2013:9
[INFO] [stdout]   42:     0x624cceb097eb - <alloc::boxed::Box<F,A> as core::ops::function::FnOnce<Args>>::call_once::h567748934d80ccf8
[INFO] [stdout]                                at /rustc/6067b36314ab5eb2eb47cecc464545ba58e1ad24/library/alloc/src/boxed.rs:2013:9
[INFO] [stdout]   43:     0x624cceb097eb - std::sys::pal::unix::thread::Thread::new::thread_start::h2d970728ae887adc
[INFO] [stdout]                                at /rustc/6067b36314ab5eb2eb47cecc464545ba58e1ad24/library/std/src/sys/pal/unix/thread.rs:106:17
[INFO] [stdout]   44:     0x7d5fc17c0ac3 - <unknown>
[INFO] [stdout]   45:     0x7d5fc1851a04 - clone
[INFO] [stdout]   46:                0x0 - <unknown>
[INFO] [stdout] 
[INFO] [stdout] 
[INFO] [stdout] failures:
[INFO] [stdout]     game::tests::can_win
[INFO] [stdout] 
[INFO] [stdout] test result: FAILED. 30 passed; 1 failed; 0 ignored; 0 measured; 0 filtered out; finished in 0.04s
[INFO] [stdout] 
[INFO] [stderr] error: test failed, to rerun pass `--bin chess`
[INFO] running `Command { std: "docker" "inspect" "69ae9d67d7bc15e5f58cdd318cc95cc52379d6bc36b2d7dd1d65d21602c2074e", kill_on_drop: false }`
[INFO] running `Command { std: "docker" "rm" "-f" "69ae9d67d7bc15e5f58cdd318cc95cc52379d6bc36b2d7dd1d65d21602c2074e", kill_on_drop: false }`
[INFO] [stdout] 69ae9d67d7bc15e5f58cdd318cc95cc52379d6bc36b2d7dd1d65d21602c2074e
