[INFO] cloning repository https://github.com/JamieH01/fullerror
[INFO] running `Command { std: "git" "-c" "credential.helper=" "-c" "credential.helper=/workspace/cargo-home/bin/git-credential-null" "clone" "--bare" "https://github.com/JamieH01/fullerror" "/workspace/cache/git-repos/https%3A%2F%2Fgithub.com%2FJamieH01%2Ffullerror", kill_on_drop: false }`
[INFO] [stderr] Cloning into bare repository '/workspace/cache/git-repos/https%3A%2F%2Fgithub.com%2FJamieH01%2Ffullerror'...
[INFO] running `Command { std: "git" "rev-parse" "HEAD", kill_on_drop: false }`
[INFO] [stdout] 1791c7d59a9d84b7871c6ffd34c921e52de56edc
[INFO] testing JamieH01/fullerror against nightly-2025-01-18 for randomize-layout-2
[INFO] running `Command { std: "git" "clone" "/workspace/cache/git-repos/https%3A%2F%2Fgithub.com%2FJamieH01%2Ffullerror" "/workspace/builds/worker-0-tc1/source", kill_on_drop: false }`
[INFO] [stderr] Cloning into '/workspace/builds/worker-0-tc1/source'...
[INFO] [stderr] done.
[INFO] validating manifest of git repo https://github.com/JamieH01/fullerror on toolchain nightly-2025-01-18
[INFO] running `Command { std: CARGO_HOME="/workspace/cargo-home" RUSTUP_HOME="/workspace/rustup-home" "/workspace/cargo-home/bin/cargo" "+nightly-2025-01-18" "metadata" "--manifest-path" "Cargo.toml" "--no-deps", kill_on_drop: false }`
[INFO] started tweaking git repo https://github.com/JamieH01/fullerror
[INFO] finished tweaking git repo https://github.com/JamieH01/fullerror
[INFO] tweaked toml for git repo https://github.com/JamieH01/fullerror written to /workspace/builds/worker-0-tc1/source/Cargo.toml
[INFO] crate git repo https://github.com/JamieH01/fullerror already has a lockfile, it will not be regenerated
[INFO] running `Command { std: CARGO_HOME="/workspace/cargo-home" RUSTUP_HOME="/workspace/rustup-home" "/workspace/cargo-home/bin/cargo" "+nightly-2025-01-18" "fetch" "--manifest-path" "Cargo.toml", kill_on_drop: false }`
[INFO] running `Command { std: "docker" "create" "-v" "/var/lib/crater-agent-workspace/builds/worker-0-tc1/target:/opt/rustwide/target:rw,Z" "-v" "/var/lib/crater-agent-workspace/builds/worker-0-tc1/source:/opt/rustwide/workdir:ro,Z" "-v" "/var/lib/crater-agent-workspace/cargo-home:/opt/rustwide/cargo-home:ro,Z" "-v" "/var/lib/crater-agent-workspace/rustup-home:/opt/rustwide/rustup-home:ro,Z" "-e" "SOURCE_DIR=/opt/rustwide/workdir" "-e" "CARGO_TARGET_DIR=/opt/rustwide/target" "-e" "CARGO_HOME=/opt/rustwide/cargo-home" "-e" "RUSTUP_HOME=/opt/rustwide/rustup-home" "-w" "/opt/rustwide/workdir" "-m" "1610612736" "--user" "0:0" "--network" "none" "ghcr.io/rust-lang/crates-build-env/linux@sha256:819108c5571ea2e421544af4d832f968d213c87fbe3707a016657f43d2f853bc" "/opt/rustwide/cargo-home/bin/cargo" "+nightly-2025-01-18" "metadata" "--no-deps" "--format-version=1", kill_on_drop: false }`
[INFO] [stdout] 9b06b3f3523c487af82584a947b682a87e76059426d92782b353b649516587c3
[INFO] running `Command { std: "docker" "start" "-a" "9b06b3f3523c487af82584a947b682a87e76059426d92782b353b649516587c3", kill_on_drop: false }`
[INFO] running `Command { std: "docker" "inspect" "9b06b3f3523c487af82584a947b682a87e76059426d92782b353b649516587c3", kill_on_drop: false }`
[INFO] running `Command { std: "docker" "rm" "-f" "9b06b3f3523c487af82584a947b682a87e76059426d92782b353b649516587c3", kill_on_drop: false }`
[INFO] [stdout] 9b06b3f3523c487af82584a947b682a87e76059426d92782b353b649516587c3
[INFO] running `Command { std: "docker" "create" "-v" "/var/lib/crater-agent-workspace/builds/worker-0-tc1/target:/opt/rustwide/target:rw,Z" "-v" "/var/lib/crater-agent-workspace/builds/worker-0-tc1/source:/opt/rustwide/workdir:ro,Z" "-v" "/var/lib/crater-agent-workspace/cargo-home:/opt/rustwide/cargo-home:ro,Z" "-v" "/var/lib/crater-agent-workspace/rustup-home:/opt/rustwide/rustup-home:ro,Z" "-e" "SOURCE_DIR=/opt/rustwide/workdir" "-e" "CARGO_TARGET_DIR=/opt/rustwide/target" "-e" "CARGO_INCREMENTAL=0" "-e" "RUST_BACKTRACE=full" "-e" "RUSTFLAGS=--cap-lints=forbid" "-e" "RUSTDOCFLAGS=--cap-lints=forbid" "-e" "CARGO_HOME=/opt/rustwide/cargo-home" "-e" "RUSTUP_HOME=/opt/rustwide/rustup-home" "-w" "/opt/rustwide/workdir" "-m" "1610612736" "--user" "0:0" "--network" "none" "ghcr.io/rust-lang/crates-build-env/linux@sha256:819108c5571ea2e421544af4d832f968d213c87fbe3707a016657f43d2f853bc" "/opt/rustwide/cargo-home/bin/cargo" "+nightly-2025-01-18" "build" "--frozen" "--message-format=json", kill_on_drop: false }`
[INFO] [stdout] 35cb22bec732598f84b8a4caef98820338add1a84f3da2d7a503ef313877105a
[INFO] running `Command { std: "docker" "start" "-a" "35cb22bec732598f84b8a4caef98820338add1a84f3da2d7a503ef313877105a", kill_on_drop: false }`
[INFO] [stderr]    Compiling fullerror v1.0.0 (/opt/rustwide/workdir)
[INFO] [stderr]     Finished `dev` profile [unoptimized + debuginfo] target(s) in 0.05s
[INFO] running `Command { std: "docker" "inspect" "35cb22bec732598f84b8a4caef98820338add1a84f3da2d7a503ef313877105a", kill_on_drop: false }`
[INFO] running `Command { std: "docker" "rm" "-f" "35cb22bec732598f84b8a4caef98820338add1a84f3da2d7a503ef313877105a", kill_on_drop: false }`
[INFO] [stdout] 35cb22bec732598f84b8a4caef98820338add1a84f3da2d7a503ef313877105a
[INFO] running `Command { std: "docker" "create" "-v" "/var/lib/crater-agent-workspace/builds/worker-0-tc1/target:/opt/rustwide/target:rw,Z" "-v" "/var/lib/crater-agent-workspace/builds/worker-0-tc1/source:/opt/rustwide/workdir:ro,Z" "-v" "/var/lib/crater-agent-workspace/cargo-home:/opt/rustwide/cargo-home:ro,Z" "-v" "/var/lib/crater-agent-workspace/rustup-home:/opt/rustwide/rustup-home:ro,Z" "-e" "SOURCE_DIR=/opt/rustwide/workdir" "-e" "CARGO_TARGET_DIR=/opt/rustwide/target" "-e" "CARGO_INCREMENTAL=0" "-e" "RUST_BACKTRACE=full" "-e" "RUSTFLAGS=--cap-lints=forbid" "-e" "RUSTDOCFLAGS=--cap-lints=forbid" "-e" "CARGO_HOME=/opt/rustwide/cargo-home" "-e" "RUSTUP_HOME=/opt/rustwide/rustup-home" "-w" "/opt/rustwide/workdir" "-m" "1610612736" "--user" "0:0" "--network" "none" "ghcr.io/rust-lang/crates-build-env/linux@sha256:819108c5571ea2e421544af4d832f968d213c87fbe3707a016657f43d2f853bc" "/opt/rustwide/cargo-home/bin/cargo" "+nightly-2025-01-18" "test" "--frozen" "--no-run" "--message-format=json", kill_on_drop: false }`
[INFO] [stdout] be7bbc56aa72f14ff8c80814562df2b9123aa48f05fbb8b7eedff9f65d3e9f75
[INFO] running `Command { std: "docker" "start" "-a" "be7bbc56aa72f14ff8c80814562df2b9123aa48f05fbb8b7eedff9f65d3e9f75", kill_on_drop: false }`
[INFO] [stderr]    Compiling proc-macro2 v1.0.78
[INFO] [stderr]    Compiling thiserror v1.0.56
[INFO] [stderr]    Compiling quote v1.0.35
[INFO] [stderr]    Compiling syn v2.0.48
[INFO] [stderr]    Compiling thiserror-impl v1.0.56
[INFO] [stderr]    Compiling fullerror v1.0.0 (/opt/rustwide/workdir)
[INFO] [stdout] warning: variant `ErrVarB` is never constructed
[INFO] [stdout]   --> src/lib.rs:80:13
[INFO] [stdout]    |
[INFO] [stdout] 76 |         enum ErrA {
[INFO] [stdout]    |              ---- variant in this enum
[INFO] [stdout] ...
[INFO] [stdout] 80 |             ErrVarB,
[INFO] [stdout]    |             ^^^^^^^
[INFO] [stdout]    |
[INFO] [stdout]    = note: `ErrA` has a derived impl for the trait `Debug`, but this is intentionally ignored during dead code analysis
[INFO] [stdout]    = note: `#[warn(dead_code)]` on by default
[INFO] [stdout] 
[INFO] [stdout] 
[INFO] [stdout] warning: variant `ErrVarA` is never constructed
[INFO] [stdout]   --> src/lib.rs:88:13
[INFO] [stdout]    |
[INFO] [stdout] 84 |         enum ErrB {
[INFO] [stdout]    |              ---- variant in this enum
[INFO] [stdout] ...
[INFO] [stdout] 88 |             ErrVarA,
[INFO] [stdout]    |             ^^^^^^^
[INFO] [stdout]    |
[INFO] [stdout]    = note: `ErrB` has a derived impl for the trait `Debug`, but this is intentionally ignored during dead code analysis
[INFO] [stdout] 
[INFO] [stdout] 
[INFO] [stderr]     Finished `test` profile [unoptimized + debuginfo] target(s) in 4.53s
[INFO] running `Command { std: "docker" "inspect" "be7bbc56aa72f14ff8c80814562df2b9123aa48f05fbb8b7eedff9f65d3e9f75", kill_on_drop: false }`
[INFO] running `Command { std: "docker" "rm" "-f" "be7bbc56aa72f14ff8c80814562df2b9123aa48f05fbb8b7eedff9f65d3e9f75", kill_on_drop: false }`
[INFO] [stdout] be7bbc56aa72f14ff8c80814562df2b9123aa48f05fbb8b7eedff9f65d3e9f75
[INFO] running `Command { std: "docker" "create" "-v" "/var/lib/crater-agent-workspace/builds/worker-0-tc1/target:/opt/rustwide/target:rw,Z" "-v" "/var/lib/crater-agent-workspace/builds/worker-0-tc1/source:/opt/rustwide/workdir:ro,Z" "-v" "/var/lib/crater-agent-workspace/cargo-home:/opt/rustwide/cargo-home:ro,Z" "-v" "/var/lib/crater-agent-workspace/rustup-home:/opt/rustwide/rustup-home:ro,Z" "-e" "SOURCE_DIR=/opt/rustwide/workdir" "-e" "CARGO_TARGET_DIR=/opt/rustwide/target" "-e" "CARGO_INCREMENTAL=0" "-e" "RUST_BACKTRACE=full" "-e" "RUSTFLAGS=--cap-lints=forbid" "-e" "RUSTDOCFLAGS=--cap-lints=forbid" "-e" "CARGO_HOME=/opt/rustwide/cargo-home" "-e" "RUSTUP_HOME=/opt/rustwide/rustup-home" "-w" "/opt/rustwide/workdir" "-m" "1610612736" "--user" "0:0" "--network" "none" "ghcr.io/rust-lang/crates-build-env/linux@sha256:819108c5571ea2e421544af4d832f968d213c87fbe3707a016657f43d2f853bc" "/opt/rustwide/cargo-home/bin/cargo" "+nightly-2025-01-18" "test" "--frozen", kill_on_drop: false }`
[INFO] [stdout] bd1947643a8a92860433956ccdc57294d791d8a517ce82c837d5fe1080b038c7
[INFO] running `Command { std: "docker" "start" "-a" "bd1947643a8a92860433956ccdc57294d791d8a517ce82c837d5fe1080b038c7", kill_on_drop: false }`
[INFO] [stderr] warning: variant `ErrVarB` is never constructed
[INFO] [stderr]   --> src/lib.rs:80:13
[INFO] [stderr]    |
[INFO] [stderr] 76 |         enum ErrA {
[INFO] [stderr]    |              ---- variant in this enum
[INFO] [stderr] ...
[INFO] [stderr] 80 |             ErrVarB,
[INFO] [stderr]    |             ^^^^^^^
[INFO] [stderr]    |
[INFO] [stderr]    = note: `ErrA` has a derived impl for the trait `Debug`, but this is intentionally ignored during dead code analysis
[INFO] [stderr]    = note: `#[warn(dead_code)]` on by default
[INFO] [stderr] 
[INFO] [stderr] warning: variant `ErrVarA` is never constructed
[INFO] [stderr]   --> src/lib.rs:88:13
[INFO] [stderr]    |
[INFO] [stderr] 84 |         enum ErrB {
[INFO] [stderr]    |              ---- variant in this enum
[INFO] [stderr] ...
[INFO] [stderr] 88 |             ErrVarA,
[INFO] [stderr]    |             ^^^^^^^
[INFO] [stderr]    |
[INFO] [stderr]    = note: `ErrB` has a derived impl for the trait `Debug`, but this is intentionally ignored during dead code analysis
[INFO] [stderr] 
[INFO] [stderr] warning: `fullerror` (lib test) generated 2 warnings
[INFO] [stderr]     Finished `test` profile [unoptimized + debuginfo] target(s) in 0.02s
[INFO] [stderr]      Running unittests src/lib.rs (/opt/rustwide/target/debug/deps/fullerror-e0399cfad37c4a95)
[INFO] [stdout] 
[INFO] [stdout] running 1 test
[INFO] [stdout] test tests::it_works ... ok
[INFO] [stdout] 
[INFO] [stdout] test result: ok. 1 passed; 0 failed; 0 ignored; 0 measured; 0 filtered out; finished in 0.00s
[INFO] [stdout] 
[INFO] [stderr]    Doc-tests fullerror
[INFO] [stdout] 
[INFO] [stdout] running 1 test
[INFO] [stdout] test src/lib.rs - (line 3) ... FAILED
[INFO] [stdout] 
[INFO] [stdout] failures:
[INFO] [stdout] 
[INFO] [stdout] ---- src/lib.rs - (line 3) stdout ----
[INFO] [stdout] error[E0107]: missing generics for struct `FullError`
[INFO] [stdout]   --> src/lib.rs:5:36
[INFO] [stdout]    |
[INFO] [stdout] 4  | fn main() -> Result<(), fullerror::FullError> {} //all you need
[INFO] [stdout]    |                                    ^^^^^^^^^ expected 1 generic argument
[INFO] [stdout]    |
[INFO] [stdout] note: struct defined here, with 1 generic parameter: `E`
[INFO] [stdout]   --> /opt/rustwide/workdir/src/lib.rs:23:12
[INFO] [stdout]    |
[INFO] [stdout] 23 | pub struct FullError<E>(E);
[INFO] [stdout]    |            ^^^^^^^^^ -
[INFO] [stdout] help: add missing generic argument
[INFO] [stdout]    |
[INFO] [stdout] 4  | fn main() -> Result<(), fullerror::FullError<E>> {} //all you need
[INFO] [stdout]    |                                             +++
[INFO] [stdout] 
[INFO] [stdout] error: aborting due to 1 previous error
[INFO] [stdout] 
[INFO] [stdout] For more information about this error, try `rustc --explain E0107`.
[INFO] [stdout] Couldn't compile the test.
[INFO] [stdout] 
[INFO] [stdout] failures:
[INFO] [stdout]     src/lib.rs - (line 3)
[INFO] [stdout] 
[INFO] [stdout] test result: FAILED. 0 passed; 1 failed; 0 ignored; 0 measured; 0 filtered out; finished in 0.06s
[INFO] [stdout] 
[INFO] [stderr] error: doctest failed, to rerun pass `--doc`
[INFO] running `Command { std: "docker" "inspect" "bd1947643a8a92860433956ccdc57294d791d8a517ce82c837d5fe1080b038c7", kill_on_drop: false }`
[INFO] running `Command { std: "docker" "rm" "-f" "bd1947643a8a92860433956ccdc57294d791d8a517ce82c837d5fe1080b038c7", kill_on_drop: false }`
[INFO] [stdout] bd1947643a8a92860433956ccdc57294d791d8a517ce82c837d5fe1080b038c7
