[INFO] cloning repository https://github.com/JR-1991/sdrdm.rs
[INFO] running `Command { std: "git" "-c" "credential.helper=" "-c" "credential.helper=/workspace/cargo-home/bin/git-credential-null" "clone" "--bare" "https://github.com/JR-1991/sdrdm.rs" "/workspace/cache/git-repos/https%3A%2F%2Fgithub.com%2FJR-1991%2Fsdrdm.rs", kill_on_drop: false }`
[INFO] [stderr] Cloning into bare repository '/workspace/cache/git-repos/https%3A%2F%2Fgithub.com%2FJR-1991%2Fsdrdm.rs'...
[INFO] running `Command { std: "git" "rev-parse" "HEAD", kill_on_drop: false }`
[INFO] [stdout] 97b0da809ea13e95f0e9fc7c910ebb8181cee3bd
[INFO] testing JR-1991/sdrdm.rs against nightly-2025-01-18 for randomize-layout-2
[INFO] running `Command { std: "git" "clone" "/workspace/cache/git-repos/https%3A%2F%2Fgithub.com%2FJR-1991%2Fsdrdm.rs" "/workspace/builds/worker-4-tc1/source", kill_on_drop: false }`
[INFO] [stderr] Cloning into '/workspace/builds/worker-4-tc1/source'...
[INFO] [stderr] done.
[INFO] validating manifest of git repo https://github.com/JR-1991/sdrdm.rs on toolchain nightly-2025-01-18
[INFO] running `Command { std: CARGO_HOME="/workspace/cargo-home" RUSTUP_HOME="/workspace/rustup-home" "/workspace/cargo-home/bin/cargo" "+nightly-2025-01-18" "metadata" "--manifest-path" "Cargo.toml" "--no-deps", kill_on_drop: false }`
[INFO] started tweaking git repo https://github.com/JR-1991/sdrdm.rs
[INFO] finished tweaking git repo https://github.com/JR-1991/sdrdm.rs
[INFO] tweaked toml for git repo https://github.com/JR-1991/sdrdm.rs written to /workspace/builds/worker-4-tc1/source/Cargo.toml
[INFO] crate git repo https://github.com/JR-1991/sdrdm.rs already has a lockfile, it will not be regenerated
[INFO] running `Command { std: CARGO_HOME="/workspace/cargo-home" RUSTUP_HOME="/workspace/rustup-home" "/workspace/cargo-home/bin/cargo" "+nightly-2025-01-18" "fetch" "--manifest-path" "Cargo.toml", kill_on_drop: false }`
[INFO] [stderr]     Updating crates.io index
[INFO] [stderr]  Downloading crates ...
[INFO] [stderr]   Downloaded serde_with_macros v3.8.0
[INFO] [stderr]   Downloaded smawk v0.3.2
[INFO] [stderr]   Downloaded tsify-next v0.5.4
[INFO] [stderr]   Downloaded tokio-socks v0.5.2
[INFO] [stderr]   Downloaded borrow-or-share v0.2.2
[INFO] [stderr]   Downloaded pyo3-macros v0.23.2
[INFO] [stderr]   Downloaded predicates v3.1.0
[INFO] [stderr]   Downloaded assert_cmd v2.0.14
[INFO] [stderr]   Downloaded fluent-uri v0.3.2
[INFO] [stderr]   Downloaded referencing v0.27.1
[INFO] [stderr]   Downloaded fraction v0.15.3
[INFO] [stderr]   Downloaded fancy-regex v0.14.0
[INFO] [stderr]   Downloaded jsonschema v0.27.1
[INFO] [stderr]   Downloaded pulldown-cmark v0.12.2
[INFO] [stderr]   Downloaded serde_with v3.8.0
[INFO] [stderr]   Downloaded openai-api-rs v5.2.3
[INFO] [stderr]   Downloaded minijinja v2.0.1
[INFO] [stderr]   Downloaded winnow v0.6.11
[INFO] [stderr]   Downloaded pyo3-ffi v0.23.2
[INFO] [stderr]   Downloaded pyo3-macros-backend v0.23.2
[INFO] [stderr]   Downloaded pyo3-build-config v0.23.2
[INFO] [stderr]   Downloaded hyper-util v0.1.4
[INFO] [stderr]   Downloaded gray_matter v0.2.7
[INFO] [stderr]   Downloaded num-cmp v0.1.0
[INFO] [stderr]   Downloaded tsify-next-macros v0.5.4
[INFO] [stderr]   Downloaded uuid-simd v0.8.0
[INFO] [stderr]   Downloaded minijinja-embed v2.0.1
[INFO] [stderr]   Downloaded pulldown-cmark-escape v0.11.0
[INFO] [stderr]   Downloaded pyo3 v0.23.2
[INFO] running `Command { std: "docker" "create" "-v" "/var/lib/crater-agent-workspace/builds/worker-4-tc1/target:/opt/rustwide/target:rw,Z" "-v" "/var/lib/crater-agent-workspace/builds/worker-4-tc1/source:/opt/rustwide/workdir:ro,Z" "-v" "/var/lib/crater-agent-workspace/cargo-home:/opt/rustwide/cargo-home:ro,Z" "-v" "/var/lib/crater-agent-workspace/rustup-home:/opt/rustwide/rustup-home:ro,Z" "-e" "SOURCE_DIR=/opt/rustwide/workdir" "-e" "CARGO_TARGET_DIR=/opt/rustwide/target" "-e" "CARGO_HOME=/opt/rustwide/cargo-home" "-e" "RUSTUP_HOME=/opt/rustwide/rustup-home" "-w" "/opt/rustwide/workdir" "-m" "1610612736" "--user" "0:0" "--network" "none" "ghcr.io/rust-lang/crates-build-env/linux@sha256:819108c5571ea2e421544af4d832f968d213c87fbe3707a016657f43d2f853bc" "/opt/rustwide/cargo-home/bin/cargo" "+nightly-2025-01-18" "metadata" "--no-deps" "--format-version=1", kill_on_drop: false }`
[INFO] [stdout] a0dd5b91667d72094ca84fa6130a0db7027d74f6d5a659c3fa47585f10f40821
[INFO] running `Command { std: "docker" "start" "-a" "a0dd5b91667d72094ca84fa6130a0db7027d74f6d5a659c3fa47585f10f40821", kill_on_drop: false }`
[INFO] running `Command { std: "docker" "inspect" "a0dd5b91667d72094ca84fa6130a0db7027d74f6d5a659c3fa47585f10f40821", kill_on_drop: false }`
[INFO] running `Command { std: "docker" "rm" "-f" "a0dd5b91667d72094ca84fa6130a0db7027d74f6d5a659c3fa47585f10f40821", kill_on_drop: false }`
[INFO] [stdout] a0dd5b91667d72094ca84fa6130a0db7027d74f6d5a659c3fa47585f10f40821
[INFO] running `Command { std: "docker" "create" "-v" "/var/lib/crater-agent-workspace/builds/worker-4-tc1/target:/opt/rustwide/target:rw,Z" "-v" "/var/lib/crater-agent-workspace/builds/worker-4-tc1/source:/opt/rustwide/workdir:ro,Z" "-v" "/var/lib/crater-agent-workspace/cargo-home:/opt/rustwide/cargo-home:ro,Z" "-v" "/var/lib/crater-agent-workspace/rustup-home:/opt/rustwide/rustup-home:ro,Z" "-e" "SOURCE_DIR=/opt/rustwide/workdir" "-e" "CARGO_TARGET_DIR=/opt/rustwide/target" "-e" "CARGO_INCREMENTAL=0" "-e" "RUST_BACKTRACE=full" "-e" "RUSTFLAGS=--cap-lints=forbid" "-e" "RUSTDOCFLAGS=--cap-lints=forbid" "-e" "CARGO_HOME=/opt/rustwide/cargo-home" "-e" "RUSTUP_HOME=/opt/rustwide/rustup-home" "-w" "/opt/rustwide/workdir" "-m" "1610612736" "--user" "0:0" "--network" "none" "ghcr.io/rust-lang/crates-build-env/linux@sha256:819108c5571ea2e421544af4d832f968d213c87fbe3707a016657f43d2f853bc" "/opt/rustwide/cargo-home/bin/cargo" "+nightly-2025-01-18" "build" "--frozen" "--message-format=json", kill_on_drop: false }`
[INFO] [stdout] fa00a82fc0a124a08f9be16f1043714a53c1cf51acb59fd69679d336a6d89547
[INFO] running `Command { std: "docker" "start" "-a" "fa00a82fc0a124a08f9be16f1043714a53c1cf51acb59fd69679d336a6d89547", kill_on_drop: false }`
[INFO] [stderr]    Compiling proc-macro2 v1.0.81
[INFO] [stderr]    Compiling libc v0.2.168
[INFO] [stderr]    Compiling autocfg v1.2.0
[INFO] [stderr]    Compiling serde v1.0.198
[INFO] [stderr]    Compiling smallvec v1.13.2
[INFO] [stderr]    Compiling memchr v2.7.2
[INFO] [stderr]    Compiling once_cell v1.20.2
[INFO] [stderr]    Compiling itoa v1.0.11
[INFO] [stderr]    Compiling bytes v1.9.0
[INFO] [stderr]    Compiling parking_lot_core v0.9.10
[INFO] [stderr]    Compiling pin-project-lite v0.2.14
[INFO] [stderr]    Compiling scopeguard v1.2.0
[INFO] [stderr]    Compiling cc v1.0.95
[INFO] [stderr]    Compiling pkg-config v0.3.30
[INFO] [stderr]    Compiling equivalent v1.0.1
[INFO] [stderr]    Compiling futures-core v0.3.31
[INFO] [stderr]    Compiling vcpkg v0.2.15
[INFO] [stderr]    Compiling lock_api v0.4.12
[INFO] [stderr]    Compiling quote v1.0.36
[INFO] [stderr]    Compiling syn v2.0.60
[INFO] [stderr]    Compiling hashbrown v0.14.3
[INFO] [stderr]    Compiling slab v0.4.9
[INFO] [stderr]    Compiling stable_deref_trait v1.2.0
[INFO] [stderr]    Compiling futures-sink v0.3.31
[INFO] [stderr]    Compiling num-traits v0.2.19
[INFO] [stderr]    Compiling http v1.1.0
[INFO] [stderr]    Compiling typenum v1.17.0
[INFO] [stderr]    Compiling byteorder v1.5.0
[INFO] [stderr]    Compiling openssl-src v300.4.1+3.4.0
[INFO] [stderr]    Compiling signal-hook-registry v1.4.2
[INFO] [stderr]    Compiling parking_lot v0.12.3
[INFO] [stderr]    Compiling indexmap v2.2.6
[INFO] [stderr]    Compiling socket2 v0.5.7
[INFO] [stderr]    Compiling mio v1.0.3
[INFO] [stderr]    Compiling openssl-sys v0.9.102
[INFO] [stderr]    Compiling getrandom v0.2.15
[INFO] [stderr]    Compiling generic-array v0.14.7
[INFO] [stderr]    Compiling bitflags v2.5.0
[INFO] [stderr]    Compiling log v0.4.21
[INFO] [stderr]    Compiling futures-io v0.3.31
[INFO] [stderr]    Compiling httparse v1.8.0
[INFO] [stderr]    Compiling openssl v0.10.64
[INFO] [stderr]    Compiling futures-task v0.3.31
[INFO] [stderr]    Compiling foreign-types-shared v0.1.1
[INFO] [stderr]    Compiling foreign-types v0.3.2
[INFO] [stderr]    Compiling unicase v2.7.0
[INFO] [stderr]    Compiling native-tls v0.2.11
[INFO] [stderr]    Compiling litemap v0.7.4
[INFO] [stderr]    Compiling writeable v0.5.5
[INFO] [stderr]    Compiling tracing-core v0.1.32
[INFO] [stderr]    Compiling percent-encoding v2.3.1
[INFO] [stderr]    Compiling ryu v1.0.17
[INFO] [stderr]    Compiling serde_json v1.0.116
[INFO] [stderr]    Compiling openssl-probe v0.1.5
[INFO] [stderr]    Compiling thiserror v1.0.65
[INFO] [stderr]    Compiling http-body v1.0.0
[INFO] [stderr]    Compiling num-integer v0.1.46
[INFO] [stderr]    Compiling tracing v0.1.40
[INFO] [stderr]    Compiling aho-corasick v1.1.3
[INFO] [stderr]    Compiling regex-syntax v0.8.5
[INFO] [stderr]    Compiling icu_locid_transform_data v1.5.0
[INFO] [stderr]    Compiling atomic-waker v1.1.2
[INFO] [stderr]    Compiling tinyvec_macros v0.1.1
[INFO] [stderr]    Compiling try-lock v0.2.5
[INFO] [stderr]    Compiling tinyvec v1.6.0
[INFO] [stderr]    Compiling rand_core v0.6.4
[INFO] [stderr]    Compiling want v0.3.1
[INFO] [stderr]    Compiling futures-channel v0.3.30
[INFO] [stderr]    Compiling tower-layer v0.3.2
[INFO] [stderr]    Compiling block-buffer v0.10.4
[INFO] [stderr]    Compiling crypto-common v0.1.6
[INFO] [stderr]    Compiling icu_properties_data v1.5.0
[INFO] [stderr]    Compiling ident_case v1.0.1
[INFO] [stderr]    Compiling ref-cast v1.0.23
[INFO] [stderr]    Compiling strsim v0.10.0
[INFO] [stderr]    Compiling digest v0.10.7
[INFO] [stderr]    Compiling num-bigint v0.4.6
[INFO] [stderr]    Compiling mime_guess v2.0.5
[INFO] [stderr]    Compiling form_urlencoded v1.2.1
[INFO] [stderr]    Compiling ahash v0.8.11
[INFO] [stderr]    Compiling utf8_iter v1.0.4
[INFO] [stderr]    Compiling utf8parse v0.2.1
[INFO] [stderr]    Compiling cpufeatures v0.2.16
[INFO] [stderr]    Compiling utf16_iter v1.0.5
[INFO] [stderr]    Compiling icu_normalizer_data v1.5.0
[INFO] [stderr]    Compiling base64 v0.22.0
[INFO] [stderr]    Compiling write16 v1.0.0
[INFO] [stderr]    Compiling unicode-bidi v0.3.15
[INFO] [stderr]    Compiling unicode-normalization v0.1.23
[INFO] [stderr]    Compiling anstyle-parse v0.2.4
[INFO] [stderr]    Compiling sha1 v0.10.6
[INFO] [stderr]    Compiling idna v0.5.0
[INFO] [stderr]    Compiling num-iter v0.1.45
[INFO] [stderr]    Compiling num-complex v0.4.6
[INFO] [stderr]    Compiling synstructure v0.13.1
[INFO] [stderr]    Compiling regex-automata v0.4.6
[INFO] [stderr]    Compiling darling_core v0.20.8
[INFO] [stderr]    Compiling num-rational v0.4.2
[INFO] [stderr]    Compiling http-body-util v0.1.1
[INFO] [stderr]    Compiling either v1.13.0
[INFO] [stderr]    Compiling rustls-pki-types v1.7.0
[INFO] [stderr]    Compiling unicode-width v0.1.11
[INFO] [stderr]    Compiling is_terminal_polyfill v1.70.0
[INFO] [stderr]    Compiling borrow-or-share v0.2.2
[INFO] [stderr]    Compiling colorchoice v1.0.1
[INFO] [stderr]    Compiling anstyle-query v1.0.3
[INFO] [stderr]    Compiling data-encoding v2.6.0
[INFO] [stderr]    Compiling anstyle v1.0.7
[INFO] [stderr]    Compiling bit-vec v0.8.0
[INFO] [stderr]    Compiling mime v0.3.17
[INFO] [stderr]    Compiling anstream v0.6.14
[INFO] [stderr]    Compiling bit-set v0.8.0
[INFO] [stderr]    Compiling rustls-pemfile v2.1.2
[INFO] [stderr]    Compiling num v0.4.3
[INFO] [stderr]    Compiling url v2.5.0
[INFO] [stderr]    Compiling is-terminal v0.4.12
[INFO] [stderr]    Compiling encoding_rs v0.8.34
[INFO] [stderr]    Compiling outref v0.5.1
[INFO] [stderr]    Compiling heck v0.5.0
[INFO] [stderr]    Compiling winnow v0.6.11
[INFO] [stderr]    Compiling linked-hash-map v0.5.6
[INFO] [stderr]    Compiling serde_derive v1.0.198
[INFO] [stderr]    Compiling zerofrom-derive v0.1.5
[INFO] [stderr]    Compiling yoke-derive v0.7.5
[INFO] [stderr]    Compiling tokio-macros v2.4.0
[INFO] [stderr]    Compiling tokio v1.42.0
[INFO] [stderr]    Compiling zerovec-derive v0.10.3
[INFO] [stderr]    Compiling zerocopy-derive v0.7.35
[INFO] [stderr]    Compiling displaydoc v0.2.5
[INFO] [stderr]    Compiling zerofrom v0.1.5
[INFO] [stderr]    Compiling yoke v0.7.5
[INFO] [stderr]    Compiling futures-macro v0.3.31
[INFO] [stderr]    Compiling zerocopy v0.7.35
[INFO] [stderr]    Compiling openssl-macros v0.1.1
[INFO] [stderr]    Compiling zerovec v0.10.4
[INFO] [stderr]    Compiling icu_provider_macros v1.5.0
[INFO] [stderr]    Compiling thiserror-impl v1.0.65
[INFO] [stderr]    Compiling pin-project-internal v1.1.5
[INFO] [stderr]    Compiling futures-util v0.3.31
[INFO] [stderr]    Compiling tinystr v0.7.6
[INFO] [stderr]    Compiling icu_locid v1.5.0
[INFO] [stderr]    Compiling icu_collections v1.5.0
[INFO] [stderr]    Compiling pin-project v1.1.5
[INFO] [stderr]    Compiling ppv-lite86 v0.2.20
[INFO] [stderr]    Compiling icu_provider v1.5.0
[INFO] [stderr]    Compiling rand_chacha v0.3.1
[INFO] [stderr]    Compiling icu_locid_transform v1.5.0
[INFO] [stderr]    Compiling ref-cast-impl v1.0.23
[INFO] [stderr]    Compiling rand v0.8.5
[INFO] [stderr]    Compiling darling_macro v0.20.8
[INFO] [stderr]    Compiling regex v1.10.4
[INFO] [stderr]    Compiling darling v0.20.8
[INFO] [stderr]    Compiling uuid v1.11.0
[INFO] [stderr]    Compiling icu_properties v1.5.1
[INFO] [stderr]    Compiling serde_spanned v0.6.6
[INFO] [stderr]    Compiling toml_datetime v0.6.6
[INFO] [stderr]    Compiling tokio-util v0.7.11
[INFO] [stderr]    Compiling tower v0.4.13
[INFO] [stderr]    Compiling tokio-socks v0.5.2
[INFO] [stderr]    Compiling fluent-uri v0.3.2
[INFO] [stderr]    Compiling h2 v0.4.5
[INFO] [stderr]    Compiling serde_urlencoded v0.7.1
[INFO] [stderr]    Compiling sync_wrapper v0.1.2
[INFO] [stderr]    Compiling termcolor v1.4.1
[INFO] [stderr]    Compiling minijinja-embed v2.0.1
[INFO] [stderr]    Compiling vsimd v0.8.0
[INFO] [stderr]    Compiling ipnet v2.9.0
[INFO] [stderr]    Compiling strsim v0.11.1
[INFO] [stderr]    Compiling humantime v2.1.0
[INFO] [stderr]    Compiling pulldown-cmark v0.12.2
[INFO] [stderr]    Compiling clap_lex v0.7.0
[INFO] [stderr]    Compiling uuid-simd v0.8.0
[INFO] [stderr]    Compiling env_logger v0.10.2
[INFO] [stderr]    Compiling mdmodels v0.1.8 (/opt/rustwide/workdir)
[INFO] [stderr]    Compiling icu_normalizer v1.5.0
[INFO] [stderr]    Compiling clap_builder v4.5.2
[INFO] [stderr]    Compiling referencing v0.27.1
[INFO] [stderr]    Compiling toml_edit v0.22.14
[INFO] [stderr]    Compiling idna_adapter v1.2.0
[INFO] [stderr]    Compiling idna v1.0.3
[INFO] [stderr]    Compiling email_address v0.2.9
[INFO] [stderr]    Compiling toml v0.5.11
[INFO] [stderr]    Compiling serde_with_macros v3.8.0
[INFO] [stderr]    Compiling fancy-regex v0.14.0
[INFO] [stderr]    Compiling hyper v1.3.1
[INFO] [stderr]    Compiling yaml-rust v0.4.5
[INFO] [stderr]    Compiling hyper-util v0.1.4
[INFO] [stderr]    Compiling clap_derive v4.5.4
[INFO] [stderr]    Compiling fraction v0.15.3
[INFO] [stderr]    Compiling getopts v0.2.21
[INFO] [stderr]    Compiling pulldown-cmark-escape v0.11.0
[INFO] [stderr]    Compiling smawk v0.3.2
[INFO] [stderr]    Compiling num-cmp v0.1.0
[INFO] [stderr]    Compiling unicode-segmentation v1.11.0
[INFO] [stderr]    Compiling unicode-linebreak v0.1.5
[INFO] [stderr]    Compiling bytecount v0.6.8
[INFO] [stderr]    Compiling textwrap v0.16.1
[INFO] [stderr]    Compiling jsonschema v0.27.1
[INFO] [stderr]    Compiling convert_case v0.6.0
[INFO] [stderr]    Compiling toml v0.8.14
[INFO] [stderr]    Compiling gray_matter v0.2.7
[INFO] [stderr]    Compiling clap v4.5.4
[INFO] [stderr]    Compiling serde_with v3.8.0
[INFO] [stderr]    Compiling pretty_env_logger v0.5.0
[INFO] [stderr]    Compiling minijinja v2.0.1
[INFO] [stderr]    Compiling colored v2.1.0
[INFO] [stderr]    Compiling tokio-native-tls v0.3.1
[INFO] [stderr]    Compiling tungstenite v0.24.0
[INFO] [stderr]    Compiling hyper-tls v0.6.0
[INFO] [stderr]    Compiling reqwest v0.12.4
[INFO] [stderr]    Compiling tokio-tungstenite v0.24.0
[INFO] [stderr]    Compiling openai-api-rs v5.2.3
[INFO] [stderr]     Finished `dev` profile [unoptimized + debuginfo] target(s) in 6m 59s
[INFO] running `Command { std: "docker" "inspect" "fa00a82fc0a124a08f9be16f1043714a53c1cf51acb59fd69679d336a6d89547", kill_on_drop: false }`
[INFO] running `Command { std: "docker" "rm" "-f" "fa00a82fc0a124a08f9be16f1043714a53c1cf51acb59fd69679d336a6d89547", kill_on_drop: false }`
[INFO] [stdout] fa00a82fc0a124a08f9be16f1043714a53c1cf51acb59fd69679d336a6d89547
[INFO] running `Command { std: "docker" "create" "-v" "/var/lib/crater-agent-workspace/builds/worker-4-tc1/target:/opt/rustwide/target:rw,Z" "-v" "/var/lib/crater-agent-workspace/builds/worker-4-tc1/source:/opt/rustwide/workdir:ro,Z" "-v" "/var/lib/crater-agent-workspace/cargo-home:/opt/rustwide/cargo-home:ro,Z" "-v" "/var/lib/crater-agent-workspace/rustup-home:/opt/rustwide/rustup-home:ro,Z" "-e" "SOURCE_DIR=/opt/rustwide/workdir" "-e" "CARGO_TARGET_DIR=/opt/rustwide/target" "-e" "CARGO_INCREMENTAL=0" "-e" "RUST_BACKTRACE=full" "-e" "RUSTFLAGS=--cap-lints=forbid" "-e" "RUSTDOCFLAGS=--cap-lints=forbid" "-e" "CARGO_HOME=/opt/rustwide/cargo-home" "-e" "RUSTUP_HOME=/opt/rustwide/rustup-home" "-w" "/opt/rustwide/workdir" "-m" "1610612736" "--user" "0:0" "--network" "none" "ghcr.io/rust-lang/crates-build-env/linux@sha256:819108c5571ea2e421544af4d832f968d213c87fbe3707a016657f43d2f853bc" "/opt/rustwide/cargo-home/bin/cargo" "+nightly-2025-01-18" "test" "--frozen" "--no-run" "--message-format=json", kill_on_drop: false }`
[INFO] [stdout] 0a37378913d76e2e11662510bf7e57e26efd073bc03199845663bc713d0d9536
[INFO] running `Command { std: "docker" "start" "-a" "0a37378913d76e2e11662510bf7e57e26efd073bc03199845663bc713d0d9536", kill_on_drop: false }`
[INFO] [stderr]    Compiling doc-comment v0.3.3
[INFO] [stderr]    Compiling predicates-core v1.0.6
[INFO] [stderr]    Compiling difflib v0.4.0
[INFO] [stderr]    Compiling termtree v0.4.1
[INFO] [stderr]    Compiling assert_cmd v2.0.14
[INFO] [stderr]    Compiling bstr v1.9.1
[INFO] [stderr]    Compiling wait-timeout v0.2.0
[INFO] [stderr]    Compiling diff v0.1.13
[INFO] [stderr]    Compiling predicates v3.1.0
[INFO] [stderr]    Compiling yansi v0.5.1
[INFO] [stderr]    Compiling predicates-tree v1.0.9
[INFO] [stderr]    Compiling pretty_assertions v1.4.0
[INFO] [stderr]    Compiling mdmodels v0.1.8 (/opt/rustwide/workdir)
[INFO] [stderr]     Finished `test` profile [unoptimized + debuginfo] target(s) in 9.84s
[INFO] running `Command { std: "docker" "inspect" "0a37378913d76e2e11662510bf7e57e26efd073bc03199845663bc713d0d9536", kill_on_drop: false }`
[INFO] running `Command { std: "docker" "rm" "-f" "0a37378913d76e2e11662510bf7e57e26efd073bc03199845663bc713d0d9536", kill_on_drop: false }`
[INFO] [stdout] 0a37378913d76e2e11662510bf7e57e26efd073bc03199845663bc713d0d9536
[INFO] running `Command { std: "docker" "create" "-v" "/var/lib/crater-agent-workspace/builds/worker-4-tc1/target:/opt/rustwide/target:rw,Z" "-v" "/var/lib/crater-agent-workspace/builds/worker-4-tc1/source:/opt/rustwide/workdir:ro,Z" "-v" "/var/lib/crater-agent-workspace/cargo-home:/opt/rustwide/cargo-home:ro,Z" "-v" "/var/lib/crater-agent-workspace/rustup-home:/opt/rustwide/rustup-home:ro,Z" "-e" "SOURCE_DIR=/opt/rustwide/workdir" "-e" "CARGO_TARGET_DIR=/opt/rustwide/target" "-e" "CARGO_INCREMENTAL=0" "-e" "RUST_BACKTRACE=full" "-e" "RUSTFLAGS=--cap-lints=forbid" "-e" "RUSTDOCFLAGS=--cap-lints=forbid" "-e" "CARGO_HOME=/opt/rustwide/cargo-home" "-e" "RUSTUP_HOME=/opt/rustwide/rustup-home" "-w" "/opt/rustwide/workdir" "-m" "1610612736" "--user" "0:0" "--network" "none" "ghcr.io/rust-lang/crates-build-env/linux@sha256:819108c5571ea2e421544af4d832f968d213c87fbe3707a016657f43d2f853bc" "/opt/rustwide/cargo-home/bin/cargo" "+nightly-2025-01-18" "test" "--frozen", kill_on_drop: false }`
[INFO] [stdout] 54545104ea8ad14caec6a46ed694b34113d7bd0a89df743050fe2c972e82f60d
[INFO] running `Command { std: "docker" "start" "-a" "54545104ea8ad14caec6a46ed694b34113d7bd0a89df743050fe2c972e82f60d", kill_on_drop: false }`
[INFO] [stderr]     Finished `test` profile [unoptimized + debuginfo] target(s) in 0.18s
[INFO] [stderr]      Running unittests src/lib.rs (/opt/rustwide/target/debug/deps/mdmodels-4047b9300eba1012)
[INFO] [stdout] 
[INFO] [stdout] running 63 tests
[INFO] [stdout] test attribute::tests::as_boolean_returns_none_for_non_boolean ... ok
[INFO] [stdout] test attribute::tests::as_boolean_returns_some_for_boolean ... ok
[INFO] [stdout] test attribute::tests::as_float_returns_none_for_non_float ... ok
[INFO] [stdout] test attribute::tests::as_float_returns_some_for_float ... ok
[INFO] [stdout] test attribute::tests::as_integer_returns_none_for_non_integer ... ok
[INFO] [stdout] test attribute::tests::as_integer_returns_some_for_integer ... ok
[INFO] [stdout] test attribute::tests::as_string_returns_none_for_non_string ... ok
[INFO] [stdout] test attribute::tests::as_string_returns_some_for_string ... ok
[INFO] [stdout] test attribute::tests::from_str_parses_float ... ok
[INFO] [stdout] test attribute::tests::from_str_parses_boolean ... ok
[INFO] [stdout] test attribute::tests::from_str_parses_integer ... ok
[INFO] [stdout] test attribute::tests::from_str_parses_string ... ok
[INFO] [stdout] test attribute::tests::from_str_returns_error_for_invalid_data_type ... ok
[INFO] [stdout] test attribute::tests::is_boolean_returns_false_for_non_boolean ... ok
[INFO] [stdout] test attribute::tests::is_boolean_returns_true_for_boolean ... ok
[INFO] [stdout] test attribute::tests::is_float_returns_false_for_non_float ... ok
[INFO] [stdout] test attribute::tests::is_integer_returns_false_for_non_integer ... ok
[INFO] [stdout] test attribute::tests::is_integer_returns_true_for_integer ... ok
[INFO] [stdout] test attribute::tests::is_string_returns_false_for_non_string ... ok
[INFO] [stdout] test attribute::tests::is_float_returns_true_for_float ... ok
[INFO] [stdout] test attribute::tests::is_string_returns_true_for_string ... ok
[INFO] [stdout] test attribute::tests::test_attribute_add_option ... ok
[INFO] [stdout] test attribute::tests::test_attribute_add_term_option ... ok
[INFO] [stdout] test attribute::tests::test_attribute_new ... ok
[INFO] [stdout] test attribute::tests::test_attribute_add_type_option ... ok
[INFO] [stdout] test attribute::tests::test_attribute_set_array_dtype ... ok
[INFO] [stdout] test attribute::tests::test_default_xml_type ... ok
[INFO] [stdout] test attribute::tests::test_attribute_set_dtype ... ok
[INFO] [stdout] test attribute::tests::test_attribute_set_docstring ... ok
[INFO] [stdout] test attribute::tests::test_deserialize_data_type ... ok
[INFO] [stdout] test attribute::tests::test_attribute_set_xml_attr ... ok
[INFO] [stdout] test attribute::tests::test_attribute_set_xml_element ... ok
[INFO] [stdout] test attribute::tests::test_serialize_data_type ... ok
[INFO] [stdout] test datamodel::tests::test_merge ... ok
[INFO] [stdout] test datamodel::tests::test_sort_attrs ... ok
[INFO] [stdout] test datamodel::tests::test_from_internal_schema ... ok
[INFO] [stdout] test datamodel::tests::test_from_markdown_w_html ... ok
[INFO] [stdout] test exporters::tests::test_convert_to_shex ... ok
[INFO] [stdout] test exporters::tests::test_convert_to_shacl ... ok
[INFO] [stdout] test json::datatype::tests::test_data_type_display ... ok
[INFO] [stdout] test json::datatype::tests::test_data_type_from_str ... ok
[INFO] [stdout] test json::export::tests::test_array_attribute ... ok
[INFO] [stdout] test json::export::tests::test_attribute_with_multiple_types ... ok
[INFO] [stdout] test json::schema::tests::test_from_str ... ok
[INFO] [stdout] test markdown::frontmatter::tests::test_parse_frontmatter ... ok
[INFO] [stdout] test object::tests::test_add_attribute ... ok
[INFO] [stdout] test exporters::tests::test_convert_to_python_dc ... ok
[INFO] [stdout] test object::tests::test_create_new_attribute ... ok
[INFO] [stdout] test object::tests::test_create_new_object ... ok
[INFO] [stdout] test object::tests::test_get_last_attribute ... ok
[INFO] [stdout] test object::tests::test_set_docstring ... ok
[INFO] [stdout] test datamodel::tests::test_from_markdown_string ... ok
[INFO] [stdout] test pipeline::tests::test_has_wildcard_fname ... ok
[INFO] [stdout] test pipeline::tests::test_prepend_root ... ok
[INFO] [stdout] test xmltype::tests::test_xmltype_deserialize ... ok
[INFO] [stdout] test exporters::tests::test_convert_to_python_pydantic_xml ... ok
[INFO] [stdout] test pipeline::tests::test_has_wildcard_fname_no_wildcard ... ok
[INFO] [stdout] test xmltype::tests::test_xmltype_from_str ... ok
[INFO] [stdout] test exporters::tests::test_convert_to_pydantic ... ok
[INFO] [stdout] test exporters::tests::test_convert_to_mkdocs ... ok
[INFO] [stdout] test exporters::tests::test_convert_to_typescript ... ok
[INFO] [stdout] test exporters::tests::test_convert_to_xsd ... ok
[INFO] [stdout] test pipeline::tests::test_build_models ... ok
[INFO] [stdout] 
[INFO] [stdout] test result: ok. 63 passed; 0 failed; 0 ignored; 0 measured; 0 filtered out; finished in 0.11s
[INFO] [stdout] 
[INFO] [stderr]      Running unittests src/bin/cli.rs (/opt/rustwide/target/debug/deps/md_models-ec68a60c1d114974)
[INFO] [stdout] 
[INFO] [stdout] running 9 tests
[INFO] [stdout] test tests::test_display_input_type ... ok
[INFO] [stdout] test tests::test_resolve_input_path ... ok
[INFO] [stdout] test tests::test_pipeline_multiple_models_invalid ... ok
[INFO] [stdout] test tests::test_failed_validation_result ... ok
[INFO] [stdout] test tests::test_json_schema_no_root ... ok
[INFO] [stdout] test tests::test_successful_validation_result ... ok
[INFO] [stdout] test tests::test_successful_conversion ... ok
[INFO] [stdout] test tests::test_pipeline_single_model ... FAILED
[INFO] [stdout] test tests::test_pipeline_multiple_models ... FAILED
[INFO] [stdout] 
[INFO] [stdout] failures:
[INFO] [stdout] 
[INFO] [stdout] ---- tests::test_pipeline_single_model stdout ----
[INFO] [stdout] 
[INFO] [stdout] thread 'tests::test_pipeline_single_model' panicked at /rustc/6067b36314ab5eb2eb47cecc464545ba58e1ad24/library/core/src/ops/function.rs:250:5:
[INFO] [stdout] Unexpected failure.
[INFO] [stdout] code=1
[INFO] [stdout] stderr=```"Error: Os { code: 30, kind: ReadOnlyFilesystem, message: \"Read-only file system\" }\n"```
[INFO] [stdout] command=`"/opt/rustwide/target/debug/md-models" "pipeline" "-i" "tests/test_pipeline.toml"`
[INFO] [stdout] code=1
[INFO] [stdout] stdout=" [shex] Writing to \'tests/intermediates/non_merge/schemes/test.shex\'\n"
[INFO] [stdout] stderr="Error: Os { code: 30, kind: ReadOnlyFilesystem, message: \"Read-only file system\" }\n"
[INFO] [stdout] 
[INFO] [stdout] stack backtrace:
[INFO] [stdout]    0:     0x5e088c30eeca - std::backtrace_rs::backtrace::libunwind::trace::hb059275cfc8d6126
[INFO] [stdout]                                at /rustc/6067b36314ab5eb2eb47cecc464545ba58e1ad24/library/std/src/../../backtrace/src/backtrace/libunwind.rs:116:5
[INFO] [stdout]    1:     0x5e088c30eeca - std::backtrace_rs::backtrace::trace_unsynchronized::h2da071e4327ce3ee
[INFO] [stdout]                                at /rustc/6067b36314ab5eb2eb47cecc464545ba58e1ad24/library/std/src/../../backtrace/src/backtrace/mod.rs:66:5
[INFO] [stdout]    2:     0x5e088c30eeca - std::sys::backtrace::_print_fmt::h842a1474e6f8d23f
[INFO] [stdout]                                at /rustc/6067b36314ab5eb2eb47cecc464545ba58e1ad24/library/std/src/sys/backtrace.rs:66:9
[INFO] [stdout]    3:     0x5e088c30eeca - <std::sys::backtrace::BacktraceLock::print::DisplayBacktrace as core::fmt::Display>::fmt::h71a62eb3b9696b12
[INFO] [stdout]                                at /rustc/6067b36314ab5eb2eb47cecc464545ba58e1ad24/library/std/src/sys/backtrace.rs:39:26
[INFO] [stdout]    4:     0x5e088c33b2a3 - core::fmt::rt::Argument::fmt::hdb6b616786b41dc1
[INFO] [stdout]                                at /rustc/6067b36314ab5eb2eb47cecc464545ba58e1ad24/library/core/src/fmt/rt.rs:177:76
[INFO] [stdout]    5:     0x5e088c33b2a3 - core::fmt::write::h2cc1698af7e2d686
[INFO] [stdout]                                at /rustc/6067b36314ab5eb2eb47cecc464545ba58e1ad24/library/core/src/fmt/mod.rs:1440:21
[INFO] [stdout]    6:     0x5e088c30a923 - std::io::Write::write_fmt::hab1b4cd059a79022
[INFO] [stdout]                                at /rustc/6067b36314ab5eb2eb47cecc464545ba58e1ad24/library/std/src/io/mod.rs:1887:15
[INFO] [stdout]    7:     0x5e088c30ed12 - std::sys::backtrace::BacktraceLock::print::h147fe35b4ea13b08
[INFO] [stdout]                                at /rustc/6067b36314ab5eb2eb47cecc464545ba58e1ad24/library/std/src/sys/backtrace.rs:42:9
[INFO] [stdout]    8:     0x5e088c31036f - std::panicking::default_hook::{{closure}}::hbd44223dbdc0d208
[INFO] [stdout]                                at /rustc/6067b36314ab5eb2eb47cecc464545ba58e1ad24/library/std/src/panicking.rs:298:22
[INFO] [stdout]    9:     0x5e088c310188 - std::panicking::default_hook::h20f81eb0576efcec
[INFO] [stdout]                                at /rustc/6067b36314ab5eb2eb47cecc464545ba58e1ad24/library/std/src/panicking.rs:322:9
[INFO] [stdout]   10:     0x5e088bbb1633 - <alloc::boxed::Box<F,A> as core::ops::function::Fn<Args>>::call::hdb53814c496a4d34
[INFO] [stdout]                                at /rustc/6067b36314ab5eb2eb47cecc464545ba58e1ad24/library/alloc/src/boxed.rs:2027:9
[INFO] [stdout]   11:     0x5e088bbb1633 - test::test_main::{{closure}}::hc0a4963c59427c24
[INFO] [stdout]                                at /rustc/6067b36314ab5eb2eb47cecc464545ba58e1ad24/library/test/src/lib.rs:134:21
[INFO] [stdout]   12:     0x5e088c310e63 - <alloc::boxed::Box<F,A> as core::ops::function::Fn<Args>>::call::h591b2225413a77e9
[INFO] [stdout]                                at /rustc/6067b36314ab5eb2eb47cecc464545ba58e1ad24/library/alloc/src/boxed.rs:2027:9
[INFO] [stdout]   13:     0x5e088c310e63 - std::panicking::rust_panic_with_hook::h625eea43051b2edc
[INFO] [stdout]                                at /rustc/6067b36314ab5eb2eb47cecc464545ba58e1ad24/library/std/src/panicking.rs:839:13
[INFO] [stdout]   14:     0x5e088c310b1a - std::panicking::begin_panic_handler::{{closure}}::h4f9159cfbc3f6bd3
[INFO] [stdout]                                at /rustc/6067b36314ab5eb2eb47cecc464545ba58e1ad24/library/std/src/panicking.rs:704:13
[INFO] [stdout]   15:     0x5e088c30f3c9 - std::sys::backtrace::__rust_end_short_backtrace::h0390abce48353151
[INFO] [stdout]                                at /rustc/6067b36314ab5eb2eb47cecc464545ba58e1ad24/library/std/src/sys/backtrace.rs:168:18
[INFO] [stdout]   16:     0x5e088c3107ad - rust_begin_unwind
[INFO] [stdout]                                at /rustc/6067b36314ab5eb2eb47cecc464545ba58e1ad24/library/std/src/panicking.rs:695:5
[INFO] [stdout]   17:     0x5e088c3394b0 - core::panicking::panic_fmt::h9e7c637e9e5f29c9
[INFO] [stdout]                                at /rustc/6067b36314ab5eb2eb47cecc464545ba58e1ad24/library/core/src/panicking.rs:75:14
[INFO] [stdout]   18:     0x5e088bbd91c3 - core::panicking::panic_display::h89fb553160045254
[INFO] [stdout]                                at /rustc/6067b36314ab5eb2eb47cecc464545ba58e1ad24/library/core/src/panicking.rs:261:5
[INFO] [stdout]   19:     0x5e088bbd77be - assert_cmd::assert::AssertError::panic::panic_cold_display::h09d80f432ea2e746
[INFO] [stdout]                                at /rustc/6067b36314ab5eb2eb47cecc464545ba58e1ad24/library/core/src/panic.rs:100:13
[INFO] [stdout]   20:     0x5e088bbd5e77 - assert_cmd::assert::AssertError::panic::haec59b2749089cbb
[INFO] [stdout]                                at /opt/rustwide/cargo-home/registry/src/index.crates.io-1949cf8c6b5b557f/assert_cmd-2.0.14/src/assert.rs:1033:9
[INFO] [stdout]   21:     0x5e088bbd2037 - core::ops::function::FnOnce::call_once::h418783b70a31a6c7
[INFO] [stdout]                                at /rustc/6067b36314ab5eb2eb47cecc464545ba58e1ad24/library/core/src/ops/function.rs:250:5
[INFO] [stdout]   22:     0x5e088bbdf8b0 - core::result::Result<T,E>::unwrap_or_else::hbff142ad008b3abd
[INFO] [stdout]                                at /rustc/6067b36314ab5eb2eb47cecc464545ba58e1ad24/library/core/src/result.rs:1463:23
[INFO] [stdout]   23:     0x5e088bbd5746 - assert_cmd::assert::Assert::success::h677e2a97e0ae00e9
[INFO] [stdout]                                at /opt/rustwide/cargo-home/registry/src/index.crates.io-1949cf8c6b5b557f/assert_cmd-2.0.14/src/assert.rs:158:9
[INFO] [stdout]   24:     0x5e088bb770a6 - md_models::tests::test_pipeline_single_model::hb844be12c0a60725
[INFO] [stdout]                                at /opt/rustwide/workdir/src/bin/cli.rs:484:9
[INFO] [stdout]   25:     0x5e088bb76ee7 - md_models::tests::test_pipeline_single_model::{{closure}}::h3c6ecbb7d36b535a
[INFO] [stdout]                                at /opt/rustwide/workdir/src/bin/cli.rs:477:36
[INFO] [stdout]   26:     0x5e088bb72ca6 - core::ops::function::FnOnce::call_once::ha591d4d9884f8662
[INFO] [stdout]                                at /rustc/6067b36314ab5eb2eb47cecc464545ba58e1ad24/library/core/src/ops/function.rs:250:5
[INFO] [stdout]   27:     0x5e088bbb6d8b - core::ops::function::FnOnce::call_once::he27718dfdd183f43
[INFO] [stdout]                                at /rustc/6067b36314ab5eb2eb47cecc464545ba58e1ad24/library/core/src/ops/function.rs:250:5
[INFO] [stdout]   28:     0x5e088bbb6d8b - test::__rust_begin_short_backtrace::h4e84902998457a5d
[INFO] [stdout]                                at /rustc/6067b36314ab5eb2eb47cecc464545ba58e1ad24/library/test/src/lib.rs:632:18
[INFO] [stdout]   29:     0x5e088bbb5cc3 - test::run_test_in_process::{{closure}}::h7176fd18fc1feca0
[INFO] [stdout]                                at /rustc/6067b36314ab5eb2eb47cecc464545ba58e1ad24/library/test/src/lib.rs:655:60
[INFO] [stdout]   30:     0x5e088bbb5cc3 - <core::panic::unwind_safe::AssertUnwindSafe<F> as core::ops::function::FnOnce<()>>::call_once::hf79cff2a624d8cf7
[INFO] [stdout]                                at /rustc/6067b36314ab5eb2eb47cecc464545ba58e1ad24/library/core/src/panic/unwind_safe.rs:272:9
[INFO] [stdout]   31:     0x5e088bbb5cc3 - std::panicking::try::do_call::h3da0561d9ab99c25
[INFO] [stdout]                                at /rustc/6067b36314ab5eb2eb47cecc464545ba58e1ad24/library/std/src/panicking.rs:587:40
[INFO] [stdout]   32:     0x5e088bbb5cc3 - std::panicking::try::h41c9fa508bc61df6
[INFO] [stdout]                                at /rustc/6067b36314ab5eb2eb47cecc464545ba58e1ad24/library/std/src/panicking.rs:550:19
[INFO] [stdout]   33:     0x5e088bbb5cc3 - std::panic::catch_unwind::h6b3ff07bb5afad93
[INFO] [stdout]                                at /rustc/6067b36314ab5eb2eb47cecc464545ba58e1ad24/library/std/src/panic.rs:358:14
[INFO] [stdout]   34:     0x5e088bbb5cc3 - test::run_test_in_process::hc7253dd11b39b9f4
[INFO] [stdout]                                at /rustc/6067b36314ab5eb2eb47cecc464545ba58e1ad24/library/test/src/lib.rs:655:27
[INFO] [stdout]   35:     0x5e088bbb5cc3 - test::run_test::{{closure}}::hfb2007f8649c30bb
[INFO] [stdout]                                at /rustc/6067b36314ab5eb2eb47cecc464545ba58e1ad24/library/test/src/lib.rs:576:43
[INFO] [stdout]   36:     0x5e088bb78da5 - test::run_test::{{closure}}::h56a17aa7a282a9f4
[INFO] [stdout]                                at /rustc/6067b36314ab5eb2eb47cecc464545ba58e1ad24/library/test/src/lib.rs:606:41
[INFO] [stdout]   37:     0x5e088bb78da5 - std::sys::backtrace::__rust_begin_short_backtrace::hd2d2d2fb8e8c6aac
[INFO] [stdout]                                at /rustc/6067b36314ab5eb2eb47cecc464545ba58e1ad24/library/std/src/sys/backtrace.rs:152:18
[INFO] [stdout]   38:     0x5e088bb7c68a - std::thread::Builder::spawn_unchecked_::{{closure}}::{{closure}}::h4faa3f9db6133423
[INFO] [stdout]                                at /rustc/6067b36314ab5eb2eb47cecc464545ba58e1ad24/library/std/src/thread/mod.rs:559:17
[INFO] [stdout]   39:     0x5e088bb7c68a - <core::panic::unwind_safe::AssertUnwindSafe<F> as core::ops::function::FnOnce<()>>::call_once::hf2e855a36a4ea846
[INFO] [stdout]                                at /rustc/6067b36314ab5eb2eb47cecc464545ba58e1ad24/library/core/src/panic/unwind_safe.rs:272:9
[INFO] [stdout]   40:     0x5e088bb7c68a - std::panicking::try::do_call::h2f73af3616c35465
[INFO] [stdout]                                at /rustc/6067b36314ab5eb2eb47cecc464545ba58e1ad24/library/std/src/panicking.rs:587:40
[INFO] [stdout]   41:     0x5e088bb7c68a - std::panicking::try::hd1660ce9efadef5a
[INFO] [stdout]                                at /rustc/6067b36314ab5eb2eb47cecc464545ba58e1ad24/library/std/src/panicking.rs:550:19
[INFO] [stdout]   42:     0x5e088bb7c68a - std::panic::catch_unwind::h5ee8d7823b8ca744
[INFO] [stdout]                                at /rustc/6067b36314ab5eb2eb47cecc464545ba58e1ad24/library/std/src/panic.rs:358:14
[INFO] [stdout]   43:     0x5e088bb7c68a - std::thread::Builder::spawn_unchecked_::{{closure}}::h53c3a1894dce8407
[INFO] [stdout]                                at /rustc/6067b36314ab5eb2eb47cecc464545ba58e1ad24/library/std/src/thread/mod.rs:557:30
[INFO] [stdout]   44:     0x5e088bb7c68a - core::ops::function::FnOnce::call_once{{vtable.shim}}::h048ce291ad4f62bf
[INFO] [stdout]                                at /rustc/6067b36314ab5eb2eb47cecc464545ba58e1ad24/library/core/src/ops/function.rs:250:5
[INFO] [stdout]   45:     0x5e088c315d4b - <alloc::boxed::Box<F,A> as core::ops::function::FnOnce<Args>>::call_once::ha52bedf99a3b4981
[INFO] [stdout]                                at /rustc/6067b36314ab5eb2eb47cecc464545ba58e1ad24/library/alloc/src/boxed.rs:2013:9
[INFO] [stdout]   46:     0x5e088c315d4b - <alloc::boxed::Box<F,A> as core::ops::function::FnOnce<Args>>::call_once::h567748934d80ccf8
[INFO] [stdout]                                at /rustc/6067b36314ab5eb2eb47cecc464545ba58e1ad24/library/alloc/src/boxed.rs:2013:9
[INFO] [stdout]   47:     0x5e088c315d4b - std::sys::pal::unix::thread::Thread::new::thread_start::h2d970728ae887adc
[INFO] [stdout]                                at /rustc/6067b36314ab5eb2eb47cecc464545ba58e1ad24/library/std/src/sys/pal/unix/thread.rs:106:17
[INFO] [stdout]   48:     0x749e95c25ac3 - <unknown>
[INFO] [stdout]   49:     0x749e95cb6a04 - clone
[INFO] [stdout]   50:                0x0 - <unknown>
[INFO] [stdout] 
[INFO] [stdout] ---- tests::test_pipeline_multiple_models stdout ----
[INFO] [stdout] 
[INFO] [stdout] thread 'tests::test_pipeline_multiple_models' panicked at /rustc/6067b36314ab5eb2eb47cecc464545ba58e1ad24/library/core/src/ops/function.rs:250:5:
[INFO] [stdout] Unexpected failure.
[INFO] [stdout] code=1
[INFO] [stdout] stderr=```"Error: Os { code: 30, kind: ReadOnlyFilesystem, message: \"Read-only file system\" }\n"```
[INFO] [stdout] command=`"/opt/rustwide/target/debug/md-models" "pipeline" "-i" "tests/test_pipeline_per_spec.toml"`
[INFO] [stdout] code=1
[INFO] [stdout] stdout=" [python-dataclass] Writing to \'tests/intermediates/merge/lib/model.py\'\n"
[INFO] [stdout] stderr="Error: Os { code: 30, kind: ReadOnlyFilesystem, message: \"Read-only file system\" }\n"
[INFO] [stdout] 
[INFO] [stdout] stack backtrace:
[INFO] [stdout]    0:     0x5e088c30eeca - std::backtrace_rs::backtrace::libunwind::trace::hb059275cfc8d6126
[INFO] [stdout]                                at /rustc/6067b36314ab5eb2eb47cecc464545ba58e1ad24/library/std/src/../../backtrace/src/backtrace/libunwind.rs:116:5
[INFO] [stdout]    1:     0x5e088c30eeca - std::backtrace_rs::backtrace::trace_unsynchronized::h2da071e4327ce3ee
[INFO] [stdout]                                at /rustc/6067b36314ab5eb2eb47cecc464545ba58e1ad24/library/std/src/../../backtrace/src/backtrace/mod.rs:66:5
[INFO] [stdout]    2:     0x5e088c30eeca - std::sys::backtrace::_print_fmt::h842a1474e6f8d23f
[INFO] [stdout]                                at /rustc/6067b36314ab5eb2eb47cecc464545ba58e1ad24/library/std/src/sys/backtrace.rs:66:9
[INFO] [stdout]    3:     0x5e088c30eeca - <std::sys::backtrace::BacktraceLock::print::DisplayBacktrace as core::fmt::Display>::fmt::h71a62eb3b9696b12
[INFO] [stdout]                                at /rustc/6067b36314ab5eb2eb47cecc464545ba58e1ad24/library/std/src/sys/backtrace.rs:39:26
[INFO] [stdout]    4:     0x5e088c33b2a3 - core::fmt::rt::Argument::fmt::hdb6b616786b41dc1
[INFO] [stdout]                                at /rustc/6067b36314ab5eb2eb47cecc464545ba58e1ad24/library/core/src/fmt/rt.rs:177:76
[INFO] [stdout]    5:     0x5e088c33b2a3 - core::fmt::write::h2cc1698af7e2d686
[INFO] [stdout]                                at /rustc/6067b36314ab5eb2eb47cecc464545ba58e1ad24/library/core/src/fmt/mod.rs:1440:21
[INFO] [stdout]    6:     0x5e088c30a923 - std::io::Write::write_fmt::hab1b4cd059a79022
[INFO] [stdout]                                at /rustc/6067b36314ab5eb2eb47cecc464545ba58e1ad24/library/std/src/io/mod.rs:1887:15
[INFO] [stdout]    7:     0x5e088c30ed12 - std::sys::backtrace::BacktraceLock::print::h147fe35b4ea13b08
[INFO] [stdout]                                at /rustc/6067b36314ab5eb2eb47cecc464545ba58e1ad24/library/std/src/sys/backtrace.rs:42:9
[INFO] [stdout]    8:     0x5e088c31036f - std::panicking::default_hook::{{closure}}::hbd44223dbdc0d208
[INFO] [stdout]                                at /rustc/6067b36314ab5eb2eb47cecc464545ba58e1ad24/library/std/src/panicking.rs:298:22
[INFO] [stdout]    9:     0x5e088c310188 - std::panicking::default_hook::h20f81eb0576efcec
[INFO] [stdout]                                at /rustc/6067b36314ab5eb2eb47cecc464545ba58e1ad24/library/std/src/panicking.rs:322:9
[INFO] [stdout]   10:     0x5e088bbb1633 - <alloc::boxed::Box<F,A> as core::ops::function::Fn<Args>>::call::hdb53814c496a4d34
[INFO] [stdout]                                at /rustc/6067b36314ab5eb2eb47cecc464545ba58e1ad24/library/alloc/src/boxed.rs:2027:9
[INFO] [stdout]   11:     0x5e088bbb1633 - test::test_main::{{closure}}::hc0a4963c59427c24
[INFO] [stdout]                                at /rustc/6067b36314ab5eb2eb47cecc464545ba58e1ad24/library/test/src/lib.rs:134:21
[INFO] [stdout]   12:     0x5e088c310e63 - <alloc::boxed::Box<F,A> as core::ops::function::Fn<Args>>::call::h591b2225413a77e9
[INFO] [stdout]                                at /rustc/6067b36314ab5eb2eb47cecc464545ba58e1ad24/library/alloc/src/boxed.rs:2027:9
[INFO] [stdout]   13:     0x5e088c310e63 - std::panicking::rust_panic_with_hook::h625eea43051b2edc
[INFO] [stdout]                                at /rustc/6067b36314ab5eb2eb47cecc464545ba58e1ad24/library/std/src/panicking.rs:839:13
[INFO] [stdout]   14:     0x5e088c310b1a - std::panicking::begin_panic_handler::{{closure}}::h4f9159cfbc3f6bd3
[INFO] [stdout]                                at /rustc/6067b36314ab5eb2eb47cecc464545ba58e1ad24/library/std/src/panicking.rs:704:13
[INFO] [stdout]   15:     0x5e088c30f3c9 - std::sys::backtrace::__rust_end_short_backtrace::h0390abce48353151
[INFO] [stdout]                                at /rustc/6067b36314ab5eb2eb47cecc464545ba58e1ad24/library/std/src/sys/backtrace.rs:168:18
[INFO] [stdout]   16:     0x5e088c3107ad - rust_begin_unwind
[INFO] [stdout]                                at /rustc/6067b36314ab5eb2eb47cecc464545ba58e1ad24/library/std/src/panicking.rs:695:5
[INFO] [stdout]   17:     0x5e088c3394b0 - core::panicking::panic_fmt::h9e7c637e9e5f29c9
[INFO] [stdout]                                at /rustc/6067b36314ab5eb2eb47cecc464545ba58e1ad24/library/core/src/panicking.rs:75:14
[INFO] [stdout]   18:     0x5e088bbd91c3 - core::panicking::panic_display::h89fb553160045254
[INFO] [stdout]                                at /rustc/6067b36314ab5eb2eb47cecc464545ba58e1ad24/library/core/src/panicking.rs:261:5
[INFO] [stdout]   19:     0x5e088bbd77be - assert_cmd::assert::AssertError::panic::panic_cold_display::h09d80f432ea2e746
[INFO] [stdout]                                at /rustc/6067b36314ab5eb2eb47cecc464545ba58e1ad24/library/core/src/panic.rs:100:13
[INFO] [stdout]   20:     0x5e088bbd5e77 - assert_cmd::assert::AssertError::panic::haec59b2749089cbb
[INFO] [stdout]                                at /opt/rustwide/cargo-home/registry/src/index.crates.io-1949cf8c6b5b557f/assert_cmd-2.0.14/src/assert.rs:1033:9
[INFO] [stdout]   21:     0x5e088bbd2037 - core::ops::function::FnOnce::call_once::h418783b70a31a6c7
[INFO] [stdout]                                at /rustc/6067b36314ab5eb2eb47cecc464545ba58e1ad24/library/core/src/ops/function.rs:250:5
[INFO] [stdout]   22:     0x5e088bbdf8b0 - core::result::Result<T,E>::unwrap_or_else::hbff142ad008b3abd
[INFO] [stdout]                                at /rustc/6067b36314ab5eb2eb47cecc464545ba58e1ad24/library/core/src/result.rs:1463:23
[INFO] [stdout]   23:     0x5e088bbd5746 - assert_cmd::assert::Assert::success::h677e2a97e0ae00e9
[INFO] [stdout]                                at /opt/rustwide/cargo-home/registry/src/index.crates.io-1949cf8c6b5b557f/assert_cmd-2.0.14/src/assert.rs:158:9
[INFO] [stdout]   24:     0x5e088bb772c6 - md_models::tests::test_pipeline_multiple_models::hdd55c12234055e7d
[INFO] [stdout]                                at /opt/rustwide/workdir/src/bin/cli.rs:495:9
[INFO] [stdout]   25:     0x5e088bb77107 - md_models::tests::test_pipeline_multiple_models::{{closure}}::hf87cf9e5aff3ba52
[INFO] [stdout]                                at /opt/rustwide/workdir/src/bin/cli.rs:488:39
[INFO] [stdout]   26:     0x5e088bb72c26 - core::ops::function::FnOnce::call_once::h8041dfcda014669b
[INFO] [stdout]                                at /rustc/6067b36314ab5eb2eb47cecc464545ba58e1ad24/library/core/src/ops/function.rs:250:5
[INFO] [stdout]   27:     0x5e088bbb6d8b - core::ops::function::FnOnce::call_once::he27718dfdd183f43
[INFO] [stdout]                                at /rustc/6067b36314ab5eb2eb47cecc464545ba58e1ad24/library/core/src/ops/function.rs:250:5
[INFO] [stdout]   28:     0x5e088bbb6d8b - test::__rust_begin_short_backtrace::h4e84902998457a5d
[INFO] [stdout]                                at /rustc/6067b36314ab5eb2eb47cecc464545ba58e1ad24/library/test/src/lib.rs:632:18
[INFO] [stdout]   29:     0x5e088bbb5cc3 - test::run_test_in_process::{{closure}}::h7176fd18fc1feca0
[INFO] [stdout]                                at /rustc/6067b36314ab5eb2eb47cecc464545ba58e1ad24/library/test/src/lib.rs:655:60
[INFO] [stdout]   30:     0x5e088bbb5cc3 - <core::panic::unwind_safe::AssertUnwindSafe<F> as core::ops::function::FnOnce<()>>::call_once::hf79cff2a624d8cf7
[INFO] [stdout]                                at /rustc/6067b36314ab5eb2eb47cecc464545ba58e1ad24/library/core/src/panic/unwind_safe.rs:272:9
[INFO] [stdout]   31:     0x5e088bbb5cc3 - std::panicking::try::do_call::h3da0561d9ab99c25
[INFO] [stdout]                                at /rustc/6067b36314ab5eb2eb47cecc464545ba58e1ad24/library/std/src/panicking.rs:587:40
[INFO] [stdout]   32:     0x5e088bbb5cc3 - std::panicking::try::h41c9fa508bc61df6
[INFO] [stdout]                                at /rustc/6067b36314ab5eb2eb47cecc464545ba58e1ad24/library/std/src/panicking.rs:550:19
[INFO] [stdout]   33:     0x5e088bbb5cc3 - std::panic::catch_unwind::h6b3ff07bb5afad93
[INFO] [stdout]                                at /rustc/6067b36314ab5eb2eb47cecc464545ba58e1ad24/library/std/src/panic.rs:358:14
[INFO] [stdout]   34:     0x5e088bbb5cc3 - test::run_test_in_process::hc7253dd11b39b9f4
[INFO] [stdout]                                at /rustc/6067b36314ab5eb2eb47cecc464545ba58e1ad24/library/test/src/lib.rs:655:27
[INFO] [stdout]   35:     0x5e088bbb5cc3 - test::run_test::{{closure}}::hfb2007f8649c30bb
[INFO] [stdout]                                at /rustc/6067b36314ab5eb2eb47cecc464545ba58e1ad24/library/test/src/lib.rs:576:43
[INFO] [stdout]   36:     0x5e088bb78da5 - test::run_test::{{closure}}::h56a17aa7a282a9f4
[INFO] [stdout]                                at /rustc/6067b36314ab5eb2eb47cecc464545ba58e1ad24/library/test/src/lib.rs:606:41
[INFO] [stdout]   37:     0x5e088bb78da5 - std::sys::backtrace::__rust_begin_short_backtrace::hd2d2d2fb8e8c6aac
[INFO] [stdout]                                at /rustc/6067b36314ab5eb2eb47cecc464545ba58e1ad24/library/std/src/sys/backtrace.rs:152:18
[INFO] [stdout]   38:     0x5e088bb7c68a - std::thread::Builder::spawn_unchecked_::{{closure}}::{{closure}}::h4faa3f9db6133423
[INFO] [stdout]                                at /rustc/6067b36314ab5eb2eb47cecc464545ba58e1ad24/library/std/src/thread/mod.rs:559:17
[INFO] [stdout]   39:     0x5e088bb7c68a - <core::panic::unwind_safe::AssertUnwindSafe<F> as core::ops::function::FnOnce<()>>::call_once::hf2e855a36a4ea846
[INFO] [stdout]                                at /rustc/6067b36314ab5eb2eb47cecc464545ba58e1ad24/library/core/src/panic/unwind_safe.rs:272:9
[INFO] [stdout]   40:     0x5e088bb7c68a - std::panicking::try::do_call::h2f73af3616c35465
[INFO] [stdout]                                at /rustc/6067b36314ab5eb2eb47cecc464545ba58e1ad24/library/std/src/panicking.rs:587:40
[INFO] [stdout]   41:     0x5e088bb7c68a - std::panicking::try::hd1660ce9efadef5a
[INFO] [stdout]                                at /rustc/6067b36314ab5eb2eb47cecc464545ba58e1ad24/library/std/src/panicking.rs:550:19
[INFO] [stdout]   42:     0x5e088bb7c68a - std::panic::catch_unwind::h5ee8d7823b8ca744
[INFO] [stdout]                                at /rustc/6067b36314ab5eb2eb47cecc464545ba58e1ad24/library/std/src/panic.rs:358:14
[INFO] [stdout]   43:     0x5e088bb7c68a - std::thread::Builder::spawn_unchecked_::{{closure}}::h53c3a1894dce8407
[INFO] [stdout]                                at /rustc/6067b36314ab5eb2eb47cecc464545ba58e1ad24/library/std/src/thread/mod.rs:557:30
[INFO] [stdout]   44:     0x5e088bb7c68a - core::ops::function::FnOnce::call_once{{vtable.shim}}::h048ce291ad4f62bf
[INFO] [stdout]                                at /rustc/6067b36314ab5eb2eb47cecc464545ba58e1ad24/library/core/src/ops/function.rs:250:5
[INFO] [stdout]   45:     0x5e088c315d4b - <alloc::boxed::Box<F,A> as core::ops::function::FnOnce<Args>>::call_once::ha52bedf99a3b4981
[INFO] [stdout]                                at /rustc/6067b36314ab5eb2eb47cecc464545ba58e1ad24/library/alloc/src/boxed.rs:2013:9
[INFO] [stdout]   46:     0x5e088c315d4b - <alloc::boxed::Box<F,A> as core::ops::function::FnOnce<Args>>::call_once::h567748934d80ccf8
[INFO] [stdout]                                at /rustc/6067b36314ab5eb2eb47cecc464545ba58e1ad24/library/alloc/src/boxed.rs:2013:9
[INFO] [stdout]   47:     0x5e088c315d4b - std::sys::pal::unix::thread::Thread::new::thread_start::h2d970728ae887adc
[INFO] [stdout]                                at /rustc/6067b36314ab5eb2eb47cecc464545ba58e1ad24/library/std/src/sys/pal/unix/thread.rs:106:17
[INFO] [stdout]   48:     0x749e95c25ac3 - <unknown>
[INFO] [stdout]   49:     0x749e95cb6a04 - clone
[INFO] [stdout]   50:                0x0 - <unknown>
[INFO] [stdout] 
[INFO] [stdout] 
[INFO] [stdout] failures:
[INFO] [stdout]     tests::test_pipeline_multiple_models
[INFO] [stdout]     tests::test_pipeline_single_model
[INFO] [stdout] 
[INFO] [stdout] test result: FAILED. 7 passed; 2 failed; 0 ignored; 0 measured; 0 filtered out; finished in 0.16s
[INFO] [stdout] 
[INFO] [stderr] error: test failed, to rerun pass `--bin md-models`
[INFO] running `Command { std: "docker" "inspect" "54545104ea8ad14caec6a46ed694b34113d7bd0a89df743050fe2c972e82f60d", kill_on_drop: false }`
[INFO] running `Command { std: "docker" "rm" "-f" "54545104ea8ad14caec6a46ed694b34113d7bd0a89df743050fe2c972e82f60d", kill_on_drop: false }`
[INFO] [stdout] 54545104ea8ad14caec6a46ed694b34113d7bd0a89df743050fe2c972e82f60d
