[INFO] cloning repository https://github.com/J00LZZ/rust6502
[INFO] running `Command { std: "git" "-c" "credential.helper=" "-c" "credential.helper=/workspace/cargo-home/bin/git-credential-null" "clone" "--bare" "https://github.com/J00LZZ/rust6502" "/workspace/cache/git-repos/https%3A%2F%2Fgithub.com%2FJ00LZZ%2Frust6502", kill_on_drop: false }`
[INFO] [stderr] Cloning into bare repository '/workspace/cache/git-repos/https%3A%2F%2Fgithub.com%2FJ00LZZ%2Frust6502'...
[INFO] running `Command { std: "git" "rev-parse" "HEAD", kill_on_drop: false }`
[INFO] [stdout] f4e281aec63f20000661e333b41cf1da5d3a10de
[INFO] testing J00LZZ/rust6502 against nightly-2025-01-18 for randomize-layout-2
[INFO] running `Command { std: "git" "clone" "/workspace/cache/git-repos/https%3A%2F%2Fgithub.com%2FJ00LZZ%2Frust6502" "/workspace/builds/worker-4-tc1/source", kill_on_drop: false }`
[INFO] [stderr] Cloning into '/workspace/builds/worker-4-tc1/source'...
[INFO] [stderr] done.
[INFO] validating manifest of git repo https://github.com/J00LZZ/rust6502 on toolchain nightly-2025-01-18
[INFO] running `Command { std: CARGO_HOME="/workspace/cargo-home" RUSTUP_HOME="/workspace/rustup-home" "/workspace/cargo-home/bin/cargo" "+nightly-2025-01-18" "metadata" "--manifest-path" "Cargo.toml" "--no-deps", kill_on_drop: false }`
[INFO] started tweaking git repo https://github.com/J00LZZ/rust6502
[INFO] finished tweaking git repo https://github.com/J00LZZ/rust6502
[INFO] tweaked toml for git repo https://github.com/J00LZZ/rust6502 written to /workspace/builds/worker-4-tc1/source/Cargo.toml
[INFO] crate git repo https://github.com/J00LZZ/rust6502 already has a lockfile, it will not be regenerated
[INFO] running `Command { std: CARGO_HOME="/workspace/cargo-home" RUSTUP_HOME="/workspace/rustup-home" "/workspace/cargo-home/bin/cargo" "+nightly-2025-01-18" "fetch" "--manifest-path" "Cargo.toml", kill_on_drop: false }`
[INFO] [stderr]     Blocking waiting for file lock on package cache
[INFO] [stderr]     Updating crates.io index
[INFO] [stderr]     Blocking waiting for file lock on package cache
[INFO] [stderr]  Downloading crates ...
[INFO] [stderr]   Downloaded psf v0.2.0
[INFO] [stderr]   Downloaded olc_pixel_game_engine v0.5.0
[INFO] running `Command { std: "docker" "create" "-v" "/var/lib/crater-agent-workspace/builds/worker-4-tc1/target:/opt/rustwide/target:rw,Z" "-v" "/var/lib/crater-agent-workspace/builds/worker-4-tc1/source:/opt/rustwide/workdir:ro,Z" "-v" "/var/lib/crater-agent-workspace/cargo-home:/opt/rustwide/cargo-home:ro,Z" "-v" "/var/lib/crater-agent-workspace/rustup-home:/opt/rustwide/rustup-home:ro,Z" "-e" "SOURCE_DIR=/opt/rustwide/workdir" "-e" "CARGO_TARGET_DIR=/opt/rustwide/target" "-e" "CARGO_HOME=/opt/rustwide/cargo-home" "-e" "RUSTUP_HOME=/opt/rustwide/rustup-home" "-w" "/opt/rustwide/workdir" "-m" "1610612736" "--user" "0:0" "--network" "none" "ghcr.io/rust-lang/crates-build-env/linux@sha256:819108c5571ea2e421544af4d832f968d213c87fbe3707a016657f43d2f853bc" "/opt/rustwide/cargo-home/bin/cargo" "+nightly-2025-01-18" "metadata" "--no-deps" "--format-version=1", kill_on_drop: false }`
[INFO] [stdout] 955f26fd1abd5f17179880a5b1ae7d0aba65c47f7e1a23f32fea4705876ae069
[INFO] running `Command { std: "docker" "start" "-a" "955f26fd1abd5f17179880a5b1ae7d0aba65c47f7e1a23f32fea4705876ae069", kill_on_drop: false }`
[INFO] running `Command { std: "docker" "inspect" "955f26fd1abd5f17179880a5b1ae7d0aba65c47f7e1a23f32fea4705876ae069", kill_on_drop: false }`
[INFO] running `Command { std: "docker" "rm" "-f" "955f26fd1abd5f17179880a5b1ae7d0aba65c47f7e1a23f32fea4705876ae069", kill_on_drop: false }`
[INFO] [stdout] 955f26fd1abd5f17179880a5b1ae7d0aba65c47f7e1a23f32fea4705876ae069
[INFO] running `Command { std: "docker" "create" "-v" "/var/lib/crater-agent-workspace/builds/worker-4-tc1/target:/opt/rustwide/target:rw,Z" "-v" "/var/lib/crater-agent-workspace/builds/worker-4-tc1/source:/opt/rustwide/workdir:ro,Z" "-v" "/var/lib/crater-agent-workspace/cargo-home:/opt/rustwide/cargo-home:ro,Z" "-v" "/var/lib/crater-agent-workspace/rustup-home:/opt/rustwide/rustup-home:ro,Z" "-e" "SOURCE_DIR=/opt/rustwide/workdir" "-e" "CARGO_TARGET_DIR=/opt/rustwide/target" "-e" "CARGO_INCREMENTAL=0" "-e" "RUST_BACKTRACE=full" "-e" "RUSTFLAGS=--cap-lints=forbid" "-e" "RUSTDOCFLAGS=--cap-lints=forbid" "-e" "CARGO_HOME=/opt/rustwide/cargo-home" "-e" "RUSTUP_HOME=/opt/rustwide/rustup-home" "-w" "/opt/rustwide/workdir" "-m" "1610612736" "--user" "0:0" "--network" "none" "ghcr.io/rust-lang/crates-build-env/linux@sha256:819108c5571ea2e421544af4d832f968d213c87fbe3707a016657f43d2f853bc" "/opt/rustwide/cargo-home/bin/cargo" "+nightly-2025-01-18" "build" "--frozen" "--message-format=json", kill_on_drop: false }`
[INFO] [stdout] 9e45530b4d35bdc06d58ba2573da7f221efd9ada77b32c27ffd27dcc63e8b77f
[INFO] running `Command { std: "docker" "start" "-a" "9e45530b4d35bdc06d58ba2573da7f221efd9ada77b32c27ffd27dcc63e8b77f", kill_on_drop: false }`
[INFO] [stderr]    Compiling proc-macro2 v1.0.27
[INFO] [stderr]    Compiling unicode-xid v0.2.2
[INFO] [stderr]    Compiling miniz_oxide v0.4.4
[INFO] [stderr]    Compiling syn v1.0.73
[INFO] [stderr]    Compiling libc v0.2.98
[INFO] [stderr]    Compiling crc32fast v1.2.1
[INFO] [stderr]    Compiling adler v1.0.2
[INFO] [stderr]    Compiling cc v1.0.69
[INFO] [stderr]    Compiling codegen v0.1.0 (/opt/rustwide/workdir/codegen)
[INFO] [stdout] warning: unnecessary parentheses around match arm expression
[INFO] [stdout]   --> codegen/src/lib.rs:50:26
[INFO] [stdout]    |
[INFO] [stdout] 50 |         StatusFlag::N => (if nf { "BPL" } else { "BMI" }),
[INFO] [stdout]    |                          ^                              ^
[INFO] [stdout]    |
[INFO] [stdout]    = note: `#[warn(unused_parens)]` on by default
[INFO] [stdout] help: remove these parentheses
[INFO] [stdout]    |
[INFO] [stdout] 50 -         StatusFlag::N => (if nf { "BPL" } else { "BMI" }),
[INFO] [stdout] 50 +         StatusFlag::N => if nf { "BPL" } else { "BMI" },
[INFO] [stdout]    |
[INFO] [stdout] 
[INFO] [stdout] 
[INFO] [stdout] warning: unnecessary parentheses around match arm expression
[INFO] [stdout]   --> codegen/src/lib.rs:51:26
[INFO] [stdout]    |
[INFO] [stdout] 51 |         StatusFlag::V => (if nf { "BVC" } else { "BVS" }),
[INFO] [stdout]    |                          ^                              ^
[INFO] [stdout]    |
[INFO] [stdout] help: remove these parentheses
[INFO] [stdout]    |
[INFO] [stdout] 51 -         StatusFlag::V => (if nf { "BVC" } else { "BVS" }),
[INFO] [stdout] 51 +         StatusFlag::V => if nf { "BVC" } else { "BVS" },
[INFO] [stdout]    |
[INFO] [stdout] 
[INFO] [stdout] 
[INFO] [stdout] warning: unnecessary parentheses around match arm expression
[INFO] [stdout]   --> codegen/src/lib.rs:52:26
[INFO] [stdout]    |
[INFO] [stdout] 52 |         StatusFlag::C => (if nf { "BCC" } else { "BCS" }),
[INFO] [stdout]    |                          ^                              ^
[INFO] [stdout]    |
[INFO] [stdout] help: remove these parentheses
[INFO] [stdout]    |
[INFO] [stdout] 52 -         StatusFlag::C => (if nf { "BCC" } else { "BCS" }),
[INFO] [stdout] 52 +         StatusFlag::C => if nf { "BCC" } else { "BCS" },
[INFO] [stdout]    |
[INFO] [stdout] 
[INFO] [stdout] 
[INFO] [stdout] warning: unnecessary parentheses around match arm expression
[INFO] [stdout]   --> codegen/src/lib.rs:53:26
[INFO] [stdout]    |
[INFO] [stdout] 53 |         StatusFlag::Z => (if nf { "BNE" } else { "BEQ" }),
[INFO] [stdout]    |                          ^                              ^
[INFO] [stdout]    |
[INFO] [stdout] help: remove these parentheses
[INFO] [stdout]    |
[INFO] [stdout] 53 -         StatusFlag::Z => (if nf { "BNE" } else { "BEQ" }),
[INFO] [stdout] 53 +         StatusFlag::Z => if nf { "BNE" } else { "BEQ" },
[INFO] [stdout]    |
[INFO] [stdout] 
[INFO] [stdout] 
[INFO] [stderr]    Compiling olc_pixel_game_engine v0.5.0
[INFO] [stderr]    Compiling quote v1.0.9
[INFO] [stderr]    Compiling flate2 v1.0.20
[INFO] [stderr]    Compiling psf v0.2.0
[INFO] [stderr]    Compiling thiserror-impl v1.0.26
[INFO] [stderr]    Compiling thiserror v1.0.26
[INFO] [stderr]    Compiling rust6502 v0.1.0 (/opt/rustwide/workdir)
[INFO] [stdout] warning: variable does not need to be mutable
[INFO] [stdout]    --> src/cpu.rs:100:7
[INFO] [stdout]     |
[INFO] [stdout] 100 | fn sa(mut pins: &mut Pins, addr: u16) {
[INFO] [stdout]     |       ----^^^^
[INFO] [stdout]     |       |
[INFO] [stdout]     |       help: remove this `mut`
[INFO] [stdout]     |
[INFO] [stdout]     = note: `#[warn(unused_mut)]` on by default
[INFO] [stdout] 
[INFO] [stdout] 
[INFO] [stdout] warning: variable does not need to be mutable
[INFO] [stdout]    --> src/cpu.rs:108:8
[INFO] [stdout]     |
[INFO] [stdout] 108 | fn sad(mut pins: &mut Pins, addr: u16, data: u8) {
[INFO] [stdout]     |        ----^^^^
[INFO] [stdout]     |        |
[INFO] [stdout]     |        help: remove this `mut`
[INFO] [stdout] 
[INFO] [stdout] 
[INFO] [stdout] warning: variable does not need to be mutable
[INFO] [stdout]    --> src/cpu.rs:113:7
[INFO] [stdout]     |
[INFO] [stdout] 113 | fn sd(mut pins: &mut Pins, data: u8) {
[INFO] [stdout]     |       ----^^^^
[INFO] [stdout]     |       |
[INFO] [stdout]     |       help: remove this `mut`
[INFO] [stdout] 
[INFO] [stdout] 
[INFO] [stdout] warning: variable does not need to be mutable
[INFO] [stdout]    --> src/cpu.rs:121:7
[INFO] [stdout]     |
[INFO] [stdout] 121 | fn on(mut pins: &mut Pins, x: PinFlags) {
[INFO] [stdout]     |       ----^^^^
[INFO] [stdout]     |       |
[INFO] [stdout]     |       help: remove this `mut`
[INFO] [stdout] 
[INFO] [stdout] 
[INFO] [stdout] warning: variable does not need to be mutable
[INFO] [stdout]    --> src/cpu.rs:131:8
[INFO] [stdout]     |
[INFO] [stdout] 131 | fn off(mut pins: &mut Pins, x: PinFlags) {
[INFO] [stdout]     |        ----^^^^
[INFO] [stdout]     |        |
[INFO] [stdout]     |        help: remove this `mut`
[INFO] [stdout] 
[INFO] [stdout] 
[INFO] [stdout] warning: variable does not need to be mutable
[INFO] [stdout]    --> src/cpu.rs:141:7
[INFO] [stdout]     |
[INFO] [stdout] 141 | fn rd(mut pins: &mut Pins) {
[INFO] [stdout]     |       ----^^^^
[INFO] [stdout]     |       |
[INFO] [stdout]     |       help: remove this `mut`
[INFO] [stdout] 
[INFO] [stdout] 
[INFO] [stdout] warning: variable does not need to be mutable
[INFO] [stdout]    --> src/cpu.rs:145:7
[INFO] [stdout]     |
[INFO] [stdout] 145 | fn wr(mut pins: &mut Pins) {
[INFO] [stdout]     |       ----^^^^
[INFO] [stdout]     |       |
[INFO] [stdout]     |       help: remove this `mut`
[INFO] [stdout] 
[INFO] [stdout] 
[INFO] [stderr]     Finished `dev` profile [unoptimized + debuginfo] target(s) in 6.82s
[INFO] running `Command { std: "docker" "inspect" "9e45530b4d35bdc06d58ba2573da7f221efd9ada77b32c27ffd27dcc63e8b77f", kill_on_drop: false }`
[INFO] running `Command { std: "docker" "rm" "-f" "9e45530b4d35bdc06d58ba2573da7f221efd9ada77b32c27ffd27dcc63e8b77f", kill_on_drop: false }`
[INFO] [stdout] 9e45530b4d35bdc06d58ba2573da7f221efd9ada77b32c27ffd27dcc63e8b77f
[INFO] running `Command { std: "docker" "create" "-v" "/var/lib/crater-agent-workspace/builds/worker-4-tc1/target:/opt/rustwide/target:rw,Z" "-v" "/var/lib/crater-agent-workspace/builds/worker-4-tc1/source:/opt/rustwide/workdir:ro,Z" "-v" "/var/lib/crater-agent-workspace/cargo-home:/opt/rustwide/cargo-home:ro,Z" "-v" "/var/lib/crater-agent-workspace/rustup-home:/opt/rustwide/rustup-home:ro,Z" "-e" "SOURCE_DIR=/opt/rustwide/workdir" "-e" "CARGO_TARGET_DIR=/opt/rustwide/target" "-e" "CARGO_INCREMENTAL=0" "-e" "RUST_BACKTRACE=full" "-e" "RUSTFLAGS=--cap-lints=forbid" "-e" "RUSTDOCFLAGS=--cap-lints=forbid" "-e" "CARGO_HOME=/opt/rustwide/cargo-home" "-e" "RUSTUP_HOME=/opt/rustwide/rustup-home" "-w" "/opt/rustwide/workdir" "-m" "1610612736" "--user" "0:0" "--network" "none" "ghcr.io/rust-lang/crates-build-env/linux@sha256:819108c5571ea2e421544af4d832f968d213c87fbe3707a016657f43d2f853bc" "/opt/rustwide/cargo-home/bin/cargo" "+nightly-2025-01-18" "test" "--frozen" "--no-run" "--message-format=json", kill_on_drop: false }`
[INFO] [stdout] 3429d9e88236b4750e73cf82e316642360fb4bd958736214e7c299397d7d90b5
[INFO] running `Command { std: "docker" "start" "-a" "3429d9e88236b4750e73cf82e316642360fb4bd958736214e7c299397d7d90b5", kill_on_drop: false }`
[INFO] [stderr]    Compiling rust6502 v0.1.0 (/opt/rustwide/workdir)
[INFO] [stdout] warning: unnecessary parentheses around match arm expression
[INFO] [stdout]   --> codegen/src/lib.rs:50:26
[INFO] [stdout]    |
[INFO] [stdout] 50 |         StatusFlag::N => (if nf { "BPL" } else { "BMI" }),
[INFO] [stdout]    |                          ^                              ^
[INFO] [stdout]    |
[INFO] [stdout]    = note: `#[warn(unused_parens)]` on by default
[INFO] [stdout] help: remove these parentheses
[INFO] [stdout]    |
[INFO] [stdout] 50 -         StatusFlag::N => (if nf { "BPL" } else { "BMI" }),
[INFO] [stdout] 50 +         StatusFlag::N => if nf { "BPL" } else { "BMI" },
[INFO] [stdout]    |
[INFO] [stdout] 
[INFO] [stdout] 
[INFO] [stdout] warning: unnecessary parentheses around match arm expression
[INFO] [stdout]   --> codegen/src/lib.rs:51:26
[INFO] [stdout]    |
[INFO] [stdout] 51 |         StatusFlag::V => (if nf { "BVC" } else { "BVS" }),
[INFO] [stdout]    |                          ^                              ^
[INFO] [stdout]    |
[INFO] [stdout] help: remove these parentheses
[INFO] [stdout]    |
[INFO] [stdout] 51 -         StatusFlag::V => (if nf { "BVC" } else { "BVS" }),
[INFO] [stdout] 51 +         StatusFlag::V => if nf { "BVC" } else { "BVS" },
[INFO] [stdout]    |
[INFO] [stdout] 
[INFO] [stdout] 
[INFO] [stdout] warning: unnecessary parentheses around match arm expression
[INFO] [stdout]   --> codegen/src/lib.rs:52:26
[INFO] [stdout]    |
[INFO] [stdout] 52 |         StatusFlag::C => (if nf { "BCC" } else { "BCS" }),
[INFO] [stdout]    |                          ^                              ^
[INFO] [stdout]    |
[INFO] [stdout] help: remove these parentheses
[INFO] [stdout]    |
[INFO] [stdout] 52 -         StatusFlag::C => (if nf { "BCC" } else { "BCS" }),
[INFO] [stdout] 52 +         StatusFlag::C => if nf { "BCC" } else { "BCS" },
[INFO] [stdout]    |
[INFO] [stdout] 
[INFO] [stdout] 
[INFO] [stdout] warning: unnecessary parentheses around match arm expression
[INFO] [stdout]   --> codegen/src/lib.rs:53:26
[INFO] [stdout]    |
[INFO] [stdout] 53 |         StatusFlag::Z => (if nf { "BNE" } else { "BEQ" }),
[INFO] [stdout]    |                          ^                              ^
[INFO] [stdout]    |
[INFO] [stdout] help: remove these parentheses
[INFO] [stdout]    |
[INFO] [stdout] 53 -         StatusFlag::Z => (if nf { "BNE" } else { "BEQ" }),
[INFO] [stdout] 53 +         StatusFlag::Z => if nf { "BNE" } else { "BEQ" },
[INFO] [stdout]    |
[INFO] [stdout] 
[INFO] [stdout] 
[INFO] [stdout] warning: variable does not need to be mutable
[INFO] [stdout]    --> src/cpu.rs:100:7
[INFO] [stdout]     |
[INFO] [stdout] 100 | fn sa(mut pins: &mut Pins, addr: u16) {
[INFO] [stdout]     |       ----^^^^
[INFO] [stdout]     |       |
[INFO] [stdout]     |       help: remove this `mut`
[INFO] [stdout]     |
[INFO] [stdout]     = note: `#[warn(unused_mut)]` on by default
[INFO] [stdout] 
[INFO] [stdout] 
[INFO] [stdout] warning: variable does not need to be mutable
[INFO] [stdout]    --> src/cpu.rs:108:8
[INFO] [stdout]     |
[INFO] [stdout] 108 | fn sad(mut pins: &mut Pins, addr: u16, data: u8) {
[INFO] [stdout]     |        ----^^^^
[INFO] [stdout]     |        |
[INFO] [stdout]     |        help: remove this `mut`
[INFO] [stdout] 
[INFO] [stdout] 
[INFO] [stdout] warning: variable does not need to be mutable
[INFO] [stdout]    --> src/cpu.rs:113:7
[INFO] [stdout]     |
[INFO] [stdout] 113 | fn sd(mut pins: &mut Pins, data: u8) {
[INFO] [stdout]     |       ----^^^^
[INFO] [stdout]     |       |
[INFO] [stdout]     |       help: remove this `mut`
[INFO] [stdout] 
[INFO] [stdout] 
[INFO] [stdout] warning: variable does not need to be mutable
[INFO] [stdout]    --> src/cpu.rs:121:7
[INFO] [stdout]     |
[INFO] [stdout] 121 | fn on(mut pins: &mut Pins, x: PinFlags) {
[INFO] [stdout]     |       ----^^^^
[INFO] [stdout]     |       |
[INFO] [stdout]     |       help: remove this `mut`
[INFO] [stdout] 
[INFO] [stdout] 
[INFO] [stdout] warning: variable does not need to be mutable
[INFO] [stdout]    --> src/cpu.rs:131:8
[INFO] [stdout]     |
[INFO] [stdout] 131 | fn off(mut pins: &mut Pins, x: PinFlags) {
[INFO] [stdout]     |        ----^^^^
[INFO] [stdout]     |        |
[INFO] [stdout]     |        help: remove this `mut`
[INFO] [stdout] 
[INFO] [stdout] 
[INFO] [stdout] warning: variable does not need to be mutable
[INFO] [stdout]    --> src/cpu.rs:141:7
[INFO] [stdout]     |
[INFO] [stdout] 141 | fn rd(mut pins: &mut Pins) {
[INFO] [stdout]     |       ----^^^^
[INFO] [stdout]     |       |
[INFO] [stdout]     |       help: remove this `mut`
[INFO] [stdout] 
[INFO] [stdout] 
[INFO] [stdout] warning: variable does not need to be mutable
[INFO] [stdout]    --> src/cpu.rs:145:7
[INFO] [stdout]     |
[INFO] [stdout] 145 | fn wr(mut pins: &mut Pins) {
[INFO] [stdout]     |       ----^^^^
[INFO] [stdout]     |       |
[INFO] [stdout]     |       help: remove this `mut`
[INFO] [stdout] 
[INFO] [stdout] 
[INFO] [stderr]     Finished `test` profile [unoptimized + debuginfo] target(s) in 0.92s
[INFO] running `Command { std: "docker" "inspect" "3429d9e88236b4750e73cf82e316642360fb4bd958736214e7c299397d7d90b5", kill_on_drop: false }`
[INFO] running `Command { std: "docker" "rm" "-f" "3429d9e88236b4750e73cf82e316642360fb4bd958736214e7c299397d7d90b5", kill_on_drop: false }`
[INFO] [stdout] 3429d9e88236b4750e73cf82e316642360fb4bd958736214e7c299397d7d90b5
[INFO] running `Command { std: "docker" "create" "-v" "/var/lib/crater-agent-workspace/builds/worker-4-tc1/target:/opt/rustwide/target:rw,Z" "-v" "/var/lib/crater-agent-workspace/builds/worker-4-tc1/source:/opt/rustwide/workdir:ro,Z" "-v" "/var/lib/crater-agent-workspace/cargo-home:/opt/rustwide/cargo-home:ro,Z" "-v" "/var/lib/crater-agent-workspace/rustup-home:/opt/rustwide/rustup-home:ro,Z" "-e" "SOURCE_DIR=/opt/rustwide/workdir" "-e" "CARGO_TARGET_DIR=/opt/rustwide/target" "-e" "CARGO_INCREMENTAL=0" "-e" "RUST_BACKTRACE=full" "-e" "RUSTFLAGS=--cap-lints=forbid" "-e" "RUSTDOCFLAGS=--cap-lints=forbid" "-e" "CARGO_HOME=/opt/rustwide/cargo-home" "-e" "RUSTUP_HOME=/opt/rustwide/rustup-home" "-w" "/opt/rustwide/workdir" "-m" "1610612736" "--user" "0:0" "--network" "none" "ghcr.io/rust-lang/crates-build-env/linux@sha256:819108c5571ea2e421544af4d832f968d213c87fbe3707a016657f43d2f853bc" "/opt/rustwide/cargo-home/bin/cargo" "+nightly-2025-01-18" "test" "--frozen", kill_on_drop: false }`
[INFO] [stdout] 279e3d5f44aad907106daecb884d1bfad39701b64b5aceb120cdc1acc9c9c8a3
[INFO] running `Command { std: "docker" "start" "-a" "279e3d5f44aad907106daecb884d1bfad39701b64b5aceb120cdc1acc9c9c8a3", kill_on_drop: false }`
[INFO] [stderr] warning: unnecessary parentheses around match arm expression
[INFO] [stderr]   --> codegen/src/lib.rs:50:26
[INFO] [stderr]    |
[INFO] [stderr] 50 |         StatusFlag::N => (if nf { "BPL" } else { "BMI" }),
[INFO] [stderr]    |                          ^                              ^
[INFO] [stderr]    |
[INFO] [stderr]    = note: `#[warn(unused_parens)]` on by default
[INFO] [stderr] help: remove these parentheses
[INFO] [stderr]    |
[INFO] [stderr] 50 -         StatusFlag::N => (if nf { "BPL" } else { "BMI" }),
[INFO] [stderr] 50 +         StatusFlag::N => if nf { "BPL" } else { "BMI" },
[INFO] [stderr]    |
[INFO] [stderr] 
[INFO] [stderr] warning: unnecessary parentheses around match arm expression
[INFO] [stderr]   --> codegen/src/lib.rs:51:26
[INFO] [stderr]    |
[INFO] [stderr] 51 |         StatusFlag::V => (if nf { "BVC" } else { "BVS" }),
[INFO] [stderr]    |                          ^                              ^
[INFO] [stderr]    |
[INFO] [stderr] help: remove these parentheses
[INFO] [stderr]    |
[INFO] [stderr] 51 -         StatusFlag::V => (if nf { "BVC" } else { "BVS" }),
[INFO] [stderr] 51 +         StatusFlag::V => if nf { "BVC" } else { "BVS" },
[INFO] [stderr]    |
[INFO] [stderr] 
[INFO] [stderr] warning: unnecessary parentheses around match arm expression
[INFO] [stderr]   --> codegen/src/lib.rs:52:26
[INFO] [stderr]    |
[INFO] [stderr] 52 |         StatusFlag::C => (if nf { "BCC" } else { "BCS" }),
[INFO] [stderr]    |                          ^                              ^
[INFO] [stderr]    |
[INFO] [stderr] help: remove these parentheses
[INFO] [stderr]    |
[INFO] [stderr] 52 -         StatusFlag::C => (if nf { "BCC" } else { "BCS" }),
[INFO] [stderr] 52 +         StatusFlag::C => if nf { "BCC" } else { "BCS" },
[INFO] [stderr]    |
[INFO] [stderr] 
[INFO] [stderr] warning: unnecessary parentheses around match arm expression
[INFO] [stderr]   --> codegen/src/lib.rs:53:26
[INFO] [stderr]    |
[INFO] [stderr] 53 |         StatusFlag::Z => (if nf { "BNE" } else { "BEQ" }),
[INFO] [stderr]    |                          ^                              ^
[INFO] [stderr]    |
[INFO] [stderr] help: remove these parentheses
[INFO] [stderr]    |
[INFO] [stderr] 53 -         StatusFlag::Z => (if nf { "BNE" } else { "BEQ" }),
[INFO] [stderr] 53 +         StatusFlag::Z => if nf { "BNE" } else { "BEQ" },
[INFO] [stderr]    |
[INFO] [stderr] 
[INFO] [stderr] warning: `codegen` (lib) generated 4 warnings (run `cargo fix --lib -p codegen` to apply 4 suggestions)
[INFO] [stderr] warning: variable does not need to be mutable
[INFO] [stderr]    --> src/cpu.rs:100:7
[INFO] [stderr]     |
[INFO] [stderr] 100 | fn sa(mut pins: &mut Pins, addr: u16) {
[INFO] [stderr]     |       ----^^^^
[INFO] [stderr]     |       |
[INFO] [stderr]     |       help: remove this `mut`
[INFO] [stderr]     |
[INFO] [stderr]     = note: `#[warn(unused_mut)]` on by default
[INFO] [stderr] 
[INFO] [stderr] warning: variable does not need to be mutable
[INFO] [stderr]    --> src/cpu.rs:108:8
[INFO] [stderr]     |
[INFO] [stderr] 108 | fn sad(mut pins: &mut Pins, addr: u16, data: u8) {
[INFO] [stderr]     |        ----^^^^
[INFO] [stderr]     |        |
[INFO] [stderr]     |        help: remove this `mut`
[INFO] [stderr] 
[INFO] [stderr] warning: variable does not need to be mutable
[INFO] [stderr]    --> src/cpu.rs:113:7
[INFO] [stderr]     |
[INFO] [stderr] 113 | fn sd(mut pins: &mut Pins, data: u8) {
[INFO] [stderr]     |       ----^^^^
[INFO] [stderr]     |       |
[INFO] [stderr]     |       help: remove this `mut`
[INFO] [stderr] 
[INFO] [stderr] warning: variable does not need to be mutable
[INFO] [stderr]    --> src/cpu.rs:121:7
[INFO] [stderr]     |
[INFO] [stderr] 121 | fn on(mut pins: &mut Pins, x: PinFlags) {
[INFO] [stderr]     |       ----^^^^
[INFO] [stderr]     |       |
[INFO] [stderr]     |       help: remove this `mut`
[INFO] [stderr] 
[INFO] [stderr] warning: variable does not need to be mutable
[INFO] [stderr]    --> src/cpu.rs:131:8
[INFO] [stderr]     |
[INFO] [stderr] 131 | fn off(mut pins: &mut Pins, x: PinFlags) {
[INFO] [stderr]     |        ----^^^^
[INFO] [stderr]     |        |
[INFO] [stderr]     |        help: remove this `mut`
[INFO] [stderr] 
[INFO] [stderr] warning: variable does not need to be mutable
[INFO] [stderr]    --> src/cpu.rs:141:7
[INFO] [stderr]     |
[INFO] [stderr] 141 | fn rd(mut pins: &mut Pins) {
[INFO] [stderr]     |       ----^^^^
[INFO] [stderr]     |       |
[INFO] [stderr]     |       help: remove this `mut`
[INFO] [stderr] 
[INFO] [stderr] warning: variable does not need to be mutable
[INFO] [stderr]    --> src/cpu.rs:145:7
[INFO] [stderr]     |
[INFO] [stderr] 145 | fn wr(mut pins: &mut Pins) {
[INFO] [stderr]     |       ----^^^^
[INFO] [stderr]     |       |
[INFO] [stderr]     |       help: remove this `mut`
[INFO] [stderr] 
[INFO] [stderr] warning: `rust6502` (bin "rust6502" test) generated 7 warnings (run `cargo fix --bin "rust6502" --tests` to apply 7 suggestions)
[INFO] [stderr]     Finished `test` profile [unoptimized + debuginfo] target(s) in 0.03s
[INFO] [stderr]      Running unittests src/main.rs (/opt/rustwide/target/debug/deps/rust6502-9ada0773a0b5dbd5)
[INFO] [stdout] 
[INFO] [stdout] running 1 test
[INFO] [stdout] test cpu::tests::memes ... FAILED
[INFO] [stdout] 
[INFO] [stdout] failures:
[INFO] [stdout] 
[INFO] [stdout] ---- cpu::tests::memes stdout ----
[INFO] [stdout] 
[INFO] [stdout] thread 'cpu::tests::memes' panicked at src/cpu.rs:453:9:
[INFO] [stdout] assertion `left == right` failed
[INFO] [stdout]   left: Z
[INFO] [stdout]  right: (empty)
[INFO] [stdout] stack backtrace:
[INFO] [stdout]    0:     0x61580cde9dfa - std::backtrace_rs::backtrace::libunwind::trace::hb059275cfc8d6126
[INFO] [stdout]                                at /rustc/6067b36314ab5eb2eb47cecc464545ba58e1ad24/library/std/src/../../backtrace/src/backtrace/libunwind.rs:116:5
[INFO] [stdout]    1:     0x61580cde9dfa - std::backtrace_rs::backtrace::trace_unsynchronized::h2da071e4327ce3ee
[INFO] [stdout]                                at /rustc/6067b36314ab5eb2eb47cecc464545ba58e1ad24/library/std/src/../../backtrace/src/backtrace/mod.rs:66:5
[INFO] [stdout]    2:     0x61580cde9dfa - std::sys::backtrace::_print_fmt::h842a1474e6f8d23f
[INFO] [stdout]                                at /rustc/6067b36314ab5eb2eb47cecc464545ba58e1ad24/library/std/src/sys/backtrace.rs:66:9
[INFO] [stdout]    3:     0x61580cde9dfa - <std::sys::backtrace::BacktraceLock::print::DisplayBacktrace as core::fmt::Display>::fmt::h71a62eb3b9696b12
[INFO] [stdout]                                at /rustc/6067b36314ab5eb2eb47cecc464545ba58e1ad24/library/std/src/sys/backtrace.rs:39:26
[INFO] [stdout]    4:     0x61580ce11363 - core::fmt::rt::Argument::fmt::hdb6b616786b41dc1
[INFO] [stdout]                                at /rustc/6067b36314ab5eb2eb47cecc464545ba58e1ad24/library/core/src/fmt/rt.rs:177:76
[INFO] [stdout]    5:     0x61580ce11363 - core::fmt::write::h2cc1698af7e2d686
[INFO] [stdout]                                at /rustc/6067b36314ab5eb2eb47cecc464545ba58e1ad24/library/core/src/fmt/mod.rs:1440:21
[INFO] [stdout]    6:     0x61580cde6953 - std::io::Write::write_fmt::hab1b4cd059a79022
[INFO] [stdout]                                at /rustc/6067b36314ab5eb2eb47cecc464545ba58e1ad24/library/std/src/io/mod.rs:1887:15
[INFO] [stdout]    7:     0x61580cde9c42 - std::sys::backtrace::BacktraceLock::print::h147fe35b4ea13b08
[INFO] [stdout]                                at /rustc/6067b36314ab5eb2eb47cecc464545ba58e1ad24/library/std/src/sys/backtrace.rs:42:9
[INFO] [stdout]    8:     0x61580cdeb21f - std::panicking::default_hook::{{closure}}::hbd44223dbdc0d208
[INFO] [stdout]                                at /rustc/6067b36314ab5eb2eb47cecc464545ba58e1ad24/library/std/src/panicking.rs:298:22
[INFO] [stdout]    9:     0x61580cdeb038 - std::panicking::default_hook::h20f81eb0576efcec
[INFO] [stdout]                                at /rustc/6067b36314ab5eb2eb47cecc464545ba58e1ad24/library/std/src/panicking.rs:322:9
[INFO] [stdout]   10:     0x61580cdaab53 - <alloc::boxed::Box<F,A> as core::ops::function::Fn<Args>>::call::hdb53814c496a4d34
[INFO] [stdout]                                at /rustc/6067b36314ab5eb2eb47cecc464545ba58e1ad24/library/alloc/src/boxed.rs:2027:9
[INFO] [stdout]   11:     0x61580cdaab53 - test::test_main::{{closure}}::hc0a4963c59427c24
[INFO] [stdout]                                at /rustc/6067b36314ab5eb2eb47cecc464545ba58e1ad24/library/test/src/lib.rs:134:21
[INFO] [stdout]   12:     0x61580cdebd13 - <alloc::boxed::Box<F,A> as core::ops::function::Fn<Args>>::call::h591b2225413a77e9
[INFO] [stdout]                                at /rustc/6067b36314ab5eb2eb47cecc464545ba58e1ad24/library/alloc/src/boxed.rs:2027:9
[INFO] [stdout]   13:     0x61580cdebd13 - std::panicking::rust_panic_with_hook::h625eea43051b2edc
[INFO] [stdout]                                at /rustc/6067b36314ab5eb2eb47cecc464545ba58e1ad24/library/std/src/panicking.rs:839:13
[INFO] [stdout]   14:     0x61580cdeb9ca - std::panicking::begin_panic_handler::{{closure}}::h4f9159cfbc3f6bd3
[INFO] [stdout]                                at /rustc/6067b36314ab5eb2eb47cecc464545ba58e1ad24/library/std/src/panicking.rs:704:13
[INFO] [stdout]   15:     0x61580cdea2f9 - std::sys::backtrace::__rust_end_short_backtrace::h0390abce48353151
[INFO] [stdout]                                at /rustc/6067b36314ab5eb2eb47cecc464545ba58e1ad24/library/std/src/sys/backtrace.rs:168:18
[INFO] [stdout]   16:     0x61580cdeb65d - rust_begin_unwind
[INFO] [stdout]                                at /rustc/6067b36314ab5eb2eb47cecc464545ba58e1ad24/library/std/src/panicking.rs:695:5
[INFO] [stdout]   17:     0x61580ce0fe10 - core::panicking::panic_fmt::h9e7c637e9e5f29c9
[INFO] [stdout]                                at /rustc/6067b36314ab5eb2eb47cecc464545ba58e1ad24/library/core/src/panicking.rs:75:14
[INFO] [stdout]   18:     0x61580ce10132 - core::panicking::assert_failed_inner::h538bec7c1374cd9c
[INFO] [stdout]   19:     0x61580cd6fb50 - core::panicking::assert_failed::hfd3b9dc535de34ca
[INFO] [stdout]                                at /rustc/6067b36314ab5eb2eb47cecc464545ba58e1ad24/library/core/src/panicking.rs:364:5
[INFO] [stdout]   20:     0x61580cd70931 - rust6502::cpu::tests::memes::hca179b7fe332f014
[INFO] [stdout]                                at /opt/rustwide/workdir/src/cpu.rs:453:9
[INFO] [stdout]   21:     0x61580cd70897 - rust6502::cpu::tests::memes::{{closure}}::h22cbc634c187152a
[INFO] [stdout]                                at /opt/rustwide/workdir/src/cpu.rs:450:15
[INFO] [stdout]   22:     0x61580cd6fa76 - core::ops::function::FnOnce::call_once::h7d8d90054726410a
[INFO] [stdout]                                at /rustc/6067b36314ab5eb2eb47cecc464545ba58e1ad24/library/core/src/ops/function.rs:250:5
[INFO] [stdout]   23:     0x61580cdb02ab - core::ops::function::FnOnce::call_once::he27718dfdd183f43
[INFO] [stdout]                                at /rustc/6067b36314ab5eb2eb47cecc464545ba58e1ad24/library/core/src/ops/function.rs:250:5
[INFO] [stdout]   24:     0x61580cdb02ab - test::__rust_begin_short_backtrace::h4e84902998457a5d
[INFO] [stdout]                                at /rustc/6067b36314ab5eb2eb47cecc464545ba58e1ad24/library/test/src/lib.rs:632:18
[INFO] [stdout]   25:     0x61580cdaf1e3 - test::run_test_in_process::{{closure}}::h7176fd18fc1feca0
[INFO] [stdout]                                at /rustc/6067b36314ab5eb2eb47cecc464545ba58e1ad24/library/test/src/lib.rs:655:60
[INFO] [stdout]   26:     0x61580cdaf1e3 - <core::panic::unwind_safe::AssertUnwindSafe<F> as core::ops::function::FnOnce<()>>::call_once::hf79cff2a624d8cf7
[INFO] [stdout]                                at /rustc/6067b36314ab5eb2eb47cecc464545ba58e1ad24/library/core/src/panic/unwind_safe.rs:272:9
[INFO] [stdout]   27:     0x61580cdaf1e3 - std::panicking::try::do_call::h3da0561d9ab99c25
[INFO] [stdout]                                at /rustc/6067b36314ab5eb2eb47cecc464545ba58e1ad24/library/std/src/panicking.rs:587:40
[INFO] [stdout]   28:     0x61580cdaf1e3 - std::panicking::try::h41c9fa508bc61df6
[INFO] [stdout]                                at /rustc/6067b36314ab5eb2eb47cecc464545ba58e1ad24/library/std/src/panicking.rs:550:19
[INFO] [stdout]   29:     0x61580cdaf1e3 - std::panic::catch_unwind::h6b3ff07bb5afad93
[INFO] [stdout]                                at /rustc/6067b36314ab5eb2eb47cecc464545ba58e1ad24/library/std/src/panic.rs:358:14
[INFO] [stdout]   30:     0x61580cdaf1e3 - test::run_test_in_process::hc7253dd11b39b9f4
[INFO] [stdout]                                at /rustc/6067b36314ab5eb2eb47cecc464545ba58e1ad24/library/test/src/lib.rs:655:27
[INFO] [stdout]   31:     0x61580cdaf1e3 - test::run_test::{{closure}}::hfb2007f8649c30bb
[INFO] [stdout]                                at /rustc/6067b36314ab5eb2eb47cecc464545ba58e1ad24/library/test/src/lib.rs:576:43
[INFO] [stdout]   32:     0x61580cd722c5 - test::run_test::{{closure}}::h56a17aa7a282a9f4
[INFO] [stdout]                                at /rustc/6067b36314ab5eb2eb47cecc464545ba58e1ad24/library/test/src/lib.rs:606:41
[INFO] [stdout]   33:     0x61580cd722c5 - std::sys::backtrace::__rust_begin_short_backtrace::hd2d2d2fb8e8c6aac
[INFO] [stdout]                                at /rustc/6067b36314ab5eb2eb47cecc464545ba58e1ad24/library/std/src/sys/backtrace.rs:152:18
[INFO] [stdout]   34:     0x61580cd75baa - std::thread::Builder::spawn_unchecked_::{{closure}}::{{closure}}::h4faa3f9db6133423
[INFO] [stdout]                                at /rustc/6067b36314ab5eb2eb47cecc464545ba58e1ad24/library/std/src/thread/mod.rs:559:17
[INFO] [stdout]   35:     0x61580cd75baa - <core::panic::unwind_safe::AssertUnwindSafe<F> as core::ops::function::FnOnce<()>>::call_once::hf2e855a36a4ea846
[INFO] [stdout]                                at /rustc/6067b36314ab5eb2eb47cecc464545ba58e1ad24/library/core/src/panic/unwind_safe.rs:272:9
[INFO] [stdout]   36:     0x61580cd75baa - std::panicking::try::do_call::h2f73af3616c35465
[INFO] [stdout]                                at /rustc/6067b36314ab5eb2eb47cecc464545ba58e1ad24/library/std/src/panicking.rs:587:40
[INFO] [stdout]   37:     0x61580cd75baa - std::panicking::try::hd1660ce9efadef5a
[INFO] [stdout]                                at /rustc/6067b36314ab5eb2eb47cecc464545ba58e1ad24/library/std/src/panicking.rs:550:19
[INFO] [stdout]   38:     0x61580cd75baa - std::panic::catch_unwind::h5ee8d7823b8ca744
[INFO] [stdout]                                at /rustc/6067b36314ab5eb2eb47cecc464545ba58e1ad24/library/std/src/panic.rs:358:14
[INFO] [stdout]   39:     0x61580cd75baa - std::thread::Builder::spawn_unchecked_::{{closure}}::h53c3a1894dce8407
[INFO] [stdout]                                at /rustc/6067b36314ab5eb2eb47cecc464545ba58e1ad24/library/std/src/thread/mod.rs:557:30
[INFO] [stdout]   40:     0x61580cd75baa - core::ops::function::FnOnce::call_once{{vtable.shim}}::h048ce291ad4f62bf
[INFO] [stdout]                                at /rustc/6067b36314ab5eb2eb47cecc464545ba58e1ad24/library/core/src/ops/function.rs:250:5
[INFO] [stdout]   41:     0x61580cdefc4b - <alloc::boxed::Box<F,A> as core::ops::function::FnOnce<Args>>::call_once::ha52bedf99a3b4981
[INFO] [stdout]                                at /rustc/6067b36314ab5eb2eb47cecc464545ba58e1ad24/library/alloc/src/boxed.rs:2013:9
[INFO] [stdout]   42:     0x61580cdefc4b - <alloc::boxed::Box<F,A> as core::ops::function::FnOnce<Args>>::call_once::h567748934d80ccf8
[INFO] [stdout]                                at /rustc/6067b36314ab5eb2eb47cecc464545ba58e1ad24/library/alloc/src/boxed.rs:2013:9
[INFO] [stdout]   43:     0x61580cdefc4b - std::sys::pal::unix::thread::Thread::new::thread_start::h2d970728ae887adc
[INFO] [stdout]                                at /rustc/6067b36314ab5eb2eb47cecc464545ba58e1ad24/library/std/src/sys/pal/unix/thread.rs:106:17
[INFO] [stdout]   44:     0x7a9edd395ac3 - <unknown>
[INFO] [stdout]   45:     0x7a9edd426a04 - clone
[INFO] [stdout]   46:                0x0 - <unknown>
[INFO] [stdout] 
[INFO] [stdout] 
[INFO] [stdout] failures:
[INFO] [stdout]     cpu::tests::memes
[INFO] [stdout] 
[INFO] [stdout] test result: FAILED. 0 passed; 1 failed; 0 ignored; 0 measured; 0 filtered out; finished in 0.02s
[INFO] [stdout] 
[INFO] [stderr] error: test failed, to rerun pass `--bin rust6502`
[INFO] running `Command { std: "docker" "inspect" "279e3d5f44aad907106daecb884d1bfad39701b64b5aceb120cdc1acc9c9c8a3", kill_on_drop: false }`
[INFO] running `Command { std: "docker" "rm" "-f" "279e3d5f44aad907106daecb884d1bfad39701b64b5aceb120cdc1acc9c9c8a3", kill_on_drop: false }`
[INFO] [stdout] 279e3d5f44aad907106daecb884d1bfad39701b64b5aceb120cdc1acc9c9c8a3
