[INFO] cloning repository https://github.com/IvkinStanislav/handrust
[INFO] running `Command { std: "git" "-c" "credential.helper=" "-c" "credential.helper=/workspace/cargo-home/bin/git-credential-null" "clone" "--bare" "https://github.com/IvkinStanislav/handrust" "/workspace/cache/git-repos/https%3A%2F%2Fgithub.com%2FIvkinStanislav%2Fhandrust", kill_on_drop: false }`
[INFO] [stderr] Cloning into bare repository '/workspace/cache/git-repos/https%3A%2F%2Fgithub.com%2FIvkinStanislav%2Fhandrust'...
[INFO] running `Command { std: "git" "rev-parse" "HEAD", kill_on_drop: false }`
[INFO] [stdout] 7c08ef980d9fbc60a68efde63a5c0e58dcc0e4b3
[INFO] testing IvkinStanislav/handrust against nightly-2025-01-18 for randomize-layout-2
[INFO] running `Command { std: "git" "clone" "/workspace/cache/git-repos/https%3A%2F%2Fgithub.com%2FIvkinStanislav%2Fhandrust" "/workspace/builds/worker-1-tc1/source", kill_on_drop: false }`
[INFO] [stderr] Cloning into '/workspace/builds/worker-1-tc1/source'...
[INFO] [stderr] done.
[INFO] validating manifest of git repo https://github.com/IvkinStanislav/handrust on toolchain nightly-2025-01-18
[INFO] running `Command { std: CARGO_HOME="/workspace/cargo-home" RUSTUP_HOME="/workspace/rustup-home" "/workspace/cargo-home/bin/cargo" "+nightly-2025-01-18" "metadata" "--manifest-path" "Cargo.toml" "--no-deps", kill_on_drop: false }`
[INFO] started tweaking git repo https://github.com/IvkinStanislav/handrust
[INFO] finished tweaking git repo https://github.com/IvkinStanislav/handrust
[INFO] tweaked toml for git repo https://github.com/IvkinStanislav/handrust written to /workspace/builds/worker-1-tc1/source/Cargo.toml
[INFO] crate git repo https://github.com/IvkinStanislav/handrust already has a lockfile, it will not be regenerated
[INFO] running `Command { std: CARGO_HOME="/workspace/cargo-home" RUSTUP_HOME="/workspace/rustup-home" "/workspace/cargo-home/bin/cargo" "+nightly-2025-01-18" "fetch" "--manifest-path" "Cargo.toml", kill_on_drop: false }`
[INFO] [stderr]     Blocking waiting for file lock on package cache
[INFO] running `Command { std: "docker" "create" "-v" "/var/lib/crater-agent-workspace/builds/worker-1-tc1/target:/opt/rustwide/target:rw,Z" "-v" "/var/lib/crater-agent-workspace/builds/worker-1-tc1/source:/opt/rustwide/workdir:ro,Z" "-v" "/var/lib/crater-agent-workspace/cargo-home:/opt/rustwide/cargo-home:ro,Z" "-v" "/var/lib/crater-agent-workspace/rustup-home:/opt/rustwide/rustup-home:ro,Z" "-e" "SOURCE_DIR=/opt/rustwide/workdir" "-e" "CARGO_TARGET_DIR=/opt/rustwide/target" "-e" "CARGO_HOME=/opt/rustwide/cargo-home" "-e" "RUSTUP_HOME=/opt/rustwide/rustup-home" "-w" "/opt/rustwide/workdir" "-m" "1610612736" "--user" "0:0" "--network" "none" "ghcr.io/rust-lang/crates-build-env/linux@sha256:819108c5571ea2e421544af4d832f968d213c87fbe3707a016657f43d2f853bc" "/opt/rustwide/cargo-home/bin/cargo" "+nightly-2025-01-18" "metadata" "--no-deps" "--format-version=1", kill_on_drop: false }`
[INFO] [stdout] 29f945ee6f479b29a5bf59ce213ac0b273bf843ca8f267d1a172bc28698526da
[INFO] running `Command { std: "docker" "start" "-a" "29f945ee6f479b29a5bf59ce213ac0b273bf843ca8f267d1a172bc28698526da", kill_on_drop: false }`
[INFO] running `Command { std: "docker" "inspect" "29f945ee6f479b29a5bf59ce213ac0b273bf843ca8f267d1a172bc28698526da", kill_on_drop: false }`
[INFO] running `Command { std: "docker" "rm" "-f" "29f945ee6f479b29a5bf59ce213ac0b273bf843ca8f267d1a172bc28698526da", kill_on_drop: false }`
[INFO] [stdout] 29f945ee6f479b29a5bf59ce213ac0b273bf843ca8f267d1a172bc28698526da
[INFO] running `Command { std: "docker" "create" "-v" "/var/lib/crater-agent-workspace/builds/worker-1-tc1/target:/opt/rustwide/target:rw,Z" "-v" "/var/lib/crater-agent-workspace/builds/worker-1-tc1/source:/opt/rustwide/workdir:ro,Z" "-v" "/var/lib/crater-agent-workspace/cargo-home:/opt/rustwide/cargo-home:ro,Z" "-v" "/var/lib/crater-agent-workspace/rustup-home:/opt/rustwide/rustup-home:ro,Z" "-e" "SOURCE_DIR=/opt/rustwide/workdir" "-e" "CARGO_TARGET_DIR=/opt/rustwide/target" "-e" "CARGO_INCREMENTAL=0" "-e" "RUST_BACKTRACE=full" "-e" "RUSTFLAGS=--cap-lints=forbid" "-e" "RUSTDOCFLAGS=--cap-lints=forbid" "-e" "CARGO_HOME=/opt/rustwide/cargo-home" "-e" "RUSTUP_HOME=/opt/rustwide/rustup-home" "-w" "/opt/rustwide/workdir" "-m" "1610612736" "--user" "0:0" "--network" "none" "ghcr.io/rust-lang/crates-build-env/linux@sha256:819108c5571ea2e421544af4d832f968d213c87fbe3707a016657f43d2f853bc" "/opt/rustwide/cargo-home/bin/cargo" "+nightly-2025-01-18" "build" "--frozen" "--message-format=json", kill_on_drop: false }`
[INFO] [stdout] 09bd6ea7311f1ca9b66149f5d9fa4e1ea74d445fdd8adf2b2be09cef5ae164b3
[INFO] running `Command { std: "docker" "start" "-a" "09bd6ea7311f1ca9b66149f5d9fa4e1ea74d445fdd8adf2b2be09cef5ae164b3", kill_on_drop: false }`
[INFO] [stderr]    Compiling proc-macro2 v1.0.92
[INFO] [stderr]    Compiling unicode-ident v1.0.14
[INFO] [stderr]    Compiling libc v0.2.169
[INFO] [stderr]    Compiling autocfg v1.4.0
[INFO] [stderr]    Compiling byteorder v1.5.0
[INFO] [stderr]    Compiling cfg-if v1.0.0
[INFO] [stderr]    Compiling num-traits v0.2.19
[INFO] [stderr]    Compiling getrandom v0.2.15
[INFO] [stderr]    Compiling rand_core v0.6.4
[INFO] [stderr]    Compiling quote v1.0.37
[INFO] [stderr]    Compiling syn v2.0.90
[INFO] [stderr]    Compiling num-integer v0.1.46
[INFO] [stderr]    Compiling num-bigint v0.4.6
[INFO] [stderr]    Compiling zerocopy-derive v0.7.35
[INFO] [stderr]    Compiling zerocopy v0.7.35
[INFO] [stderr]    Compiling ppv-lite86 v0.2.20
[INFO] [stderr]    Compiling rand_chacha v0.3.1
[INFO] [stderr]    Compiling rand v0.8.5
[INFO] [stderr]    Compiling handrust v0.1.0 (/opt/rustwide/workdir)
[INFO] [stdout] warning: unused variable: `n`
[INFO] [stdout]  --> src/algos/greedy/prizes.rs:1:21
[INFO] [stdout]   |
[INFO] [stdout] 1 | pub fn prizes_count(n: usize) -> usize {
[INFO] [stdout]   |                     ^ help: if this is intentional, prefix it with an underscore: `_n`
[INFO] [stdout]   |
[INFO] [stdout]   = note: `#[warn(unused_variables)]` on by default
[INFO] [stdout] 
[INFO] [stdout] 
[INFO] [stderr]     Finished `dev` profile [unoptimized + debuginfo] target(s) in 14.00s
[INFO] running `Command { std: "docker" "inspect" "09bd6ea7311f1ca9b66149f5d9fa4e1ea74d445fdd8adf2b2be09cef5ae164b3", kill_on_drop: false }`
[INFO] running `Command { std: "docker" "rm" "-f" "09bd6ea7311f1ca9b66149f5d9fa4e1ea74d445fdd8adf2b2be09cef5ae164b3", kill_on_drop: false }`
[INFO] [stdout] 09bd6ea7311f1ca9b66149f5d9fa4e1ea74d445fdd8adf2b2be09cef5ae164b3
[INFO] running `Command { std: "docker" "create" "-v" "/var/lib/crater-agent-workspace/builds/worker-1-tc1/target:/opt/rustwide/target:rw,Z" "-v" "/var/lib/crater-agent-workspace/builds/worker-1-tc1/source:/opt/rustwide/workdir:ro,Z" "-v" "/var/lib/crater-agent-workspace/cargo-home:/opt/rustwide/cargo-home:ro,Z" "-v" "/var/lib/crater-agent-workspace/rustup-home:/opt/rustwide/rustup-home:ro,Z" "-e" "SOURCE_DIR=/opt/rustwide/workdir" "-e" "CARGO_TARGET_DIR=/opt/rustwide/target" "-e" "CARGO_INCREMENTAL=0" "-e" "RUST_BACKTRACE=full" "-e" "RUSTFLAGS=--cap-lints=forbid" "-e" "RUSTDOCFLAGS=--cap-lints=forbid" "-e" "CARGO_HOME=/opt/rustwide/cargo-home" "-e" "RUSTUP_HOME=/opt/rustwide/rustup-home" "-w" "/opt/rustwide/workdir" "-m" "1610612736" "--user" "0:0" "--network" "none" "ghcr.io/rust-lang/crates-build-env/linux@sha256:819108c5571ea2e421544af4d832f968d213c87fbe3707a016657f43d2f853bc" "/opt/rustwide/cargo-home/bin/cargo" "+nightly-2025-01-18" "test" "--frozen" "--no-run" "--message-format=json", kill_on_drop: false }`
[INFO] [stdout] 92802269d11973e3f1732c680009b3c9fa7538a0806ef7689b94e1146d2af0b0
[INFO] running `Command { std: "docker" "start" "-a" "92802269d11973e3f1732c680009b3c9fa7538a0806ef7689b94e1146d2af0b0", kill_on_drop: false }`
[INFO] [stdout] warning: unused variable: `n`
[INFO] [stdout]  --> src/algos/greedy/prizes.rs:1:21
[INFO] [stdout]   |
[INFO] [stdout] 1 | pub fn prizes_count(n: usize) -> usize {
[INFO] [stdout]   |                     ^ help: if this is intentional, prefix it with an underscore: `_n`
[INFO] [stdout]   |
[INFO] [stdout]   = note: `#[warn(unused_variables)]` on by default
[INFO] [stdout] 
[INFO] [stdout] 
[INFO] [stderr]    Compiling handrust v0.1.0 (/opt/rustwide/workdir)
[INFO] [stdout] warning: unused variable: `n`
[INFO] [stdout]  --> src/algos/greedy/prizes.rs:1:21
[INFO] [stdout]   |
[INFO] [stdout] 1 | pub fn prizes_count(n: usize) -> usize {
[INFO] [stdout]   |                     ^ help: if this is intentional, prefix it with an underscore: `_n`
[INFO] [stdout]   |
[INFO] [stdout]   = note: `#[warn(unused_variables)]` on by default
[INFO] [stdout] 
[INFO] [stdout] 
[INFO] [stderr]     Finished `test` profile [unoptimized + debuginfo] target(s) in 1.31s
[INFO] running `Command { std: "docker" "inspect" "92802269d11973e3f1732c680009b3c9fa7538a0806ef7689b94e1146d2af0b0", kill_on_drop: false }`
[INFO] running `Command { std: "docker" "rm" "-f" "92802269d11973e3f1732c680009b3c9fa7538a0806ef7689b94e1146d2af0b0", kill_on_drop: false }`
[INFO] [stdout] 92802269d11973e3f1732c680009b3c9fa7538a0806ef7689b94e1146d2af0b0
[INFO] running `Command { std: "docker" "create" "-v" "/var/lib/crater-agent-workspace/builds/worker-1-tc1/target:/opt/rustwide/target:rw,Z" "-v" "/var/lib/crater-agent-workspace/builds/worker-1-tc1/source:/opt/rustwide/workdir:ro,Z" "-v" "/var/lib/crater-agent-workspace/cargo-home:/opt/rustwide/cargo-home:ro,Z" "-v" "/var/lib/crater-agent-workspace/rustup-home:/opt/rustwide/rustup-home:ro,Z" "-e" "SOURCE_DIR=/opt/rustwide/workdir" "-e" "CARGO_TARGET_DIR=/opt/rustwide/target" "-e" "CARGO_INCREMENTAL=0" "-e" "RUST_BACKTRACE=full" "-e" "RUSTFLAGS=--cap-lints=forbid" "-e" "RUSTDOCFLAGS=--cap-lints=forbid" "-e" "CARGO_HOME=/opt/rustwide/cargo-home" "-e" "RUSTUP_HOME=/opt/rustwide/rustup-home" "-w" "/opt/rustwide/workdir" "-m" "1610612736" "--user" "0:0" "--network" "none" "ghcr.io/rust-lang/crates-build-env/linux@sha256:819108c5571ea2e421544af4d832f968d213c87fbe3707a016657f43d2f853bc" "/opt/rustwide/cargo-home/bin/cargo" "+nightly-2025-01-18" "test" "--frozen", kill_on_drop: false }`
[INFO] [stdout] 8a8c41822deebbe209962c75c0928af08b8248819fc09090346ab36f8355f2d0
[INFO] running `Command { std: "docker" "start" "-a" "8a8c41822deebbe209962c75c0928af08b8248819fc09090346ab36f8355f2d0", kill_on_drop: false }`
[INFO] [stderr] warning: unused variable: `n`
[INFO] [stderr]  --> src/algos/greedy/prizes.rs:1:21
[INFO] [stderr]   |
[INFO] [stderr] 1 | pub fn prizes_count(n: usize) -> usize {
[INFO] [stderr]   |                     ^ help: if this is intentional, prefix it with an underscore: `_n`
[INFO] [stderr]   |
[INFO] [stderr]   = note: `#[warn(unused_variables)]` on by default
[INFO] [stderr] 
[INFO] [stderr] warning: `handrust` (lib) generated 1 warning
[INFO] [stderr] warning: `handrust` (lib test) generated 1 warning (1 duplicate)
[INFO] [stderr]     Finished `test` profile [unoptimized + debuginfo] target(s) in 0.04s
[INFO] [stderr]      Running unittests src/lib.rs (/opt/rustwide/target/debug/deps/handrust-da9833626b23f6cb)
[INFO] [stdout] 
[INFO] [stdout] running 36 tests
[INFO] [stdout] test algos::greedy::advertising::tests::billboard_test ... ok
[INFO] [stdout] test algos::greedy::advertising::tests::company_test ... ok
[INFO] [stdout] test algos::greedy::exchange::tests::exchange_variants_test ... ok
[INFO] [stdout] test algos::greedy::exchange::tests::exchange_1_5_10_20_50_test ... ok
[INFO] [stdout] test algos::greedy::signatures::tests::covering_test ... ok
[INFO] [stdout] test algos::greedy::signatures::tests::min_segments_sum_test ... ok
[INFO] [stdout] test algos::greedy::spices_and_souvenirs::tests::souvenirs_test ... ok
[INFO] [stdout] test algos::greedy::spices_and_souvenirs::tests::spices_test ... ok
[INFO] [stdout] test algos::practice::matrixes_sum::tests::matrixes_sum_test ... ok
[INFO] [stdout] test algos::practice::numbers_sum::tests::numbers_sum_test ... ok
[INFO] [stdout] test algos::practice::polynomials_sum::tests::polynomials_sum_test ... ok
[INFO] [stdout] test algos::practice::strings_sum::tests::strings_sum_test ... ok
[INFO] [stdout] test algos::sequential::fibonacci::tests::big_fib_test ... ok
[INFO] [stdout] test algos::sequential::fibonacci::tests::fib_partial_sum_last_digit_test ... ok
[INFO] [stdout] test algos::sequential::fibonacci::tests::fib_last_digit_test ... ok
[INFO] [stdout] test algos::sequential::fibonacci::tests::fib_sum_last_digit_test ... ok
[INFO] [stdout] test algos::sequential::fibonacci::tests::pizano_period_len_test ... ok
[INFO] [stdout] test algos::sequential::lcm_gcd::tests::euclid_max_steps_test ... ok
[INFO] [stdout] test algos::sequential::lcm_gcd::tests::lcm_test ... ok
[INFO] [stdout] test algos::sequential::lcm_gcd::tests::gcd_test ... ok
[INFO] [stdout] test algos::sequential::fibonacci::tests::fib_test ... ok
[INFO] [stdout] test algos::strategy::devide::tests::merge_test ... ok
[INFO] [stdout] test algos::strategy::devide::tests::select_sort_test ... ok
[INFO] [stdout] test algos::strategy::devide::tests::merge_sort_test ... ok
[INFO] [stdout] test algos::strategy::dp::tests::stones_test ... ok
[INFO] [stdout] test algos::strategy::greedy::tests::booking_room_test ... ok
[INFO] [stdout] test algos::strategy::rand::tests::lomuto_test ... ok
[INFO] [stdout] test algos::greedy::signatures::tests::collection_of_signatures_test ... ok
[INFO] [stdout] test algos::strategy::rand::tests::quick_sort_test ... ok
[INFO] [stdout] test algos::strategy::rec::tests::towers3_test ... ok
[INFO] [stdout] test algos::strategy::rec::tests::towers4_test ... ok
[INFO] [stdout] test algos::strategy::stat::tests::c_repeat_test ... ok
[INFO] [stdout] test algos::strategy::stat::tests::c_test ... ok
[INFO] [stdout] test algos::strategy::stat::tests::fac_test ... ok
[INFO] [stdout] test algos::strategy::dp::tests::stones2_test ... ok
[INFO] [stdout] test algos::greedy::prizes::tests::prizes_count_test ... FAILED
[INFO] [stdout] 
[INFO] [stdout] failures:
[INFO] [stdout] 
[INFO] [stdout] ---- algos::greedy::prizes::tests::prizes_count_test stdout ----
[INFO] [stdout] 
[INFO] [stdout] thread 'algos::greedy::prizes::tests::prizes_count_test' panicked at src/algos/greedy/prizes.rs:2:5:
[INFO] [stdout] not yet implemented
[INFO] [stdout] stack backtrace:
[INFO] [stdout]    0:     0x5cfbc7f534fa - std::backtrace_rs::backtrace::libunwind::trace::hb059275cfc8d6126
[INFO] [stdout]                                at /rustc/6067b36314ab5eb2eb47cecc464545ba58e1ad24/library/std/src/../../backtrace/src/backtrace/libunwind.rs:116:5
[INFO] [stdout]    1:     0x5cfbc7f534fa - std::backtrace_rs::backtrace::trace_unsynchronized::h2da071e4327ce3ee
[INFO] [stdout]                                at /rustc/6067b36314ab5eb2eb47cecc464545ba58e1ad24/library/std/src/../../backtrace/src/backtrace/mod.rs:66:5
[INFO] [stdout]    2:     0x5cfbc7f534fa - std::sys::backtrace::_print_fmt::h842a1474e6f8d23f
[INFO] [stdout]                                at /rustc/6067b36314ab5eb2eb47cecc464545ba58e1ad24/library/std/src/sys/backtrace.rs:66:9
[INFO] [stdout]    3:     0x5cfbc7f534fa - <std::sys::backtrace::BacktraceLock::print::DisplayBacktrace as core::fmt::Display>::fmt::h71a62eb3b9696b12
[INFO] [stdout]                                at /rustc/6067b36314ab5eb2eb47cecc464545ba58e1ad24/library/std/src/sys/backtrace.rs:39:26
[INFO] [stdout]    4:     0x5cfbc7f7b5d3 - core::fmt::rt::Argument::fmt::hdb6b616786b41dc1
[INFO] [stdout]                                at /rustc/6067b36314ab5eb2eb47cecc464545ba58e1ad24/library/core/src/fmt/rt.rs:177:76
[INFO] [stdout]    5:     0x5cfbc7f7b5d3 - core::fmt::write::h2cc1698af7e2d686
[INFO] [stdout]                                at /rustc/6067b36314ab5eb2eb47cecc464545ba58e1ad24/library/core/src/fmt/mod.rs:1440:21
[INFO] [stdout]    6:     0x5cfbc7f50053 - std::io::Write::write_fmt::hab1b4cd059a79022
[INFO] [stdout]                                at /rustc/6067b36314ab5eb2eb47cecc464545ba58e1ad24/library/std/src/io/mod.rs:1887:15
[INFO] [stdout]    7:     0x5cfbc7f53342 - std::sys::backtrace::BacktraceLock::print::h147fe35b4ea13b08
[INFO] [stdout]                                at /rustc/6067b36314ab5eb2eb47cecc464545ba58e1ad24/library/std/src/sys/backtrace.rs:42:9
[INFO] [stdout]    8:     0x5cfbc7f5491f - std::panicking::default_hook::{{closure}}::hbd44223dbdc0d208
[INFO] [stdout]                                at /rustc/6067b36314ab5eb2eb47cecc464545ba58e1ad24/library/std/src/panicking.rs:298:22
[INFO] [stdout]    9:     0x5cfbc7f54738 - std::panicking::default_hook::h20f81eb0576efcec
[INFO] [stdout]                                at /rustc/6067b36314ab5eb2eb47cecc464545ba58e1ad24/library/std/src/panicking.rs:322:9
[INFO] [stdout]   10:     0x5cfbc7f03c03 - <alloc::boxed::Box<F,A> as core::ops::function::Fn<Args>>::call::hdb53814c496a4d34
[INFO] [stdout]                                at /rustc/6067b36314ab5eb2eb47cecc464545ba58e1ad24/library/alloc/src/boxed.rs:2027:9
[INFO] [stdout]   11:     0x5cfbc7f03c03 - test::test_main::{{closure}}::hc0a4963c59427c24
[INFO] [stdout]                                at /rustc/6067b36314ab5eb2eb47cecc464545ba58e1ad24/library/test/src/lib.rs:134:21
[INFO] [stdout]   12:     0x5cfbc7f55413 - <alloc::boxed::Box<F,A> as core::ops::function::Fn<Args>>::call::h591b2225413a77e9
[INFO] [stdout]                                at /rustc/6067b36314ab5eb2eb47cecc464545ba58e1ad24/library/alloc/src/boxed.rs:2027:9
[INFO] [stdout]   13:     0x5cfbc7f55413 - std::panicking::rust_panic_with_hook::h625eea43051b2edc
[INFO] [stdout]                                at /rustc/6067b36314ab5eb2eb47cecc464545ba58e1ad24/library/std/src/panicking.rs:839:13
[INFO] [stdout]   14:     0x5cfbc7f55096 - std::panicking::begin_panic_handler::{{closure}}::h4f9159cfbc3f6bd3
[INFO] [stdout]                                at /rustc/6067b36314ab5eb2eb47cecc464545ba58e1ad24/library/std/src/panicking.rs:697:13
[INFO] [stdout]   15:     0x5cfbc7f539f9 - std::sys::backtrace::__rust_end_short_backtrace::h0390abce48353151
[INFO] [stdout]                                at /rustc/6067b36314ab5eb2eb47cecc464545ba58e1ad24/library/std/src/sys/backtrace.rs:168:18
[INFO] [stdout]   16:     0x5cfbc7f54d5d - rust_begin_unwind
[INFO] [stdout]                                at /rustc/6067b36314ab5eb2eb47cecc464545ba58e1ad24/library/std/src/panicking.rs:695:5
[INFO] [stdout]   17:     0x5cfbc7f79bc0 - core::panicking::panic_fmt::h9e7c637e9e5f29c9
[INFO] [stdout]                                at /rustc/6067b36314ab5eb2eb47cecc464545ba58e1ad24/library/core/src/panicking.rs:75:14
[INFO] [stdout]   18:     0x5cfbc7f79c4c - core::panicking::panic::haa3255ea20181a33
[INFO] [stdout]                                at /rustc/6067b36314ab5eb2eb47cecc464545ba58e1ad24/library/core/src/panicking.rs:145:5
[INFO] [stdout]   19:     0x5cfbc7e83321 - handrust::algos::greedy::prizes::prizes_count::hfa51821ec9188c96
[INFO] [stdout]                                at /opt/rustwide/workdir/src/algos/greedy/prizes.rs:2:5
[INFO] [stdout]   20:     0x5cfbc7e84031 - handrust::algos::greedy::prizes::tests::prizes_count_test::h538aaa3e46d3f900
[INFO] [stdout]                                at /opt/rustwide/workdir/src/algos/greedy/prizes.rs:12:20
[INFO] [stdout]   21:     0x5cfbc7e84007 - handrust::algos::greedy::prizes::tests::prizes_count_test::{{closure}}::hf9099952427429b8
[INFO] [stdout]                                at /opt/rustwide/workdir/src/algos/greedy/prizes.rs:11:27
[INFO] [stdout]   22:     0x5cfbc7e70a16 - core::ops::function::FnOnce::call_once::h8b9e60ab491bd46d
[INFO] [stdout]                                at /rustc/6067b36314ab5eb2eb47cecc464545ba58e1ad24/library/core/src/ops/function.rs:250:5
[INFO] [stdout]   23:     0x5cfbc7f0935b - core::ops::function::FnOnce::call_once::he27718dfdd183f43
[INFO] [stdout]                                at /rustc/6067b36314ab5eb2eb47cecc464545ba58e1ad24/library/core/src/ops/function.rs:250:5
[INFO] [stdout]   24:     0x5cfbc7f0935b - test::__rust_begin_short_backtrace::h4e84902998457a5d
[INFO] [stdout]                                at /rustc/6067b36314ab5eb2eb47cecc464545ba58e1ad24/library/test/src/lib.rs:632:18
[INFO] [stdout]   25:     0x5cfbc7f08293 - test::run_test_in_process::{{closure}}::h7176fd18fc1feca0
[INFO] [stdout]                                at /rustc/6067b36314ab5eb2eb47cecc464545ba58e1ad24/library/test/src/lib.rs:655:60
[INFO] [stdout]   26:     0x5cfbc7f08293 - <core::panic::unwind_safe::AssertUnwindSafe<F> as core::ops::function::FnOnce<()>>::call_once::hf79cff2a624d8cf7
[INFO] [stdout]                                at /rustc/6067b36314ab5eb2eb47cecc464545ba58e1ad24/library/core/src/panic/unwind_safe.rs:272:9
[INFO] [stdout]   27:     0x5cfbc7f08293 - std::panicking::try::do_call::h3da0561d9ab99c25
[INFO] [stdout]                                at /rustc/6067b36314ab5eb2eb47cecc464545ba58e1ad24/library/std/src/panicking.rs:587:40
[INFO] [stdout]   28:     0x5cfbc7f08293 - std::panicking::try::h41c9fa508bc61df6
[INFO] [stdout]                                at /rustc/6067b36314ab5eb2eb47cecc464545ba58e1ad24/library/std/src/panicking.rs:550:19
[INFO] [stdout]   29:     0x5cfbc7f08293 - std::panic::catch_unwind::h6b3ff07bb5afad93
[INFO] [stdout]                                at /rustc/6067b36314ab5eb2eb47cecc464545ba58e1ad24/library/std/src/panic.rs:358:14
[INFO] [stdout]   30:     0x5cfbc7f08293 - test::run_test_in_process::hc7253dd11b39b9f4
[INFO] [stdout]                                at /rustc/6067b36314ab5eb2eb47cecc464545ba58e1ad24/library/test/src/lib.rs:655:27
[INFO] [stdout]   31:     0x5cfbc7f08293 - test::run_test::{{closure}}::hfb2007f8649c30bb
[INFO] [stdout]                                at /rustc/6067b36314ab5eb2eb47cecc464545ba58e1ad24/library/test/src/lib.rs:576:43
[INFO] [stdout]   32:     0x5cfbc7ecb375 - test::run_test::{{closure}}::h56a17aa7a282a9f4
[INFO] [stdout]                                at /rustc/6067b36314ab5eb2eb47cecc464545ba58e1ad24/library/test/src/lib.rs:606:41
[INFO] [stdout]   33:     0x5cfbc7ecb375 - std::sys::backtrace::__rust_begin_short_backtrace::hd2d2d2fb8e8c6aac
[INFO] [stdout]                                at /rustc/6067b36314ab5eb2eb47cecc464545ba58e1ad24/library/std/src/sys/backtrace.rs:152:18
[INFO] [stdout]   34:     0x5cfbc7ecec5a - std::thread::Builder::spawn_unchecked_::{{closure}}::{{closure}}::h4faa3f9db6133423
[INFO] [stdout]                                at /rustc/6067b36314ab5eb2eb47cecc464545ba58e1ad24/library/std/src/thread/mod.rs:559:17
[INFO] [stdout]   35:     0x5cfbc7ecec5a - <core::panic::unwind_safe::AssertUnwindSafe<F> as core::ops::function::FnOnce<()>>::call_once::hf2e855a36a4ea846
[INFO] [stdout]                                at /rustc/6067b36314ab5eb2eb47cecc464545ba58e1ad24/library/core/src/panic/unwind_safe.rs:272:9
[INFO] [stdout]   36:     0x5cfbc7ecec5a - std::panicking::try::do_call::h2f73af3616c35465
[INFO] [stdout]                                at /rustc/6067b36314ab5eb2eb47cecc464545ba58e1ad24/library/std/src/panicking.rs:587:40
[INFO] [stdout]   37:     0x5cfbc7ecec5a - std::panicking::try::hd1660ce9efadef5a
[INFO] [stdout]                                at /rustc/6067b36314ab5eb2eb47cecc464545ba58e1ad24/library/std/src/panicking.rs:550:19
[INFO] [stdout]   38:     0x5cfbc7ecec5a - std::panic::catch_unwind::h5ee8d7823b8ca744
[INFO] [stdout]                                at /rustc/6067b36314ab5eb2eb47cecc464545ba58e1ad24/library/std/src/panic.rs:358:14
[INFO] [stdout]   39:     0x5cfbc7ecec5a - std::thread::Builder::spawn_unchecked_::{{closure}}::h53c3a1894dce8407
[INFO] [stdout]                                at /rustc/6067b36314ab5eb2eb47cecc464545ba58e1ad24/library/std/src/thread/mod.rs:557:30
[INFO] [stdout]   40:     0x5cfbc7ecec5a - core::ops::function::FnOnce::call_once{{vtable.shim}}::h048ce291ad4f62bf
[INFO] [stdout]                                at /rustc/6067b36314ab5eb2eb47cecc464545ba58e1ad24/library/core/src/ops/function.rs:250:5
[INFO] [stdout]   41:     0x5cfbc7f5934b - <alloc::boxed::Box<F,A> as core::ops::function::FnOnce<Args>>::call_once::ha52bedf99a3b4981
[INFO] [stdout]                                at /rustc/6067b36314ab5eb2eb47cecc464545ba58e1ad24/library/alloc/src/boxed.rs:2013:9
[INFO] [stdout]   42:     0x5cfbc7f5934b - <alloc::boxed::Box<F,A> as core::ops::function::FnOnce<Args>>::call_once::h567748934d80ccf8
[INFO] [stdout]                                at /rustc/6067b36314ab5eb2eb47cecc464545ba58e1ad24/library/alloc/src/boxed.rs:2013:9
[INFO] [stdout]   43:     0x5cfbc7f5934b - std::sys::pal::unix::thread::Thread::new::thread_start::h2d970728ae887adc
[INFO] [stdout]                                at /rustc/6067b36314ab5eb2eb47cecc464545ba58e1ad24/library/std/src/sys/pal/unix/thread.rs:106:17
[INFO] [stdout]   44:     0x75779e487ac3 - <unknown>
[INFO] [stdout]   45:     0x75779e518a04 - clone
[INFO] [stdout]   46:                0x0 - <unknown>
[INFO] [stdout] 
[INFO] [stdout] 
[INFO] [stdout] failures:
[INFO] [stdout]     algos::greedy::prizes::tests::prizes_count_test
[INFO] [stdout] 
[INFO] [stdout] test result: FAILED. 35 passed; 1 failed; 0 ignored; 0 measured; 0 filtered out; finished in 0.05s
[INFO] [stdout] 
[INFO] [stderr] error: test failed, to rerun pass `--lib`
[INFO] running `Command { std: "docker" "inspect" "8a8c41822deebbe209962c75c0928af08b8248819fc09090346ab36f8355f2d0", kill_on_drop: false }`
[INFO] running `Command { std: "docker" "rm" "-f" "8a8c41822deebbe209962c75c0928af08b8248819fc09090346ab36f8355f2d0", kill_on_drop: false }`
[INFO] [stdout] 8a8c41822deebbe209962c75c0928af08b8248819fc09090346ab36f8355f2d0
