[INFO] cloning repository https://github.com/International-Automation-Engineering/N
[INFO] running `Command { std: "git" "-c" "credential.helper=" "-c" "credential.helper=/workspace/cargo-home/bin/git-credential-null" "clone" "--bare" "https://github.com/International-Automation-Engineering/N" "/workspace/cache/git-repos/https%3A%2F%2Fgithub.com%2FInternational-Automation-Engineering%2FN", kill_on_drop: false }`
[INFO] [stderr] Cloning into bare repository '/workspace/cache/git-repos/https%3A%2F%2Fgithub.com%2FInternational-Automation-Engineering%2FN'...
[INFO] running `Command { std: "git" "rev-parse" "HEAD", kill_on_drop: false }`
[INFO] [stdout] e0996a8ec3c63090dbcbf40cc30b8787eeab8292
[INFO] testing International-Automation-Engineering/N against nightly-2025-01-18 for randomize-layout-2
[INFO] running `Command { std: "git" "clone" "/workspace/cache/git-repos/https%3A%2F%2Fgithub.com%2FInternational-Automation-Engineering%2FN" "/workspace/builds/worker-3-tc1/source", kill_on_drop: false }`
[INFO] [stderr] Cloning into '/workspace/builds/worker-3-tc1/source'...
[INFO] [stderr] done.
[INFO] validating manifest of git repo https://github.com/International-Automation-Engineering/N on toolchain nightly-2025-01-18
[INFO] running `Command { std: CARGO_HOME="/workspace/cargo-home" RUSTUP_HOME="/workspace/rustup-home" "/workspace/cargo-home/bin/cargo" "+nightly-2025-01-18" "metadata" "--manifest-path" "Cargo.toml" "--no-deps", kill_on_drop: false }`
[INFO] started tweaking git repo https://github.com/International-Automation-Engineering/N
[INFO] finished tweaking git repo https://github.com/International-Automation-Engineering/N
[INFO] tweaked toml for git repo https://github.com/International-Automation-Engineering/N written to /workspace/builds/worker-3-tc1/source/Cargo.toml
[INFO] crate git repo https://github.com/International-Automation-Engineering/N already has a lockfile, it will not be regenerated
[INFO] running `Command { std: CARGO_HOME="/workspace/cargo-home" RUSTUP_HOME="/workspace/rustup-home" "/workspace/cargo-home/bin/cargo" "+nightly-2025-01-18" "fetch" "--manifest-path" "Cargo.toml", kill_on_drop: false }`
[INFO] [stderr] warning: virtual workspace defaulting to `resolver = "1"` despite one or more workspace members being on edition 2021 which implies `resolver = "2"`
[INFO] [stderr] note: to keep the current resolver, specify `workspace.resolver = "1"` in the workspace root's manifest
[INFO] [stderr] note: to use the edition 2021 resolver, specify `workspace.resolver = "2"` in the workspace root's manifest
[INFO] [stderr] note: for more details see https://doc.rust-lang.org/cargo/reference/resolver.html#resolver-versions
[INFO] [stderr] warning: /workspace/builds/worker-3-tc1/source/Cargo.toml: unused manifest key: workspace.package.name
[INFO] [stderr]  Downloading crates ...
[INFO] [stderr]   Downloaded pest_derive v2.7.4
[INFO] [stderr]   Downloaded pest_meta v2.7.4
[INFO] [stderr]   Downloaded pest_generator v2.7.4
[INFO] [stderr]   Downloaded cpufeatures v0.2.10
[INFO] [stderr]   Downloaded pest v2.7.4
[INFO] running `Command { std: "docker" "create" "-v" "/var/lib/crater-agent-workspace/builds/worker-3-tc1/target:/opt/rustwide/target:rw,Z" "-v" "/var/lib/crater-agent-workspace/builds/worker-3-tc1/source:/opt/rustwide/workdir:ro,Z" "-v" "/var/lib/crater-agent-workspace/cargo-home:/opt/rustwide/cargo-home:ro,Z" "-v" "/var/lib/crater-agent-workspace/rustup-home:/opt/rustwide/rustup-home:ro,Z" "-e" "SOURCE_DIR=/opt/rustwide/workdir" "-e" "CARGO_TARGET_DIR=/opt/rustwide/target" "-e" "CARGO_HOME=/opt/rustwide/cargo-home" "-e" "RUSTUP_HOME=/opt/rustwide/rustup-home" "-w" "/opt/rustwide/workdir" "-m" "1610612736" "--user" "0:0" "--network" "none" "ghcr.io/rust-lang/crates-build-env/linux@sha256:819108c5571ea2e421544af4d832f968d213c87fbe3707a016657f43d2f853bc" "/opt/rustwide/cargo-home/bin/cargo" "+nightly-2025-01-18" "metadata" "--no-deps" "--format-version=1", kill_on_drop: false }`
[INFO] [stdout] 258df4a3f19663ba397c03c49aa55199de0456a0f8b440c0b1a4bd0d667db322
[INFO] running `Command { std: "docker" "start" "-a" "258df4a3f19663ba397c03c49aa55199de0456a0f8b440c0b1a4bd0d667db322", kill_on_drop: false }`
[INFO] running `Command { std: "docker" "inspect" "258df4a3f19663ba397c03c49aa55199de0456a0f8b440c0b1a4bd0d667db322", kill_on_drop: false }`
[INFO] running `Command { std: "docker" "rm" "-f" "258df4a3f19663ba397c03c49aa55199de0456a0f8b440c0b1a4bd0d667db322", kill_on_drop: false }`
[INFO] [stdout] 258df4a3f19663ba397c03c49aa55199de0456a0f8b440c0b1a4bd0d667db322
[INFO] running `Command { std: "docker" "create" "-v" "/var/lib/crater-agent-workspace/builds/worker-3-tc1/target:/opt/rustwide/target:rw,Z" "-v" "/var/lib/crater-agent-workspace/builds/worker-3-tc1/source:/opt/rustwide/workdir:ro,Z" "-v" "/var/lib/crater-agent-workspace/cargo-home:/opt/rustwide/cargo-home:ro,Z" "-v" "/var/lib/crater-agent-workspace/rustup-home:/opt/rustwide/rustup-home:ro,Z" "-e" "SOURCE_DIR=/opt/rustwide/workdir" "-e" "CARGO_TARGET_DIR=/opt/rustwide/target" "-e" "CARGO_INCREMENTAL=0" "-e" "RUST_BACKTRACE=full" "-e" "RUSTFLAGS=--cap-lints=forbid" "-e" "RUSTDOCFLAGS=--cap-lints=forbid" "-e" "CARGO_HOME=/opt/rustwide/cargo-home" "-e" "RUSTUP_HOME=/opt/rustwide/rustup-home" "-w" "/opt/rustwide/workdir" "-m" "1610612736" "--user" "0:0" "--network" "none" "ghcr.io/rust-lang/crates-build-env/linux@sha256:819108c5571ea2e421544af4d832f968d213c87fbe3707a016657f43d2f853bc" "/opt/rustwide/cargo-home/bin/cargo" "+nightly-2025-01-18" "build" "--frozen" "--message-format=json", kill_on_drop: false }`
[INFO] [stdout] 0532816129fdccbb5abf717efcfb0d22616545e1eb27bf8f57a6b411c11b6ca8
[INFO] running `Command { std: "docker" "start" "-a" "0532816129fdccbb5abf717efcfb0d22616545e1eb27bf8f57a6b411c11b6ca8", kill_on_drop: false }`
[INFO] [stderr] warning: virtual workspace defaulting to `resolver = "1"` despite one or more workspace members being on edition 2021 which implies `resolver = "2"`
[INFO] [stderr] note: to keep the current resolver, specify `workspace.resolver = "1"` in the workspace root's manifest
[INFO] [stderr] note: to use the edition 2021 resolver, specify `workspace.resolver = "2"` in the workspace root's manifest
[INFO] [stderr] note: for more details see https://doc.rust-lang.org/cargo/reference/resolver.html#resolver-versions
[INFO] [stderr] warning: /opt/rustwide/workdir/Cargo.toml: unused manifest key: workspace.package.name
[INFO] [stderr]    Compiling proc-macro2 v1.0.69
[INFO] [stderr]    Compiling thiserror v1.0.50
[INFO] [stderr]    Compiling ucd-trie v0.1.6
[INFO] [stderr]    Compiling memchr v2.6.4
[INFO] [stderr]    Compiling once_cell v1.18.0
[INFO] [stderr]    Compiling tensorflow v0.1.0 (/opt/rustwide/workdir/crates/tensorflow)
[INFO] [stderr]    Compiling quote v1.0.33
[INFO] [stderr]    Compiling syn v2.0.38
[INFO] [stderr]    Compiling thiserror-impl v1.0.50
[INFO] [stderr]    Compiling pest v2.7.4
[INFO] [stderr]    Compiling pest_meta v2.7.4
[INFO] [stderr]    Compiling pest_generator v2.7.4
[INFO] [stderr]    Compiling pest_derive v2.7.4
[INFO] [stderr]    Compiling tensors v0.1.0 (/opt/rustwide/workdir/crates/tensors)
[INFO] [stderr]     Finished `dev` profile [unoptimized + debuginfo] target(s) in 12.88s
[INFO] running `Command { std: "docker" "inspect" "0532816129fdccbb5abf717efcfb0d22616545e1eb27bf8f57a6b411c11b6ca8", kill_on_drop: false }`
[INFO] running `Command { std: "docker" "rm" "-f" "0532816129fdccbb5abf717efcfb0d22616545e1eb27bf8f57a6b411c11b6ca8", kill_on_drop: false }`
[INFO] [stdout] 0532816129fdccbb5abf717efcfb0d22616545e1eb27bf8f57a6b411c11b6ca8
[INFO] running `Command { std: "docker" "create" "-v" "/var/lib/crater-agent-workspace/builds/worker-3-tc1/target:/opt/rustwide/target:rw,Z" "-v" "/var/lib/crater-agent-workspace/builds/worker-3-tc1/source:/opt/rustwide/workdir:ro,Z" "-v" "/var/lib/crater-agent-workspace/cargo-home:/opt/rustwide/cargo-home:ro,Z" "-v" "/var/lib/crater-agent-workspace/rustup-home:/opt/rustwide/rustup-home:ro,Z" "-e" "SOURCE_DIR=/opt/rustwide/workdir" "-e" "CARGO_TARGET_DIR=/opt/rustwide/target" "-e" "CARGO_INCREMENTAL=0" "-e" "RUST_BACKTRACE=full" "-e" "RUSTFLAGS=--cap-lints=forbid" "-e" "RUSTDOCFLAGS=--cap-lints=forbid" "-e" "CARGO_HOME=/opt/rustwide/cargo-home" "-e" "RUSTUP_HOME=/opt/rustwide/rustup-home" "-w" "/opt/rustwide/workdir" "-m" "1610612736" "--user" "0:0" "--network" "none" "ghcr.io/rust-lang/crates-build-env/linux@sha256:819108c5571ea2e421544af4d832f968d213c87fbe3707a016657f43d2f853bc" "/opt/rustwide/cargo-home/bin/cargo" "+nightly-2025-01-18" "test" "--frozen" "--no-run" "--message-format=json", kill_on_drop: false }`
[INFO] [stdout] af820d5b551adb505f07bd536e9138a2b9e796b7d3cc2f5c329996f5059f2b00
[INFO] running `Command { std: "docker" "start" "-a" "af820d5b551adb505f07bd536e9138a2b9e796b7d3cc2f5c329996f5059f2b00", kill_on_drop: false }`
[INFO] [stderr] warning: virtual workspace defaulting to `resolver = "1"` despite one or more workspace members being on edition 2021 which implies `resolver = "2"`
[INFO] [stderr] note: to keep the current resolver, specify `workspace.resolver = "1"` in the workspace root's manifest
[INFO] [stderr] note: to use the edition 2021 resolver, specify `workspace.resolver = "2"` in the workspace root's manifest
[INFO] [stderr] note: for more details see https://doc.rust-lang.org/cargo/reference/resolver.html#resolver-versions
[INFO] [stderr] warning: /opt/rustwide/workdir/Cargo.toml: unused manifest key: workspace.package.name
[INFO] [stderr]    Compiling tensorflow v0.1.0 (/opt/rustwide/workdir/crates/tensorflow)
[INFO] [stderr]    Compiling tensors v0.1.0 (/opt/rustwide/workdir/crates/tensors)
[INFO] [stdout] warning: function `tensors__test_scalar_rank_0_tensor` should have a snake case name
[INFO] [stdout]    --> crates/tensors/src/lib.rs:178:8
[INFO] [stdout]     |
[INFO] [stdout] 178 |     fn tensors__test_scalar_rank_0_tensor() {
[INFO] [stdout]     |        ^^^^^^^^^^^^^^^^^^^^^^^^^^^^^^^^^^ help: convert the identifier to snake case: `tensors_test_scalar_rank_0_tensor`
[INFO] [stdout]     |
[INFO] [stdout]     = note: `#[warn(non_snake_case)]` on by default
[INFO] [stdout] 
[INFO] [stdout] 
[INFO] [stdout] warning: function `tensors__test_row_vector_rank_1_tensor` should have a snake case name
[INFO] [stdout]    --> crates/tensors/src/lib.rs:188:8
[INFO] [stdout]     |
[INFO] [stdout] 188 |     fn tensors__test_row_vector_rank_1_tensor() {
[INFO] [stdout]     |        ^^^^^^^^^^^^^^^^^^^^^^^^^^^^^^^^^^^^^^ help: convert the identifier to snake case: `tensors_test_row_vector_rank_1_tensor`
[INFO] [stdout] 
[INFO] [stdout] 
[INFO] [stdout] warning: function `tensors__test_column_vector_rank_1_tensor` should have a snake case name
[INFO] [stdout]    --> crates/tensors/src/lib.rs:197:8
[INFO] [stdout]     |
[INFO] [stdout] 197 |     fn tensors__test_column_vector_rank_1_tensor() {
[INFO] [stdout]     |        ^^^^^^^^^^^^^^^^^^^^^^^^^^^^^^^^^^^^^^^^^ help: convert the identifier to snake case: `tensors_test_column_vector_rank_1_tensor`
[INFO] [stdout] 
[INFO] [stdout] 
[INFO] [stdout] warning: function `tensors__test_matrix_rank_2_tensor` should have a snake case name
[INFO] [stdout]    --> crates/tensors/src/lib.rs:206:8
[INFO] [stdout]     |
[INFO] [stdout] 206 |     fn tensors__test_matrix_rank_2_tensor() {
[INFO] [stdout]     |        ^^^^^^^^^^^^^^^^^^^^^^^^^^^^^^^^^^ help: convert the identifier to snake case: `tensors_test_matrix_rank_2_tensor`
[INFO] [stdout] 
[INFO] [stdout] 
[INFO] [stdout] warning: function `tensors__test_rank_6_tensor` should have a snake case name
[INFO] [stdout]    --> crates/tensors/src/lib.rs:215:8
[INFO] [stdout]     |
[INFO] [stdout] 215 |     fn tensors__test_rank_6_tensor() {
[INFO] [stdout]     |        ^^^^^^^^^^^^^^^^^^^^^^^^^^^ help: convert the identifier to snake case: `tensors_test_rank_6_tensor`
[INFO] [stdout] 
[INFO] [stdout] 
[INFO] [stdout] warning: function `tensors__test_rank_4_tensor_indices` should have a snake case name
[INFO] [stdout]    --> crates/tensors/src/lib.rs:269:8
[INFO] [stdout]     |
[INFO] [stdout] 269 |     fn tensors__test_rank_4_tensor_indices() {
[INFO] [stdout]     |        ^^^^^^^^^^^^^^^^^^^^^^^^^^^^^^^^^^^ help: convert the identifier to snake case: `tensors_test_rank_4_tensor_indices`
[INFO] [stdout] 
[INFO] [stdout] 
[INFO] [stderr]     Finished `test` profile [unoptimized + debuginfo] target(s) in 1.44s
[INFO] running `Command { std: "docker" "inspect" "af820d5b551adb505f07bd536e9138a2b9e796b7d3cc2f5c329996f5059f2b00", kill_on_drop: false }`
[INFO] running `Command { std: "docker" "rm" "-f" "af820d5b551adb505f07bd536e9138a2b9e796b7d3cc2f5c329996f5059f2b00", kill_on_drop: false }`
[INFO] [stdout] af820d5b551adb505f07bd536e9138a2b9e796b7d3cc2f5c329996f5059f2b00
[INFO] running `Command { std: "docker" "create" "-v" "/var/lib/crater-agent-workspace/builds/worker-3-tc1/target:/opt/rustwide/target:rw,Z" "-v" "/var/lib/crater-agent-workspace/builds/worker-3-tc1/source:/opt/rustwide/workdir:ro,Z" "-v" "/var/lib/crater-agent-workspace/cargo-home:/opt/rustwide/cargo-home:ro,Z" "-v" "/var/lib/crater-agent-workspace/rustup-home:/opt/rustwide/rustup-home:ro,Z" "-e" "SOURCE_DIR=/opt/rustwide/workdir" "-e" "CARGO_TARGET_DIR=/opt/rustwide/target" "-e" "CARGO_INCREMENTAL=0" "-e" "RUST_BACKTRACE=full" "-e" "RUSTFLAGS=--cap-lints=forbid" "-e" "RUSTDOCFLAGS=--cap-lints=forbid" "-e" "CARGO_HOME=/opt/rustwide/cargo-home" "-e" "RUSTUP_HOME=/opt/rustwide/rustup-home" "-w" "/opt/rustwide/workdir" "-m" "1610612736" "--user" "0:0" "--network" "none" "ghcr.io/rust-lang/crates-build-env/linux@sha256:819108c5571ea2e421544af4d832f968d213c87fbe3707a016657f43d2f853bc" "/opt/rustwide/cargo-home/bin/cargo" "+nightly-2025-01-18" "test" "--frozen", kill_on_drop: false }`
[INFO] [stdout] b0019c3bcc52ac00bb27accdb0fd404ada3fed8a8b88e6ddeab6fa2b1f393083
[INFO] running `Command { std: "docker" "start" "-a" "b0019c3bcc52ac00bb27accdb0fd404ada3fed8a8b88e6ddeab6fa2b1f393083", kill_on_drop: false }`
[INFO] [stderr] warning: virtual workspace defaulting to `resolver = "1"` despite one or more workspace members being on edition 2021 which implies `resolver = "2"`
[INFO] [stderr] note: to keep the current resolver, specify `workspace.resolver = "1"` in the workspace root's manifest
[INFO] [stderr] note: to use the edition 2021 resolver, specify `workspace.resolver = "2"` in the workspace root's manifest
[INFO] [stderr] note: for more details see https://doc.rust-lang.org/cargo/reference/resolver.html#resolver-versions
[INFO] [stderr] warning: /opt/rustwide/workdir/Cargo.toml: unused manifest key: workspace.package.name
[INFO] [stderr] warning: function `tensors__test_scalar_rank_0_tensor` should have a snake case name
[INFO] [stderr]    --> crates/tensors/src/lib.rs:178:8
[INFO] [stderr]     |
[INFO] [stderr] 178 |     fn tensors__test_scalar_rank_0_tensor() {
[INFO] [stderr]     |        ^^^^^^^^^^^^^^^^^^^^^^^^^^^^^^^^^^ help: convert the identifier to snake case: `tensors_test_scalar_rank_0_tensor`
[INFO] [stderr]     |
[INFO] [stderr]     = note: `#[warn(non_snake_case)]` on by default
[INFO] [stderr] 
[INFO] [stderr] warning: function `tensors__test_row_vector_rank_1_tensor` should have a snake case name
[INFO] [stderr]    --> crates/tensors/src/lib.rs:188:8
[INFO] [stderr]     |
[INFO] [stderr] 188 |     fn tensors__test_row_vector_rank_1_tensor() {
[INFO] [stderr]     |        ^^^^^^^^^^^^^^^^^^^^^^^^^^^^^^^^^^^^^^ help: convert the identifier to snake case: `tensors_test_row_vector_rank_1_tensor`
[INFO] [stderr] 
[INFO] [stderr] warning: function `tensors__test_column_vector_rank_1_tensor` should have a snake case name
[INFO] [stderr]    --> crates/tensors/src/lib.rs:197:8
[INFO] [stderr]     |
[INFO] [stderr] 197 |     fn tensors__test_column_vector_rank_1_tensor() {
[INFO] [stderr]     |        ^^^^^^^^^^^^^^^^^^^^^^^^^^^^^^^^^^^^^^^^^ help: convert the identifier to snake case: `tensors_test_column_vector_rank_1_tensor`
[INFO] [stderr] 
[INFO] [stderr] warning: function `tensors__test_matrix_rank_2_tensor` should have a snake case name
[INFO] [stderr]    --> crates/tensors/src/lib.rs:206:8
[INFO] [stderr]     |
[INFO] [stderr] 206 |     fn tensors__test_matrix_rank_2_tensor() {
[INFO] [stderr]     |        ^^^^^^^^^^^^^^^^^^^^^^^^^^^^^^^^^^ help: convert the identifier to snake case: `tensors_test_matrix_rank_2_tensor`
[INFO] [stderr] 
[INFO] [stderr] warning: function `tensors__test_rank_6_tensor` should have a snake case name
[INFO] [stderr]    --> crates/tensors/src/lib.rs:215:8
[INFO] [stderr]     |
[INFO] [stderr] 215 |     fn tensors__test_rank_6_tensor() {
[INFO] [stderr]     |        ^^^^^^^^^^^^^^^^^^^^^^^^^^^ help: convert the identifier to snake case: `tensors_test_rank_6_tensor`
[INFO] [stderr] 
[INFO] [stderr] warning: function `tensors__test_rank_4_tensor_indices` should have a snake case name
[INFO] [stderr]    --> crates/tensors/src/lib.rs:269:8
[INFO] [stderr]     |
[INFO] [stderr] 269 |     fn tensors__test_rank_4_tensor_indices() {
[INFO] [stderr]     |        ^^^^^^^^^^^^^^^^^^^^^^^^^^^^^^^^^^^ help: convert the identifier to snake case: `tensors_test_rank_4_tensor_indices`
[INFO] [stderr] 
[INFO] [stderr] warning: `tensors` (lib test) generated 6 warnings
[INFO] [stderr]     Finished `test` profile [unoptimized + debuginfo] target(s) in 0.07s
[INFO] [stderr]      Running unittests src/lib.rs (/opt/rustwide/target/debug/deps/tensorflow-f2d10e74d5b86962)
[INFO] [stdout] 
[INFO] [stdout] running 1 test
[INFO] [stdout] test tests::it_works ... ok
[INFO] [stdout] 
[INFO] [stdout] test result: ok. 1 passed; 0 failed; 0 ignored; 0 measured; 0 filtered out; finished in 0.00s
[INFO] [stdout] 
[INFO] [stderr]      Running unittests src/lib.rs (/opt/rustwide/target/debug/deps/tensors-c486cd16f19ebbf4)
[INFO] [stdout] 
[INFO] [stdout] running 6 tests
[INFO] [stdout] test tests::tensors__test_column_vector_rank_1_tensor ... ok
[INFO] [stdout] test tests::tensors__test_matrix_rank_2_tensor ... ok
[INFO] [stdout] test tests::tensors__test_scalar_rank_0_tensor ... ok
[INFO] [stdout] test tests::tensors__test_rank_6_tensor ... ok
[INFO] [stdout] test tests::tensors__test_row_vector_rank_1_tensor ... ok
[INFO] [stdout] test tests::tensors__test_rank_4_tensor_indices ... FAILED
[INFO] [stderr] error: test failed, to rerun pass `-p tensors --lib`
[INFO] [stdout] 
[INFO] [stdout] failures:
[INFO] [stdout] 
[INFO] [stdout] ---- tests::tensors__test_rank_4_tensor_indices stdout ----
[INFO] [stdout] 
[INFO] [stdout] thread 'tests::tensors__test_rank_4_tensor_indices' panicked at crates/tensors/src/lib.rs:13:43:
[INFO] [stdout] called `Result::unwrap()` on an `Err` value: Error { variant: ParsingError { positives: [scalar, tensor], negatives: [] }, location: Pos(40), line_col: Pos((1, 41)), path: None, line: "[[[[1,2,3],[4,5,6]],[[7,8,9],[10,11,12],]],[[[13,14,15],[16,17,18]],[[19,20,21],[22,23,24],]]]", continued_line: None }
[INFO] [stdout] stack backtrace:
[INFO] [stdout]    0:     0x628edad13b1a - std::backtrace_rs::backtrace::libunwind::trace::hb059275cfc8d6126
[INFO] [stdout]                                at /rustc/6067b36314ab5eb2eb47cecc464545ba58e1ad24/library/std/src/../../backtrace/src/backtrace/libunwind.rs:116:5
[INFO] [stdout]    1:     0x628edad13b1a - std::backtrace_rs::backtrace::trace_unsynchronized::h2da071e4327ce3ee
[INFO] [stdout]                                at /rustc/6067b36314ab5eb2eb47cecc464545ba58e1ad24/library/std/src/../../backtrace/src/backtrace/mod.rs:66:5
[INFO] [stdout]    2:     0x628edad13b1a - std::sys::backtrace::_print_fmt::h842a1474e6f8d23f
[INFO] [stdout]                                at /rustc/6067b36314ab5eb2eb47cecc464545ba58e1ad24/library/std/src/sys/backtrace.rs:66:9
[INFO] [stdout]    3:     0x628edad13b1a - <std::sys::backtrace::BacktraceLock::print::DisplayBacktrace as core::fmt::Display>::fmt::h71a62eb3b9696b12
[INFO] [stdout]                                at /rustc/6067b36314ab5eb2eb47cecc464545ba58e1ad24/library/std/src/sys/backtrace.rs:39:26
[INFO] [stdout]    4:     0x628edad3c503 - core::fmt::rt::Argument::fmt::hdb6b616786b41dc1
[INFO] [stdout]                                at /rustc/6067b36314ab5eb2eb47cecc464545ba58e1ad24/library/core/src/fmt/rt.rs:177:76
[INFO] [stdout]    5:     0x628edad3c503 - core::fmt::write::h2cc1698af7e2d686
[INFO] [stdout]                                at /rustc/6067b36314ab5eb2eb47cecc464545ba58e1ad24/library/core/src/fmt/mod.rs:1440:21
[INFO] [stdout]    6:     0x628edad10673 - std::io::Write::write_fmt::hab1b4cd059a79022
[INFO] [stdout]                                at /rustc/6067b36314ab5eb2eb47cecc464545ba58e1ad24/library/std/src/io/mod.rs:1887:15
[INFO] [stdout]    7:     0x628edad13962 - std::sys::backtrace::BacktraceLock::print::h147fe35b4ea13b08
[INFO] [stdout]                                at /rustc/6067b36314ab5eb2eb47cecc464545ba58e1ad24/library/std/src/sys/backtrace.rs:42:9
[INFO] [stdout]    8:     0x628edad14f3f - std::panicking::default_hook::{{closure}}::hbd44223dbdc0d208
[INFO] [stdout]                                at /rustc/6067b36314ab5eb2eb47cecc464545ba58e1ad24/library/std/src/panicking.rs:298:22
[INFO] [stdout]    9:     0x628edad14d58 - std::panicking::default_hook::h20f81eb0576efcec
[INFO] [stdout]                                at /rustc/6067b36314ab5eb2eb47cecc464545ba58e1ad24/library/std/src/panicking.rs:322:9
[INFO] [stdout]   10:     0x628edacd62d3 - <alloc::boxed::Box<F,A> as core::ops::function::Fn<Args>>::call::hdb53814c496a4d34
[INFO] [stdout]                                at /rustc/6067b36314ab5eb2eb47cecc464545ba58e1ad24/library/alloc/src/boxed.rs:2027:9
[INFO] [stdout]   11:     0x628edacd62d3 - test::test_main::{{closure}}::hc0a4963c59427c24
[INFO] [stdout]                                at /rustc/6067b36314ab5eb2eb47cecc464545ba58e1ad24/library/test/src/lib.rs:134:21
[INFO] [stdout]   12:     0x628edad15a33 - <alloc::boxed::Box<F,A> as core::ops::function::Fn<Args>>::call::h591b2225413a77e9
[INFO] [stdout]                                at /rustc/6067b36314ab5eb2eb47cecc464545ba58e1ad24/library/alloc/src/boxed.rs:2027:9
[INFO] [stdout]   13:     0x628edad15a33 - std::panicking::rust_panic_with_hook::h625eea43051b2edc
[INFO] [stdout]                                at /rustc/6067b36314ab5eb2eb47cecc464545ba58e1ad24/library/std/src/panicking.rs:839:13
[INFO] [stdout]   14:     0x628edad156ea - std::panicking::begin_panic_handler::{{closure}}::h4f9159cfbc3f6bd3
[INFO] [stdout]                                at /rustc/6067b36314ab5eb2eb47cecc464545ba58e1ad24/library/std/src/panicking.rs:704:13
[INFO] [stdout]   15:     0x628edad14019 - std::sys::backtrace::__rust_end_short_backtrace::h0390abce48353151
[INFO] [stdout]                                at /rustc/6067b36314ab5eb2eb47cecc464545ba58e1ad24/library/std/src/sys/backtrace.rs:168:18
[INFO] [stdout]   16:     0x628edad1537d - rust_begin_unwind
[INFO] [stdout]                                at /rustc/6067b36314ab5eb2eb47cecc464545ba58e1ad24/library/std/src/panicking.rs:695:5
[INFO] [stdout]   17:     0x628edad3ab30 - core::panicking::panic_fmt::h9e7c637e9e5f29c9
[INFO] [stdout]                                at /rustc/6067b36314ab5eb2eb47cecc464545ba58e1ad24/library/core/src/panicking.rs:75:14
[INFO] [stdout]   18:     0x628edad3afa6 - core::result::unwrap_failed::h7979f09313fe1849
[INFO] [stdout]                                at /rustc/6067b36314ab5eb2eb47cecc464545ba58e1ad24/library/core/src/result.rs:1704:5
[INFO] [stdout]   19:     0x628edac994cf - core::result::Result<T,E>::unwrap::hc0fd4b98e96fb3b3
[INFO] [stdout]                                at /rustc/6067b36314ab5eb2eb47cecc464545ba58e1ad24/library/core/src/result.rs:1109:23
[INFO] [stdout]   20:     0x628edac994cf - tensors::parse_tensor::hda79bbe8f4da313a
[INFO] [stdout]                                at /opt/rustwide/workdir/crates/tensors/src/lib.rs:13:17
[INFO] [stdout]   21:     0x628edac9b11d - <tensors::Tensor<T> as core::str::traits::FromStr>::from_str::hcc8b4f4abf65bd13
[INFO] [stdout]                                at /opt/rustwide/workdir/crates/tensors/src/lib.rs:117:12
[INFO] [stdout]   22:     0x628edac9b474 - <tensors::Tensor<T> as core::convert::From<&str>>::from::h75d25e4592c2656c
[INFO] [stdout]                                at /opt/rustwide/workdir/crates/tensors/src/lib.rs:125:9
[INFO] [stdout]   23:     0x628edac8b1b8 - tensors::tests::tensors__test_rank_4_tensor_indices::h1c87d117323a9d5d
[INFO] [stdout]                                at /opt/rustwide/workdir/crates/tensors/src/lib.rs:142:9
[INFO] [stdout]   24:     0x628edac8b177 - tensors::tests::tensors__test_rank_4_tensor_indices::{{closure}}::h583fa75522e7df95
[INFO] [stdout]                                at /opt/rustwide/workdir/crates/tensors/src/lib.rs:269:45
[INFO] [stdout]   25:     0x628edac7fe56 - core::ops::function::FnOnce::call_once::hc38b1da5ef71801e
[INFO] [stdout]                                at /rustc/6067b36314ab5eb2eb47cecc464545ba58e1ad24/library/core/src/ops/function.rs:250:5
[INFO] [stdout]   26:     0x628edacdba2b - core::ops::function::FnOnce::call_once::he27718dfdd183f43
[INFO] [stdout]                                at /rustc/6067b36314ab5eb2eb47cecc464545ba58e1ad24/library/core/src/ops/function.rs:250:5
[INFO] [stdout]   27:     0x628edacdba2b - test::__rust_begin_short_backtrace::h4e84902998457a5d
[INFO] [stdout]                                at /rustc/6067b36314ab5eb2eb47cecc464545ba58e1ad24/library/test/src/lib.rs:632:18
[INFO] [stdout]   28:     0x628edacda963 - test::run_test_in_process::{{closure}}::h7176fd18fc1feca0
[INFO] [stdout]                                at /rustc/6067b36314ab5eb2eb47cecc464545ba58e1ad24/library/test/src/lib.rs:655:60
[INFO] [stdout]   29:     0x628edacda963 - <core::panic::unwind_safe::AssertUnwindSafe<F> as core::ops::function::FnOnce<()>>::call_once::hf79cff2a624d8cf7
[INFO] [stdout]                                at /rustc/6067b36314ab5eb2eb47cecc464545ba58e1ad24/library/core/src/panic/unwind_safe.rs:272:9
[INFO] [stdout]   30:     0x628edacda963 - std::panicking::try::do_call::h3da0561d9ab99c25
[INFO] [stdout]                                at /rustc/6067b36314ab5eb2eb47cecc464545ba58e1ad24/library/std/src/panicking.rs:587:40
[INFO] [stdout]   31:     0x628edacda963 - std::panicking::try::h41c9fa508bc61df6
[INFO] [stdout]                                at /rustc/6067b36314ab5eb2eb47cecc464545ba58e1ad24/library/std/src/panicking.rs:550:19
[INFO] [stdout]   32:     0x628edacda963 - std::panic::catch_unwind::h6b3ff07bb5afad93
[INFO] [stdout]                                at /rustc/6067b36314ab5eb2eb47cecc464545ba58e1ad24/library/std/src/panic.rs:358:14
[INFO] [stdout]   33:     0x628edacda963 - test::run_test_in_process::hc7253dd11b39b9f4
[INFO] [stdout]                                at /rustc/6067b36314ab5eb2eb47cecc464545ba58e1ad24/library/test/src/lib.rs:655:27
[INFO] [stdout]   34:     0x628edacda963 - test::run_test::{{closure}}::hfb2007f8649c30bb
[INFO] [stdout]                                at /rustc/6067b36314ab5eb2eb47cecc464545ba58e1ad24/library/test/src/lib.rs:576:43
[INFO] [stdout]   35:     0x628edac9da45 - test::run_test::{{closure}}::h56a17aa7a282a9f4
[INFO] [stdout]                                at /rustc/6067b36314ab5eb2eb47cecc464545ba58e1ad24/library/test/src/lib.rs:606:41
[INFO] [stdout]   36:     0x628edac9da45 - std::sys::backtrace::__rust_begin_short_backtrace::hd2d2d2fb8e8c6aac
[INFO] [stdout]                                at /rustc/6067b36314ab5eb2eb47cecc464545ba58e1ad24/library/std/src/sys/backtrace.rs:152:18
[INFO] [stdout]   37:     0x628edaca132a - std::thread::Builder::spawn_unchecked_::{{closure}}::{{closure}}::h4faa3f9db6133423
[INFO] [stdout]                                at /rustc/6067b36314ab5eb2eb47cecc464545ba58e1ad24/library/std/src/thread/mod.rs:559:17
[INFO] [stdout]   38:     0x628edaca132a - <core::panic::unwind_safe::AssertUnwindSafe<F> as core::ops::function::FnOnce<()>>::call_once::hf2e855a36a4ea846
[INFO] [stdout]                                at /rustc/6067b36314ab5eb2eb47cecc464545ba58e1ad24/library/core/src/panic/unwind_safe.rs:272:9
[INFO] [stdout]   39:     0x628edaca132a - std::panicking::try::do_call::h2f73af3616c35465
[INFO] [stdout]                                at /rustc/6067b36314ab5eb2eb47cecc464545ba58e1ad24/library/std/src/panicking.rs:587:40
[INFO] [stdout]   40:     0x628edaca132a - std::panicking::try::hd1660ce9efadef5a
[INFO] [stdout]                                at /rustc/6067b36314ab5eb2eb47cecc464545ba58e1ad24/library/std/src/panicking.rs:550:19
[INFO] [stdout]   41:     0x628edaca132a - std::panic::catch_unwind::h5ee8d7823b8ca744
[INFO] [stdout]                                at /rustc/6067b36314ab5eb2eb47cecc464545ba58e1ad24/library/std/src/panic.rs:358:14
[INFO] [stdout]   42:     0x628edaca132a - std::thread::Builder::spawn_unchecked_::{{closure}}::h53c3a1894dce8407
[INFO] [stdout]                                at /rustc/6067b36314ab5eb2eb47cecc464545ba58e1ad24/library/std/src/thread/mod.rs:557:30
[INFO] [stdout]   43:     0x628edaca132a - core::ops::function::FnOnce::call_once{{vtable.shim}}::h048ce291ad4f62bf
[INFO] [stdout]                                at /rustc/6067b36314ab5eb2eb47cecc464545ba58e1ad24/library/core/src/ops/function.rs:250:5
[INFO] [stdout]   44:     0x628edad1996b - <alloc::boxed::Box<F,A> as core::ops::function::FnOnce<Args>>::call_once::ha52bedf99a3b4981
[INFO] [stdout]                                at /rustc/6067b36314ab5eb2eb47cecc464545ba58e1ad24/library/alloc/src/boxed.rs:2013:9
[INFO] [stdout]   45:     0x628edad1996b - <alloc::boxed::Box<F,A> as core::ops::function::FnOnce<Args>>::call_once::h567748934d80ccf8
[INFO] [stdout]                                at /rustc/6067b36314ab5eb2eb47cecc464545ba58e1ad24/library/alloc/src/boxed.rs:2013:9
[INFO] [stdout]   46:     0x628edad1996b - std::sys::pal::unix::thread::Thread::new::thread_start::h2d970728ae887adc
[INFO] [stdout]                                at /rustc/6067b36314ab5eb2eb47cecc464545ba58e1ad24/library/std/src/sys/pal/unix/thread.rs:106:17
[INFO] [stdout]   47:     0x7abc780d2ac3 - <unknown>
[INFO] [stdout]   48:     0x7abc78163a04 - clone
[INFO] [stdout]   49:                0x0 - <unknown>
[INFO] [stdout] 
[INFO] [stdout] 
[INFO] [stdout] failures:
[INFO] [stdout]     tests::tensors__test_rank_4_tensor_indices
[INFO] [stdout] 
[INFO] [stdout] test result: FAILED. 5 passed; 1 failed; 0 ignored; 0 measured; 0 filtered out; finished in 0.07s
[INFO] [stdout] 
[INFO] running `Command { std: "docker" "inspect" "b0019c3bcc52ac00bb27accdb0fd404ada3fed8a8b88e6ddeab6fa2b1f393083", kill_on_drop: false }`
[INFO] running `Command { std: "docker" "rm" "-f" "b0019c3bcc52ac00bb27accdb0fd404ada3fed8a8b88e6ddeab6fa2b1f393083", kill_on_drop: false }`
[INFO] [stdout] b0019c3bcc52ac00bb27accdb0fd404ada3fed8a8b88e6ddeab6fa2b1f393083
