[INFO] cloning repository https://github.com/IntelliStream-DataHub/dataplatform-rust-sdk
[INFO] running `Command { std: "git" "-c" "credential.helper=" "-c" "credential.helper=/workspace/cargo-home/bin/git-credential-null" "clone" "--bare" "https://github.com/IntelliStream-DataHub/dataplatform-rust-sdk" "/workspace/cache/git-repos/https%3A%2F%2Fgithub.com%2FIntelliStream-DataHub%2Fdataplatform-rust-sdk", kill_on_drop: false }`
[INFO] [stderr] Cloning into bare repository '/workspace/cache/git-repos/https%3A%2F%2Fgithub.com%2FIntelliStream-DataHub%2Fdataplatform-rust-sdk'...
[INFO] running `Command { std: "git" "rev-parse" "HEAD", kill_on_drop: false }`
[INFO] [stdout] 8f0b14177524cedd5fd02c07f5cc60ef796971b3
[INFO] testing IntelliStream-DataHub/dataplatform-rust-sdk against nightly-2025-01-18 for randomize-layout-2
[INFO] running `Command { std: "git" "clone" "/workspace/cache/git-repos/https%3A%2F%2Fgithub.com%2FIntelliStream-DataHub%2Fdataplatform-rust-sdk" "/workspace/builds/worker-1-tc1/source", kill_on_drop: false }`
[INFO] [stderr] Cloning into '/workspace/builds/worker-1-tc1/source'...
[INFO] [stderr] done.
[INFO] validating manifest of git repo https://github.com/IntelliStream-DataHub/dataplatform-rust-sdk on toolchain nightly-2025-01-18
[INFO] running `Command { std: CARGO_HOME="/workspace/cargo-home" RUSTUP_HOME="/workspace/rustup-home" "/workspace/cargo-home/bin/cargo" "+nightly-2025-01-18" "metadata" "--manifest-path" "Cargo.toml" "--no-deps", kill_on_drop: false }`
[INFO] started tweaking git repo https://github.com/IntelliStream-DataHub/dataplatform-rust-sdk
[INFO] finished tweaking git repo https://github.com/IntelliStream-DataHub/dataplatform-rust-sdk
[INFO] tweaked toml for git repo https://github.com/IntelliStream-DataHub/dataplatform-rust-sdk written to /workspace/builds/worker-1-tc1/source/Cargo.toml
[INFO] running `Command { std: CARGO_HOME="/workspace/cargo-home" RUSTUP_HOME="/workspace/rustup-home" "/workspace/cargo-home/bin/cargo" "+nightly-2025-01-18" "generate-lockfile" "--manifest-path" "Cargo.toml", kill_on_drop: false }`
[INFO] [stderr]     Updating crates.io index
[INFO] [stderr]     Blocking waiting for file lock on package cache
[INFO] [stderr]      Locking 201 packages to latest compatible versions
[INFO] running `Command { std: CARGO_HOME="/workspace/cargo-home" RUSTUP_HOME="/workspace/rustup-home" "/workspace/cargo-home/bin/cargo" "+nightly-2025-01-18" "fetch" "--manifest-path" "Cargo.toml", kill_on_drop: false }`
[INFO] [stderr]     Blocking waiting for file lock on package cache
[INFO] [stderr]  Downloading crates ...
[INFO] [stderr]   Downloaded oauth2 v5.0.0-rc.1
[INFO] running `Command { std: "docker" "create" "-v" "/var/lib/crater-agent-workspace/builds/worker-1-tc1/target:/opt/rustwide/target:rw,Z" "-v" "/var/lib/crater-agent-workspace/builds/worker-1-tc1/source:/opt/rustwide/workdir:ro,Z" "-v" "/var/lib/crater-agent-workspace/cargo-home:/opt/rustwide/cargo-home:ro,Z" "-v" "/var/lib/crater-agent-workspace/rustup-home:/opt/rustwide/rustup-home:ro,Z" "-e" "SOURCE_DIR=/opt/rustwide/workdir" "-e" "CARGO_TARGET_DIR=/opt/rustwide/target" "-e" "CARGO_HOME=/opt/rustwide/cargo-home" "-e" "RUSTUP_HOME=/opt/rustwide/rustup-home" "-w" "/opt/rustwide/workdir" "-m" "1610612736" "--user" "0:0" "--network" "none" "ghcr.io/rust-lang/crates-build-env/linux@sha256:819108c5571ea2e421544af4d832f968d213c87fbe3707a016657f43d2f853bc" "/opt/rustwide/cargo-home/bin/cargo" "+nightly-2025-01-18" "metadata" "--no-deps" "--format-version=1", kill_on_drop: false }`
[INFO] [stdout] 7510653cc34f13bf51405e2777f5f8be2eb63116100903b6bd6a57e5736792a7
[INFO] running `Command { std: "docker" "start" "-a" "7510653cc34f13bf51405e2777f5f8be2eb63116100903b6bd6a57e5736792a7", kill_on_drop: false }`
[INFO] running `Command { std: "docker" "inspect" "7510653cc34f13bf51405e2777f5f8be2eb63116100903b6bd6a57e5736792a7", kill_on_drop: false }`
[INFO] running `Command { std: "docker" "rm" "-f" "7510653cc34f13bf51405e2777f5f8be2eb63116100903b6bd6a57e5736792a7", kill_on_drop: false }`
[INFO] [stdout] 7510653cc34f13bf51405e2777f5f8be2eb63116100903b6bd6a57e5736792a7
[INFO] running `Command { std: "docker" "create" "-v" "/var/lib/crater-agent-workspace/builds/worker-1-tc1/target:/opt/rustwide/target:rw,Z" "-v" "/var/lib/crater-agent-workspace/builds/worker-1-tc1/source:/opt/rustwide/workdir:ro,Z" "-v" "/var/lib/crater-agent-workspace/cargo-home:/opt/rustwide/cargo-home:ro,Z" "-v" "/var/lib/crater-agent-workspace/rustup-home:/opt/rustwide/rustup-home:ro,Z" "-e" "SOURCE_DIR=/opt/rustwide/workdir" "-e" "CARGO_TARGET_DIR=/opt/rustwide/target" "-e" "CARGO_INCREMENTAL=0" "-e" "RUST_BACKTRACE=full" "-e" "RUSTFLAGS=--cap-lints=forbid" "-e" "RUSTDOCFLAGS=--cap-lints=forbid" "-e" "CARGO_HOME=/opt/rustwide/cargo-home" "-e" "RUSTUP_HOME=/opt/rustwide/rustup-home" "-w" "/opt/rustwide/workdir" "-m" "1610612736" "--user" "0:0" "--network" "none" "ghcr.io/rust-lang/crates-build-env/linux@sha256:819108c5571ea2e421544af4d832f968d213c87fbe3707a016657f43d2f853bc" "/opt/rustwide/cargo-home/bin/cargo" "+nightly-2025-01-18" "build" "--frozen" "--message-format=json", kill_on_drop: false }`
[INFO] [stdout] 39b99174d1d303c95c8c857b3060f9d1e99498f17ec5d58a31a2599858b143d1
[INFO] running `Command { std: "docker" "start" "-a" "39b99174d1d303c95c8c857b3060f9d1e99498f17ec5d58a31a2599858b143d1", kill_on_drop: false }`
[INFO] [stderr]    Compiling proc-macro2 v1.0.93
[INFO] [stderr]    Compiling libc v0.2.169
[INFO] [stderr]    Compiling cfg-if v1.0.0
[INFO] [stderr]    Compiling smallvec v1.13.2
[INFO] [stderr]    Compiling pin-project-lite v0.2.16
[INFO] [stderr]    Compiling bytes v1.9.0
[INFO] [stderr]    Compiling scopeguard v1.2.0
[INFO] [stderr]    Compiling stable_deref_trait v1.2.0
[INFO] [stderr]    Compiling once_cell v1.20.2
[INFO] [stderr]    Compiling futures-core v0.3.31
[INFO] [stderr]    Compiling itoa v1.0.14
[INFO] [stderr]    Compiling futures-sink v0.3.31
[INFO] [stderr]    Compiling cc v1.2.10
[INFO] [stderr]    Compiling parking_lot_core v0.9.10
[INFO] [stderr]    Compiling lock_api v0.4.12
[INFO] [stderr]    Compiling slab v0.4.9
[INFO] [stderr]    Compiling vcpkg v0.2.15
[INFO] [stderr]    Compiling pkg-config v0.3.31
[INFO] [stderr]    Compiling memchr v2.7.4
[INFO] [stderr]    Compiling writeable v0.5.5
[INFO] [stderr]    Compiling litemap v0.7.4
[INFO] [stderr]    Compiling fnv v1.0.7
[INFO] [stderr]    Compiling futures-io v0.3.31
[INFO] [stderr]    Compiling pin-utils v0.1.0
[INFO] [stderr]    Compiling futures-task v0.3.31
[INFO] [stderr]    Compiling serde v1.0.217
[INFO] [stderr]    Compiling tracing-core v0.1.33
[INFO] [stderr]    Compiling rustls-pki-types v1.10.1
[INFO] [stderr]    Compiling equivalent v1.0.1
[INFO] [stderr]    Compiling icu_locid_transform_data v1.5.0
[INFO] [stderr]    Compiling hashbrown v0.15.2
[INFO] [stderr]    Compiling httparse v1.9.5
[INFO] [stderr]    Compiling typenum v1.17.0
[INFO] [stderr]    Compiling generic-array v0.14.7
[INFO] [stderr]    Compiling atomic-waker v1.1.2
[INFO] [stderr]    Compiling icu_properties_data v1.5.0
[INFO] [stderr]    Compiling spin v0.9.8
[INFO] [stderr]    Compiling untrusted v0.9.0
[INFO] [stderr]    Compiling http v1.2.0
[INFO] [stderr]    Compiling openssl v0.10.68
[INFO] [stderr]    Compiling foreign-types-shared v0.1.1
[INFO] [stderr]    Compiling try-lock v0.2.5
[INFO] [stderr]    Compiling foreign-types v0.3.2
[INFO] [stderr]    Compiling want v0.3.1
[INFO] [stderr]    Compiling futures-channel v0.3.31
[INFO] [stderr]    Compiling tower-service v0.3.3
[INFO] [stderr]    Compiling tracing v0.1.41
[INFO] [stderr]    Compiling write16 v1.0.0
[INFO] [stderr]    Compiling rustls v0.23.21
[INFO] [stderr]    Compiling native-tls v0.2.12
[INFO] [stderr]    Compiling icu_normalizer_data v1.5.0
[INFO] [stderr]    Compiling utf16_iter v1.0.5
[INFO] [stderr]    Compiling bitflags v2.8.0
[INFO] [stderr]    Compiling utf8_iter v1.0.4
[INFO] [stderr]    Compiling futures-util v0.3.31
[INFO] [stderr]    Compiling subtle v2.6.1
[INFO] [stderr]    Compiling log v0.4.25
[INFO] [stderr]    Compiling openssl-probe v0.1.5
[INFO] [stderr]    Compiling byteorder v1.5.0
[INFO] [stderr]    Compiling zeroize v1.8.1
[INFO] [stderr]    Compiling percent-encoding v2.3.1
[INFO] [stderr]    Compiling num-traits v0.2.19
[INFO] [stderr]    Compiling ryu v1.0.18
[INFO] [stderr]    Compiling quote v1.0.38
[INFO] [stderr]    Compiling indexmap v2.7.1
[INFO] [stderr]    Compiling form_urlencoded v1.2.1
[INFO] [stderr]    Compiling serde_json v1.0.137
[INFO] [stderr]    Compiling webpki-roots v0.26.7
[INFO] [stderr]    Compiling sync_wrapper v1.0.2
[INFO] [stderr]    Compiling tower-layer v0.3.3
[INFO] [stderr]    Compiling thiserror v1.0.69
[INFO] [stderr]    Compiling rustls-pemfile v2.2.0
[INFO] [stderr]    Compiling encoding_rs v0.8.35
[INFO] [stderr]    Compiling ipnet v2.11.0
[INFO] [stderr]    Compiling mime v0.3.17
[INFO] [stderr]    Compiling iana-time-zone v0.1.61
[INFO] [stderr]    Compiling base64 v0.22.1
[INFO] [stderr]    Compiling cpufeatures v0.2.16
[INFO] [stderr]    Compiling syn v2.0.96
[INFO] [stderr]    Compiling mio v1.0.3
[INFO] [stderr]    Compiling socket2 v0.5.8
[INFO] [stderr]    Compiling signal-hook-registry v1.4.2
[INFO] [stderr]    Compiling getrandom v0.2.15
[INFO] [stderr]    Compiling http-body v1.0.1
[INFO] [stderr]    Compiling parking_lot v0.12.3
[INFO] [stderr]    Compiling rand_core v0.6.4
[INFO] [stderr]    Compiling maplit v1.0.2
[INFO] [stderr]    Compiling block-buffer v0.10.4
[INFO] [stderr]    Compiling crypto-common v0.1.6
[INFO] [stderr]    Compiling openssl-sys v0.9.104
[INFO] [stderr]    Compiling ring v0.17.8
[INFO] [stderr]    Compiling digest v0.10.7
[INFO] [stderr]    Compiling sha2 v0.10.8
[INFO] [stderr]    Compiling http-body-util v0.1.2
[INFO] [stderr]    Compiling synstructure v0.13.1
[INFO] [stderr]    Compiling zerovec-derive v0.10.3
[INFO] [stderr]    Compiling tokio-macros v2.5.0
[INFO] [stderr]    Compiling displaydoc v0.2.5
[INFO] [stderr]    Compiling icu_provider_macros v1.5.0
[INFO] [stderr]    Compiling serde_derive v1.0.217
[INFO] [stderr]    Compiling openssl-macros v0.1.1
[INFO] [stderr]    Compiling zerocopy-derive v0.7.35
[INFO] [stderr]    Compiling thiserror-impl v1.0.69
[INFO] [stderr]    Compiling zerofrom-derive v0.1.5
[INFO] [stderr]    Compiling yoke-derive v0.7.5
[INFO] [stderr]    Compiling zerocopy v0.7.35
[INFO] [stderr]    Compiling tokio v1.43.0
[INFO] [stderr]    Compiling rustls-webpki v0.102.8
[INFO] [stderr]    Compiling ppv-lite86 v0.2.20
[INFO] [stderr]    Compiling zerofrom v0.1.5
[INFO] [stderr]    Compiling yoke v0.7.5
[INFO] [stderr]    Compiling zerovec v0.10.4
[INFO] [stderr]    Compiling rand_chacha v0.3.1
[INFO] [stderr]    Compiling rand v0.8.5
[INFO] [stderr]    Compiling tinystr v0.7.6
[INFO] [stderr]    Compiling icu_collections v1.5.0
[INFO] [stderr]    Compiling icu_locid v1.5.0
[INFO] [stderr]    Compiling icu_provider v1.5.0
[INFO] [stderr]    Compiling icu_locid_transform v1.5.0
[INFO] [stderr]    Compiling icu_properties v1.5.1
[INFO] [stderr]    Compiling serde_urlencoded v0.7.1
[INFO] [stderr]    Compiling serde_path_to_error v0.1.16
[INFO] [stderr]    Compiling chrono v0.4.39
[INFO] [stderr]    Compiling tokio-util v0.7.13
[INFO] [stderr]    Compiling tokio-rustls v0.26.1
[INFO] [stderr]    Compiling tokio-native-tls v0.3.1
[INFO] [stderr]    Compiling tower v0.5.2
[INFO] [stderr]    Compiling icu_normalizer v1.5.0
[INFO] [stderr]    Compiling h2 v0.4.7
[INFO] [stderr]    Compiling idna_adapter v1.2.0
[INFO] [stderr]    Compiling idna v1.0.3
[INFO] [stderr]    Compiling url v2.5.4
[INFO] [stderr]    Compiling hyper v1.5.2
[INFO] [stderr]    Compiling hyper-util v0.1.10
[INFO] [stderr]    Compiling hyper-tls v0.6.0
[INFO] [stderr]    Compiling hyper-rustls v0.27.5
[INFO] [stderr]    Compiling reqwest v0.12.12
[INFO] [stderr]    Compiling oauth2 v5.0.0-rc.1
[INFO] [stderr]    Compiling dataplatform-rust-sdk v0.1.0 (/opt/rustwide/workdir)
[INFO] [stdout] warning: unused import: `IdAndExtIdCollection`
[INFO] [stdout]  --> src/lib.rs:7:22
[INFO] [stdout]   |
[INFO] [stdout] 7 | use crate::generic::{IdAndExtIdCollection};
[INFO] [stdout]   |                      ^^^^^^^^^^^^^^^^^^^^
[INFO] [stdout]   |
[INFO] [stdout]   = note: `#[warn(unused_imports)]` on by default
[INFO] [stdout] 
[INFO] [stdout] 
[INFO] [stdout] warning: unused imports: `LimitParam`, `TimeSeriesUpdateCollection`, and `TimeSeries`
[INFO] [stdout]  --> src/lib.rs:8:25
[INFO] [stdout]   |
[INFO] [stdout] 8 | use crate::timeseries::{LimitParam, TimeSeries, TimeSeriesUpdateCollection, TimeSeriesService};
[INFO] [stdout]   |                         ^^^^^^^^^^  ^^^^^^^^^^  ^^^^^^^^^^^^^^^^^^^^^^^^^^
[INFO] [stdout] 
[INFO] [stdout] 
[INFO] [stdout] warning: unused import: `DataWrapper`
[INFO] [stdout]  --> src/http.rs:4:50
[INFO] [stdout]   |
[INFO] [stdout] 4 | use crate::generic::{DataWrapperDeserialization, DataWrapper};
[INFO] [stdout]   |                                                  ^^^^^^^^^^^
[INFO] [stdout] 
[INFO] [stdout] 
[INFO] [stdout] warning: unused variable: `status_code`
[INFO] [stdout]    --> src/generic.rs:210:47
[INFO] [stdout]     |
[INFO] [stdout] 210 |     fn deserialize_and_set_status(body: &str, status_code: u16) -> Result<Self, serde_json::Error>
[INFO] [stdout]     |                                               ^^^^^^^^^^^ help: if this is intentional, prefix it with an underscore: `_status_code`
[INFO] [stdout]     |
[INFO] [stdout]     = note: `#[warn(unused_variables)]` on by default
[INFO] [stdout] 
[INFO] [stdout] 
[INFO] [stdout] warning: variable does not need to be mutable
[INFO] [stdout]   --> src/lib.rs:41:9
[INFO] [stdout]    |
[INFO] [stdout] 41 |     let mut api_service = Rc::new_cyclic(|weak_self| {
[INFO] [stdout]    |         ----^^^^^^^^^^^
[INFO] [stdout]    |         |
[INFO] [stdout]    |         help: remove this `mut`
[INFO] [stdout]    |
[INFO] [stdout]    = note: `#[warn(unused_mut)]` on by default
[INFO] [stdout] 
[INFO] [stdout] 
[INFO] [stdout] warning: fields `config`, `time_series`, `units`, `events`, and `http_client` are never read
[INFO] [stdout]   --> src/lib.rs:20:5
[INFO] [stdout]    |
[INFO] [stdout] 19 | struct ApiService<'a>{
[INFO] [stdout]    |        ---------- fields in this struct
[INFO] [stdout] 20 |     config: Box<DataHubApi<'a>>,
[INFO] [stdout]    |     ^^^^^^
[INFO] [stdout] 21 |     pub time_series: TimeSeriesService<'a>,
[INFO] [stdout]    |         ^^^^^^^^^^^
[INFO] [stdout] 22 |     pub units: UnitsService<'a>,
[INFO] [stdout]    |         ^^^^^
[INFO] [stdout] 23 |     pub events: EventsService<'a>,
[INFO] [stdout]    |         ^^^^^^
[INFO] [stdout] 24 |     http_client: Client,
[INFO] [stdout]    |     ^^^^^^^^^^^
[INFO] [stdout]    |
[INFO] [stdout]    = note: `#[warn(dead_code)]` on by default
[INFO] [stdout] 
[INFO] [stdout] 
[INFO] [stdout] warning: function `create_api_service` is never used
[INFO] [stdout]   --> src/lib.rs:27:4
[INFO] [stdout]    |
[INFO] [stdout] 27 | fn create_api_service() -> Rc<ApiService<'static>> {
[INFO] [stdout]    |    ^^^^^^^^^^^^^^^^^^
[INFO] [stdout] 
[INFO] [stdout] 
[INFO] [stdout] warning: field `base_url` is never read
[INFO] [stdout]   --> src/unit/mod.rs:11:5
[INFO] [stdout]    |
[INFO] [stdout] 9  | pub struct UnitsService<'a>{
[INFO] [stdout]    |            ------------ field in this struct
[INFO] [stdout] 10 |     pub(crate) api_service: Weak<ApiService<'a>>,
[INFO] [stdout] 11 |     base_url: String
[INFO] [stdout]    |     ^^^^^^^^
[INFO] [stdout] 
[INFO] [stdout] 
[INFO] [stdout] warning: associated items `new`, `list`, `by_external_id`, and `by_ids` are never used
[INFO] [stdout]   --> src/unit/mod.rs:16:12
[INFO] [stdout]    |
[INFO] [stdout] 14 | impl<'a> UnitsService<'a>{
[INFO] [stdout]    | ------------------------- associated items in this implementation
[INFO] [stdout] 15 |
[INFO] [stdout] 16 |     pub fn new(api_service: Weak<ApiService<'a>>, base_url: &String) -> Self {
[INFO] [stdout]    |            ^^^
[INFO] [stdout] ...
[INFO] [stdout] 21 |     pub async fn list(&self) -> Result<DataWrapper<Unit>, ResponseError> {
[INFO] [stdout]    |                  ^^^^
[INFO] [stdout] ...
[INFO] [stdout] 25 |     pub async fn by_external_id(&self, value: &str) -> Result<DataWrapper<Unit>, ResponseError> {
[INFO] [stdout]    |                  ^^^^^^^^^^^^^^
[INFO] [stdout] ...
[INFO] [stdout] 30 |     pub async fn by_ids(&self, json: &IdAndExtIdCollection) -> Result<DataWrapper<Unit>, ResponseError> {
[INFO] [stdout]    |                  ^^^^^^
[INFO] [stdout] 
[INFO] [stdout] 
[INFO] [stdout] warning: associated functions `from_id` and `from_external_id` are never used
[INFO] [stdout]   --> src/generic.rs:19:12
[INFO] [stdout]    |
[INFO] [stdout] 17 | impl IdAndExtId {
[INFO] [stdout]    | --------------- associated functions in this implementation
[INFO] [stdout] 18 |
[INFO] [stdout] 19 |     pub fn from_id(id: u64) -> Self {
[INFO] [stdout]    |            ^^^^^^^
[INFO] [stdout] ...
[INFO] [stdout] 23 |     pub fn from_external_id(external_id: &str) -> Self {
[INFO] [stdout]    |            ^^^^^^^^^^^^^^^^
[INFO] [stdout] 
[INFO] [stdout] 
[INFO] [stdout] warning: associated items `new`, `from_id_vec`, `from_external_id_vec`, `set_items`, and `add_item` are never used
[INFO] [stdout]   --> src/generic.rs:36:12
[INFO] [stdout]    |
[INFO] [stdout] 34 | impl IdAndExtIdCollection {
[INFO] [stdout]    | ------------------------- associated items in this implementation
[INFO] [stdout] 35 |
[INFO] [stdout] 36 |     pub fn new() -> Self {
[INFO] [stdout]    |            ^^^
[INFO] [stdout] ...
[INFO] [stdout] 42 |     pub fn from_id_vec(ids: Vec<u64>) -> Self {
[INFO] [stdout]    |            ^^^^^^^^^^^
[INFO] [stdout] ...
[INFO] [stdout] 50 |     pub fn from_external_id_vec(external_ids: Vec<&str>) -> Self {
[INFO] [stdout]    |            ^^^^^^^^^^^^^^^^^^^^
[INFO] [stdout] ...
[INFO] [stdout] 58 |     pub fn set_items(&mut self, items: Vec<IdAndExtId>) {
[INFO] [stdout]    |            ^^^^^^^^^
[INFO] [stdout] ...
[INFO] [stdout] 62 |     pub fn add_item(&mut self, item: IdAndExtId) {
[INFO] [stdout]    |            ^^^^^^^^
[INFO] [stdout] 
[INFO] [stdout] 
[INFO] [stdout] warning: associated items `new`, `get_items`, `set_items`, `add_item`, `length`, and `get_http_status_code` are never used
[INFO] [stdout]   --> src/generic.rs:75:12
[INFO] [stdout]    |
[INFO] [stdout] 74 | impl<T> DataWrapper<T> {
[INFO] [stdout]    | ---------------------- associated items in this implementation
[INFO] [stdout] 75 |     pub fn new() -> Self {
[INFO] [stdout]    |            ^^^
[INFO] [stdout] ...
[INFO] [stdout] 82 |     pub fn get_items(&self) -> &Vec<T> {
[INFO] [stdout]    |            ^^^^^^^^^
[INFO] [stdout] ...
[INFO] [stdout] 86 |     pub fn set_items(&mut self, items: Vec<T>) {
[INFO] [stdout]    |            ^^^^^^^^^
[INFO] [stdout] ...
[INFO] [stdout] 90 |     pub fn add_item(&mut self, item: T) {
[INFO] [stdout]    |            ^^^^^^^^
[INFO] [stdout] ...
[INFO] [stdout] 94 |     pub fn length(&self) -> u64 {
[INFO] [stdout]    |            ^^^^^^
[INFO] [stdout] ...
[INFO] [stdout] 98 |     pub fn get_http_status_code(&self) -> Option<u16> {
[INFO] [stdout]    |            ^^^^^^^^^^^^^^^^^^^^
[INFO] [stdout] 
[INFO] [stdout] 
[INFO] [stdout] warning: methods `api_service`, `get_api_service`, `execute_get_request`, and `execute_post_request` are never used
[INFO] [stdout]    --> src/generic.rs:109:8
[INFO] [stdout]     |
[INFO] [stdout] 108 | pub trait ApiServiceProvider<'a> {
[INFO] [stdout]     |           ------------------ methods in this trait
[INFO] [stdout] 109 |     fn api_service(&self) -> &Weak<ApiService<'a>>;
[INFO] [stdout]     |        ^^^^^^^^^^^
[INFO] [stdout] 110 |
[INFO] [stdout] 111 |     fn get_api_service(&self) -> Rc<ApiService<'a>> {
[INFO] [stdout]     |        ^^^^^^^^^^^^^^^
[INFO] [stdout] ...
[INFO] [stdout] 115 |     async fn execute_get_request<T: DeserializeOwned + DataWrapperDeserialization>(
[INFO] [stdout]     |              ^^^^^^^^^^^^^^^^^^^
[INFO] [stdout] ...
[INFO] [stdout] 130 |     async fn execute_post_request<T: DeserializeOwned + DataWrapperDeserialization, J: Serialize>(
[INFO] [stdout]     |              ^^^^^^^^^^^^^^^^^^^^
[INFO] [stdout] 
[INFO] [stdout] 
[INFO] [stdout] warning: associated function `deserialize_and_set_status` is never used
[INFO] [stdout]    --> src/generic.rs:180:8
[INFO] [stdout]     |
[INFO] [stdout] 179 | pub trait DataWrapperDeserialization {
[INFO] [stdout]     |           -------------------------- associated function in this trait
[INFO] [stdout] 180 |     fn deserialize_and_set_status(body: &str, status_code: u16) -> Result<Self, serde_json::Error>
[INFO] [stdout]     |        ^^^^^^^^^^^^^^^^^^^^^^^^^^
[INFO] [stdout] 
[INFO] [stdout] 
[INFO] [stdout] warning: field `base_url` is never read
[INFO] [stdout]   --> src/timeseries/mod.rs:13:5
[INFO] [stdout]    |
[INFO] [stdout] 11 | pub struct TimeSeriesService<'a>{
[INFO] [stdout]    |            ----------------- field in this struct
[INFO] [stdout] 12 |     pub(crate) api_service: Weak<ApiService<'a>>,
[INFO] [stdout] 13 |     base_url: String
[INFO] [stdout]    |     ^^^^^^^^
[INFO] [stdout] 
[INFO] [stdout] 
[INFO] [stdout] warning: multiple associated items are never used
[INFO] [stdout]   --> src/timeseries/mod.rs:18:12
[INFO] [stdout]    |
[INFO] [stdout] 16 | impl<'a> TimeSeriesService<'a> {
[INFO] [stdout]    | ------------------------------ associated items in this implementation
[INFO] [stdout] 17 |
[INFO] [stdout] 18 |     pub fn new(api_service: Weak<ApiService<'a>>, base_url: &String) -> Self {
[INFO] [stdout]    |            ^^^
[INFO] [stdout] ...
[INFO] [stdout] 23 |     pub async fn list(&self)
[INFO] [stdout]    |                  ^^^^
[INFO] [stdout] ...
[INFO] [stdout] 40 |     pub async fn list_with_limit(&self, query: &LimitParam)
[INFO] [stdout]    |                  ^^^^^^^^^^^^^^^
[INFO] [stdout] ...
[INFO] [stdout] 58 |     pub async fn create(&self, json: &DataWrapper<TimeSeries>)
[INFO] [stdout]    |                  ^^^^^^
[INFO] [stdout] ...
[INFO] [stdout] 65 |     pub async fn delete(&self, json: &IdAndExtIdCollection)
[INFO] [stdout]    |                  ^^^^^^
[INFO] [stdout] ...
[INFO] [stdout] 72 |     pub async fn update(&self, json: &TimeSeriesUpdateCollection)
[INFO] [stdout]    |                  ^^^^^^
[INFO] [stdout] ...
[INFO] [stdout] 79 |     pub async fn by_ids(&self, json: &IdAndExtIdCollection)
[INFO] [stdout]    |                  ^^^^^^
[INFO] [stdout] 
[INFO] [stdout] 
[INFO] [stdout] warning: multiple associated items are never used
[INFO] [stdout]    --> src/timeseries/mod.rs:119:12
[INFO] [stdout]     |
[INFO] [stdout] 117 | impl TimeSeries {
[INFO] [stdout]     | --------------- associated items in this implementation
[INFO] [stdout] 118 |
[INFO] [stdout] 119 |     pub fn new(external_id: &str, name: &str, unit: &str) -> TimeSeries{
[INFO] [stdout]     |            ^^^
[INFO] [stdout] ...
[INFO] [stdout] 139 |     pub fn builder() -> TimeSeries {
[INFO] [stdout]     |            ^^^^^^^
[INFO] [stdout] ...
[INFO] [stdout] 143 |     pub fn set_name(&mut self, name: &str) -> &mut TimeSeries {
[INFO] [stdout]     |            ^^^^^^^^
[INFO] [stdout] ...
[INFO] [stdout] 148 |     pub fn set_metadata(&mut self, metadata: HashMap<String, String>) -> &mut TimeSeries {
[INFO] [stdout]     |            ^^^^^^^^^^^^
[INFO] [stdout] ...
[INFO] [stdout] 153 |     pub fn set_external_id(&mut self, external_id: &str) -> &mut TimeSeries {
[INFO] [stdout]     |            ^^^^^^^^^^^^^^^
[INFO] [stdout] ...
[INFO] [stdout] 158 |     pub fn set_unit(&mut self, unit: &str) -> &mut TimeSeries {
[INFO] [stdout]     |            ^^^^^^^^
[INFO] [stdout] ...
[INFO] [stdout] 163 |     pub fn set_description(&mut self, description: &str) -> &mut TimeSeries {
[INFO] [stdout]     |            ^^^^^^^^^^^^^^^
[INFO] [stdout] ...
[INFO] [stdout] 168 |     pub fn set_unit_external_id(&mut self, unit_external_id: &str) -> &mut TimeSeries {
[INFO] [stdout]     |            ^^^^^^^^^^^^^^^^^^^^
[INFO] [stdout] ...
[INFO] [stdout] 173 |     pub fn set_security_categories(&mut self, security_categories: Vec<u64>) -> &mut TimeSeries {
[INFO] [stdout]     |            ^^^^^^^^^^^^^^^^^^^^^^^
[INFO] [stdout] ...
[INFO] [stdout] 178 |     pub fn set_data_set_id(&mut self, data_set_id: u64) -> &mut TimeSeries {
[INFO] [stdout]     |            ^^^^^^^^^^^^^^^
[INFO] [stdout] ...
[INFO] [stdout] 183 |     pub fn set_value_type(&mut self, value_type: &str) -> &mut TimeSeries {
[INFO] [stdout]     |            ^^^^^^^^^^^^^^
[INFO] [stdout] ...
[INFO] [stdout] 188 |     pub fn set_created_time(&mut self, created_time: u64) -> &mut TimeSeries {
[INFO] [stdout]     |            ^^^^^^^^^^^^^^^^
[INFO] [stdout] ...
[INFO] [stdout] 193 |     pub fn set_last_updated_time(&mut self, last_updated_time: u64) -> &mut TimeSeries {
[INFO] [stdout]     |            ^^^^^^^^^^^^^^^^^^^^^
[INFO] [stdout] ...
[INFO] [stdout] 198 |     pub fn set_relations_from(&mut self, relations_from: Vec<u64>) -> &mut TimeSeries {
[INFO] [stdout]     |            ^^^^^^^^^^^^^^^^^^
[INFO] [stdout] ...
[INFO] [stdout] 203 |     pub fn set_is_string(&mut self, is_string: bool) -> &mut TimeSeries {
[INFO] [stdout]     |            ^^^^^^^^^^^^^
[INFO] [stdout] ...
[INFO] [stdout] 208 |     pub fn set_is_step(&mut self, is_step: bool) -> &mut TimeSeries {
[INFO] [stdout]     |            ^^^^^^^^^^^
[INFO] [stdout] 
[INFO] [stdout] 
[INFO] [stdout] warning: associated items `new`, `set_limit`, and `get_limit` are never used
[INFO] [stdout]    --> src/timeseries/mod.rs:222:12
[INFO] [stdout]     |
[INFO] [stdout] 220 | impl LimitParam {
[INFO] [stdout]     | --------------- associated items in this implementation
[INFO] [stdout] 221 |
[INFO] [stdout] 222 |     pub fn new() -> Self {
[INFO] [stdout]     |            ^^^
[INFO] [stdout] ...
[INFO] [stdout] 226 |     pub fn set_limit(&mut self, limit: i64) {
[INFO] [stdout]     |            ^^^^^^^^^
[INFO] [stdout] ...
[INFO] [stdout] 230 |     pub fn get_limit(&self) -> i64 {
[INFO] [stdout]     |            ^^^^^^^^^
[INFO] [stdout] 
[INFO] [stdout] 
[INFO] [stdout] warning: associated function `new` is never used
[INFO] [stdout]    --> src/timeseries/mod.rs:261:12
[INFO] [stdout]     |
[INFO] [stdout] 259 | impl TimeSeriesUpdateFields {
[INFO] [stdout]     | --------------------------- associated function in this implementation
[INFO] [stdout] 260 |
[INFO] [stdout] 261 |     pub fn new() -> TimeSeriesUpdateFields {
[INFO] [stdout]     |            ^^^
[INFO] [stdout] 
[INFO] [stdout] 
[INFO] [stdout] warning: associated items `new`, `get_items`, `set_items`, and `add_item` are never used
[INFO] [stdout]    --> src/timeseries/mod.rs:298:12
[INFO] [stdout]     |
[INFO] [stdout] 296 | impl TimeSeriesUpdateCollection {
[INFO] [stdout]     | ------------------------------- associated items in this implementation
[INFO] [stdout] 297 |
[INFO] [stdout] 298 |     pub fn new() -> Self {
[INFO] [stdout]     |            ^^^
[INFO] [stdout] ...
[INFO] [stdout] 304 |     pub fn get_items(&self) -> Vec<TimeSeriesUpdate> {
[INFO] [stdout]     |            ^^^^^^^^^
[INFO] [stdout] ...
[INFO] [stdout] 308 |     pub fn set_items(&mut self, items: Vec<TimeSeriesUpdate>) {
[INFO] [stdout]     |            ^^^^^^^^^
[INFO] [stdout] ...
[INFO] [stdout] 312 |     pub fn add_item(&mut self, item: TimeSeriesUpdate) {
[INFO] [stdout]     |            ^^^^^^^^
[INFO] [stdout] 
[INFO] [stdout] 
[INFO] [stdout] warning: fields `client_id`, `client_secret`, `auth_path`, `token_path`, and `project_name` are never read
[INFO] [stdout]   --> src/datahub.rs:8:16
[INFO] [stdout]    |
[INFO] [stdout] 7  | pub struct DataHubConfig {
[INFO] [stdout]    |            ------------- fields in this struct
[INFO] [stdout] 8  |     pub(crate) client_id: String,
[INFO] [stdout]    |                ^^^^^^^^^
[INFO] [stdout] 9  |     pub(crate) client_secret: String,
[INFO] [stdout]    |                ^^^^^^^^^^^^^
[INFO] [stdout] 10 |     pub(crate) auth_path: String,
[INFO] [stdout]    |                ^^^^^^^^^
[INFO] [stdout] 11 |     pub(crate) token_path: String,
[INFO] [stdout]    |                ^^^^^^^^^^
[INFO] [stdout] 12 |     pub(crate) project_name: String
[INFO] [stdout]    |                ^^^^^^^^^^^^
[INFO] [stdout]    |
[INFO] [stdout]    = note: `DataHubConfig` has a derived impl for the trait `Debug`, but this is intentionally ignored during dead code analysis
[INFO] [stdout] 
[INFO] [stdout] 
[INFO] [stdout] warning: fields `config`, `token`, `expires`, and `base_url` are never read
[INFO] [stdout]   --> src/datahub.rs:16:16
[INFO] [stdout]    |
[INFO] [stdout] 15 | pub struct DataHubApi<'a> {
[INFO] [stdout]    |            ---------- fields in this struct
[INFO] [stdout] 16 |     pub(crate) config: &'a Option<DataHubConfig>,
[INFO] [stdout]    |                ^^^^^^
[INFO] [stdout] 17 |     pub(crate) token: Option<String>,
[INFO] [stdout]    |                ^^^^^
[INFO] [stdout] 18 |     pub(crate) expires: Option<u64>,
[INFO] [stdout]    |                ^^^^^^^
[INFO] [stdout] 19 |     pub(crate) base_url: String
[INFO] [stdout]    |                ^^^^^^^^
[INFO] [stdout] 
[INFO] [stdout] 
[INFO] [stdout] warning: multiple associated items are never used
[INFO] [stdout]    --> src/datahub.rs:24:12
[INFO] [stdout]     |
[INFO] [stdout] 22  | impl DataHubApi<'_> {
[INFO] [stdout]     | ------------------- associated items in this implementation
[INFO] [stdout] 23  |
[INFO] [stdout] 24  |     pub fn init(config: &Option<DataHubConfig>) -> DataHubApi {
[INFO] [stdout]     |            ^^^^
[INFO] [stdout] ...
[INFO] [stdout] 33  |     pub fn create_default() -> DataHubApi<'static> {
[INFO] [stdout]     |            ^^^^^^^^^^^^^^
[INFO] [stdout] ...
[INFO] [stdout] 40  |     async fn refresh_token(&mut self) {
[INFO] [stdout]     |              ^^^^^^^^^^^^^
[INFO] [stdout] ...
[INFO] [stdout] 93  |     fn get_epoch_seconds_now(&self) -> u64 {
[INFO] [stdout]     |        ^^^^^^^^^^^^^^^^^^^^^
[INFO] [stdout] ...
[INFO] [stdout] 100 |     fn set_token_value(&mut self, value: &str) {
[INFO] [stdout]     |        ^^^^^^^^^^^^^^^
[INFO] [stdout] ...
[INFO] [stdout] 104 |     fn set_token_expires(&mut self, value: u64) {
[INFO] [stdout]     |        ^^^^^^^^^^^^^^^^^
[INFO] [stdout] ...
[INFO] [stdout] 108 |     fn has_token_expired(&self) -> bool{
[INFO] [stdout]     |        ^^^^^^^^^^^^^^^^^
[INFO] [stdout] ...
[INFO] [stdout] 117 |     pub async fn get_api_token(&mut self) -> Option<&String> {
[INFO] [stdout]     |                  ^^^^^^^^^^^^^
[INFO] [stdout] ...
[INFO] [stdout] 138 |     pub fn get_config(&mut self) -> &Option<DataHubConfig> {
[INFO] [stdout]     |            ^^^^^^^^^^
[INFO] [stdout] 
[INFO] [stdout] 
[INFO] [stdout] warning: associated items `new`, `set`, `set_null`, and `get_null` are never used
[INFO] [stdout]   --> src/fields.rs:12:12
[INFO] [stdout]    |
[INFO] [stdout] 10 | impl<T> Field<T> {
[INFO] [stdout]    | ---------------- associated items in this implementation
[INFO] [stdout] 11 |
[INFO] [stdout] 12 |     pub fn new() -> Self {
[INFO] [stdout]    |            ^^^
[INFO] [stdout] ...
[INFO] [stdout] 19 |     pub fn set(&mut self, value: T) where T: Clone {
[INFO] [stdout]    |            ^^^
[INFO] [stdout] ...
[INFO] [stdout] 23 |     pub fn set_null(&mut self, is_null: bool) {
[INFO] [stdout]    |            ^^^^^^^^
[INFO] [stdout] ...
[INFO] [stdout] 27 |     pub fn get_null(&self) -> bool {
[INFO] [stdout]    |            ^^^^^^^^
[INFO] [stdout] 
[INFO] [stdout] 
[INFO] [stdout] warning: associated items `new`, `set`, `add`, and `remove` are never used
[INFO] [stdout]   --> src/fields.rs:41:12
[INFO] [stdout]    |
[INFO] [stdout] 39 | impl<T> ListField<T>{
[INFO] [stdout]    | -------------------- associated items in this implementation
[INFO] [stdout] 40 |
[INFO] [stdout] 41 |     pub fn new() -> Self {
[INFO] [stdout]    |            ^^^
[INFO] [stdout] ...
[INFO] [stdout] 49 |     pub fn set(&mut self, s: Vec<T>) {
[INFO] [stdout]    |            ^^^
[INFO] [stdout] ...
[INFO] [stdout] 53 |     pub fn add(&mut self, s: Vec<T>) {
[INFO] [stdout]    |            ^^^
[INFO] [stdout] ...
[INFO] [stdout] 57 |     pub fn remove(&mut self, s: Vec<T>) {
[INFO] [stdout]    |            ^^^^^^
[INFO] [stdout] 
[INFO] [stdout] 
[INFO] [stdout] warning: associated items `new`, `set`, `add`, and `remove` are never used
[INFO] [stdout]   --> src/fields.rs:71:12
[INFO] [stdout]    |
[INFO] [stdout] 69 | impl MapField{
[INFO] [stdout]    | ------------- associated items in this implementation
[INFO] [stdout] 70 |
[INFO] [stdout] 71 |     pub fn new() -> Self {
[INFO] [stdout]    |            ^^^
[INFO] [stdout] ...
[INFO] [stdout] 79 |     pub fn set(&mut self, s: HashMap<String, String>) {
[INFO] [stdout]    |            ^^^
[INFO] [stdout] ...
[INFO] [stdout] 83 |     pub fn add(&mut self, s: HashMap<String, String>) {
[INFO] [stdout]    |            ^^^
[INFO] [stdout] ...
[INFO] [stdout] 87 |     pub fn remove(&mut self, s: Vec<String>) {
[INFO] [stdout]    |            ^^^^^^
[INFO] [stdout] 
[INFO] [stdout] 
[INFO] [stdout] warning: field `base_url` is never read
[INFO] [stdout]  --> src/events/mod.rs:7:5
[INFO] [stdout]   |
[INFO] [stdout] 5 | pub struct EventsService<'a>{
[INFO] [stdout]   |            ------------- field in this struct
[INFO] [stdout] 6 |     pub(crate) api_service: Weak<ApiService<'a>>,
[INFO] [stdout] 7 |     base_url: String
[INFO] [stdout]   |     ^^^^^^^^
[INFO] [stdout] 
[INFO] [stdout] 
[INFO] [stdout] warning: associated items `new` and `get_api_service` are never used
[INFO] [stdout]   --> src/events/mod.rs:12:12
[INFO] [stdout]    |
[INFO] [stdout] 10 | impl<'a> EventsService<'a>{
[INFO] [stdout]    | -------------------------- associated items in this implementation
[INFO] [stdout] 11 |
[INFO] [stdout] 12 |     pub fn new(api_service: Weak<ApiService<'a>>, base_url: &String) -> Self {
[INFO] [stdout]    |            ^^^
[INFO] [stdout] ...
[INFO] [stdout] 17 |     fn get_api_service(&self) -> Result<Rc<ApiService<'a>>, ResponseError> {
[INFO] [stdout]    |        ^^^^^^^^^^^^^^^
[INFO] [stdout] 
[INFO] [stdout] 
[INFO] [stdout] warning: struct `ResponseError` is never constructed
[INFO] [stdout]  --> src/http.rs:6:12
[INFO] [stdout]   |
[INFO] [stdout] 6 | pub struct ResponseError {
[INFO] [stdout]   |            ^^^^^^^^^^^^^
[INFO] [stdout] 
[INFO] [stdout] 
[INFO] [stdout] warning: associated items `from`, `from_err`, `get_message`, and `get_status` are never used
[INFO] [stdout]   --> src/http.rs:13:12
[INFO] [stdout]    |
[INFO] [stdout] 11 | impl ResponseError {
[INFO] [stdout]    | ------------------ associated items in this implementation
[INFO] [stdout] 12 |
[INFO] [stdout] 13 |     pub fn from(message: String) -> Self {
[INFO] [stdout]    |            ^^^^
[INFO] [stdout] ...
[INFO] [stdout] 17 |     pub fn from_err(error: Error) -> Self {
[INFO] [stdout]    |            ^^^^^^^^
[INFO] [stdout] ...
[INFO] [stdout] 21 |     pub fn get_message(&self) -> String {
[INFO] [stdout]    |            ^^^^^^^^^^^
[INFO] [stdout] ...
[INFO] [stdout] 25 |     pub fn get_status(&self) -> StatusCode {
[INFO] [stdout]    |            ^^^^^^^^^^
[INFO] [stdout] 
[INFO] [stdout] 
[INFO] [stdout] warning: function `process_response` is never used
[INFO] [stdout]   --> src/http.rs:30:14
[INFO] [stdout]    |
[INFO] [stdout] 30 | pub async fn process_response<T: DeserializeOwned>(response: Response) -> Result<T, ResponseError>
[INFO] [stdout]    |              ^^^^^^^^^^^^^^^^
[INFO] [stdout] 
[INFO] [stdout] 
[INFO] [stderr]     Finished `dev` profile [unoptimized + debuginfo] target(s) in 48.51s
[INFO] running `Command { std: "docker" "inspect" "39b99174d1d303c95c8c857b3060f9d1e99498f17ec5d58a31a2599858b143d1", kill_on_drop: false }`
[INFO] running `Command { std: "docker" "rm" "-f" "39b99174d1d303c95c8c857b3060f9d1e99498f17ec5d58a31a2599858b143d1", kill_on_drop: false }`
[INFO] [stdout] 39b99174d1d303c95c8c857b3060f9d1e99498f17ec5d58a31a2599858b143d1
[INFO] running `Command { std: "docker" "create" "-v" "/var/lib/crater-agent-workspace/builds/worker-1-tc1/target:/opt/rustwide/target:rw,Z" "-v" "/var/lib/crater-agent-workspace/builds/worker-1-tc1/source:/opt/rustwide/workdir:ro,Z" "-v" "/var/lib/crater-agent-workspace/cargo-home:/opt/rustwide/cargo-home:ro,Z" "-v" "/var/lib/crater-agent-workspace/rustup-home:/opt/rustwide/rustup-home:ro,Z" "-e" "SOURCE_DIR=/opt/rustwide/workdir" "-e" "CARGO_TARGET_DIR=/opt/rustwide/target" "-e" "CARGO_INCREMENTAL=0" "-e" "RUST_BACKTRACE=full" "-e" "RUSTFLAGS=--cap-lints=forbid" "-e" "RUSTDOCFLAGS=--cap-lints=forbid" "-e" "CARGO_HOME=/opt/rustwide/cargo-home" "-e" "RUSTUP_HOME=/opt/rustwide/rustup-home" "-w" "/opt/rustwide/workdir" "-m" "1610612736" "--user" "0:0" "--network" "none" "ghcr.io/rust-lang/crates-build-env/linux@sha256:819108c5571ea2e421544af4d832f968d213c87fbe3707a016657f43d2f853bc" "/opt/rustwide/cargo-home/bin/cargo" "+nightly-2025-01-18" "test" "--frozen" "--no-run" "--message-format=json", kill_on_drop: false }`
[INFO] [stdout] b9342c983fb0f78cba28898ef836719d99f37577743b7e7dd77a611af14610e3
[INFO] running `Command { std: "docker" "start" "-a" "b9342c983fb0f78cba28898ef836719d99f37577743b7e7dd77a611af14610e3", kill_on_drop: false }`
[INFO] [stderr]    Compiling dataplatform-rust-sdk v0.1.0 (/opt/rustwide/workdir)
[INFO] [stdout] warning: unused import: `IdAndExtIdCollection`
[INFO] [stdout]  --> src/lib.rs:7:22
[INFO] [stdout]   |
[INFO] [stdout] 7 | use crate::generic::{IdAndExtIdCollection};
[INFO] [stdout]   |                      ^^^^^^^^^^^^^^^^^^^^
[INFO] [stdout]   |
[INFO] [stdout]   = note: `#[warn(unused_imports)]` on by default
[INFO] [stdout] 
[INFO] [stdout] 
[INFO] [stdout] warning: unused imports: `LimitParam`, `TimeSeriesUpdateCollection`, and `TimeSeries`
[INFO] [stdout]  --> src/lib.rs:8:25
[INFO] [stdout]   |
[INFO] [stdout] 8 | use crate::timeseries::{LimitParam, TimeSeries, TimeSeriesUpdateCollection, TimeSeriesService};
[INFO] [stdout]   |                         ^^^^^^^^^^  ^^^^^^^^^^  ^^^^^^^^^^^^^^^^^^^^^^^^^^
[INFO] [stdout] 
[INFO] [stdout] 
[INFO] [stdout] warning: unused import: `DataWrapper`
[INFO] [stdout]  --> src/http.rs:4:50
[INFO] [stdout]   |
[INFO] [stdout] 4 | use crate::generic::{DataWrapperDeserialization, DataWrapper};
[INFO] [stdout]   |                                                  ^^^^^^^^^^^
[INFO] [stdout] 
[INFO] [stdout] 
[INFO] [stdout] warning: unused import: `TimeSeries`
[INFO] [stdout]  --> src/lib.rs:8:37
[INFO] [stdout]   |
[INFO] [stdout] 8 | use crate::timeseries::{LimitParam, TimeSeries, TimeSeriesUpdateCollection, TimeSeriesService};
[INFO] [stdout]   |                                     ^^^^^^^^^^
[INFO] [stdout]   |
[INFO] [stdout]   = note: `#[warn(unused_imports)]` on by default
[INFO] [stdout] 
[INFO] [stdout] 
[INFO] [stdout] warning: unused import: `DataWrapper`
[INFO] [stdout]  --> src/http.rs:4:50
[INFO] [stdout]   |
[INFO] [stdout] 4 | use crate::generic::{DataWrapperDeserialization, DataWrapper};
[INFO] [stdout]   |                                                  ^^^^^^^^^^^
[INFO] [stdout] 
[INFO] [stdout] 
[INFO] [stdout] warning: unused variable: `status_code`
[INFO] [stdout]    --> src/generic.rs:210:47
[INFO] [stdout]     |
[INFO] [stdout] 210 |     fn deserialize_and_set_status(body: &str, status_code: u16) -> Result<Self, serde_json::Error>
[INFO] [stdout]     |                                               ^^^^^^^^^^^ help: if this is intentional, prefix it with an underscore: `_status_code`
[INFO] [stdout]     |
[INFO] [stdout]     = note: `#[warn(unused_variables)]` on by default
[INFO] [stdout] 
[INFO] [stdout] 
[INFO] [stdout] warning: unused variable: `status_code`
[INFO] [stdout]    --> src/generic.rs:210:47
[INFO] [stdout]     |
[INFO] [stdout] 210 |     fn deserialize_and_set_status(body: &str, status_code: u16) -> Result<Self, serde_json::Error>
[INFO] [stdout]     |                                               ^^^^^^^^^^^ help: if this is intentional, prefix it with an underscore: `_status_code`
[INFO] [stdout]     |
[INFO] [stdout]     = note: `#[warn(unused_variables)]` on by default
[INFO] [stdout] 
[INFO] [stdout] 
[INFO] [stdout] warning: variable does not need to be mutable
[INFO] [stdout]   --> src/lib.rs:41:9
[INFO] [stdout]    |
[INFO] [stdout] 41 |     let mut api_service = Rc::new_cyclic(|weak_self| {
[INFO] [stdout]    |         ----^^^^^^^^^^^
[INFO] [stdout]    |         |
[INFO] [stdout]    |         help: remove this `mut`
[INFO] [stdout]    |
[INFO] [stdout]    = note: `#[warn(unused_mut)]` on by default
[INFO] [stdout] 
[INFO] [stdout] 
[INFO] [stdout] warning: variable does not need to be mutable
[INFO] [stdout]   --> src/lib.rs:41:9
[INFO] [stdout]    |
[INFO] [stdout] 41 |     let mut api_service = Rc::new_cyclic(|weak_self| {
[INFO] [stdout]    |         ----^^^^^^^^^^^
[INFO] [stdout]    |         |
[INFO] [stdout]    |         help: remove this `mut`
[INFO] [stdout]    |
[INFO] [stdout]    = note: `#[warn(unused_mut)]` on by default
[INFO] [stdout] 
[INFO] [stdout] 
[INFO] [stdout] warning: fields `config`, `time_series`, `units`, `events`, and `http_client` are never read
[INFO] [stdout]   --> src/lib.rs:20:5
[INFO] [stdout]    |
[INFO] [stdout] 19 | struct ApiService<'a>{
[INFO] [stdout]    |        ---------- fields in this struct
[INFO] [stdout] 20 |     config: Box<DataHubApi<'a>>,
[INFO] [stdout]    |     ^^^^^^
[INFO] [stdout] 21 |     pub time_series: TimeSeriesService<'a>,
[INFO] [stdout]    |         ^^^^^^^^^^^
[INFO] [stdout] 22 |     pub units: UnitsService<'a>,
[INFO] [stdout]    |         ^^^^^
[INFO] [stdout] 23 |     pub events: EventsService<'a>,
[INFO] [stdout]    |         ^^^^^^
[INFO] [stdout] 24 |     http_client: Client,
[INFO] [stdout]    |     ^^^^^^^^^^^
[INFO] [stdout]    |
[INFO] [stdout]    = note: `#[warn(dead_code)]` on by default
[INFO] [stdout] 
[INFO] [stdout] 
[INFO] [stdout] warning: function `create_api_service` is never used
[INFO] [stdout]   --> src/lib.rs:27:4
[INFO] [stdout]    |
[INFO] [stdout] 27 | fn create_api_service() -> Rc<ApiService<'static>> {
[INFO] [stdout]    |    ^^^^^^^^^^^^^^^^^^
[INFO] [stdout] 
[INFO] [stdout] 
[INFO] [stdout] warning: field `base_url` is never read
[INFO] [stdout]   --> src/unit/mod.rs:11:5
[INFO] [stdout]    |
[INFO] [stdout] 9  | pub struct UnitsService<'a>{
[INFO] [stdout]    |            ------------ field in this struct
[INFO] [stdout] 10 |     pub(crate) api_service: Weak<ApiService<'a>>,
[INFO] [stdout] 11 |     base_url: String
[INFO] [stdout]    |     ^^^^^^^^
[INFO] [stdout] 
[INFO] [stdout] 
[INFO] [stdout] warning: associated items `new`, `list`, `by_external_id`, and `by_ids` are never used
[INFO] [stdout]   --> src/unit/mod.rs:16:12
[INFO] [stdout]    |
[INFO] [stdout] 14 | impl<'a> UnitsService<'a>{
[INFO] [stdout]    | ------------------------- associated items in this implementation
[INFO] [stdout] 15 |
[INFO] [stdout] 16 |     pub fn new(api_service: Weak<ApiService<'a>>, base_url: &String) -> Self {
[INFO] [stdout]    |            ^^^
[INFO] [stdout] ...
[INFO] [stdout] 21 |     pub async fn list(&self) -> Result<DataWrapper<Unit>, ResponseError> {
[INFO] [stdout]    |                  ^^^^
[INFO] [stdout] ...
[INFO] [stdout] 25 |     pub async fn by_external_id(&self, value: &str) -> Result<DataWrapper<Unit>, ResponseError> {
[INFO] [stdout]    |                  ^^^^^^^^^^^^^^
[INFO] [stdout] ...
[INFO] [stdout] 30 |     pub async fn by_ids(&self, json: &IdAndExtIdCollection) -> Result<DataWrapper<Unit>, ResponseError> {
[INFO] [stdout]    |                  ^^^^^^
[INFO] [stdout] 
[INFO] [stdout] 
[INFO] [stdout] warning: associated functions `from_id` and `from_external_id` are never used
[INFO] [stdout]   --> src/generic.rs:19:12
[INFO] [stdout]    |
[INFO] [stdout] 17 | impl IdAndExtId {
[INFO] [stdout]    | --------------- associated functions in this implementation
[INFO] [stdout] 18 |
[INFO] [stdout] 19 |     pub fn from_id(id: u64) -> Self {
[INFO] [stdout]    |            ^^^^^^^
[INFO] [stdout] ...
[INFO] [stdout] 23 |     pub fn from_external_id(external_id: &str) -> Self {
[INFO] [stdout]    |            ^^^^^^^^^^^^^^^^
[INFO] [stdout] 
[INFO] [stdout] 
[INFO] [stdout] warning: associated items `new`, `from_id_vec`, `from_external_id_vec`, `set_items`, and `add_item` are never used
[INFO] [stdout]   --> src/generic.rs:36:12
[INFO] [stdout]    |
[INFO] [stdout] 34 | impl IdAndExtIdCollection {
[INFO] [stdout]    | ------------------------- associated items in this implementation
[INFO] [stdout] 35 |
[INFO] [stdout] 36 |     pub fn new() -> Self {
[INFO] [stdout]    |            ^^^
[INFO] [stdout] ...
[INFO] [stdout] 42 |     pub fn from_id_vec(ids: Vec<u64>) -> Self {
[INFO] [stdout]    |            ^^^^^^^^^^^
[INFO] [stdout] ...
[INFO] [stdout] 50 |     pub fn from_external_id_vec(external_ids: Vec<&str>) -> Self {
[INFO] [stdout]    |            ^^^^^^^^^^^^^^^^^^^^
[INFO] [stdout] ...
[INFO] [stdout] 58 |     pub fn set_items(&mut self, items: Vec<IdAndExtId>) {
[INFO] [stdout]    |            ^^^^^^^^^
[INFO] [stdout] ...
[INFO] [stdout] 62 |     pub fn add_item(&mut self, item: IdAndExtId) {
[INFO] [stdout]    |            ^^^^^^^^
[INFO] [stdout] 
[INFO] [stdout] 
[INFO] [stdout] warning: associated items `new`, `get_items`, `set_items`, `add_item`, `length`, and `get_http_status_code` are never used
[INFO] [stdout]   --> src/generic.rs:75:12
[INFO] [stdout]    |
[INFO] [stdout] 74 | impl<T> DataWrapper<T> {
[INFO] [stdout]    | ---------------------- associated items in this implementation
[INFO] [stdout] 75 |     pub fn new() -> Self {
[INFO] [stdout]    |            ^^^
[INFO] [stdout] ...
[INFO] [stdout] 82 |     pub fn get_items(&self) -> &Vec<T> {
[INFO] [stdout]    |            ^^^^^^^^^
[INFO] [stdout] ...
[INFO] [stdout] 86 |     pub fn set_items(&mut self, items: Vec<T>) {
[INFO] [stdout]    |            ^^^^^^^^^
[INFO] [stdout] ...
[INFO] [stdout] 90 |     pub fn add_item(&mut self, item: T) {
[INFO] [stdout]    |            ^^^^^^^^
[INFO] [stdout] ...
[INFO] [stdout] 94 |     pub fn length(&self) -> u64 {
[INFO] [stdout]    |            ^^^^^^
[INFO] [stdout] ...
[INFO] [stdout] 98 |     pub fn get_http_status_code(&self) -> Option<u16> {
[INFO] [stdout]    |            ^^^^^^^^^^^^^^^^^^^^
[INFO] [stdout] 
[INFO] [stdout] 
[INFO] [stdout] warning: methods `api_service`, `get_api_service`, `execute_get_request`, and `execute_post_request` are never used
[INFO] [stdout]    --> src/generic.rs:109:8
[INFO] [stdout]     |
[INFO] [stdout] 108 | pub trait ApiServiceProvider<'a> {
[INFO] [stdout]     |           ------------------ methods in this trait
[INFO] [stdout] 109 |     fn api_service(&self) -> &Weak<ApiService<'a>>;
[INFO] [stdout]     |        ^^^^^^^^^^^
[INFO] [stdout] 110 |
[INFO] [stdout] 111 |     fn get_api_service(&self) -> Rc<ApiService<'a>> {
[INFO] [stdout]     |        ^^^^^^^^^^^^^^^
[INFO] [stdout] ...
[INFO] [stdout] 115 |     async fn execute_get_request<T: DeserializeOwned + DataWrapperDeserialization>(
[INFO] [stdout]     |              ^^^^^^^^^^^^^^^^^^^
[INFO] [stdout] ...
[INFO] [stdout] 130 |     async fn execute_post_request<T: DeserializeOwned + DataWrapperDeserialization, J: Serialize>(
[INFO] [stdout]     |              ^^^^^^^^^^^^^^^^^^^^
[INFO] [stdout] 
[INFO] [stdout] 
[INFO] [stdout] warning: associated function `deserialize_and_set_status` is never used
[INFO] [stdout]    --> src/generic.rs:180:8
[INFO] [stdout]     |
[INFO] [stdout] 179 | pub trait DataWrapperDeserialization {
[INFO] [stdout]     |           -------------------------- associated function in this trait
[INFO] [stdout] 180 |     fn deserialize_and_set_status(body: &str, status_code: u16) -> Result<Self, serde_json::Error>
[INFO] [stdout]     |        ^^^^^^^^^^^^^^^^^^^^^^^^^^
[INFO] [stdout] 
[INFO] [stdout] 
[INFO] [stdout] warning: field `base_url` is never read
[INFO] [stdout]   --> src/timeseries/mod.rs:13:5
[INFO] [stdout]    |
[INFO] [stdout] 11 | pub struct TimeSeriesService<'a>{
[INFO] [stdout]    |            ----------------- field in this struct
[INFO] [stdout] 12 |     pub(crate) api_service: Weak<ApiService<'a>>,
[INFO] [stdout] 13 |     base_url: String
[INFO] [stdout]    |     ^^^^^^^^
[INFO] [stdout] 
[INFO] [stdout] 
[INFO] [stdout] warning: multiple associated items are never used
[INFO] [stdout]   --> src/timeseries/mod.rs:18:12
[INFO] [stdout]    |
[INFO] [stdout] 16 | impl<'a> TimeSeriesService<'a> {
[INFO] [stdout]    | ------------------------------ associated items in this implementation
[INFO] [stdout] 17 |
[INFO] [stdout] 18 |     pub fn new(api_service: Weak<ApiService<'a>>, base_url: &String) -> Self {
[INFO] [stdout]    |            ^^^
[INFO] [stdout] ...
[INFO] [stdout] 23 |     pub async fn list(&self)
[INFO] [stdout]    |                  ^^^^
[INFO] [stdout] ...
[INFO] [stdout] 40 |     pub async fn list_with_limit(&self, query: &LimitParam)
[INFO] [stdout]    |                  ^^^^^^^^^^^^^^^
[INFO] [stdout] ...
[INFO] [stdout] 58 |     pub async fn create(&self, json: &DataWrapper<TimeSeries>)
[INFO] [stdout]    |                  ^^^^^^
[INFO] [stdout] ...
[INFO] [stdout] 65 |     pub async fn delete(&self, json: &IdAndExtIdCollection)
[INFO] [stdout]    |                  ^^^^^^
[INFO] [stdout] ...
[INFO] [stdout] 72 |     pub async fn update(&self, json: &TimeSeriesUpdateCollection)
[INFO] [stdout]    |                  ^^^^^^
[INFO] [stdout] ...
[INFO] [stdout] 79 |     pub async fn by_ids(&self, json: &IdAndExtIdCollection)
[INFO] [stdout]    |                  ^^^^^^
[INFO] [stdout] 
[INFO] [stdout] 
[INFO] [stdout] warning: multiple associated items are never used
[INFO] [stdout]    --> src/timeseries/mod.rs:119:12
[INFO] [stdout]     |
[INFO] [stdout] 117 | impl TimeSeries {
[INFO] [stdout]     | --------------- associated items in this implementation
[INFO] [stdout] 118 |
[INFO] [stdout] 119 |     pub fn new(external_id: &str, name: &str, unit: &str) -> TimeSeries{
[INFO] [stdout]     |            ^^^
[INFO] [stdout] ...
[INFO] [stdout] 139 |     pub fn builder() -> TimeSeries {
[INFO] [stdout]     |            ^^^^^^^
[INFO] [stdout] ...
[INFO] [stdout] 143 |     pub fn set_name(&mut self, name: &str) -> &mut TimeSeries {
[INFO] [stdout]     |            ^^^^^^^^
[INFO] [stdout] ...
[INFO] [stdout] 148 |     pub fn set_metadata(&mut self, metadata: HashMap<String, String>) -> &mut TimeSeries {
[INFO] [stdout]     |            ^^^^^^^^^^^^
[INFO] [stdout] ...
[INFO] [stdout] 153 |     pub fn set_external_id(&mut self, external_id: &str) -> &mut TimeSeries {
[INFO] [stdout]     |            ^^^^^^^^^^^^^^^
[INFO] [stdout] ...
[INFO] [stdout] 158 |     pub fn set_unit(&mut self, unit: &str) -> &mut TimeSeries {
[INFO] [stdout]     |            ^^^^^^^^
[INFO] [stdout] ...
[INFO] [stdout] 163 |     pub fn set_description(&mut self, description: &str) -> &mut TimeSeries {
[INFO] [stdout]     |            ^^^^^^^^^^^^^^^
[INFO] [stdout] ...
[INFO] [stdout] 168 |     pub fn set_unit_external_id(&mut self, unit_external_id: &str) -> &mut TimeSeries {
[INFO] [stdout]     |            ^^^^^^^^^^^^^^^^^^^^
[INFO] [stdout] ...
[INFO] [stdout] 173 |     pub fn set_security_categories(&mut self, security_categories: Vec<u64>) -> &mut TimeSeries {
[INFO] [stdout]     |            ^^^^^^^^^^^^^^^^^^^^^^^
[INFO] [stdout] ...
[INFO] [stdout] 178 |     pub fn set_data_set_id(&mut self, data_set_id: u64) -> &mut TimeSeries {
[INFO] [stdout]     |            ^^^^^^^^^^^^^^^
[INFO] [stdout] ...
[INFO] [stdout] 183 |     pub fn set_value_type(&mut self, value_type: &str) -> &mut TimeSeries {
[INFO] [stdout]     |            ^^^^^^^^^^^^^^
[INFO] [stdout] ...
[INFO] [stdout] 188 |     pub fn set_created_time(&mut self, created_time: u64) -> &mut TimeSeries {
[INFO] [stdout]     |            ^^^^^^^^^^^^^^^^
[INFO] [stdout] ...
[INFO] [stdout] 193 |     pub fn set_last_updated_time(&mut self, last_updated_time: u64) -> &mut TimeSeries {
[INFO] [stdout]     |            ^^^^^^^^^^^^^^^^^^^^^
[INFO] [stdout] ...
[INFO] [stdout] 198 |     pub fn set_relations_from(&mut self, relations_from: Vec<u64>) -> &mut TimeSeries {
[INFO] [stdout]     |            ^^^^^^^^^^^^^^^^^^
[INFO] [stdout] ...
[INFO] [stdout] 203 |     pub fn set_is_string(&mut self, is_string: bool) -> &mut TimeSeries {
[INFO] [stdout]     |            ^^^^^^^^^^^^^
[INFO] [stdout] ...
[INFO] [stdout] 208 |     pub fn set_is_step(&mut self, is_step: bool) -> &mut TimeSeries {
[INFO] [stdout]     |            ^^^^^^^^^^^
[INFO] [stdout] 
[INFO] [stdout] 
[INFO] [stdout] warning: associated items `new`, `set_limit`, and `get_limit` are never used
[INFO] [stdout]    --> src/timeseries/mod.rs:222:12
[INFO] [stdout]     |
[INFO] [stdout] 220 | impl LimitParam {
[INFO] [stdout]     | --------------- associated items in this implementation
[INFO] [stdout] 221 |
[INFO] [stdout] 222 |     pub fn new() -> Self {
[INFO] [stdout]     |            ^^^
[INFO] [stdout] ...
[INFO] [stdout] 226 |     pub fn set_limit(&mut self, limit: i64) {
[INFO] [stdout]     |            ^^^^^^^^^
[INFO] [stdout] ...
[INFO] [stdout] 230 |     pub fn get_limit(&self) -> i64 {
[INFO] [stdout]     |            ^^^^^^^^^
[INFO] [stdout] 
[INFO] [stdout] 
[INFO] [stdout] warning: associated function `new` is never used
[INFO] [stdout]    --> src/timeseries/mod.rs:261:12
[INFO] [stdout]     |
[INFO] [stdout] 259 | impl TimeSeriesUpdateFields {
[INFO] [stdout]     | --------------------------- associated function in this implementation
[INFO] [stdout] 260 |
[INFO] [stdout] 261 |     pub fn new() -> TimeSeriesUpdateFields {
[INFO] [stdout]     |            ^^^
[INFO] [stdout] 
[INFO] [stdout] 
[INFO] [stdout] warning: associated items `new`, `get_items`, `set_items`, and `add_item` are never used
[INFO] [stdout]    --> src/timeseries/mod.rs:298:12
[INFO] [stdout]     |
[INFO] [stdout] 296 | impl TimeSeriesUpdateCollection {
[INFO] [stdout]     | ------------------------------- associated items in this implementation
[INFO] [stdout] 297 |
[INFO] [stdout] 298 |     pub fn new() -> Self {
[INFO] [stdout]     |            ^^^
[INFO] [stdout] ...
[INFO] [stdout] 304 |     pub fn get_items(&self) -> Vec<TimeSeriesUpdate> {
[INFO] [stdout]     |            ^^^^^^^^^
[INFO] [stdout] ...
[INFO] [stdout] 308 |     pub fn set_items(&mut self, items: Vec<TimeSeriesUpdate>) {
[INFO] [stdout]     |            ^^^^^^^^^
[INFO] [stdout] ...
[INFO] [stdout] 312 |     pub fn add_item(&mut self, item: TimeSeriesUpdate) {
[INFO] [stdout]     |            ^^^^^^^^
[INFO] [stdout] 
[INFO] [stdout] 
[INFO] [stdout] warning: fields `client_id`, `client_secret`, `auth_path`, `token_path`, and `project_name` are never read
[INFO] [stdout]   --> src/datahub.rs:8:16
[INFO] [stdout]    |
[INFO] [stdout] 7  | pub struct DataHubConfig {
[INFO] [stdout]    |            ------------- fields in this struct
[INFO] [stdout] 8  |     pub(crate) client_id: String,
[INFO] [stdout]    |                ^^^^^^^^^
[INFO] [stdout] 9  |     pub(crate) client_secret: String,
[INFO] [stdout]    |                ^^^^^^^^^^^^^
[INFO] [stdout] 10 |     pub(crate) auth_path: String,
[INFO] [stdout]    |                ^^^^^^^^^
[INFO] [stdout] 11 |     pub(crate) token_path: String,
[INFO] [stdout]    |                ^^^^^^^^^^
[INFO] [stdout] 12 |     pub(crate) project_name: String
[INFO] [stdout]    |                ^^^^^^^^^^^^
[INFO] [stdout]    |
[INFO] [stdout]    = note: `DataHubConfig` has a derived impl for the trait `Debug`, but this is intentionally ignored during dead code analysis
[INFO] [stdout] 
[INFO] [stdout] 
[INFO] [stdout] warning: fields `config`, `token`, `expires`, and `base_url` are never read
[INFO] [stdout]   --> src/datahub.rs:16:16
[INFO] [stdout]    |
[INFO] [stdout] 15 | pub struct DataHubApi<'a> {
[INFO] [stdout]    |            ---------- fields in this struct
[INFO] [stdout] 16 |     pub(crate) config: &'a Option<DataHubConfig>,
[INFO] [stdout]    |                ^^^^^^
[INFO] [stdout] 17 |     pub(crate) token: Option<String>,
[INFO] [stdout]    |                ^^^^^
[INFO] [stdout] 18 |     pub(crate) expires: Option<u64>,
[INFO] [stdout]    |                ^^^^^^^
[INFO] [stdout] 19 |     pub(crate) base_url: String
[INFO] [stdout]    |                ^^^^^^^^
[INFO] [stdout] 
[INFO] [stdout] 
[INFO] [stdout] warning: multiple associated items are never used
[INFO] [stdout]    --> src/datahub.rs:24:12
[INFO] [stdout]     |
[INFO] [stdout] 22  | impl DataHubApi<'_> {
[INFO] [stdout]     | ------------------- associated items in this implementation
[INFO] [stdout] 23  |
[INFO] [stdout] 24  |     pub fn init(config: &Option<DataHubConfig>) -> DataHubApi {
[INFO] [stdout]     |            ^^^^
[INFO] [stdout] ...
[INFO] [stdout] 33  |     pub fn create_default() -> DataHubApi<'static> {
[INFO] [stdout]     |            ^^^^^^^^^^^^^^
[INFO] [stdout] ...
[INFO] [stdout] 40  |     async fn refresh_token(&mut self) {
[INFO] [stdout]     |              ^^^^^^^^^^^^^
[INFO] [stdout] ...
[INFO] [stdout] 93  |     fn get_epoch_seconds_now(&self) -> u64 {
[INFO] [stdout]     |        ^^^^^^^^^^^^^^^^^^^^^
[INFO] [stdout] ...
[INFO] [stdout] 100 |     fn set_token_value(&mut self, value: &str) {
[INFO] [stdout]     |        ^^^^^^^^^^^^^^^
[INFO] [stdout] ...
[INFO] [stdout] 104 |     fn set_token_expires(&mut self, value: u64) {
[INFO] [stdout]     |        ^^^^^^^^^^^^^^^^^
[INFO] [stdout] ...
[INFO] [stdout] 108 |     fn has_token_expired(&self) -> bool{
[INFO] [stdout]     |        ^^^^^^^^^^^^^^^^^
[INFO] [stdout] ...
[INFO] [stdout] 117 |     pub async fn get_api_token(&mut self) -> Option<&String> {
[INFO] [stdout]     |                  ^^^^^^^^^^^^^
[INFO] [stdout] ...
[INFO] [stdout] 138 |     pub fn get_config(&mut self) -> &Option<DataHubConfig> {
[INFO] [stdout]     |            ^^^^^^^^^^
[INFO] [stdout] 
[INFO] [stdout] 
[INFO] [stdout] warning: associated items `new`, `set`, `set_null`, and `get_null` are never used
[INFO] [stdout]   --> src/fields.rs:12:12
[INFO] [stdout]    |
[INFO] [stdout] 10 | impl<T> Field<T> {
[INFO] [stdout]    | ---------------- associated items in this implementation
[INFO] [stdout] 11 |
[INFO] [stdout] 12 |     pub fn new() -> Self {
[INFO] [stdout]    |            ^^^
[INFO] [stdout] ...
[INFO] [stdout] 19 |     pub fn set(&mut self, value: T) where T: Clone {
[INFO] [stdout]    |            ^^^
[INFO] [stdout] ...
[INFO] [stdout] 23 |     pub fn set_null(&mut self, is_null: bool) {
[INFO] [stdout]    |            ^^^^^^^^
[INFO] [stdout] ...
[INFO] [stdout] 27 |     pub fn get_null(&self) -> bool {
[INFO] [stdout]    |            ^^^^^^^^
[INFO] [stdout] 
[INFO] [stdout] 
[INFO] [stdout] warning: associated items `new`, `set`, `add`, and `remove` are never used
[INFO] [stdout]   --> src/fields.rs:41:12
[INFO] [stdout]    |
[INFO] [stdout] 39 | impl<T> ListField<T>{
[INFO] [stdout]    | -------------------- associated items in this implementation
[INFO] [stdout] 40 |
[INFO] [stdout] 41 |     pub fn new() -> Self {
[INFO] [stdout]    |            ^^^
[INFO] [stdout] ...
[INFO] [stdout] 49 |     pub fn set(&mut self, s: Vec<T>) {
[INFO] [stdout]    |            ^^^
[INFO] [stdout] ...
[INFO] [stdout] 53 |     pub fn add(&mut self, s: Vec<T>) {
[INFO] [stdout]    |            ^^^
[INFO] [stdout] ...
[INFO] [stdout] 57 |     pub fn remove(&mut self, s: Vec<T>) {
[INFO] [stdout]    |            ^^^^^^
[INFO] [stdout] 
[INFO] [stdout] 
[INFO] [stdout] warning: associated items `new`, `set`, `add`, and `remove` are never used
[INFO] [stdout]   --> src/fields.rs:71:12
[INFO] [stdout]    |
[INFO] [stdout] 69 | impl MapField{
[INFO] [stdout]    | ------------- associated items in this implementation
[INFO] [stdout] 70 |
[INFO] [stdout] 71 |     pub fn new() -> Self {
[INFO] [stdout]    |            ^^^
[INFO] [stdout] ...
[INFO] [stdout] 79 |     pub fn set(&mut self, s: HashMap<String, String>) {
[INFO] [stdout]    |            ^^^
[INFO] [stdout] ...
[INFO] [stdout] 83 |     pub fn add(&mut self, s: HashMap<String, String>) {
[INFO] [stdout]    |            ^^^
[INFO] [stdout] ...
[INFO] [stdout] 87 |     pub fn remove(&mut self, s: Vec<String>) {
[INFO] [stdout]    |            ^^^^^^
[INFO] [stdout] 
[INFO] [stdout] 
[INFO] [stdout] warning: field `base_url` is never read
[INFO] [stdout]  --> src/events/mod.rs:7:5
[INFO] [stdout]   |
[INFO] [stdout] 5 | pub struct EventsService<'a>{
[INFO] [stdout]   |            ------------- field in this struct
[INFO] [stdout] 6 |     pub(crate) api_service: Weak<ApiService<'a>>,
[INFO] [stdout] 7 |     base_url: String
[INFO] [stdout]   |     ^^^^^^^^
[INFO] [stdout] 
[INFO] [stdout] 
[INFO] [stdout] warning: associated items `new` and `get_api_service` are never used
[INFO] [stdout]   --> src/events/mod.rs:12:12
[INFO] [stdout]    |
[INFO] [stdout] 10 | impl<'a> EventsService<'a>{
[INFO] [stdout]    | -------------------------- associated items in this implementation
[INFO] [stdout] 11 |
[INFO] [stdout] 12 |     pub fn new(api_service: Weak<ApiService<'a>>, base_url: &String) -> Self {
[INFO] [stdout]    |            ^^^
[INFO] [stdout] ...
[INFO] [stdout] 17 |     fn get_api_service(&self) -> Result<Rc<ApiService<'a>>, ResponseError> {
[INFO] [stdout]    |        ^^^^^^^^^^^^^^^
[INFO] [stdout] 
[INFO] [stdout] 
[INFO] [stdout] warning: struct `ResponseError` is never constructed
[INFO] [stdout]  --> src/http.rs:6:12
[INFO] [stdout]   |
[INFO] [stdout] 6 | pub struct ResponseError {
[INFO] [stdout]   |            ^^^^^^^^^^^^^
[INFO] [stdout] 
[INFO] [stdout] 
[INFO] [stdout] warning: associated items `from`, `from_err`, `get_message`, and `get_status` are never used
[INFO] [stdout]   --> src/http.rs:13:12
[INFO] [stdout]    |
[INFO] [stdout] 11 | impl ResponseError {
[INFO] [stdout]    | ------------------ associated items in this implementation
[INFO] [stdout] 12 |
[INFO] [stdout] 13 |     pub fn from(message: String) -> Self {
[INFO] [stdout]    |            ^^^^
[INFO] [stdout] ...
[INFO] [stdout] 17 |     pub fn from_err(error: Error) -> Self {
[INFO] [stdout]    |            ^^^^^^^^
[INFO] [stdout] ...
[INFO] [stdout] 21 |     pub fn get_message(&self) -> String {
[INFO] [stdout]    |            ^^^^^^^^^^^
[INFO] [stdout] ...
[INFO] [stdout] 25 |     pub fn get_status(&self) -> StatusCode {
[INFO] [stdout]    |            ^^^^^^^^^^
[INFO] [stdout] 
[INFO] [stdout] 
[INFO] [stdout] warning: function `process_response` is never used
[INFO] [stdout]   --> src/http.rs:30:14
[INFO] [stdout]    |
[INFO] [stdout] 30 | pub async fn process_response<T: DeserializeOwned>(response: Response) -> Result<T, ResponseError>
[INFO] [stdout]    |              ^^^^^^^^^^^^^^^^
[INFO] [stdout] 
[INFO] [stdout] 
[INFO] [stdout] warning: variable does not need to be mutable
[INFO] [stdout]    --> src/lib.rs:221:21
[INFO] [stdout]     |
[INFO] [stdout] 221 |                 let mut items = timeseries.get_items();
[INFO] [stdout]     |                     ----^^^^^
[INFO] [stdout]     |                     |
[INFO] [stdout]     |                     help: remove this `mut`
[INFO] [stdout] 
[INFO] [stdout] 
[INFO] [stdout] warning: unused variable: `timeseries`
[INFO] [stdout]    --> src/lib.rs:286:16
[INFO] [stdout]     |
[INFO] [stdout] 286 |             Ok(timeseries) => {
[INFO] [stdout]     |                ^^^^^^^^^^ help: if this is intentional, prefix it with an underscore: `_timeseries`
[INFO] [stdout] 
[INFO] [stdout] 
[INFO] [stdout] warning: variable does not need to be mutable
[INFO] [stdout]    --> src/lib.rs:277:13
[INFO] [stdout]     |
[INFO] [stdout] 277 |         let mut ts_update_fields = TimeSeriesUpdateFields::new();
[INFO] [stdout]     |             ----^^^^^^^^^^^^^^^^
[INFO] [stdout]     |             |
[INFO] [stdout]     |             help: remove this `mut`
[INFO] [stdout] 
[INFO] [stdout] 
[INFO] [stdout] warning: variable does not need to be mutable
[INFO] [stdout]    --> src/lib.rs:341:21
[INFO] [stdout]     |
[INFO] [stdout] 341 |                 let mut items = timeseries.get_items();
[INFO] [stdout]     |                     ----^^^^^
[INFO] [stdout]     |                     |
[INFO] [stdout]     |                     help: remove this `mut`
[INFO] [stdout] 
[INFO] [stdout] 
[INFO] [stdout] warning: variable does not need to be mutable
[INFO] [stdout]    --> src/lib.rs:386:21
[INFO] [stdout]     |
[INFO] [stdout] 386 |                 let mut items = timeseries.get_items();
[INFO] [stdout]     |                     ----^^^^^
[INFO] [stdout]     |                     |
[INFO] [stdout]     |                     help: remove this `mut`
[INFO] [stdout] 
[INFO] [stdout] 
[INFO] [stdout] warning: fields `config` and `events` are never read
[INFO] [stdout]   --> src/lib.rs:20:5
[INFO] [stdout]    |
[INFO] [stdout] 19 | struct ApiService<'a>{
[INFO] [stdout]    |        ---------- fields in this struct
[INFO] [stdout] 20 |     config: Box<DataHubApi<'a>>,
[INFO] [stdout]    |     ^^^^^^
[INFO] [stdout] ...
[INFO] [stdout] 23 |     pub events: EventsService<'a>,
[INFO] [stdout]    |         ^^^^^^
[INFO] [stdout]    |
[INFO] [stdout]    = note: `#[warn(dead_code)]` on by default
[INFO] [stdout] 
[INFO] [stdout] 
[INFO] [stdout] warning: associated items `new` and `set_items` are never used
[INFO] [stdout]   --> src/generic.rs:36:12
[INFO] [stdout]    |
[INFO] [stdout] 34 | impl IdAndExtIdCollection {
[INFO] [stdout]    | ------------------------- associated items in this implementation
[INFO] [stdout] 35 |
[INFO] [stdout] 36 |     pub fn new() -> Self {
[INFO] [stdout]    |            ^^^
[INFO] [stdout] ...
[INFO] [stdout] 58 |     pub fn set_items(&mut self, items: Vec<IdAndExtId>) {
[INFO] [stdout]    |            ^^^^^^^^^
[INFO] [stdout] 
[INFO] [stdout] 
[INFO] [stdout] warning: methods `set_items` and `get_http_status_code` are never used
[INFO] [stdout]   --> src/generic.rs:86:12
[INFO] [stdout]    |
[INFO] [stdout] 74 | impl<T> DataWrapper<T> {
[INFO] [stdout]    | ---------------------- methods in this implementation
[INFO] [stdout] ...
[INFO] [stdout] 86 |     pub fn set_items(&mut self, items: Vec<T>) {
[INFO] [stdout]    |            ^^^^^^^^^
[INFO] [stdout] ...
[INFO] [stdout] 98 |     pub fn get_http_status_code(&self) -> Option<u16> {
[INFO] [stdout]    |            ^^^^^^^^^^^^^^^^^^^^
[INFO] [stdout] 
[INFO] [stdout] 
[INFO] [stdout] warning: method `list` is never used
[INFO] [stdout]   --> src/timeseries/mod.rs:23:18
[INFO] [stdout]    |
[INFO] [stdout] 16 | impl<'a> TimeSeriesService<'a> {
[INFO] [stdout]    | ------------------------------ method in this implementation
[INFO] [stdout] ...
[INFO] [stdout] 23 |     pub async fn list(&self)
[INFO] [stdout]    |                  ^^^^
[INFO] [stdout] 
[INFO] [stdout] 
[INFO] [stdout] warning: multiple methods are never used
[INFO] [stdout]    --> src/timeseries/mod.rs:168:12
[INFO] [stdout]     |
[INFO] [stdout] 117 | impl TimeSeries {
[INFO] [stdout]     | --------------- methods in this implementation
[INFO] [stdout] ...
[INFO] [stdout] 168 |     pub fn set_unit_external_id(&mut self, unit_external_id: &str) -> &mut TimeSeries {
[INFO] [stdout]     |            ^^^^^^^^^^^^^^^^^^^^
[INFO] [stdout] ...
[INFO] [stdout] 173 |     pub fn set_security_categories(&mut self, security_categories: Vec<u64>) -> &mut TimeSeries {
[INFO] [stdout]     |            ^^^^^^^^^^^^^^^^^^^^^^^
[INFO] [stdout] ...
[INFO] [stdout] 178 |     pub fn set_data_set_id(&mut self, data_set_id: u64) -> &mut TimeSeries {
[INFO] [stdout]     |            ^^^^^^^^^^^^^^^
[INFO] [stdout] ...
[INFO] [stdout] 188 |     pub fn set_created_time(&mut self, created_time: u64) -> &mut TimeSeries {
[INFO] [stdout]     |            ^^^^^^^^^^^^^^^^
[INFO] [stdout] ...
[INFO] [stdout] 193 |     pub fn set_last_updated_time(&mut self, last_updated_time: u64) -> &mut TimeSeries {
[INFO] [stdout]     |            ^^^^^^^^^^^^^^^^^^^^^
[INFO] [stdout] ...
[INFO] [stdout] 198 |     pub fn set_relations_from(&mut self, relations_from: Vec<u64>) -> &mut TimeSeries {
[INFO] [stdout]     |            ^^^^^^^^^^^^^^^^^^
[INFO] [stdout] ...
[INFO] [stdout] 203 |     pub fn set_is_string(&mut self, is_string: bool) -> &mut TimeSeries {
[INFO] [stdout]     |            ^^^^^^^^^^^^^
[INFO] [stdout] ...
[INFO] [stdout] 208 |     pub fn set_is_step(&mut self, is_step: bool) -> &mut TimeSeries {
[INFO] [stdout]     |            ^^^^^^^^^^^
[INFO] [stdout] 
[INFO] [stdout] 
[INFO] [stdout] warning: method `get_limit` is never used
[INFO] [stdout]    --> src/timeseries/mod.rs:230:12
[INFO] [stdout]     |
[INFO] [stdout] 220 | impl LimitParam {
[INFO] [stdout]     | --------------- method in this implementation
[INFO] [stdout] ...
[INFO] [stdout] 230 |     pub fn get_limit(&self) -> i64 {
[INFO] [stdout]     |            ^^^^^^^^^
[INFO] [stdout] 
[INFO] [stdout] 
[INFO] [stdout] warning: method `set_items` is never used
[INFO] [stdout]    --> src/timeseries/mod.rs:308:12
[INFO] [stdout]     |
[INFO] [stdout] 296 | impl TimeSeriesUpdateCollection {
[INFO] [stdout]     | ------------------------------- method in this implementation
[INFO] [stdout] ...
[INFO] [stdout] 308 |     pub fn set_items(&mut self, items: Vec<TimeSeriesUpdate>) {
[INFO] [stdout]     |            ^^^^^^^^^
[INFO] [stdout] 
[INFO] [stdout] 
[INFO] [stdout] warning: fields `client_id`, `client_secret`, `auth_path`, and `token_path` are never read
[INFO] [stdout]   --> src/datahub.rs:8:16
[INFO] [stdout]    |
[INFO] [stdout] 7  | pub struct DataHubConfig {
[INFO] [stdout]    |            ------------- fields in this struct
[INFO] [stdout] 8  |     pub(crate) client_id: String,
[INFO] [stdout]    |                ^^^^^^^^^
[INFO] [stdout] 9  |     pub(crate) client_secret: String,
[INFO] [stdout]    |                ^^^^^^^^^^^^^
[INFO] [stdout] 10 |     pub(crate) auth_path: String,
[INFO] [stdout]    |                ^^^^^^^^^
[INFO] [stdout] 11 |     pub(crate) token_path: String,
[INFO] [stdout]    |                ^^^^^^^^^^
[INFO] [stdout]    |
[INFO] [stdout]    = note: `DataHubConfig` has a derived impl for the trait `Debug`, but this is intentionally ignored during dead code analysis
[INFO] [stdout] 
[INFO] [stdout] 
[INFO] [stdout] warning: fields `config` and `expires` are never read
[INFO] [stdout]   --> src/datahub.rs:16:16
[INFO] [stdout]    |
[INFO] [stdout] 15 | pub struct DataHubApi<'a> {
[INFO] [stdout]    |            ---------- fields in this struct
[INFO] [stdout] 16 |     pub(crate) config: &'a Option<DataHubConfig>,
[INFO] [stdout]    |                ^^^^^^
[INFO] [stdout] 17 |     pub(crate) token: Option<String>,
[INFO] [stdout] 18 |     pub(crate) expires: Option<u64>,
[INFO] [stdout]    |                ^^^^^^^
[INFO] [stdout] 
[INFO] [stdout] 
[INFO] [stdout] warning: methods `refresh_token`, `get_epoch_seconds_now`, `set_token_expires`, `has_token_expired`, `get_api_token`, and `get_config` are never used
[INFO] [stdout]    --> src/datahub.rs:40:14
[INFO] [stdout]     |
[INFO] [stdout] 22  | impl DataHubApi<'_> {
[INFO] [stdout]     | ------------------- methods in this implementation
[INFO] [stdout] ...
[INFO] [stdout] 40  |     async fn refresh_token(&mut self) {
[INFO] [stdout]     |              ^^^^^^^^^^^^^
[INFO] [stdout] ...
[INFO] [stdout] 93  |     fn get_epoch_seconds_now(&self) -> u64 {
[INFO] [stdout]     |        ^^^^^^^^^^^^^^^^^^^^^
[INFO] [stdout] ...
[INFO] [stdout] 104 |     fn set_token_expires(&mut self, value: u64) {
[INFO] [stdout]     |        ^^^^^^^^^^^^^^^^^
[INFO] [stdout] ...
[INFO] [stdout] 108 |     fn has_token_expired(&self) -> bool{
[INFO] [stdout]     |        ^^^^^^^^^^^^^^^^^
[INFO] [stdout] ...
[INFO] [stdout] 117 |     pub async fn get_api_token(&mut self) -> Option<&String> {
[INFO] [stdout]     |                  ^^^^^^^^^^^^^
[INFO] [stdout] ...
[INFO] [stdout] 138 |     pub fn get_config(&mut self) -> &Option<DataHubConfig> {
[INFO] [stdout]     |            ^^^^^^^^^^
[INFO] [stdout] 
[INFO] [stdout] 
[INFO] [stdout] warning: methods `set_null` and `get_null` are never used
[INFO] [stdout]   --> src/fields.rs:23:12
[INFO] [stdout]    |
[INFO] [stdout] 10 | impl<T> Field<T> {
[INFO] [stdout]    | ---------------- methods in this implementation
[INFO] [stdout] ...
[INFO] [stdout] 23 |     pub fn set_null(&mut self, is_null: bool) {
[INFO] [stdout]    |            ^^^^^^^^
[INFO] [stdout] ...
[INFO] [stdout] 27 |     pub fn get_null(&self) -> bool {
[INFO] [stdout]    |            ^^^^^^^^
[INFO] [stdout] 
[INFO] [stdout] 
[INFO] [stdout] warning: methods `set`, `add`, and `remove` are never used
[INFO] [stdout]   --> src/fields.rs:49:12
[INFO] [stdout]    |
[INFO] [stdout] 39 | impl<T> ListField<T>{
[INFO] [stdout]    | -------------------- methods in this implementation
[INFO] [stdout] ...
[INFO] [stdout] 49 |     pub fn set(&mut self, s: Vec<T>) {
[INFO] [stdout]    |            ^^^
[INFO] [stdout] ...
[INFO] [stdout] 53 |     pub fn add(&mut self, s: Vec<T>) {
[INFO] [stdout]    |            ^^^
[INFO] [stdout] ...
[INFO] [stdout] 57 |     pub fn remove(&mut self, s: Vec<T>) {
[INFO] [stdout]    |            ^^^^^^
[INFO] [stdout] 
[INFO] [stdout] 
[INFO] [stdout] warning: methods `set` and `remove` are never used
[INFO] [stdout]   --> src/fields.rs:79:12
[INFO] [stdout]    |
[INFO] [stdout] 69 | impl MapField{
[INFO] [stdout]    | ------------- methods in this implementation
[INFO] [stdout] ...
[INFO] [stdout] 79 |     pub fn set(&mut self, s: HashMap<String, String>) {
[INFO] [stdout]    |            ^^^
[INFO] [stdout] ...
[INFO] [stdout] 87 |     pub fn remove(&mut self, s: Vec<String>) {
[INFO] [stdout]    |            ^^^^^^
[INFO] [stdout] 
[INFO] [stdout] 
[INFO] [stdout] warning: field `base_url` is never read
[INFO] [stdout]  --> src/events/mod.rs:7:5
[INFO] [stdout]   |
[INFO] [stdout] 5 | pub struct EventsService<'a>{
[INFO] [stdout]   |            ------------- field in this struct
[INFO] [stdout] 6 |     pub(crate) api_service: Weak<ApiService<'a>>,
[INFO] [stdout] 7 |     base_url: String
[INFO] [stdout]   |     ^^^^^^^^
[INFO] [stdout] 
[INFO] [stdout] 
[INFO] [stdout] warning: method `get_api_service` is never used
[INFO] [stdout]   --> src/events/mod.rs:17:8
[INFO] [stdout]    |
[INFO] [stdout] 10 | impl<'a> EventsService<'a>{
[INFO] [stdout]    | -------------------------- method in this implementation
[INFO] [stdout] ...
[INFO] [stdout] 17 |     fn get_api_service(&self) -> Result<Rc<ApiService<'a>>, ResponseError> {
[INFO] [stdout]    |        ^^^^^^^^^^^^^^^
[INFO] [stdout] 
[INFO] [stdout] 
[INFO] [stdout] warning: associated function `from` is never used
[INFO] [stdout]   --> src/http.rs:13:12
[INFO] [stdout]    |
[INFO] [stdout] 11 | impl ResponseError {
[INFO] [stdout]    | ------------------ associated function in this implementation
[INFO] [stdout] 12 |
[INFO] [stdout] 13 |     pub fn from(message: String) -> Self {
[INFO] [stdout]    |            ^^^^
[INFO] [stdout] 
[INFO] [stdout] 
[INFO] [stderr]     Finished `test` profile [unoptimized + debuginfo] target(s) in 2.87s
[INFO] running `Command { std: "docker" "inspect" "b9342c983fb0f78cba28898ef836719d99f37577743b7e7dd77a611af14610e3", kill_on_drop: false }`
[INFO] running `Command { std: "docker" "rm" "-f" "b9342c983fb0f78cba28898ef836719d99f37577743b7e7dd77a611af14610e3", kill_on_drop: false }`
[INFO] [stdout] b9342c983fb0f78cba28898ef836719d99f37577743b7e7dd77a611af14610e3
[INFO] running `Command { std: "docker" "create" "-v" "/var/lib/crater-agent-workspace/builds/worker-1-tc1/target:/opt/rustwide/target:rw,Z" "-v" "/var/lib/crater-agent-workspace/builds/worker-1-tc1/source:/opt/rustwide/workdir:ro,Z" "-v" "/var/lib/crater-agent-workspace/cargo-home:/opt/rustwide/cargo-home:ro,Z" "-v" "/var/lib/crater-agent-workspace/rustup-home:/opt/rustwide/rustup-home:ro,Z" "-e" "SOURCE_DIR=/opt/rustwide/workdir" "-e" "CARGO_TARGET_DIR=/opt/rustwide/target" "-e" "CARGO_INCREMENTAL=0" "-e" "RUST_BACKTRACE=full" "-e" "RUSTFLAGS=--cap-lints=forbid" "-e" "RUSTDOCFLAGS=--cap-lints=forbid" "-e" "CARGO_HOME=/opt/rustwide/cargo-home" "-e" "RUSTUP_HOME=/opt/rustwide/rustup-home" "-w" "/opt/rustwide/workdir" "-m" "1610612736" "--user" "0:0" "--network" "none" "ghcr.io/rust-lang/crates-build-env/linux@sha256:819108c5571ea2e421544af4d832f968d213c87fbe3707a016657f43d2f853bc" "/opt/rustwide/cargo-home/bin/cargo" "+nightly-2025-01-18" "test" "--frozen", kill_on_drop: false }`
[INFO] [stdout] c189a9e29b9519aea40436cba618ba900a659d81ed34ead2a0f59585bba7f10d
[INFO] running `Command { std: "docker" "start" "-a" "c189a9e29b9519aea40436cba618ba900a659d81ed34ead2a0f59585bba7f10d", kill_on_drop: false }`
[INFO] [stderr] warning: unused import: `IdAndExtIdCollection`
[INFO] [stderr]  --> src/lib.rs:7:22
[INFO] [stderr]   |
[INFO] [stderr] 7 | use crate::generic::{IdAndExtIdCollection};
[INFO] [stderr]   |                      ^^^^^^^^^^^^^^^^^^^^
[INFO] [stderr]   |
[INFO] [stderr]   = note: `#[warn(unused_imports)]` on by default
[INFO] [stderr] 
[INFO] [stderr] warning: unused imports: `LimitParam`, `TimeSeriesUpdateCollection`, and `TimeSeries`
[INFO] [stderr]  --> src/lib.rs:8:25
[INFO] [stderr]   |
[INFO] [stderr] 8 | use crate::timeseries::{LimitParam, TimeSeries, TimeSeriesUpdateCollection, TimeSeriesService};
[INFO] [stderr]   |                         ^^^^^^^^^^  ^^^^^^^^^^  ^^^^^^^^^^^^^^^^^^^^^^^^^^
[INFO] [stderr] 
[INFO] [stderr] warning: unused import: `DataWrapper`
[INFO] [stderr]  --> src/http.rs:4:50
[INFO] [stderr]   |
[INFO] [stderr] 4 | use crate::generic::{DataWrapperDeserialization, DataWrapper};
[INFO] [stderr]   |                                                  ^^^^^^^^^^^
[INFO] [stderr] 
[INFO] [stderr] warning: unused variable: `status_code`
[INFO] [stderr]    --> src/generic.rs:210:47
[INFO] [stderr]     |
[INFO] [stderr] 210 |     fn deserialize_and_set_status(body: &str, status_code: u16) -> Result<Self, serde_json::Error>
[INFO] [stderr]     |                                               ^^^^^^^^^^^ help: if this is intentional, prefix it with an underscore: `_status_code`
[INFO] [stderr]     |
[INFO] [stderr]     = note: `#[warn(unused_variables)]` on by default
[INFO] [stderr] 
[INFO] [stderr] warning: variable does not need to be mutable
[INFO] [stderr]   --> src/lib.rs:41:9
[INFO] [stderr]    |
[INFO] [stderr] 41 |     let mut api_service = Rc::new_cyclic(|weak_self| {
[INFO] [stderr]    |         ----^^^^^^^^^^^
[INFO] [stderr]    |         |
[INFO] [stderr]    |         help: remove this `mut`
[INFO] [stderr]    |
[INFO] [stderr]    = note: `#[warn(unused_mut)]` on by default
[INFO] [stderr] 
[INFO] [stderr] warning: fields `config`, `time_series`, `units`, `events`, and `http_client` are never read
[INFO] [stderr]   --> src/lib.rs:20:5
[INFO] [stderr]    |
[INFO] [stderr] 19 | struct ApiService<'a>{
[INFO] [stderr]    |        ---------- fields in this struct
[INFO] [stderr] 20 |     config: Box<DataHubApi<'a>>,
[INFO] [stderr]    |     ^^^^^^
[INFO] [stderr] 21 |     pub time_series: TimeSeriesService<'a>,
[INFO] [stderr]    |         ^^^^^^^^^^^
[INFO] [stderr] 22 |     pub units: UnitsService<'a>,
[INFO] [stderr]    |         ^^^^^
[INFO] [stderr] 23 |     pub events: EventsService<'a>,
[INFO] [stderr]    |         ^^^^^^
[INFO] [stderr] 24 |     http_client: Client,
[INFO] [stderr]    |     ^^^^^^^^^^^
[INFO] [stderr]    |
[INFO] [stderr]    = note: `#[warn(dead_code)]` on by default
[INFO] [stderr] 
[INFO] [stderr] warning: function `create_api_service` is never used
[INFO] [stderr]   --> src/lib.rs:27:4
[INFO] [stderr]    |
[INFO] [stderr] 27 | fn create_api_service() -> Rc<ApiService<'static>> {
[INFO] [stderr]    |    ^^^^^^^^^^^^^^^^^^
[INFO] [stderr] 
[INFO] [stderr] warning: field `base_url` is never read
[INFO] [stderr]   --> src/unit/mod.rs:11:5
[INFO] [stderr]    |
[INFO] [stderr] 9  | pub struct UnitsService<'a>{
[INFO] [stderr]    |            ------------ field in this struct
[INFO] [stderr] 10 |     pub(crate) api_service: Weak<ApiService<'a>>,
[INFO] [stderr] 11 |     base_url: String
[INFO] [stderr]    |     ^^^^^^^^
[INFO] [stderr] 
[INFO] [stderr] warning: associated items `new`, `list`, `by_external_id`, and `by_ids` are never used
[INFO] [stderr]   --> src/unit/mod.rs:16:12
[INFO] [stderr]    |
[INFO] [stderr] 14 | impl<'a> UnitsService<'a>{
[INFO] [stderr]    | ------------------------- associated items in this implementation
[INFO] [stderr] 15 |
[INFO] [stderr] 16 |     pub fn new(api_service: Weak<ApiService<'a>>, base_url: &String) -> Self {
[INFO] [stderr]    |            ^^^
[INFO] [stderr] ...
[INFO] [stderr] 21 |     pub async fn list(&self) -> Result<DataWrapper<Unit>, ResponseError> {
[INFO] [stderr]    |                  ^^^^
[INFO] [stderr] ...
[INFO] [stderr] 25 |     pub async fn by_external_id(&self, value: &str) -> Result<DataWrapper<Unit>, ResponseError> {
[INFO] [stderr]    |                  ^^^^^^^^^^^^^^
[INFO] [stderr] ...
[INFO] [stderr] 30 |     pub async fn by_ids(&self, json: &IdAndExtIdCollection) -> Result<DataWrapper<Unit>, ResponseError> {
[INFO] [stderr]    |                  ^^^^^^
[INFO] [stderr] 
[INFO] [stderr] warning: associated functions `from_id` and `from_external_id` are never used
[INFO] [stderr]   --> src/generic.rs:19:12
[INFO] [stderr]    |
[INFO] [stderr] 17 | impl IdAndExtId {
[INFO] [stderr]    | --------------- associated functions in this implementation
[INFO] [stderr] 18 |
[INFO] [stderr] 19 |     pub fn from_id(id: u64) -> Self {
[INFO] [stderr]    |            ^^^^^^^
[INFO] [stderr] ...
[INFO] [stderr] 23 |     pub fn from_external_id(external_id: &str) -> Self {
[INFO] [stderr]    |            ^^^^^^^^^^^^^^^^
[INFO] [stderr] 
[INFO] [stderr] warning: associated items `new`, `from_id_vec`, `from_external_id_vec`, `set_items`, and `add_item` are never used
[INFO] [stderr]   --> src/generic.rs:36:12
[INFO] [stderr]    |
[INFO] [stderr] 34 | impl IdAndExtIdCollection {
[INFO] [stderr]    | ------------------------- associated items in this implementation
[INFO] [stderr] 35 |
[INFO] [stderr] 36 |     pub fn new() -> Self {
[INFO] [stderr]    |            ^^^
[INFO] [stderr] ...
[INFO] [stderr] 42 |     pub fn from_id_vec(ids: Vec<u64>) -> Self {
[INFO] [stderr]    |            ^^^^^^^^^^^
[INFO] [stderr] ...
[INFO] [stderr] 50 |     pub fn from_external_id_vec(external_ids: Vec<&str>) -> Self {
[INFO] [stderr]    |            ^^^^^^^^^^^^^^^^^^^^
[INFO] [stderr] ...
[INFO] [stderr] 58 |     pub fn set_items(&mut self, items: Vec<IdAndExtId>) {
[INFO] [stderr]    |            ^^^^^^^^^
[INFO] [stderr] ...
[INFO] [stderr] 62 |     pub fn add_item(&mut self, item: IdAndExtId) {
[INFO] [stderr]    |            ^^^^^^^^
[INFO] [stderr] 
[INFO] [stderr] warning: associated items `new`, `get_items`, `set_items`, `add_item`, `length`, and `get_http_status_code` are never used
[INFO] [stderr]   --> src/generic.rs:75:12
[INFO] [stderr]    |
[INFO] [stderr] 74 | impl<T> DataWrapper<T> {
[INFO] [stderr]    | ---------------------- associated items in this implementation
[INFO] [stderr] 75 |     pub fn new() -> Self {
[INFO] [stderr]    |            ^^^
[INFO] [stderr] ...
[INFO] [stderr] 82 |     pub fn get_items(&self) -> &Vec<T> {
[INFO] [stderr]    |            ^^^^^^^^^
[INFO] [stderr] ...
[INFO] [stderr] 86 |     pub fn set_items(&mut self, items: Vec<T>) {
[INFO] [stderr]    |            ^^^^^^^^^
[INFO] [stderr] ...
[INFO] [stderr] 90 |     pub fn add_item(&mut self, item: T) {
[INFO] [stderr]    |            ^^^^^^^^
[INFO] [stderr] ...
[INFO] [stderr] 94 |     pub fn length(&self) -> u64 {
[INFO] [stderr]    |            ^^^^^^
[INFO] [stderr] ...
[INFO] [stderr] 98 |     pub fn get_http_status_code(&self) -> Option<u16> {
[INFO] [stderr]    |            ^^^^^^^^^^^^^^^^^^^^
[INFO] [stderr] 
[INFO] [stderr] warning: methods `api_service`, `get_api_service`, `execute_get_request`, and `execute_post_request` are never used
[INFO] [stderr]    --> src/generic.rs:109:8
[INFO] [stderr]     |
[INFO] [stderr] 108 | pub trait ApiServiceProvider<'a> {
[INFO] [stderr]     |           ------------------ methods in this trait
[INFO] [stderr] 109 |     fn api_service(&self) -> &Weak<ApiService<'a>>;
[INFO] [stderr]     |        ^^^^^^^^^^^
[INFO] [stderr] 110 |
[INFO] [stderr] 111 |     fn get_api_service(&self) -> Rc<ApiService<'a>> {
[INFO] [stderr]     |        ^^^^^^^^^^^^^^^
[INFO] [stderr] ...
[INFO] [stderr] 115 |     async fn execute_get_request<T: DeserializeOwned + DataWrapperDeserialization>(
[INFO] [stderr]     |              ^^^^^^^^^^^^^^^^^^^
[INFO] [stderr] ...
[INFO] [stderr] 130 |     async fn execute_post_request<T: DeserializeOwned + DataWrapperDeserialization, J: Serialize>(
[INFO] [stderr]     |              ^^^^^^^^^^^^^^^^^^^^
[INFO] [stderr] 
[INFO] [stderr] warning: associated function `deserialize_and_set_status` is never used
[INFO] [stderr]    --> src/generic.rs:180:8
[INFO] [stderr]     |
[INFO] [stderr] 179 | pub trait DataWrapperDeserialization {
[INFO] [stderr]     |           -------------------------- associated function in this trait
[INFO] [stderr] 180 |     fn deserialize_and_set_status(body: &str, status_code: u16) -> Result<Self, serde_json::Error>
[INFO] [stderr]     |        ^^^^^^^^^^^^^^^^^^^^^^^^^^
[INFO] [stderr] 
[INFO] [stderr] warning: field `base_url` is never read
[INFO] [stderr]   --> src/timeseries/mod.rs:13:5
[INFO] [stderr]    |
[INFO] [stderr] 11 | pub struct TimeSeriesService<'a>{
[INFO] [stderr]    |            ----------------- field in this struct
[INFO] [stderr] 12 |     pub(crate) api_service: Weak<ApiService<'a>>,
[INFO] [stderr] 13 |     base_url: String
[INFO] [stderr]    |     ^^^^^^^^
[INFO] [stderr] 
[INFO] [stderr] warning: multiple associated items are never used
[INFO] [stderr]   --> src/timeseries/mod.rs:18:12
[INFO] [stderr]    |
[INFO] [stderr] 16 | impl<'a> TimeSeriesService<'a> {
[INFO] [stderr]    | ------------------------------ associated items in this implementation
[INFO] [stderr] 17 |
[INFO] [stderr] 18 |     pub fn new(api_service: Weak<ApiService<'a>>, base_url: &String) -> Self {
[INFO] [stderr]    |            ^^^
[INFO] [stderr] ...
[INFO] [stderr] 23 |     pub async fn list(&self)
[INFO] [stderr]    |                  ^^^^
[INFO] [stderr] ...
[INFO] [stderr] 40 |     pub async fn list_with_limit(&self, query: &LimitParam)
[INFO] [stderr]    |                  ^^^^^^^^^^^^^^^
[INFO] [stderr] ...
[INFO] [stderr] 58 |     pub async fn create(&self, json: &DataWrapper<TimeSeries>)
[INFO] [stderr]    |                  ^^^^^^
[INFO] [stderr] ...
[INFO] [stderr] 65 |     pub async fn delete(&self, json: &IdAndExtIdCollection)
[INFO] [stderr]    |                  ^^^^^^
[INFO] [stderr] ...
[INFO] [stderr] 72 |     pub async fn update(&self, json: &TimeSeriesUpdateCollection)
[INFO] [stderr]    |                  ^^^^^^
[INFO] [stderr] ...
[INFO] [stderr] 79 |     pub async fn by_ids(&self, json: &IdAndExtIdCollection)
[INFO] [stderr]    |                  ^^^^^^
[INFO] [stderr] 
[INFO] [stderr] warning: multiple associated items are never used
[INFO] [stderr]    --> src/timeseries/mod.rs:119:12
[INFO] [stderr]     |
[INFO] [stderr] 117 | impl TimeSeries {
[INFO] [stderr]     | --------------- associated items in this implementation
[INFO] [stderr] 118 |
[INFO] [stderr] 119 |     pub fn new(external_id: &str, name: &str, unit: &str) -> TimeSeries{
[INFO] [stderr]     |            ^^^
[INFO] [stderr] ...
[INFO] [stderr] 139 |     pub fn builder() -> TimeSeries {
[INFO] [stderr]     |            ^^^^^^^
[INFO] [stderr] ...
[INFO] [stderr] 143 |     pub fn set_name(&mut self, name: &str) -> &mut TimeSeries {
[INFO] [stderr]     |            ^^^^^^^^
[INFO] [stderr] ...
[INFO] [stderr] 148 |     pub fn set_metadata(&mut self, metadata: HashMap<String, String>) -> &mut TimeSeries {
[INFO] [stderr]     |            ^^^^^^^^^^^^
[INFO] [stderr] ...
[INFO] [stderr] 153 |     pub fn set_external_id(&mut self, external_id: &str) -> &mut TimeSeries {
[INFO] [stderr]     |            ^^^^^^^^^^^^^^^
[INFO] [stderr] ...
[INFO] [stderr] 158 |     pub fn set_unit(&mut self, unit: &str) -> &mut TimeSeries {
[INFO] [stderr]     |            ^^^^^^^^
[INFO] [stderr] ...
[INFO] [stderr] 163 |     pub fn set_description(&mut self, description: &str) -> &mut TimeSeries {
[INFO] [stderr]     |            ^^^^^^^^^^^^^^^
[INFO] [stderr] ...
[INFO] [stderr] 168 |     pub fn set_unit_external_id(&mut self, unit_external_id: &str) -> &mut TimeSeries {
[INFO] [stderr]     |            ^^^^^^^^^^^^^^^^^^^^
[INFO] [stderr] ...
[INFO] [stderr] 173 |     pub fn set_security_categories(&mut self, security_categories: Vec<u64>) -> &mut TimeSeries {
[INFO] [stderr]     |            ^^^^^^^^^^^^^^^^^^^^^^^
[INFO] [stderr] ...
[INFO] [stderr] 178 |     pub fn set_data_set_id(&mut self, data_set_id: u64) -> &mut TimeSeries {
[INFO] [stderr]     |            ^^^^^^^^^^^^^^^
[INFO] [stderr] ...
[INFO] [stderr] 183 |     pub fn set_value_type(&mut self, value_type: &str) -> &mut TimeSeries {
[INFO] [stderr]     |            ^^^^^^^^^^^^^^
[INFO] [stderr] ...
[INFO] [stderr] 188 |     pub fn set_created_time(&mut self, created_time: u64) -> &mut TimeSeries {
[INFO] [stderr]     |            ^^^^^^^^^^^^^^^^
[INFO] [stderr] ...
[INFO] [stderr] 193 |     pub fn set_last_updated_time(&mut self, last_updated_time: u64) -> &mut TimeSeries {
[INFO] [stderr]     |            ^^^^^^^^^^^^^^^^^^^^^
[INFO] [stderr] ...
[INFO] [stderr] 198 |     pub fn set_relations_from(&mut self, relations_from: Vec<u64>) -> &mut TimeSeries {
[INFO] [stderr]     |            ^^^^^^^^^^^^^^^^^^
[INFO] [stderr] ...
[INFO] [stderr] 203 |     pub fn set_is_string(&mut self, is_string: bool) -> &mut TimeSeries {
[INFO] [stderr]     |            ^^^^^^^^^^^^^
[INFO] [stderr] ...
[INFO] [stderr] 208 |     pub fn set_is_step(&mut self, is_step: bool) -> &mut TimeSeries {
[INFO] [stderr]     |            ^^^^^^^^^^^
[INFO] [stderr] 
[INFO] [stderr] warning: associated items `new`, `set_limit`, and `get_limit` are never used
[INFO] [stderr]    --> src/timeseries/mod.rs:222:12
[INFO] [stderr]     |
[INFO] [stderr] 220 | impl LimitParam {
[INFO] [stderr]     | --------------- associated items in this implementation
[INFO] [stderr] 221 |
[INFO] [stderr] 222 |     pub fn new() -> Self {
[INFO] [stderr]     |            ^^^
[INFO] [stderr] ...
[INFO] [stderr] 226 |     pub fn set_limit(&mut self, limit: i64) {
[INFO] [stderr]     |            ^^^^^^^^^
[INFO] [stderr] ...
[INFO] [stderr] 230 |     pub fn get_limit(&self) -> i64 {
[INFO] [stderr]     |            ^^^^^^^^^
[INFO] [stderr] 
[INFO] [stderr] warning: associated function `new` is never used
[INFO] [stderr]    --> src/timeseries/mod.rs:261:12
[INFO] [stderr]     |
[INFO] [stderr] 259 | impl TimeSeriesUpdateFields {
[INFO] [stderr]     | --------------------------- associated function in this implementation
[INFO] [stderr] 260 |
[INFO] [stderr] 261 |     pub fn new() -> TimeSeriesUpdateFields {
[INFO] [stderr]     |            ^^^
[INFO] [stderr] 
[INFO] [stderr] warning: associated items `new`, `get_items`, `set_items`, and `add_item` are never used
[INFO] [stderr]    --> src/timeseries/mod.rs:298:12
[INFO] [stderr]     |
[INFO] [stderr] 296 | impl TimeSeriesUpdateCollection {
[INFO] [stderr]     | ------------------------------- associated items in this implementation
[INFO] [stderr] 297 |
[INFO] [stderr] 298 |     pub fn new() -> Self {
[INFO] [stderr]     |            ^^^
[INFO] [stderr] ...
[INFO] [stderr] 304 |     pub fn get_items(&self) -> Vec<TimeSeriesUpdate> {
[INFO] [stderr]     |            ^^^^^^^^^
[INFO] [stderr] ...
[INFO] [stderr] 308 |     pub fn set_items(&mut self, items: Vec<TimeSeriesUpdate>) {
[INFO] [stderr]     |            ^^^^^^^^^
[INFO] [stderr] ...
[INFO] [stderr] 312 |     pub fn add_item(&mut self, item: TimeSeriesUpdate) {
[INFO] [stderr]     |            ^^^^^^^^
[INFO] [stderr] 
[INFO] [stderr] warning: fields `client_id`, `client_secret`, `auth_path`, `token_path`, and `project_name` are never read
[INFO] [stderr]   --> src/datahub.rs:8:16
[INFO] [stderr]    |
[INFO] [stderr] 7  | pub struct DataHubConfig {
[INFO] [stderr]    |            ------------- fields in this struct
[INFO] [stderr] 8  |     pub(crate) client_id: String,
[INFO] [stderr]    |                ^^^^^^^^^
[INFO] [stderr] 9  |     pub(crate) client_secret: String,
[INFO] [stderr]    |                ^^^^^^^^^^^^^
[INFO] [stderr] 10 |     pub(crate) auth_path: String,
[INFO] [stderr]    |                ^^^^^^^^^
[INFO] [stderr] 11 |     pub(crate) token_path: String,
[INFO] [stderr]    |                ^^^^^^^^^^
[INFO] [stderr] 12 |     pub(crate) project_name: String
[INFO] [stderr]    |                ^^^^^^^^^^^^
[INFO] [stderr]    |
[INFO] [stderr]    = note: `DataHubConfig` has a derived impl for the trait `Debug`, but this is intentionally ignored during dead code analysis
[INFO] [stderr] 
[INFO] [stderr] warning: fields `config`, `token`, `expires`, and `base_url` are never read
[INFO] [stderr]   --> src/datahub.rs:16:16
[INFO] [stderr]    |
[INFO] [stderr] 15 | pub struct DataHubApi<'a> {
[INFO] [stderr]    |            ---------- fields in this struct
[INFO] [stderr] 16 |     pub(crate) config: &'a Option<DataHubConfig>,
[INFO] [stderr]    |                ^^^^^^
[INFO] [stderr] 17 |     pub(crate) token: Option<String>,
[INFO] [stderr]    |                ^^^^^
[INFO] [stderr] 18 |     pub(crate) expires: Option<u64>,
[INFO] [stderr]    |                ^^^^^^^
[INFO] [stderr] 19 |     pub(crate) base_url: String
[INFO] [stderr]    |                ^^^^^^^^
[INFO] [stderr] 
[INFO] [stderr] warning: multiple associated items are never used
[INFO] [stderr]    --> src/datahub.rs:24:12
[INFO] [stderr]     |
[INFO] [stderr] 22  | impl DataHubApi<'_> {
[INFO] [stderr]     | ------------------- associated items in this implementation
[INFO] [stderr] 23  |
[INFO] [stderr] 24  |     pub fn init(config: &Option<DataHubConfig>) -> DataHubApi {
[INFO] [stderr]     |            ^^^^
[INFO] [stderr] ...
[INFO] [stderr] 33  |     pub fn create_default() -> DataHubApi<'static> {
[INFO] [stderr]     |            ^^^^^^^^^^^^^^
[INFO] [stderr] ...
[INFO] [stderr] 40  |     async fn refresh_token(&mut self) {
[INFO] [stderr]     |              ^^^^^^^^^^^^^
[INFO] [stderr] ...
[INFO] [stderr] 93  |     fn get_epoch_seconds_now(&self) -> u64 {
[INFO] [stderr]     |        ^^^^^^^^^^^^^^^^^^^^^
[INFO] [stderr] ...
[INFO] [stderr] 100 |     fn set_token_value(&mut self, value: &str) {
[INFO] [stderr]     |        ^^^^^^^^^^^^^^^
[INFO] [stderr] ...
[INFO] [stderr] 104 |     fn set_token_expires(&mut self, value: u64) {
[INFO] [stderr]     |        ^^^^^^^^^^^^^^^^^
[INFO] [stderr] ...
[INFO] [stderr] 108 |     fn has_token_expired(&self) -> bool{
[INFO] [stderr]     |        ^^^^^^^^^^^^^^^^^
[INFO] [stderr] ...
[INFO] [stderr] 117 |     pub async fn get_api_token(&mut self) -> Option<&String> {
[INFO] [stderr]     |                  ^^^^^^^^^^^^^
[INFO] [stderr] ...
[INFO] [stderr] 138 |     pub fn get_config(&mut self) -> &Option<DataHubConfig> {
[INFO] [stderr]     |            ^^^^^^^^^^
[INFO] [stderr] 
[INFO] [stderr] warning: associated items `new`, `set`, `set_null`, and `get_null` are never used
[INFO] [stderr]   --> src/fields.rs:12:12
[INFO] [stderr]    |
[INFO] [stderr] 10 | impl<T> Field<T> {
[INFO] [stderr]    | ---------------- associated items in this implementation
[INFO] [stderr] 11 |
[INFO] [stderr] 12 |     pub fn new() -> Self {
[INFO] [stderr]    |            ^^^
[INFO] [stderr] ...
[INFO] [stderr] 19 |     pub fn set(&mut self, value: T) where T: Clone {
[INFO] [stderr]    |            ^^^
[INFO] [stderr] ...
[INFO] [stderr] 23 |     pub fn set_null(&mut self, is_null: bool) {
[INFO] [stderr]    |            ^^^^^^^^
[INFO] [stderr] ...
[INFO] [stderr] 27 |     pub fn get_null(&self) -> bool {
[INFO] [stderr]    |            ^^^^^^^^
[INFO] [stderr] 
[INFO] [stderr] warning: associated items `new`, `set`, `add`, and `remove` are never used
[INFO] [stderr]   --> src/fields.rs:41:12
[INFO] [stderr]    |
[INFO] [stderr] 39 | impl<T> ListField<T>{
[INFO] [stderr]    | -------------------- associated items in this implementation
[INFO] [stderr] 40 |
[INFO] [stderr] 41 |     pub fn new() -> Self {
[INFO] [stderr]    |            ^^^
[INFO] [stderr] ...
[INFO] [stderr] 49 |     pub fn set(&mut self, s: Vec<T>) {
[INFO] [stderr]    |            ^^^
[INFO] [stderr] ...
[INFO] [stderr] 53 |     pub fn add(&mut self, s: Vec<T>) {
[INFO] [stderr]    |            ^^^
[INFO] [stderr] ...
[INFO] [stderr] 57 |     pub fn remove(&mut self, s: Vec<T>) {
[INFO] [stderr]    |            ^^^^^^
[INFO] [stderr] 
[INFO] [stderr] warning: associated items `new`, `set`, `add`, and `remove` are never used
[INFO] [stderr]   --> src/fields.rs:71:12
[INFO] [stderr]    |
[INFO] [stderr] 69 | impl MapField{
[INFO] [stderr]    | ------------- associated items in this implementation
[INFO] [stderr] 70 |
[INFO] [stderr] 71 |     pub fn new() -> Self {
[INFO] [stderr]    |            ^^^
[INFO] [stderr] ...
[INFO] [stderr] 79 |     pub fn set(&mut self, s: HashMap<String, String>) {
[INFO] [stderr]    |            ^^^
[INFO] [stderr] ...
[INFO] [stderr] 83 |     pub fn add(&mut self, s: HashMap<String, String>) {
[INFO] [stderr]    |            ^^^
[INFO] [stderr] ...
[INFO] [stderr] 87 |     pub fn remove(&mut self, s: Vec<String>) {
[INFO] [stderr]    |            ^^^^^^
[INFO] [stderr] 
[INFO] [stderr] warning: field `base_url` is never read
[INFO] [stderr]  --> src/events/mod.rs:7:5
[INFO] [stderr]   |
[INFO] [stderr] 5 | pub struct EventsService<'a>{
[INFO] [stderr]   |            ------------- field in this struct
[INFO] [stderr] 6 |     pub(crate) api_service: Weak<ApiService<'a>>,
[INFO] [stderr] 7 |     base_url: String
[INFO] [stderr]   |     ^^^^^^^^
[INFO] [stderr] 
[INFO] [stderr] warning: associated items `new` and `get_api_service` are never used
[INFO] [stderr]   --> src/events/mod.rs:12:12
[INFO] [stderr]    |
[INFO] [stderr] 10 | impl<'a> EventsService<'a>{
[INFO] [stderr]    | -------------------------- associated items in this implementation
[INFO] [stderr] 11 |
[INFO] [stderr] 12 |     pub fn new(api_service: Weak<ApiService<'a>>, base_url: &String) -> Self {
[INFO] [stderr]    |            ^^^
[INFO] [stderr] ...
[INFO] [stderr] 17 |     fn get_api_service(&self) -> Result<Rc<ApiService<'a>>, ResponseError> {
[INFO] [stderr]    |        ^^^^^^^^^^^^^^^
[INFO] [stderr] 
[INFO] [stderr] warning: struct `ResponseError` is never constructed
[INFO] [stderr]  --> src/http.rs:6:12
[INFO] [stderr]   |
[INFO] [stderr] 6 | pub struct ResponseError {
[INFO] [stderr]   |            ^^^^^^^^^^^^^
[INFO] [stderr] 
[INFO] [stderr] warning: associated items `from`, `from_err`, `get_message`, and `get_status` are never used
[INFO] [stderr]   --> src/http.rs:13:12
[INFO] [stderr]    |
[INFO] [stderr] 11 | impl ResponseError {
[INFO] [stderr]    | ------------------ associated items in this implementation
[INFO] [stderr] 12 |
[INFO] [stderr] 13 |     pub fn from(message: String) -> Self {
[INFO] [stderr]    |            ^^^^
[INFO] [stderr] ...
[INFO] [stderr] 17 |     pub fn from_err(error: Error) -> Self {
[INFO] [stderr]    |            ^^^^^^^^
[INFO] [stderr] ...
[INFO] [stderr] 21 |     pub fn get_message(&self) -> String {
[INFO] [stderr]    |            ^^^^^^^^^^^
[INFO] [stderr] ...
[INFO] [stderr] 25 |     pub fn get_status(&self) -> StatusCode {
[INFO] [stderr]    |            ^^^^^^^^^^
[INFO] [stderr] 
[INFO] [stderr] warning: function `process_response` is never used
[INFO] [stderr]   --> src/http.rs:30:14
[INFO] [stderr]    |
[INFO] [stderr] 30 | pub async fn process_response<T: DeserializeOwned>(response: Response) -> Result<T, ResponseError>
[INFO] [stderr]    |              ^^^^^^^^^^^^^^^^
[INFO] [stderr] 
[INFO] [stderr] warning: unused import: `TimeSeries`
[INFO] [stderr]  --> src/lib.rs:8:37
[INFO] [stderr]   |
[INFO] [stderr] 8 | use crate::timeseries::{LimitParam, TimeSeries, TimeSeriesUpdateCollection, TimeSeriesService};
[INFO] [stderr]   |                                     ^^^^^^^^^^
[INFO] [stderr]   |
[INFO] [stderr]   = note: `#[warn(unused_imports)]` on by default
[INFO] [stderr] 
[INFO] [stderr] warning: variable does not need to be mutable
[INFO] [stderr]    --> src/lib.rs:221:21
[INFO] [stderr]     |
[INFO] [stderr] 221 |                 let mut items = timeseries.get_items();
[INFO] [stderr]     |                     ----^^^^^
[INFO] [stderr]     |                     |
[INFO] [stderr]     |                     help: remove this `mut`
[INFO] [stderr] 
[INFO] [stderr] warning: unused variable: `timeseries`
[INFO] [stderr]    --> src/lib.rs:286:16
[INFO] [stderr]     |
[INFO] [stderr] 286 |             Ok(timeseries) => {
[INFO] [stderr]     |                ^^^^^^^^^^ help: if this is intentional, prefix it with an underscore: `_timeseries`
[INFO] [stderr] 
[INFO] [stderr] warning: variable does not need to be mutable
[INFO] [stderr]    --> src/lib.rs:277:13
[INFO] [stderr]     |
[INFO] [stderr] 277 |         let mut ts_update_fields = TimeSeriesUpdateFields::new();
[INFO] [stderr]     |             ----^^^^^^^^^^^^^^^^
[INFO] [stderr]     |             |
[INFO] [stderr]     |             help: remove this `mut`
[INFO] [stderr] 
[INFO] [stderr] warning: variable does not need to be mutable
[INFO] [stderr]    --> src/lib.rs:341:21
[INFO] [stderr]     |
[INFO] [stderr] 341 |                 let mut items = timeseries.get_items();
[INFO] [stderr]     |                     ----^^^^^
[INFO] [stderr]     |                     |
[INFO] [stderr]     |                     help: remove this `mut`
[INFO] [stderr] 
[INFO] [stderr] warning: variable does not need to be mutable
[INFO] [stderr]    --> src/lib.rs:386:21
[INFO] [stderr]     |
[INFO] [stderr] 386 |                 let mut items = timeseries.get_items();
[INFO] [stderr]     |                     ----^^^^^
[INFO] [stderr]     |                     |
[INFO] [stderr]     |                     help: remove this `mut`
[INFO] [stderr] 
[INFO] [stderr] warning: fields `config` and `events` are never read
[INFO] [stderr]   --> src/lib.rs:20:5
[INFO] [stderr]    |
[INFO] [stderr] 19 | struct ApiService<'a>{
[INFO] [stderr]    |        ---------- fields in this struct
[INFO] [stderr] 20 |     config: Box<DataHubApi<'a>>,
[INFO] [stderr]    |     ^^^^^^
[INFO] [stderr] ...
[INFO] [stderr] 23 |     pub events: EventsService<'a>,
[INFO] [stderr]    |         ^^^^^^
[INFO] [stderr]    |
[INFO] [stderr]    = note: `#[warn(dead_code)]` on by default
[INFO] [stderr] 
[INFO] [stderr] warning: associated items `new` and `set_items` are never used
[INFO] [stderr]   --> src/generic.rs:36:12
[INFO] [stderr]    |
[INFO] [stderr] 34 | impl IdAndExtIdCollection {
[INFO] [stderr]    | ------------------------- associated items in this implementation
[INFO] [stderr] 35 |
[INFO] [stderr] 36 |     pub fn new() -> Self {
[INFO] [stderr]    |            ^^^
[INFO] [stderr] ...
[INFO] [stderr] 58 |     pub fn set_items(&mut self, items: Vec<IdAndExtId>) {
[INFO] [stderr]    |            ^^^^^^^^^
[INFO] [stderr] 
[INFO] [stderr] warning: methods `set_items` and `get_http_status_code` are never used
[INFO] [stderr]   --> src/generic.rs:86:12
[INFO] [stderr]    |
[INFO] [stderr] 74 | impl<T> DataWrapper<T> {
[INFO] [stderr]    | ---------------------- methods in this implementation
[INFO] [stderr] ...
[INFO] [stderr] 86 |     pub fn set_items(&mut self, items: Vec<T>) {
[INFO] [stderr]    |            ^^^^^^^^^
[INFO] [stderr] ...
[INFO] [stderr] 98 |     pub fn get_http_status_code(&self) -> Option<u16> {
[INFO] [stderr]    |            ^^^^^^^^^^^^^^^^^^^^
[INFO] [stderr] 
[INFO] [stderr] warning: method `list` is never used
[INFO] [stderr]   --> src/timeseries/mod.rs:23:18
[INFO] [stderr]    |
[INFO] [stderr] 16 | impl<'a> TimeSeriesService<'a> {
[INFO] [stderr]    | ------------------------------ method in this implementation
[INFO] [stderr] ...
[INFO] [stderr] 23 |     pub async fn list(&self)
[INFO] [stderr]    |                  ^^^^
[INFO] [stderr] 
[INFO] [stderr] warning: multiple methods are never used
[INFO] [stderr]    --> src/timeseries/mod.rs:168:12
[INFO] [stderr]     |
[INFO] [stderr] 117 | impl TimeSeries {
[INFO] [stderr]     | --------------- methods in this implementation
[INFO] [stderr] ...
[INFO] [stderr] 168 |     pub fn set_unit_external_id(&mut self, unit_external_id: &str) -> &mut TimeSeries {
[INFO] [stderr]     |            ^^^^^^^^^^^^^^^^^^^^
[INFO] [stderr] ...
[INFO] [stderr] 173 |     pub fn set_security_categories(&mut self, security_categories: Vec<u64>) -> &mut TimeSeries {
[INFO] [stderr]     |            ^^^^^^^^^^^^^^^^^^^^^^^
[INFO] [stderr] ...
[INFO] [stderr] 178 |     pub fn set_data_set_id(&mut self, data_set_id: u64) -> &mut TimeSeries {
[INFO] [stderr]     |            ^^^^^^^^^^^^^^^
[INFO] [stderr] ...
[INFO] [stderr] 188 |     pub fn set_created_time(&mut self, created_time: u64) -> &mut TimeSeries {
[INFO] [stderr]     |            ^^^^^^^^^^^^^^^^
[INFO] [stderr] ...
[INFO] [stderr] 193 |     pub fn set_last_updated_time(&mut self, last_updated_time: u64) -> &mut TimeSeries {
[INFO] [stderr]     |            ^^^^^^^^^^^^^^^^^^^^^
[INFO] [stderr] ...
[INFO] [stderr] 198 |     pub fn set_relations_from(&mut self, relations_from: Vec<u64>) -> &mut TimeSeries {
[INFO] [stderr]     |            ^^^^^^^^^^^^^^^^^^
[INFO] [stderr] ...
[INFO] [stderr] 203 |     pub fn set_is_string(&mut self, is_string: bool) -> &mut TimeSeries {
[INFO] [stderr]     |            ^^^^^^^^^^^^^
[INFO] [stderr] ...
[INFO] [stderr] 208 |     pub fn set_is_step(&mut self, is_step: bool) -> &mut TimeSeries {
[INFO] [stderr]     |            ^^^^^^^^^^^
[INFO] [stderr] 
[INFO] [stderr] warning: method `get_limit` is never used
[INFO] [stderr]    --> src/timeseries/mod.rs:230:12
[INFO] [stderr]     |
[INFO] [stderr] 220 | impl LimitParam {
[INFO] [stderr]     | --------------- method in this implementation
[INFO] [stderr] ...
[INFO] [stderr] 230 |     pub fn get_limit(&self) -> i64 {
[INFO] [stderr]     |            ^^^^^^^^^
[INFO] [stderr] 
[INFO] [stderr] warning: method `set_items` is never used
[INFO] [stderr]    --> src/timeseries/mod.rs:308:12
[INFO] [stderr]     |
[INFO] [stderr] 296 | impl TimeSeriesUpdateCollection {
[INFO] [stderr]     | ------------------------------- method in this implementation
[INFO] [stderr] ...
[INFO] [stderr] 308 |     pub fn set_items(&mut self, items: Vec<TimeSeriesUpdate>) {
[INFO] [stderr]     |            ^^^^^^^^^
[INFO] [stderr] 
[INFO] [stderr] warning: fields `client_id`, `client_secret`, `auth_path`, and `token_path` are never read
[INFO] [stderr]   --> src/datahub.rs:8:16
[INFO] [stderr]    |
[INFO] [stderr] 7  | pub struct DataHubConfig {
[INFO] [stderr]    |            ------------- fields in this struct
[INFO] [stderr] 8  |     pub(crate) client_id: String,
[INFO] [stderr]    |                ^^^^^^^^^
[INFO] [stderr] 9  |     pub(crate) client_secret: String,
[INFO] [stderr]    |                ^^^^^^^^^^^^^
[INFO] [stderr] 10 |     pub(crate) auth_path: String,
[INFO] [stderr]    |                ^^^^^^^^^
[INFO] [stderr] 11 |     pub(crate) token_path: String,
[INFO] [stderr]    |                ^^^^^^^^^^
[INFO] [stderr]    |
[INFO] [stderr]    = note: `DataHubConfig` has a derived impl for the trait `Debug`, but this is intentionally ignored during dead code analysis
[INFO] [stderr] 
[INFO] [stderr] warning: fields `config` and `expires` are never read
[INFO] [stderr]   --> src/datahub.rs:16:16
[INFO] [stderr]    |
[INFO] [stderr] 15 | pub struct DataHubApi<'a> {
[INFO] [stderr]    |            ---------- fields in this struct
[INFO] [stderr] 16 |     pub(crate) config: &'a Option<DataHubConfig>,
[INFO] [stderr]    |                ^^^^^^
[INFO] [stderr] 17 |     pub(crate) token: Option<String>,
[INFO] [stderr] 18 |     pub(crate) expires: Option<u64>,
[INFO] [stderr]    |                ^^^^^^^
[INFO] [stderr] 
[INFO] [stderr] warning: methods `refresh_token`, `get_epoch_seconds_now`, `set_token_expires`, `has_token_expired`, `get_api_token`, and `get_config` are never used
[INFO] [stderr]    --> src/datahub.rs:40:14
[INFO] [stderr]     |
[INFO] [stderr] 22  | impl DataHubApi<'_> {
[INFO] [stderr]     | ------------------- methods in this implementation
[INFO] [stderr] ...
[INFO] [stderr] 40  |     async fn refresh_token(&mut self) {
[INFO] [stderr]     |              ^^^^^^^^^^^^^
[INFO] [stderr] ...
[INFO] [stderr] 93  |     fn get_epoch_seconds_now(&self) -> u64 {
[INFO] [stderr]     |        ^^^^^^^^^^^^^^^^^^^^^
[INFO] [stderr] ...
[INFO] [stderr] 104 |     fn set_token_expires(&mut self, value: u64) {
[INFO] [stderr]     |        ^^^^^^^^^^^^^^^^^
[INFO] [stderr] ...
[INFO] [stderr] 108 |     fn has_token_expired(&self) -> bool{
[INFO] [stderr]     |        ^^^^^^^^^^^^^^^^^
[INFO] [stderr] ...
[INFO] [stderr] 117 |     pub async fn get_api_token(&mut self) -> Option<&String> {
[INFO] [stderr]     |                  ^^^^^^^^^^^^^
[INFO] [stderr] ...
[INFO] [stderr] 138 |     pub fn get_config(&mut self) -> &Option<DataHubConfig> {
[INFO] [stderr]     |            ^^^^^^^^^^
[INFO] [stderr] 
[INFO] [stderr] warning: methods `set_null` and `get_null` are never used
[INFO] [stderr]   --> src/fields.rs:23:12
[INFO] [stderr]    |
[INFO] [stderr] 10 | impl<T> Field<T> {
[INFO] [stderr]    | ---------------- methods in this implementation
[INFO] [stderr] ...
[INFO] [stderr] 23 |     pub fn set_null(&mut self, is_null: bool) {
[INFO] [stderr]    |            ^^^^^^^^
[INFO] [stderr] ...
[INFO] [stderr] 27 |     pub fn get_null(&self) -> bool {
[INFO] [stderr]    |            ^^^^^^^^
[INFO] [stderr] 
[INFO] [stderr] warning: methods `set`, `add`, and `remove` are never used
[INFO] [stderr]   --> src/fields.rs:49:12
[INFO] [stderr]    |
[INFO] [stderr] 39 | impl<T> ListField<T>{
[INFO] [stderr]    | -------------------- methods in this implementation
[INFO] [stderr] ...
[INFO] [stderr] 49 |     pub fn set(&mut self, s: Vec<T>) {
[INFO] [stderr]    |            ^^^
[INFO] [stderr] ...
[INFO] [stderr] 53 |     pub fn add(&mut self, s: Vec<T>) {
[INFO] [stderr]    |            ^^^
[INFO] [stderr] ...
[INFO] [stderr] 57 |     pub fn remove(&mut self, s: Vec<T>) {
[INFO] [stderr]    |            ^^^^^^
[INFO] [stderr] 
[INFO] [stderr] warning: methods `set` and `remove` are never used
[INFO] [stderr]   --> src/fields.rs:79:12
[INFO] [stderr]    |
[INFO] [stderr] 69 | impl MapField{
[INFO] [stderr]    | ------------- methods in this implementation
[INFO] [stderr] ...
[INFO] [stderr] 79 |     pub fn set(&mut self, s: HashMap<String, String>) {
[INFO] [stderr]    |            ^^^
[INFO] [stderr] ...
[INFO] [stderr] 87 |     pub fn remove(&mut self, s: Vec<String>) {
[INFO] [stderr]    |            ^^^^^^
[INFO] [stderr] 
[INFO] [stderr] warning: method `get_api_service` is never used
[INFO] [stderr]   --> src/events/mod.rs:17:8
[INFO] [stderr]    |
[INFO] [stderr] 10 | impl<'a> EventsService<'a>{
[INFO] [stderr]    | -------------------------- method in this implementation
[INFO] [stderr] ...
[INFO] [stderr] 17 |     fn get_api_service(&self) -> Result<Rc<ApiService<'a>>, ResponseError> {
[INFO] [stderr]    |        ^^^^^^^^^^^^^^^
[INFO] [stderr] 
[INFO] [stderr] warning: associated function `from` is never used
[INFO] [stderr]   --> src/http.rs:13:12
[INFO] [stderr]    |
[INFO] [stderr] 11 | impl ResponseError {
[INFO] [stderr]    | ------------------ associated function in this implementation
[INFO] [stderr] 12 |
[INFO] [stderr] 13 |     pub fn from(message: String) -> Self {
[INFO] [stderr]    |            ^^^^
[INFO] [stderr] 
[INFO] [stderr] warning: `dataplatform-rust-sdk` (lib) generated 31 warnings (run `cargo fix --lib -p dataplatform-rust-sdk` to apply 4 suggestions)
[INFO] [stderr] warning: `dataplatform-rust-sdk` (lib test) generated 25 warnings (4 duplicates) (run `cargo fix --lib -p dataplatform-rust-sdk --tests` to apply 5 suggestions)
[INFO] [stderr]     Finished `test` profile [unoptimized + debuginfo] target(s) in 0.24s
[INFO] [stderr]      Running unittests src/lib.rs (/opt/rustwide/target/debug/deps/dataplatform_rust_sdk-a0145a7a7c72f758)
[INFO] [stdout] 
[INFO] [stdout] running 5 tests
[INFO] [stdout] test tests::test_update_timeseries_without_id ... FAILED
[INFO] [stdout] test tests::test_create_and_update_and_delete_timeseries ... FAILED
[INFO] [stdout] test tests::test_unit_requests ... FAILED
[INFO] [stdout] test tests::test_create_and_delete_timeseries ... FAILED
[INFO] [stdout] test tests::test_timeseries_requests ... FAILED
[INFO] [stdout] 
[INFO] [stdout] failures:
[INFO] [stdout] 
[INFO] [stdout] ---- tests::test_update_timeseries_without_id stdout ----
[INFO] [stdout] HTTP request failed: error sending request for url (http://localhost:8081/timeseries/update)
[INFO] [stdout] 
[INFO] [stdout] thread 'tests::test_update_timeseries_without_id' panicked at src/http.rs:18:46:
[INFO] [stdout] called `Option::unwrap()` on a `None` value
[INFO] [stdout] stack backtrace:
[INFO] [stdout]    0:     0x70dc4156d84a - std::backtrace_rs::backtrace::libunwind::trace::hb059275cfc8d6126
[INFO] [stdout]                                at /rustc/6067b36314ab5eb2eb47cecc464545ba58e1ad24/library/std/src/../../backtrace/src/backtrace/libunwind.rs:116:5
[INFO] [stdout]    1:     0x70dc4156d84a - std::backtrace_rs::backtrace::trace_unsynchronized::h2da071e4327ce3ee
[INFO] [stdout]                                at /rustc/6067b36314ab5eb2eb47cecc464545ba58e1ad24/library/std/src/../../backtrace/src/backtrace/mod.rs:66:5
[INFO] [stdout]    2:     0x70dc4156d84a - std::sys::backtrace::_print_fmt::h842a1474e6f8d23f
[INFO] [stdout]                                at /rustc/6067b36314ab5eb2eb47cecc464545ba58e1ad24/library/std/src/sys/backtrace.rs:66:9
[INFO] [stdout]    3:     0x70dc4156d84a - <std::sys::backtrace::BacktraceLock::print::DisplayBacktrace as core::fmt::Display>::fmt::h71a62eb3b9696b12
[INFO] [stdout]                                at /rustc/6067b36314ab5eb2eb47cecc464545ba58e1ad24/library/std/src/sys/backtrace.rs:39:26
[INFO] [stdout]    4:     0x70dc415bf6b3 - core::fmt::rt::Argument::fmt::hdb6b616786b41dc1
[INFO] [stdout]                                at /rustc/6067b36314ab5eb2eb47cecc464545ba58e1ad24/library/core/src/fmt/rt.rs:177:76
[INFO] [stdout]    5:     0x70dc415bf6b3 - core::fmt::write::h2cc1698af7e2d686
[INFO] [stdout]                                at /rustc/6067b36314ab5eb2eb47cecc464545ba58e1ad24/library/core/src/fmt/mod.rs:1440:21
[INFO] [stdout]    6:     0x70dc41561353 - std::io::Write::write_fmt::hab1b4cd059a79022
[INFO] [stdout]                                at /rustc/6067b36314ab5eb2eb47cecc464545ba58e1ad24/library/std/src/io/mod.rs:1887:15
[INFO] [stdout]    7:     0x70dc4156d692 - std::sys::backtrace::BacktraceLock::print::h147fe35b4ea13b08
[INFO] [stdout]                                at /rustc/6067b36314ab5eb2eb47cecc464545ba58e1ad24/library/std/src/sys/backtrace.rs:42:9
[INFO] [stdout]    8:     0x70dc4156fc5f - std::panicking::default_hook::{{closure}}::hbd44223dbdc0d208
[INFO] [stdout]                                at /rustc/6067b36314ab5eb2eb47cecc464545ba58e1ad24/library/std/src/panicking.rs:298:22
[INFO] [stdout]    9:     0x70dc4156fa78 - std::panicking::default_hook::h20f81eb0576efcec
[INFO] [stdout]                                at /rustc/6067b36314ab5eb2eb47cecc464545ba58e1ad24/library/std/src/panicking.rs:322:9
[INFO] [stdout]   10:     0x5e54f2eb15c3 - <alloc::boxed::Box<F,A> as core::ops::function::Fn<Args>>::call::hdb53814c496a4d34
[INFO] [stdout]                                at /rustc/6067b36314ab5eb2eb47cecc464545ba58e1ad24/library/alloc/src/boxed.rs:2027:9
[INFO] [stdout]   11:     0x5e54f2eb15c3 - test::test_main::{{closure}}::hc0a4963c59427c24
[INFO] [stdout]                                at /rustc/6067b36314ab5eb2eb47cecc464545ba58e1ad24/library/test/src/lib.rs:134:21
[INFO] [stdout]   12:     0x70dc415707c3 - <alloc::boxed::Box<F,A> as core::ops::function::Fn<Args>>::call::h591b2225413a77e9
[INFO] [stdout]                                at /rustc/6067b36314ab5eb2eb47cecc464545ba58e1ad24/library/alloc/src/boxed.rs:2027:9
[INFO] [stdout]   13:     0x70dc415707c3 - std::panicking::rust_panic_with_hook::h625eea43051b2edc
[INFO] [stdout]                                at /rustc/6067b36314ab5eb2eb47cecc464545ba58e1ad24/library/std/src/panicking.rs:839:13
[INFO] [stdout]   14:     0x70dc41570446 - std::panicking::begin_panic_handler::{{closure}}::h4f9159cfbc3f6bd3
[INFO] [stdout]                                at /rustc/6067b36314ab5eb2eb47cecc464545ba58e1ad24/library/std/src/panicking.rs:697:13
[INFO] [stdout]   15:     0x70dc4156dd49 - std::sys::backtrace::__rust_end_short_backtrace::h0390abce48353151
[INFO] [stdout]                                at /rustc/6067b36314ab5eb2eb47cecc464545ba58e1ad24/library/std/src/sys/backtrace.rs:168:18
[INFO] [stdout]   16:     0x70dc4157010d - rust_begin_unwind
[INFO] [stdout]                                at /rustc/6067b36314ab5eb2eb47cecc464545ba58e1ad24/library/std/src/panicking.rs:695:5
[INFO] [stdout]   17:     0x70dc415bb780 - core::panicking::panic_fmt::h9e7c637e9e5f29c9
[INFO] [stdout]                                at /rustc/6067b36314ab5eb2eb47cecc464545ba58e1ad24/library/core/src/panicking.rs:75:14
[INFO] [stdout]   18:     0x70dc415bb80c - core::panicking::panic::haa3255ea20181a33
[INFO] [stdout]                                at /rustc/6067b36314ab5eb2eb47cecc464545ba58e1ad24/library/core/src/panicking.rs:145:5
[INFO] [stdout]   19:     0x70dc415bb5e9 - core::option::unwrap_failed::h5e50c20db1c9e8f1
[INFO] [stdout]                                at /rustc/6067b36314ab5eb2eb47cecc464545ba58e1ad24/library/core/src/option.rs:2015:5
[INFO] [stdout]   20:     0x5e54f2e533f4 - core::option::Option<T>::unwrap::h7576dc325f9ab4af
[INFO] [stdout]                                at /rustc/6067b36314ab5eb2eb47cecc464545ba58e1ad24/library/core/src/option.rs:978:21
[INFO] [stdout]   21:     0x5e54f2e533f4 - dataplatform_rust_sdk::http::ResponseError::from_err::ha813d5a8a0ff612c
[INFO] [stdout]                                at /opt/rustwide/workdir/src/http.rs:18:31
[INFO] [stdout]   22:     0x5e54f2e4b1e7 - dataplatform_rust_sdk::generic::ApiServiceProvider::execute_post_request::{{closure}}::{{closure}}::hf3581d23e03b9f08
[INFO] [stdout]                                at /opt/rustwide/workdir/src/generic.rs:142:17
[INFO] [stdout]   23:     0x5e54f2e4f0e3 - core::result::Result<T,E>::map_err::he310a50b3ca3e87a
[INFO] [stdout]                                at /rustc/6067b36314ab5eb2eb47cecc464545ba58e1ad24/library/core/src/result.rs:856:27
[INFO] [stdout]   24:     0x5e54f2e4a2f5 - dataplatform_rust_sdk::generic::ApiServiceProvider::execute_post_request::{{closure}}::hb7da5e6b5abbf123
[INFO] [stdout]                                at /opt/rustwide/workdir/src/generic.rs:135:24
[INFO] [stdout]   25:     0x5e54f2e652b5 - dataplatform_rust_sdk::timeseries::TimeSeriesService::update::{{closure}}::hc43cc74b84315499
[INFO] [stdout]                                at /opt/rustwide/workdir/src/timeseries/mod.rs:76:77
[INFO] [stdout]   26:     0x5e54f2e749b9 - dataplatform_rust_sdk::tests::test_update_timeseries_without_id::{{closure}}::hb2f5a181a59c9089
[INFO] [stdout]                                at /opt/rustwide/workdir/src/lib.rs:284:76
[INFO] [stdout]   27:     0x5e54f2e59bff - <core::pin::Pin<P> as core::future::future::Future>::poll::h84281723e8137088
[INFO] [stdout]                                at /rustc/6067b36314ab5eb2eb47cecc464545ba58e1ad24/library/core/src/future/future.rs:124:9
[INFO] [stdout]   28:     0x5e54f2e59c5b - <core::pin::Pin<P> as core::future::future::Future>::poll::h9355bba3ced9c056
[INFO] [stdout]                                at /rustc/6067b36314ab5eb2eb47cecc464545ba58e1ad24/library/core/src/future/future.rs:124:9
[INFO] [stdout]   29:     0x5e54f2e6168e - tokio::runtime::scheduler::current_thread::CoreGuard::block_on::{{closure}}::{{closure}}::{{closure}}::h29c208e498d25c4b
[INFO] [stdout]                                at /opt/rustwide/cargo-home/registry/src/index.crates.io-1949cf8c6b5b557f/tokio-1.43.0/src/runtime/scheduler/current_thread/mod.rs:729:57
[INFO] [stdout]   30:     0x5e54f2e615c5 - tokio::runtime::coop::with_budget::h37e2565cd75b38bc
[INFO] [stdout]                                at /opt/rustwide/cargo-home/registry/src/index.crates.io-1949cf8c6b5b557f/tokio-1.43.0/src/runtime/coop.rs:107:5
[INFO] [stdout]   31:     0x5e54f2e615c5 - tokio::runtime::coop::budget::h5bfc39a0fcf1a6a3
[INFO] [stdout]                                at /opt/rustwide/cargo-home/registry/src/index.crates.io-1949cf8c6b5b557f/tokio-1.43.0/src/runtime/coop.rs:73:5
[INFO] [stdout]   32:     0x5e54f2e615c5 - tokio::runtime::scheduler::current_thread::CoreGuard::block_on::{{closure}}::{{closure}}::hed6a961342017eaa
[INFO] [stdout]                                at /opt/rustwide/cargo-home/registry/src/index.crates.io-1949cf8c6b5b557f/tokio-1.43.0/src/runtime/scheduler/current_thread/mod.rs:729:25
[INFO] [stdout]   33:     0x5e54f2e5e56d - tokio::runtime::scheduler::current_thread::Context::enter::h31665c0324409927
[INFO] [stdout]                                at /opt/rustwide/cargo-home/registry/src/index.crates.io-1949cf8c6b5b557f/tokio-1.43.0/src/runtime/scheduler/current_thread/mod.rs:428:19
[INFO] [stdout]   34:     0x5e54f2e601fe - tokio::runtime::scheduler::current_thread::CoreGuard::block_on::{{closure}}::h49a8f78e75145ea4
[INFO] [stdout]                                at /opt/rustwide/cargo-home/registry/src/index.crates.io-1949cf8c6b5b557f/tokio-1.43.0/src/runtime/scheduler/current_thread/mod.rs:728:36
[INFO] [stdout]   35:     0x5e54f2e5feab - tokio::runtime::scheduler::current_thread::CoreGuard::enter::{{closure}}::h78ca47695a2655d2
[INFO] [stdout]                                at /opt/rustwide/cargo-home/registry/src/index.crates.io-1949cf8c6b5b557f/tokio-1.43.0/src/runtime/scheduler/current_thread/mod.rs:807:68
[INFO] [stdout]   36:     0x5e54f2e4700a - tokio::runtime::context::scoped::Scoped<T>::set::hc61358c35b00fae3
[INFO] [stdout]                                at /opt/rustwide/cargo-home/registry/src/index.crates.io-1949cf8c6b5b557f/tokio-1.43.0/src/runtime/context/scoped.rs:40:9
[INFO] [stdout]   37:     0x5e54f2e5c49a - tokio::runtime::context::set_scheduler::{{closure}}::h2ae785d88a1addeb
[INFO] [stdout]                                at /opt/rustwide/cargo-home/registry/src/index.crates.io-1949cf8c6b5b557f/tokio-1.43.0/src/runtime/context.rs:180:26
[INFO] [stdout]   38:     0x5e54f2e3b9f5 - std::thread::local::LocalKey<T>::try_with::h140e810f17471b32
[INFO] [stdout]                                at /rustc/6067b36314ab5eb2eb47cecc464545ba58e1ad24/library/std/src/thread/local.rs:308:12
[INFO] [stdout]   39:     0x5e54f2e3b77c - std::thread::local::LocalKey<T>::with::hf17ba865cfd8c62f
[INFO] [stdout]                                at /rustc/6067b36314ab5eb2eb47cecc464545ba58e1ad24/library/std/src/thread/local.rs:272:9
[INFO] [stdout]   40:     0x5e54f2e5c3e1 - tokio::runtime::context::set_scheduler::h5854a56653d1f15c
[INFO] [stdout]                                at /opt/rustwide/cargo-home/registry/src/index.crates.io-1949cf8c6b5b557f/tokio-1.43.0/src/runtime/context.rs:180:9
[INFO] [stdout]   41:     0x5e54f2e5fc0e - tokio::runtime::scheduler::current_thread::CoreGuard::enter::hed0147d84077edb6
[INFO] [stdout]                                at /opt/rustwide/cargo-home/registry/src/index.crates.io-1949cf8c6b5b557f/tokio-1.43.0/src/runtime/scheduler/current_thread/mod.rs:807:27
[INFO] [stdout]   42:     0x5e54f2e5ff11 - tokio::runtime::scheduler::current_thread::CoreGuard::block_on::hc5c18f913a73ee6d
[INFO] [stdout]                                at /opt/rustwide/cargo-home/registry/src/index.crates.io-1949cf8c6b5b557f/tokio-1.43.0/src/runtime/scheduler/current_thread/mod.rs:716:19
[INFO] [stdout]   43:     0x5e54f2e5de7d - tokio::runtime::scheduler::current_thread::CurrentThread::block_on::{{closure}}::hbc65dae412b3ed09
[INFO] [stdout]                                at /opt/rustwide/cargo-home/registry/src/index.crates.io-1949cf8c6b5b557f/tokio-1.43.0/src/runtime/scheduler/current_thread/mod.rs:196:28
[INFO] [stdout]   44:     0x5e54f2e5c7a2 - tokio::runtime::context::runtime::enter_runtime::h09305d615de5997e
[INFO] [stdout]                                at /opt/rustwide/cargo-home/registry/src/index.crates.io-1949cf8c6b5b557f/tokio-1.43.0/src/runtime/context/runtime.rs:65:16
[INFO] [stdout]   45:     0x5e54f2e5d727 - tokio::runtime::scheduler::current_thread::CurrentThread::block_on::hd0e189f0837a74ad
[INFO] [stdout]                                at /opt/rustwide/cargo-home/registry/src/index.crates.io-1949cf8c6b5b557f/tokio-1.43.0/src/runtime/scheduler/current_thread/mod.rs:184:9
[INFO] [stdout]   46:     0x5e54f2e474d2 - tokio::runtime::runtime::Runtime::block_on_inner::h6ebcf851568c8c2c
[INFO] [stdout]                                at /opt/rustwide/cargo-home/registry/src/index.crates.io-1949cf8c6b5b557f/tokio-1.43.0/src/runtime/runtime.rs:368:47
[INFO] [stdout]   47:     0x5e54f2e4772f - tokio::runtime::runtime::Runtime::block_on::hb2815c9dd1754808
[INFO] [stdout]                                at /opt/rustwide/cargo-home/registry/src/index.crates.io-1949cf8c6b5b557f/tokio-1.43.0/src/runtime/runtime.rs:342:13
[INFO] [stdout]   48:     0x5e54f2e74657 - dataplatform_rust_sdk::tests::test_update_timeseries_without_id::hc07e85eb1f4df04b
[INFO] [stdout]                                at /opt/rustwide/workdir/src/lib.rs:285:9
[INFO] [stdout]   49:     0x5e54f2e744f7 - dataplatform_rust_sdk::tests::test_update_timeseries_without_id::{{closure}}::h26df11c763d263bc
[INFO] [stdout]                                at /opt/rustwide/workdir/src/lib.rs:272:53
[INFO] [stdout]   50:     0x5e54f2e286a6 - core::ops::function::FnOnce::call_once::h9d83d91b2fef0220
[INFO] [stdout]                                at /rustc/6067b36314ab5eb2eb47cecc464545ba58e1ad24/library/core/src/ops/function.rs:250:5
[INFO] [stdout]   51:     0x5e54f2eb6d1b - core::ops::function::FnOnce::call_once::he27718dfdd183f43
[INFO] [stdout]                                at /rustc/6067b36314ab5eb2eb47cecc464545ba58e1ad24/library/core/src/ops/function.rs:250:5
[INFO] [stdout]   52:     0x5e54f2eb6d1b - test::__rust_begin_short_backtrace::h4e84902998457a5d
[INFO] [stdout]                                at /rustc/6067b36314ab5eb2eb47cecc464545ba58e1ad24/library/test/src/lib.rs:632:18
[INFO] [stdout]   53:     0x5e54f2eb5c53 - test::run_test_in_process::{{closure}}::h7176fd18fc1feca0
[INFO] [stdout]                                at /rustc/6067b36314ab5eb2eb47cecc464545ba58e1ad24/library/test/src/lib.rs:655:60
[INFO] [stdout]   54:     0x5e54f2eb5c53 - <core::panic::unwind_safe::AssertUnwindSafe<F> as core::ops::function::FnOnce<()>>::call_once::hf79cff2a624d8cf7
[INFO] [stdout]                                at /rustc/6067b36314ab5eb2eb47cecc464545ba58e1ad24/library/core/src/panic/unwind_safe.rs:272:9
[INFO] [stdout]   55:     0x5e54f2eb5c53 - std::panicking::try::do_call::h3da0561d9ab99c25
[INFO] [stdout]                                at /rustc/6067b36314ab5eb2eb47cecc464545ba58e1ad24/library/std/src/panicking.rs:587:40
[INFO] [stdout]   56:     0x5e54f2eb5c53 - std::panicking::try::h41c9fa508bc61df6
[INFO] [stdout]                                at /rustc/6067b36314ab5eb2eb47cecc464545ba58e1ad24/library/std/src/panicking.rs:550:19
[INFO] [stdout]   57:     0x5e54f2eb5c53 - std::panic::catch_unwind::h6b3ff07bb5afad93
[INFO] [stdout]                                at /rustc/6067b36314ab5eb2eb47cecc464545ba58e1ad24/library/std/src/panic.rs:358:14
[INFO] [stdout]   58:     0x5e54f2eb5c53 - test::run_test_in_process::hc7253dd11b39b9f4
[INFO] [stdout]                                at /rustc/6067b36314ab5eb2eb47cecc464545ba58e1ad24/library/test/src/lib.rs:655:27
[INFO] [stdout]   59:     0x5e54f2eb5c53 - test::run_test::{{closure}}::hfb2007f8649c30bb
[INFO] [stdout]                                at /rustc/6067b36314ab5eb2eb47cecc464545ba58e1ad24/library/test/src/lib.rs:576:43
[INFO] [stdout]   60:     0x5e54f2e78d35 - test::run_test::{{closure}}::h56a17aa7a282a9f4
[INFO] [stdout]                                at /rustc/6067b36314ab5eb2eb47cecc464545ba58e1ad24/library/test/src/lib.rs:606:41
[INFO] [stdout]   61:     0x5e54f2e78d35 - std::sys::backtrace::__rust_begin_short_backtrace::hd2d2d2fb8e8c6aac
[INFO] [stdout]                                at /rustc/6067b36314ab5eb2eb47cecc464545ba58e1ad24/library/std/src/sys/backtrace.rs:152:18
[INFO] [stdout]   62:     0x5e54f2e7c61a - std::thread::Builder::spawn_unchecked_::{{closure}}::{{closure}}::h4faa3f9db6133423
[INFO] [stdout]                                at /rustc/6067b36314ab5eb2eb47cecc464545ba58e1ad24/library/std/src/thread/mod.rs:559:17
[INFO] [stdout]   63:     0x5e54f2e7c61a - <core::panic::unwind_safe::AssertUnwindSafe<F> as core::ops::function::FnOnce<()>>::call_once::hf2e855a36a4ea846
[INFO] [stdout]                                at /rustc/6067b36314ab5eb2eb47cecc464545ba58e1ad24/library/core/src/panic/unwind_safe.rs:272:9
[INFO] [stdout]   64:     0x5e54f2e7c61a - std::panicking::try::do_call::h2f73af3616c35465
[INFO] [stdout]                                at /rustc/6067b36314ab5eb2eb47cecc464545ba58e1ad24/library/std/src/panicking.rs:587:40
[INFO] [stdout]   65:     0x5e54f2e7c61a - std::panicking::try::hd1660ce9efadef5a
[INFO] [stdout]                                at /rustc/6067b36314ab5eb2eb47cecc464545ba58e1ad24/library/std/src/panicking.rs:550:19
[INFO] [stdout]   66:     0x5e54f2e7c61a - std::panic::catch_unwind::h5ee8d7823b8ca744
[INFO] [stdout]                                at /rustc/6067b36314ab5eb2eb47cecc464545ba58e1ad24/library/std/src/panic.rs:358:14
[INFO] [stdout]   67:     0x5e54f2e7c61a - std::thread::Builder::spawn_unchecked_::{{closure}}::h53c3a1894dce8407
[INFO] [stdout]                                at /rustc/6067b36314ab5eb2eb47cecc464545ba58e1ad24/library/std/src/thread/mod.rs:557:30
[INFO] [stdout]   68:     0x5e54f2e7c61a - core::ops::function::FnOnce::call_once{{vtable.shim}}::h048ce291ad4f62bf
[INFO] [stdout]                                at /rustc/6067b36314ab5eb2eb47cecc464545ba58e1ad24/library/core/src/ops/function.rs:250:5
[INFO] [stdout]   69:     0x70dc4157a89b - <alloc::boxed::Box<F,A> as core::ops::function::FnOnce<Args>>::call_once::ha52bedf99a3b4981
[INFO] [stdout]                                at /rustc/6067b36314ab5eb2eb47cecc464545ba58e1ad24/library/alloc/src/boxed.rs:2013:9
[INFO] [stdout]   70:     0x70dc4157a89b - <alloc::boxed::Box<F,A> as core::ops::function::FnOnce<Args>>::call_once::h567748934d80ccf8
[INFO] [stdout]                                at /rustc/6067b36314ab5eb2eb47cecc464545ba58e1ad24/library/alloc/src/boxed.rs:2013:9
[INFO] [stdout]   71:     0x70dc4157a89b - std::sys::pal::unix::thread::Thread::new::thread_start::h2d970728ae887adc
[INFO] [stdout]                                at /rustc/6067b36314ab5eb2eb47cecc464545ba58e1ad24/library/std/src/sys/pal/unix/thread.rs:106:17
[INFO] [stdout]   72:     0x70dc40cfeac3 - <unknown>
[INFO] [stdout]   73:     0x70dc40d8fa04 - clone
[INFO] [stdout]   74:                0x0 - <unknown>
[INFO] [stdout] 
[INFO] [stdout] ---- tests::test_create_and_update_and_delete_timeseries stdout ----
[INFO] [stdout] test_create_and_update_and_delete_timeseries
[INFO] [stdout] HTTP request failed: error sending request for url (http://localhost:8081/timeseries/delete)
[INFO] [stdout] 
[INFO] [stdout] thread 'tests::test_create_and_update_and_delete_timeseries' panicked at src/http.rs:18:46:
[INFO] [stdout] called `Option::unwrap()` on a `None` value
[INFO] [stdout] stack backtrace:
[INFO] [stdout]    0:     0x70dc4156d84a - std::backtrace_rs::backtrace::libunwind::trace::hb059275cfc8d6126
[INFO] [stdout]                                at /rustc/6067b36314ab5eb2eb47cecc464545ba58e1ad24/library/std/src/../../backtrace/src/backtrace/libunwind.rs:116:5
[INFO] [stdout]    1:     0x70dc4156d84a - std::backtrace_rs::backtrace::trace_unsynchronized::h2da071e4327ce3ee
[INFO] [stdout]                                at /rustc/6067b36314ab5eb2eb47cecc464545ba58e1ad24/library/std/src/../../backtrace/src/backtrace/mod.rs:66:5
[INFO] [stdout]    2:     0x70dc4156d84a - std::sys::backtrace::_print_fmt::h842a1474e6f8d23f
[INFO] [stdout]                                at /rustc/6067b36314ab5eb2eb47cecc464545ba58e1ad24/library/std/src/sys/backtrace.rs:66:9
[INFO] [stdout]    3:     0x70dc4156d84a - <std::sys::backtrace::BacktraceLock::print::DisplayBacktrace as core::fmt::Display>::fmt::h71a62eb3b9696b12
[INFO] [stdout]                                at /rustc/6067b36314ab5eb2eb47cecc464545ba58e1ad24/library/std/src/sys/backtrace.rs:39:26
[INFO] [stdout]    4:     0x70dc415bf6b3 - core::fmt::rt::Argument::fmt::hdb6b616786b41dc1
[INFO] [stdout]                                at /rustc/6067b36314ab5eb2eb47cecc464545ba58e1ad24/library/core/src/fmt/rt.rs:177:76
[INFO] [stdout]    5:     0x70dc415bf6b3 - core::fmt::write::h2cc1698af7e2d686
[INFO] [stdout]                                at /rustc/6067b36314ab5eb2eb47cecc464545ba58e1ad24/library/core/src/fmt/mod.rs:1440:21
[INFO] [stdout]    6:     0x70dc41561353 - std::io::Write::write_fmt::hab1b4cd059a79022
[INFO] [stdout]                                at /rustc/6067b36314ab5eb2eb47cecc464545ba58e1ad24/library/std/src/io/mod.rs:1887:15
[INFO] [stdout]    7:     0x70dc4156d692 - std::sys::backtrace::BacktraceLock::print::h147fe35b4ea13b08
[INFO] [stdout]                                at /rustc/6067b36314ab5eb2eb47cecc464545ba58e1ad24/library/std/src/sys/backtrace.rs:42:9
[INFO] [stdout]    8:     0x70dc4156fc5f - std::panicking::default_hook::{{closure}}::hbd44223dbdc0d208
[INFO] [stdout]                                at /rustc/6067b36314ab5eb2eb47cecc464545ba58e1ad24/library/std/src/panicking.rs:298:22
[INFO] [stdout]    9:     0x70dc4156fa78 - std::panicking::default_hook::h20f81eb0576efcec
[INFO] [stdout]                                at /rustc/6067b36314ab5eb2eb47cecc464545ba58e1ad24/library/std/src/panicking.rs:322:9
[INFO] [stdout]   10:     0x5e54f2eb15c3 - <alloc::boxed::Box<F,A> as core::ops::function::Fn<Args>>::call::hdb53814c496a4d34
[INFO] [stdout]                                at /rustc/6067b36314ab5eb2eb47cecc464545ba58e1ad24/library/alloc/src/boxed.rs:2027:9
[INFO] [stdout]   11:     0x5e54f2eb15c3 - test::test_main::{{closure}}::hc0a4963c59427c24
[INFO] [stdout]                                at /rustc/6067b36314ab5eb2eb47cecc464545ba58e1ad24/library/test/src/lib.rs:134:21
[INFO] [stdout]   12:     0x70dc415707c3 - <alloc::boxed::Box<F,A> as core::ops::function::Fn<Args>>::call::h591b2225413a77e9
[INFO] [stdout]                                at /rustc/6067b36314ab5eb2eb47cecc464545ba58e1ad24/library/alloc/src/boxed.rs:2027:9
[INFO] [stdout]   13:     0x70dc415707c3 - std::panicking::rust_panic_with_hook::h625eea43051b2edc
[INFO] [stdout]                                at /rustc/6067b36314ab5eb2eb47cecc464545ba58e1ad24/library/std/src/panicking.rs:839:13
[INFO] [stdout]   14:     0x70dc41570446 - std::panicking::begin_panic_handler::{{closure}}::h4f9159cfbc3f6bd3
[INFO] [stdout]                                at /rustc/6067b36314ab5eb2eb47cecc464545ba58e1ad24/library/std/src/panicking.rs:697:13
[INFO] [stdout]   15:     0x70dc4156dd49 - std::sys::backtrace::__rust_end_short_backtrace::h0390abce48353151
[INFO] [stdout]                                at /rustc/6067b36314ab5eb2eb47cecc464545ba58e1ad24/library/std/src/sys/backtrace.rs:168:18
[INFO] [stdout]   16:     0x70dc4157010d - rust_begin_unwind
[INFO] [stdout]                                at /rustc/6067b36314ab5eb2eb47cecc464545ba58e1ad24/library/std/src/panicking.rs:695:5
[INFO] [stdout]   17:     0x70dc415bb780 - core::panicking::panic_fmt::h9e7c637e9e5f29c9
[INFO] [stdout]                                at /rustc/6067b36314ab5eb2eb47cecc464545ba58e1ad24/library/core/src/panicking.rs:75:14
[INFO] [stdout]   18:     0x70dc415bb80c - core::panicking::panic::haa3255ea20181a33
[INFO] [stdout]                                at /rustc/6067b36314ab5eb2eb47cecc464545ba58e1ad24/library/core/src/panicking.rs:145:5
[INFO] [stdout]   19:     0x70dc415bb5e9 - core::option::unwrap_failed::h5e50c20db1c9e8f1
[INFO] [stdout]                                at /rustc/6067b36314ab5eb2eb47cecc464545ba58e1ad24/library/core/src/option.rs:2015:5
[INFO] [stdout]   20:     0x5e54f2e533f4 - core::option::Option<T>::unwrap::h7576dc325f9ab4af
[INFO] [stdout]                                at /rustc/6067b36314ab5eb2eb47cecc464545ba58e1ad24/library/core/src/option.rs:978:21
[INFO] [stdout]   21:     0x5e54f2e533f4 - dataplatform_rust_sdk::http::ResponseError::from_err::ha813d5a8a0ff612c
[INFO] [stdout]                                at /opt/rustwide/workdir/src/http.rs:18:31
[INFO] [stdout]   22:     0x5e54f2e4b047 - dataplatform_rust_sdk::generic::ApiServiceProvider::execute_post_request::{{closure}}::{{closure}}::h75a4a2aa5386355b
[INFO] [stdout]                                at /opt/rustwide/workdir/src/generic.rs:142:17
[INFO] [stdout]   23:     0x5e54f2e4e853 - core::result::Result<T,E>::map_err::h08b5935f70b89e3e
[INFO] [stdout]                                at /rustc/6067b36314ab5eb2eb47cecc464545ba58e1ad24/library/core/src/result.rs:856:27
[INFO] [stdout]   24:     0x5e54f2e49b45 - dataplatform_rust_sdk::generic::ApiServiceProvider::execute_post_request::{{closure}}::ha6953b033c263540
[INFO] [stdout]                                at /opt/rustwide/workdir/src/generic.rs:135:24
[INFO] [stdout]   25:     0x5e54f2e64f25 - dataplatform_rust_sdk::timeseries::TimeSeriesService::delete::{{closure}}::h12e4feed38729589
[INFO] [stdout]                                at /opt/rustwide/workdir/src/timeseries/mod.rs:69:47
[INFO] [stdout]   26:     0x5e54f2e6ef1e - dataplatform_rust_sdk::tests::delete_timeseries::{{closure}}::h042d75c41d73731b
[INFO] [stdout]                                at /opt/rustwide/workdir/src/lib.rs:259:69
[INFO] [stdout]   27:     0x5e54f2e7518e - dataplatform_rust_sdk::tests::test_create_and_update_and_delete_timeseries::{{closure}}::h582fb9125caece28
[INFO] [stdout]                                at /opt/rustwide/workdir/src/lib.rs:305:52
[INFO] [stdout]   28:     0x5e54f2e59bff - <core::pin::Pin<P> as core::future::future::Future>::poll::h84281723e8137088
[INFO] [stdout]                                at /rustc/6067b36314ab5eb2eb47cecc464545ba58e1ad24/library/core/src/future/future.rs:124:9
[INFO] [stdout]   29:     0x5e54f2e59c5b - <core::pin::Pin<P> as core::future::future::Future>::poll::h9355bba3ced9c056
[INFO] [stdout]                                at /rustc/6067b36314ab5eb2eb47cecc464545ba58e1ad24/library/core/src/future/future.rs:124:9
[INFO] [stdout]   30:     0x5e54f2e6168e - tokio::runtime::scheduler::current_thread::CoreGuard::block_on::{{closure}}::{{closure}}::{{closure}}::h29c208e498d25c4b
[INFO] [stdout]                                at /opt/rustwide/cargo-home/registry/src/index.crates.io-1949cf8c6b5b557f/tokio-1.43.0/src/runtime/scheduler/current_thread/mod.rs:729:57
[INFO] [stdout]   31:     0x5e54f2e615c5 - tokio::runtime::coop::with_budget::h37e2565cd75b38bc
[INFO] [stdout]                                at /opt/rustwide/cargo-home/registry/src/index.crates.io-1949cf8c6b5b557f/tokio-1.43.0/src/runtime/coop.rs:107:5
[INFO] [stdout]   32:     0x5e54f2e615c5 - tokio::runtime::coop::budget::h5bfc39a0fcf1a6a3
[INFO] [stdout]                                at /opt/rustwide/cargo-home/registry/src/index.crates.io-1949cf8c6b5b557f/tokio-1.43.0/src/runtime/coop.rs:73:5
[INFO] [stdout]   33:     0x5e54f2e615c5 - tokio::runtime::scheduler::current_thread::CoreGuard::block_on::{{closure}}::{{closure}}::hed6a961342017eaa
[INFO] [stdout]                                at /opt/rustwide/cargo-home/registry/src/index.crates.io-1949cf8c6b5b557f/tokio-1.43.0/src/runtime/scheduler/current_thread/mod.rs:729:25
[INFO] [stdout]   34:     0x5e54f2e5e56d - tokio::runtime::scheduler::current_thread::Context::enter::h31665c0324409927
[INFO] [stdout]                                at /opt/rustwide/cargo-home/registry/src/index.crates.io-1949cf8c6b5b557f/tokio-1.43.0/src/runtime/scheduler/current_thread/mod.rs:428:19
[INFO] [stdout]   35:     0x5e54f2e601fe - tokio::runtime::scheduler::current_thread::CoreGuard::block_on::{{closure}}::h49a8f78e75145ea4
[INFO] [stdout]                                at /opt/rustwide/cargo-home/registry/src/index.crates.io-1949cf8c6b5b557f/tokio-1.43.0/src/runtime/scheduler/current_thread/mod.rs:728:36
[INFO] [stdout]   36:     0x5e54f2e5feab - tokio::runtime::scheduler::current_thread::CoreGuard::enter::{{closure}}::h78ca47695a2655d2
[INFO] [stdout]                                at /opt/rustwide/cargo-home/registry/src/index.crates.io-1949cf8c6b5b557f/tokio-1.43.0/src/runtime/scheduler/current_thread/mod.rs:807:68
[INFO] [stdout]   37:     0x5e54f2e4700a - tokio::runtime::context::scoped::Scoped<T>::set::hc61358c35b00fae3
[INFO] [stdout]                                at /opt/rustwide/cargo-home/registry/src/index.crates.io-1949cf8c6b5b557f/tokio-1.43.0/src/runtime/context/scoped.rs:40:9
[INFO] [stdout]   38:     0x5e54f2e5c49a - tokio::runtime::context::set_scheduler::{{closure}}::h2ae785d88a1addeb
[INFO] [stdout]                                at /opt/rustwide/cargo-home/registry/src/index.crates.io-1949cf8c6b5b557f/tokio-1.43.0/src/runtime/context.rs:180:26
[INFO] [stdout]   39:     0x5e54f2e3b9f5 - std::thread::local::LocalKey<T>::try_with::h140e810f17471b32
[INFO] [stdout]                                at /rustc/6067b36314ab5eb2eb47cecc464545ba58e1ad24/library/std/src/thread/local.rs:308:12
[INFO] [stdout]   40:     0x5e54f2e3b77c - std::thread::local::LocalKey<T>::with::hf17ba865cfd8c62f
[INFO] [stdout]                                at /rustc/6067b36314ab5eb2eb47cecc464545ba58e1ad24/library/std/src/thread/local.rs:272:9
[INFO] [stdout]   41:     0x5e54f2e5c3e1 - tokio::runtime::context::set_scheduler::h5854a56653d1f15c
[INFO] [stdout]                                at /opt/rustwide/cargo-home/registry/src/index.crates.io-1949cf8c6b5b557f/tokio-1.43.0/src/runtime/context.rs:180:9
[INFO] [stdout]   42:     0x5e54f2e5fc0e - tokio::runtime::scheduler::current_thread::CoreGuard::enter::hed0147d84077edb6
[INFO] [stdout]                                at /opt/rustwide/cargo-home/registry/src/index.crates.io-1949cf8c6b5b557f/tokio-1.43.0/src/runtime/scheduler/current_thread/mod.rs:807:27
[INFO] [stdout]   43:     0x5e54f2e5ff11 - tokio::runtime::scheduler::current_thread::CoreGuard::block_on::hc5c18f913a73ee6d
[INFO] [stdout]                                at /opt/rustwide/cargo-home/registry/src/index.crates.io-1949cf8c6b5b557f/tokio-1.43.0/src/runtime/scheduler/current_thread/mod.rs:716:19
[INFO] [stdout]   44:     0x5e54f2e5de7d - tokio::runtime::scheduler::current_thread::CurrentThread::block_on::{{closure}}::hbc65dae412b3ed09
[INFO] [stdout]                                at /opt/rustwide/cargo-home/registry/src/index.crates.io-1949cf8c6b5b557f/tokio-1.43.0/src/runtime/scheduler/current_thread/mod.rs:196:28
[INFO] [stdout]   45:     0x5e54f2e5c7a2 - tokio::runtime::context::runtime::enter_runtime::h09305d615de5997e
[INFO] [stdout]                                at /opt/rustwide/cargo-home/registry/src/index.crates.io-1949cf8c6b5b557f/tokio-1.43.0/src/runtime/context/runtime.rs:65:16
[INFO] [stdout]   46:     0x5e54f2e5d727 - tokio::runtime::scheduler::current_thread::CurrentThread::block_on::hd0e189f0837a74ad
[INFO] [stdout]                                at /opt/rustwide/cargo-home/registry/src/index.crates.io-1949cf8c6b5b557f/tokio-1.43.0/src/runtime/scheduler/current_thread/mod.rs:184:9
[INFO] [stdout]   47:     0x5e54f2e474d2 - tokio::runtime::runtime::Runtime::block_on_inner::h6ebcf851568c8c2c
[INFO] [stdout]                                at /opt/rustwide/cargo-home/registry/src/index.crates.io-1949cf8c6b5b557f/tokio-1.43.0/src/runtime/runtime.rs:368:47
[INFO] [stdout]   48:     0x5e54f2e4772f - tokio::runtime::runtime::Runtime::block_on::hb2815c9dd1754808
[INFO] [stdout]                                at /opt/rustwide/cargo-home/registry/src/index.crates.io-1949cf8c6b5b557f/tokio-1.43.0/src/runtime/runtime.rs:342:13
[INFO] [stdout]   49:     0x5e54f2e74db6 - dataplatform_rust_sdk::tests::test_create_and_update_and_delete_timeseries::hf43758385e73f7b0
[INFO] [stdout]                                at /opt/rustwide/workdir/src/lib.rs:400:9
[INFO] [stdout]   50:     0x5e54f2e74c47 - dataplatform_rust_sdk::tests::test_create_and_update_and_delete_timeseries::{{closure}}::hbd1c817bd67de3e1
[INFO] [stdout]                                at /opt/rustwide/workdir/src/lib.rs:299:64
[INFO] [stdout]   51:     0x5e54f2e28606 - core::ops::function::FnOnce::call_once::h90bb20c6655726c4
[INFO] [stdout]                                at /rustc/6067b36314ab5eb2eb47cecc464545ba58e1ad24/library/core/src/ops/function.rs:250:5
[INFO] [stdout]   52:     0x5e54f2eb6d1b - core::ops::function::FnOnce::call_once::he27718dfdd183f43
[INFO] [stdout]                                at /rustc/6067b36314ab5eb2eb47cecc464545ba58e1ad24/library/core/src/ops/function.rs:250:5
[INFO] [stdout]   53:     0x5e54f2eb6d1b - test::__rust_begin_short_backtrace::h4e84902998457a5d
[INFO] [stdout]                                at /rustc/6067b36314ab5eb2eb47cecc464545ba58e1ad24/library/test/src/lib.rs:632:18
[INFO] [stdout]   54:     0x5e54f2eb5c53 - test::run_test_in_process::{{closure}}::h7176fd18fc1feca0
[INFO] [stdout]                                at /rustc/6067b36314ab5eb2eb47cecc464545ba58e1ad24/library/test/src/lib.rs:655:60
[INFO] [stdout]   55:     0x5e54f2eb5c53 - <core::panic::unwind_safe::AssertUnwindSafe<F> as core::ops::function::FnOnce<()>>::call_once::hf79cff2a624d8cf7
[INFO] [stdout]                                at /rustc/6067b36314ab5eb2eb47cecc464545ba58e1ad24/library/core/src/panic/unwind_safe.rs:272:9
[INFO] [stdout]   56:     0x5e54f2eb5c53 - std::panicking::try::do_call::h3da0561d9ab99c25
[INFO] [stdout]                                at /rustc/6067b36314ab5eb2eb47cecc464545ba58e1ad24/library/std/src/panicking.rs:587:40
[INFO] [stdout]   57:     0x5e54f2eb5c53 - std::panicking::try::h41c9fa508bc61df6
[INFO] [stdout]                                at /rustc/6067b36314ab5eb2eb47cecc464545ba58e1ad24/library/std/src/panicking.rs:550:19
[INFO] [stdout]   58:     0x5e54f2eb5c53 - std::panic::catch_unwind::h6b3ff07bb5afad93
[INFO] [stdout]                                at /rustc/6067b36314ab5eb2eb47cecc464545ba58e1ad24/library/std/src/panic.rs:358:14
[INFO] [stdout]   59:     0x5e54f2eb5c53 - test::run_test_in_process::hc7253dd11b39b9f4
[INFO] [stdout]                                at /rustc/6067b36314ab5eb2eb47cecc464545ba58e1ad24/library/test/src/lib.rs:655:27
[INFO] [stdout]   60:     0x5e54f2eb5c53 - test::run_test::{{closure}}::hfb2007f8649c30bb
[INFO] [stdout]                                at /rustc/6067b36314ab5eb2eb47cecc464545ba58e1ad24/library/test/src/lib.rs:576:43
[INFO] [stdout]   61:     0x5e54f2e78d35 - test::run_test::{{closure}}::h56a17aa7a282a9f4
[INFO] [stdout]                                at /rustc/6067b36314ab5eb2eb47cecc464545ba58e1ad24/library/test/src/lib.rs:606:41
[INFO] [stdout]   62:     0x5e54f2e78d35 - std::sys::backtrace::__rust_begin_short_backtrace::hd2d2d2fb8e8c6aac
[INFO] [stdout]                                at /rustc/6067b36314ab5eb2eb47cecc464545ba58e1ad24/library/std/src/sys/backtrace.rs:152:18
[INFO] [stdout]   63:     0x5e54f2e7c61a - std::thread::Builder::spawn_unchecked_::{{closure}}::{{closure}}::h4faa3f9db6133423
[INFO] [stdout]                                at /rustc/6067b36314ab5eb2eb47cecc464545ba58e1ad24/library/std/src/thread/mod.rs:559:17
[INFO] [stdout]   64:     0x5e54f2e7c61a - <core::panic::unwind_safe::AssertUnwindSafe<F> as core::ops::function::FnOnce<()>>::call_once::hf2e855a36a4ea846
[INFO] [stdout]                                at /rustc/6067b36314ab5eb2eb47cecc464545ba58e1ad24/library/core/src/panic/unwind_safe.rs:272:9
[INFO] [stdout]   65:     0x5e54f2e7c61a - std::panicking::try::do_call::h2f73af3616c35465
[INFO] [stdout]                                at /rustc/6067b36314ab5eb2eb47cecc464545ba58e1ad24/library/std/src/panicking.rs:587:40
[INFO] [stdout]   66:     0x5e54f2e7c61a - std::panicking::try::hd1660ce9efadef5a
[INFO] [stdout]                                at /rustc/6067b36314ab5eb2eb47cecc464545ba58e1ad24/library/std/src/panicking.rs:550:19
[INFO] [stdout]   67:     0x5e54f2e7c61a - std::panic::catch_unwind::h5ee8d7823b8ca744
[INFO] [stdout]                                at /rustc/6067b36314ab5eb2eb47cecc464545ba58e1ad24/library/std/src/panic.rs:358:14
[INFO] [stdout]   68:     0x5e54f2e7c61a - std::thread::Builder::spawn_unchecked_::{{closure}}::h53c3a1894dce8407
[INFO] [stdout]                                at /rustc/6067b36314ab5eb2eb47cecc464545ba58e1ad24/library/std/src/thread/mod.rs:557:30
[INFO] [stdout]   69:     0x5e54f2e7c61a - core::ops::function::FnOnce::call_once{{vtable.shim}}::h048ce291ad4f62bf
[INFO] [stdout]                                at /rustc/6067b36314ab5eb2eb47cecc464545ba58e1ad24/library/core/src/ops/function.rs:250:5
[INFO] [stdout]   70:     0x70dc4157a89b - <alloc::boxed::Box<F,A> as core::ops::function::FnOnce<Args>>::call_once::ha52bedf99a3b4981
[INFO] [stdout]                                at /rustc/6067b36314ab5eb2eb47cecc464545ba58e1ad24/library/alloc/src/boxed.rs:2013:9
[INFO] [stdout]   71:     0x70dc4157a89b - <alloc::boxed::Box<F,A> as core::ops::function::FnOnce<Args>>::call_once::h567748934d80ccf8
[INFO] [stdout]                                at /rustc/6067b36314ab5eb2eb47cecc464545ba58e1ad24/library/alloc/src/boxed.rs:2013:9
[INFO] [stdout]   72:     0x70dc4157a89b - std::sys::pal::unix::thread::Thread::new::thread_start::h2d970728ae887adc
[INFO] [stdout]                                at /rustc/6067b36314ab5eb2eb47cecc464545ba58e1ad24/library/std/src/sys/pal/unix/thread.rs:106:17
[INFO] [stdout]   73:     0x70dc40cfeac3 - <unknown>
[INFO] [stdout]   74:     0x70dc40d8fa04 - clone
[INFO] [stdout]   75:                0x0 - <unknown>
[INFO] [stdout] 
[INFO] [stdout] ---- tests::test_unit_requests stdout ----
[INFO] [stdout] HTTP request failed: error sending request for url (http://localhost:8081/units)
[INFO] [stdout] 
[INFO] [stdout] thread 'tests::test_unit_requests' panicked at src/http.rs:18:46:
[INFO] [stdout] called `Option::unwrap()` on a `None` value
[INFO] [stdout] stack backtrace:
[INFO] [stdout]    0:     0x70dc4156d84a - std::backtrace_rs::backtrace::libunwind::trace::hb059275cfc8d6126
[INFO] [stdout]                                at /rustc/6067b36314ab5eb2eb47cecc464545ba58e1ad24/library/std/src/../../backtrace/src/backtrace/libunwind.rs:116:5
[INFO] [stdout]    1:     0x70dc4156d84a - std::backtrace_rs::backtrace::trace_unsynchronized::h2da071e4327ce3ee
[INFO] [stdout]                                at /rustc/6067b36314ab5eb2eb47cecc464545ba58e1ad24/library/std/src/../../backtrace/src/backtrace/mod.rs:66:5
[INFO] [stdout]    2:     0x70dc4156d84a - std::sys::backtrace::_print_fmt::h842a1474e6f8d23f
[INFO] [stdout]                                at /rustc/6067b36314ab5eb2eb47cecc464545ba58e1ad24/library/std/src/sys/backtrace.rs:66:9
[INFO] [stdout]    3:     0x70dc4156d84a - <std::sys::backtrace::BacktraceLock::print::DisplayBacktrace as core::fmt::Display>::fmt::h71a62eb3b9696b12
[INFO] [stdout]                                at /rustc/6067b36314ab5eb2eb47cecc464545ba58e1ad24/library/std/src/sys/backtrace.rs:39:26
[INFO] [stdout]    4:     0x70dc415bf6b3 - core::fmt::rt::Argument::fmt::hdb6b616786b41dc1
[INFO] [stdout]                                at /rustc/6067b36314ab5eb2eb47cecc464545ba58e1ad24/library/core/src/fmt/rt.rs:177:76
[INFO] [stdout]    5:     0x70dc415bf6b3 - core::fmt::write::h2cc1698af7e2d686
[INFO] [stdout]                                at /rustc/6067b36314ab5eb2eb47cecc464545ba58e1ad24/library/core/src/fmt/mod.rs:1440:21
[INFO] [stdout]    6:     0x70dc41561353 - std::io::Write::write_fmt::hab1b4cd059a79022
[INFO] [stdout]                                at /rustc/6067b36314ab5eb2eb47cecc464545ba58e1ad24/library/std/src/io/mod.rs:1887:15
[INFO] [stdout]    7:     0x70dc4156d692 - std::sys::backtrace::BacktraceLock::print::h147fe35b4ea13b08
[INFO] [stdout]                                at /rustc/6067b36314ab5eb2eb47cecc464545ba58e1ad24/library/std/src/sys/backtrace.rs:42:9
[INFO] [stdout]    8:     0x70dc4156fc5f - std::panicking::default_hook::{{closure}}::hbd44223dbdc0d208
[INFO] [stdout]                                at /rustc/6067b36314ab5eb2eb47cecc464545ba58e1ad24/library/std/src/panicking.rs:298:22
[INFO] [stdout]    9:     0x70dc4156fa78 - std::panicking::default_hook::h20f81eb0576efcec
[INFO] [stdout]                                at /rustc/6067b36314ab5eb2eb47cecc464545ba58e1ad24/library/std/src/panicking.rs:322:9
[INFO] [stdout]   10:     0x5e54f2eb15c3 - <alloc::boxed::Box<F,A> as core::ops::function::Fn<Args>>::call::hdb53814c496a4d34
[INFO] [stdout]                                at /rustc/6067b36314ab5eb2eb47cecc464545ba58e1ad24/library/alloc/src/boxed.rs:2027:9
[INFO] [stdout]   11:     0x5e54f2eb15c3 - test::test_main::{{closure}}::hc0a4963c59427c24
[INFO] [stdout]                                at /rustc/6067b36314ab5eb2eb47cecc464545ba58e1ad24/library/test/src/lib.rs:134:21
[INFO] [stdout]   12:     0x70dc415707c3 - <alloc::boxed::Box<F,A> as core::ops::function::Fn<Args>>::call::h591b2225413a77e9
[INFO] [stdout]                                at /rustc/6067b36314ab5eb2eb47cecc464545ba58e1ad24/library/alloc/src/boxed.rs:2027:9
[INFO] [stdout]   13:     0x70dc415707c3 - std::panicking::rust_panic_with_hook::h625eea43051b2edc
[INFO] [stdout]                                at /rustc/6067b36314ab5eb2eb47cecc464545ba58e1ad24/library/std/src/panicking.rs:839:13
[INFO] [stdout]   14:     0x70dc41570446 - std::panicking::begin_panic_handler::{{closure}}::h4f9159cfbc3f6bd3
[INFO] [stdout]                                at /rustc/6067b36314ab5eb2eb47cecc464545ba58e1ad24/library/std/src/panicking.rs:697:13
[INFO] [stdout]   15:     0x70dc4156dd49 - std::sys::backtrace::__rust_end_short_backtrace::h0390abce48353151
[INFO] [stdout]                                at /rustc/6067b36314ab5eb2eb47cecc464545ba58e1ad24/library/std/src/sys/backtrace.rs:168:18
[INFO] [stdout]   16:     0x70dc4157010d - rust_begin_unwind
[INFO] [stdout]                                at /rustc/6067b36314ab5eb2eb47cecc464545ba58e1ad24/library/std/src/panicking.rs:695:5
[INFO] [stdout]   17:     0x70dc415bb780 - core::panicking::panic_fmt::h9e7c637e9e5f29c9
[INFO] [stdout]                                at /rustc/6067b36314ab5eb2eb47cecc464545ba58e1ad24/library/core/src/panicking.rs:75:14
[INFO] [stdout]   18:     0x70dc415bb80c - core::panicking::panic::haa3255ea20181a33
[INFO] [stdout]                                at /rustc/6067b36314ab5eb2eb47cecc464545ba58e1ad24/library/core/src/panicking.rs:145:5
[INFO] [stdout]   19:     0x70dc415bb5e9 - core::option::unwrap_failed::h5e50c20db1c9e8f1
[INFO] [stdout]                                at /rustc/6067b36314ab5eb2eb47cecc464545ba58e1ad24/library/core/src/option.rs:2015:5
[INFO] [stdout]   20:     0x5e54f2e533f4 - core::option::Option<T>::unwrap::h7576dc325f9ab4af
[INFO] [stdout]                                at /rustc/6067b36314ab5eb2eb47cecc464545ba58e1ad24/library/core/src/option.rs:978:21
[INFO] [stdout]   21:     0x5e54f2e533f4 - dataplatform_rust_sdk::http::ResponseError::from_err::ha813d5a8a0ff612c
[INFO] [stdout]                                at /opt/rustwide/workdir/src/http.rs:18:31
[INFO] [stdout]   22:     0x5e54f2e48fe7 - dataplatform_rust_sdk::generic::ApiServiceProvider::execute_get_request::{{closure}}::{{closure}}::h7cb977c6d03b92da
[INFO] [stdout]                                at /opt/rustwide/workdir/src/generic.rs:125:17
[INFO] [stdout]   23:     0x5e54f2e4ef43 - core::result::Result<T,E>::map_err::hc500c5018f1d9316
[INFO] [stdout]                                at /rustc/6067b36314ab5eb2eb47cecc464545ba58e1ad24/library/core/src/result.rs:856:27
[INFO] [stdout]   24:     0x5e54f2e48c9c - dataplatform_rust_sdk::generic::ApiServiceProvider::execute_get_request::{{closure}}::h5c7949863131fea2
[INFO] [stdout]                                at /opt/rustwide/workdir/src/generic.rs:119:24
[INFO] [stdout]   25:     0x5e54f2e3ed25 - dataplatform_rust_sdk::unit::UnitsService::list::{{closure}}::hca8bcee8f424a909
[INFO] [stdout]                                at /opt/rustwide/workdir/src/unit/mod.rs:22:50
[INFO] [stdout]   26:     0x5e54f2e701b0 - dataplatform_rust_sdk::tests::test_unit_requests::{{closure}}::h1da62e4081beb35d
[INFO] [stdout]                                at /opt/rustwide/workdir/src/lib.rs:67:47
[INFO] [stdout]   27:     0x5e54f2e59bff - <core::pin::Pin<P> as core::future::future::Future>::poll::h84281723e8137088
[INFO] [stdout]                                at /rustc/6067b36314ab5eb2eb47cecc464545ba58e1ad24/library/core/src/future/future.rs:124:9
[INFO] [stdout]   28:     0x5e54f2e59c5b - <core::pin::Pin<P> as core::future::future::Future>::poll::h9355bba3ced9c056
[INFO] [stdout]                                at /rustc/6067b36314ab5eb2eb47cecc464545ba58e1ad24/library/core/src/future/future.rs:124:9
[INFO] [stdout]   29:     0x5e54f2e6168e - tokio::runtime::scheduler::current_thread::CoreGuard::block_on::{{closure}}::{{closure}}::{{closure}}::h29c208e498d25c4b
[INFO] [stdout]                                at /opt/rustwide/cargo-home/registry/src/index.crates.io-1949cf8c6b5b557f/tokio-1.43.0/src/runtime/scheduler/current_thread/mod.rs:729:57
[INFO] [stdout]   30:     0x5e54f2e615c5 - tokio::runtime::coop::with_budget::h37e2565cd75b38bc
[INFO] [stdout]                                at /opt/rustwide/cargo-home/registry/src/index.crates.io-1949cf8c6b5b557f/tokio-1.43.0/src/runtime/coop.rs:107:5
[INFO] [stdout]   31:     0x5e54f2e615c5 - tokio::runtime::coop::budget::h5bfc39a0fcf1a6a3
[INFO] [stdout]                                at /opt/rustwide/cargo-home/registry/src/index.crates.io-1949cf8c6b5b557f/tokio-1.43.0/src/runtime/coop.rs:73:5
[INFO] [stdout]   32:     0x5e54f2e615c5 - tokio::runtime::scheduler::current_thread::CoreGuard::block_on::{{closure}}::{{closure}}::hed6a961342017eaa
[INFO] [stdout]                                at /opt/rustwide/cargo-home/registry/src/index.crates.io-1949cf8c6b5b557f/tokio-1.43.0/src/runtime/scheduler/current_thread/mod.rs:729:25
[INFO] [stdout]   33:     0x5e54f2e5e56d - tokio::runtime::scheduler::current_thread::Context::enter::h31665c0324409927
[INFO] [stdout]                                at /opt/rustwide/cargo-home/registry/src/index.crates.io-1949cf8c6b5b557f/tokio-1.43.0/src/runtime/scheduler/current_thread/mod.rs:428:19
[INFO] [stdout]   34:     0x5e54f2e601fe - tokio::runtime::scheduler::current_thread::CoreGuard::block_on::{{closure}}::h49a8f78e75145ea4
[INFO] [stdout]                                at /opt/rustwide/cargo-home/registry/src/index.crates.io-1949cf8c6b5b557f/tokio-1.43.0/src/runtime/scheduler/current_thread/mod.rs:728:36
[INFO] [stdout]   35:     0x5e54f2e5feab - tokio::runtime::scheduler::current_thread::CoreGuard::enter::{{closure}}::h78ca47695a2655d2
[INFO] [stdout]                                at /opt/rustwide/cargo-home/registry/src/index.crates.io-1949cf8c6b5b557f/tokio-1.43.0/src/runtime/scheduler/current_thread/mod.rs:807:68
[INFO] [stdout]   36:     0x5e54f2e4700a - tokio::runtime::context::scoped::Scoped<T>::set::hc61358c35b00fae3
[INFO] [stdout]                                at /opt/rustwide/cargo-home/registry/src/index.crates.io-1949cf8c6b5b557f/tokio-1.43.0/src/runtime/context/scoped.rs:40:9
[INFO] [stdout]   37:     0x5e54f2e5c49a - tokio::runtime::context::set_scheduler::{{closure}}::h2ae785d88a1addeb
[INFO] [stdout]                                at /opt/rustwide/cargo-home/registry/src/index.crates.io-1949cf8c6b5b557f/tokio-1.43.0/src/runtime/context.rs:180:26
[INFO] [stdout]   38:     0x5e54f2e3b9f5 - std::thread::local::LocalKey<T>::try_with::h140e810f17471b32
[INFO] [stdout]                                at /rustc/6067b36314ab5eb2eb47cecc464545ba58e1ad24/library/std/src/thread/local.rs:308:12
[INFO] [stdout]   39:     0x5e54f2e3b77c - std::thread::local::LocalKey<T>::with::hf17ba865cfd8c62f
[INFO] [stdout]                                at /rustc/6067b36314ab5eb2eb47cecc464545ba58e1ad24/library/std/src/thread/local.rs:272:9
[INFO] [stdout]   40:     0x5e54f2e5c3e1 - tokio::runtime::context::set_scheduler::h5854a56653d1f15c
[INFO] [stdout]                                at /opt/rustwide/cargo-home/registry/src/index.crates.io-1949cf8c6b5b557f/tokio-1.43.0/src/runtime/context.rs:180:9
[INFO] [stdout]   41:     0x5e54f2e5fc0e - tokio::runtime::scheduler::current_thread::CoreGuard::enter::hed0147d84077edb6
[INFO] [stdout]                                at /opt/rustwide/cargo-home/registry/src/index.crates.io-1949cf8c6b5b557f/tokio-1.43.0/src/runtime/scheduler/current_thread/mod.rs:807:27
[INFO] [stdout]   42:     0x5e54f2e5ff11 - tokio::runtime::scheduler::current_thread::CoreGuard::block_on::hc5c18f913a73ee6d
[INFO] [stdout]                                at /opt/rustwide/cargo-home/registry/src/index.crates.io-1949cf8c6b5b557f/tokio-1.43.0/src/runtime/scheduler/current_thread/mod.rs:716:19
[INFO] [stdout]   43:     0x5e54f2e5de7d - tokio::runtime::scheduler::current_thread::CurrentThread::block_on::{{closure}}::hbc65dae412b3ed09
[INFO] [stdout]                                at /opt/rustwide/cargo-home/registry/src/index.crates.io-1949cf8c6b5b557f/tokio-1.43.0/src/runtime/scheduler/current_thread/mod.rs:196:28
[INFO] [stdout]   44:     0x5e54f2e5c7a2 - tokio::runtime::context::runtime::enter_runtime::h09305d615de5997e
[INFO] [stdout]                                at /opt/rustwide/cargo-home/registry/src/index.crates.io-1949cf8c6b5b557f/tokio-1.43.0/src/runtime/context/runtime.rs:65:16
[INFO] [stdout]   45:     0x5e54f2e5d727 - tokio::runtime::scheduler::current_thread::CurrentThread::block_on::hd0e189f0837a74ad
[INFO] [stdout]                                at /opt/rustwide/cargo-home/registry/src/index.crates.io-1949cf8c6b5b557f/tokio-1.43.0/src/runtime/scheduler/current_thread/mod.rs:184:9
[INFO] [stdout]   46:     0x5e54f2e474d2 - tokio::runtime::runtime::Runtime::block_on_inner::h6ebcf851568c8c2c
[INFO] [stdout]                                at /opt/rustwide/cargo-home/registry/src/index.crates.io-1949cf8c6b5b557f/tokio-1.43.0/src/runtime/runtime.rs:368:47
[INFO] [stdout]   47:     0x5e54f2e4772f - tokio::runtime::runtime::Runtime::block_on::hb2815c9dd1754808
[INFO] [stdout]                                at /opt/rustwide/cargo-home/registry/src/index.crates.io-1949cf8c6b5b557f/tokio-1.43.0/src/runtime/runtime.rs:342:13
[INFO] [stdout]   48:     0x5e54f2e6fe13 - dataplatform_rust_sdk::tests::test_unit_requests::h50fbfaf9cc0fa5a9
[INFO] [stdout]                                at /opt/rustwide/workdir/src/lib.rs:151:9
[INFO] [stdout]   49:     0x5e54f2e6fca7 - dataplatform_rust_sdk::tests::test_unit_requests::{{closure}}::h1ee1ea0de1ef3017
[INFO] [stdout]                                at /opt/rustwide/workdir/src/lib.rs:63:38
[INFO] [stdout]   50:     0x5e54f2e285b6 - core::ops::function::FnOnce::call_once::h47cf06548ba9ce1b
[INFO] [stdout]                                at /rustc/6067b36314ab5eb2eb47cecc464545ba58e1ad24/library/core/src/ops/function.rs:250:5
[INFO] [stdout]   51:     0x5e54f2eb6d1b - core::ops::function::FnOnce::call_once::he27718dfdd183f43
[INFO] [stdout]                                at /rustc/6067b36314ab5eb2eb47cecc464545ba58e1ad24/library/core/src/ops/function.rs:250:5
[INFO] [stdout]   52:     0x5e54f2eb6d1b - test::__rust_begin_short_backtrace::h4e84902998457a5d
[INFO] [stdout]                                at /rustc/6067b36314ab5eb2eb47cecc464545ba58e1ad24/library/test/src/lib.rs:632:18
[INFO] [stdout]   53:     0x5e54f2eb5c53 - test::run_test_in_process::{{closure}}::h7176fd18fc1feca0
[INFO] [stdout]                                at /rustc/6067b36314ab5eb2eb47cecc464545ba58e1ad24/library/test/src/lib.rs:655:60
[INFO] [stdout]   54:     0x5e54f2eb5c53 - <core::panic::unwind_safe::AssertUnwindSafe<F> as core::ops::function::FnOnce<()>>::call_once::hf79cff2a624d8cf7
[INFO] [stdout]                                at /rustc/6067b36314ab5eb2eb47cecc464545ba58e1ad24/library/core/src/panic/unwind_safe.rs:272:9
[INFO] [stdout]   55:     0x5e54f2eb5c53 - std::panicking::try::do_call::h3da0561d9ab99c25
[INFO] [stdout]                                at /rustc/6067b36314ab5eb2eb47cecc464545ba58e1ad24/library/std/src/panicking.rs:587:40
[INFO] [stdout]   56:     0x5e54f2eb5c53 - std::panicking::try::h41c9fa508bc61df6
[INFO] [stdout]                                at /rustc/6067b36314ab5eb2eb47cecc464545ba58e1ad24/library/std/src/panicking.rs:550:19
[INFO] [stdout]   57:     0x5e54f2eb5c53 - std::panic::catch_unwind::h6b3ff07bb5afad93
[INFO] [stdout]                                at /rustc/6067b36314ab5eb2eb47cecc464545ba58e1ad24/library/std/src/panic.rs:358:14
[INFO] [stdout]   58:     0x5e54f2eb5c53 - test::run_test_in_process::hc7253dd11b39b9f4
[INFO] [stdout]                                at /rustc/6067b36314ab5eb2eb47cecc464545ba58e1ad24/library/test/src/lib.rs:655:27
[INFO] [stdout]   59:     0x5e54f2eb5c53 - test::run_test::{{closure}}::hfb2007f8649c30bb
[INFO] [stdout]                                at /rustc/6067b36314ab5eb2eb47cecc464545ba58e1ad24/library/test/src/lib.rs:576:43
[INFO] [stdout]   60:     0x5e54f2e78d35 - test::run_test::{{closure}}::h56a17aa7a282a9f4
[INFO] [stdout]                                at /rustc/6067b36314ab5eb2eb47cecc464545ba58e1ad24/library/test/src/lib.rs:606:41
[INFO] [stdout]   61:     0x5e54f2e78d35 - std::sys::backtrace::__rust_begin_short_backtrace::hd2d2d2fb8e8c6aac
[INFO] [stdout]                                at /rustc/6067b36314ab5eb2eb47cecc464545ba58e1ad24/library/std/src/sys/backtrace.rs:152:18
[INFO] [stdout]   62:     0x5e54f2e7c61a - std::thread::Builder::spawn_unchecked_::{{closure}}::{{closure}}::h4faa3f9db6133423
[INFO] [stdout]                                at /rustc/6067b36314ab5eb2eb47cecc464545ba58e1ad24/library/std/src/thread/mod.rs:559:17
[INFO] [stdout]   63:     0x5e54f2e7c61a - <core::panic::unwind_safe::AssertUnwindSafe<F> as core::ops::function::FnOnce<()>>::call_once::hf2e855a36a4ea846
[INFO] [stdout]                                at /rustc/6067b36314ab5eb2eb47cecc464545ba58e1ad24/library/core/src/panic/unwind_safe.rs:272:9
[INFO] [stdout]   64:     0x5e54f2e7c61a - std::panicking::try::do_call::h2f73af3616c35465
[INFO] [stdout]                                at /rustc/6067b36314ab5eb2eb47cecc464545ba58e1ad24/library/std/src/panicking.rs:587:40
[INFO] [stdout]   65:     0x5e54f2e7c61a - std::panicking::try::hd1660ce9efadef5a
[INFO] [stdout]                                at /rustc/6067b36314ab5eb2eb47cecc464545ba58e1ad24/library/std/src/panicking.rs:550:19
[INFO] [stdout]   66:     0x5e54f2e7c61a - std::panic::catch_unwind::h5ee8d7823b8ca744
[INFO] [stdout]                                at /rustc/6067b36314ab5eb2eb47cecc464545ba58e1ad24/library/std/src/panic.rs:358:14
[INFO] [stdout]   67:     0x5e54f2e7c61a - std::thread::Builder::spawn_unchecked_::{{closure}}::h53c3a1894dce8407
[INFO] [stdout]                                at /rustc/6067b36314ab5eb2eb47cecc464545ba58e1ad24/library/std/src/thread/mod.rs:557:30
[INFO] [stdout]   68:     0x5e54f2e7c61a - core::ops::function::FnOnce::call_once{{vtable.shim}}::h048ce291ad4f62bf
[INFO] [stdout]                                at /rustc/6067b36314ab5eb2eb47cecc464545ba58e1ad24/library/core/src/ops/function.rs:250:5
[INFO] [stdout]   69:     0x70dc4157a89b - <alloc::boxed::Box<F,A> as core::ops::function::FnOnce<Args>>::call_once::ha52bedf99a3b4981
[INFO] [stdout]                                at /rustc/6067b36314ab5eb2eb47cecc464545ba58e1ad24/library/alloc/src/boxed.rs:2013:9
[INFO] [stdout]   70:     0x70dc4157a89b - <alloc::boxed::Box<F,A> as core::ops::function::FnOnce<Args>>::call_once::h567748934d80ccf8
[INFO] [stdout]                                at /rustc/6067b36314ab5eb2eb47cecc464545ba58e1ad24/library/alloc/src/boxed.rs:2013:9
[INFO] [stdout]   71:     0x70dc4157a89b - std::sys::pal::unix::thread::Thread::new::thread_start::h2d970728ae887adc
[INFO] [stdout]                                at /rustc/6067b36314ab5eb2eb47cecc464545ba58e1ad24/library/std/src/sys/pal/unix/thread.rs:106:17
[INFO] [stdout]   72:     0x70dc40cfeac3 - <unknown>
[INFO] [stdout]   73:     0x70dc40d8fa04 - clone
[INFO] [stdout]   74:                0x0 - <unknown>
[INFO] [stdout] 
[INFO] [stdout] ---- tests::test_create_and_delete_timeseries stdout ----
[INFO] [stdout] HTTP request failed: error sending request for url (http://localhost:8081/timeseries/delete)
[INFO] [stdout] 
[INFO] [stdout] thread 'tests::test_create_and_delete_timeseries' panicked at src/http.rs:18:46:
[INFO] [stdout] called `Option::unwrap()` on a `None` value
[INFO] [stdout] stack backtrace:
[INFO] [stdout]    0:     0x70dc4156d84a - std::backtrace_rs::backtrace::libunwind::trace::hb059275cfc8d6126
[INFO] [stdout]                                at /rustc/6067b36314ab5eb2eb47cecc464545ba58e1ad24/library/std/src/../../backtrace/src/backtrace/libunwind.rs:116:5
[INFO] [stdout]    1:     0x70dc4156d84a - std::backtrace_rs::backtrace::trace_unsynchronized::h2da071e4327ce3ee
[INFO] [stdout]                                at /rustc/6067b36314ab5eb2eb47cecc464545ba58e1ad24/library/std/src/../../backtrace/src/backtrace/mod.rs:66:5
[INFO] [stdout]    2:     0x70dc4156d84a - std::sys::backtrace::_print_fmt::h842a1474e6f8d23f
[INFO] [stdout]                                at /rustc/6067b36314ab5eb2eb47cecc464545ba58e1ad24/library/std/src/sys/backtrace.rs:66:9
[INFO] [stdout]    3:     0x70dc4156d84a - <std::sys::backtrace::BacktraceLock::print::DisplayBacktrace as core::fmt::Display>::fmt::h71a62eb3b9696b12
[INFO] [stdout]                                at /rustc/6067b36314ab5eb2eb47cecc464545ba58e1ad24/library/std/src/sys/backtrace.rs:39:26
[INFO] [stdout]    4:     0x70dc415bf6b3 - core::fmt::rt::Argument::fmt::hdb6b616786b41dc1
[INFO] [stdout]                                at /rustc/6067b36314ab5eb2eb47cecc464545ba58e1ad24/library/core/src/fmt/rt.rs:177:76
[INFO] [stdout]    5:     0x70dc415bf6b3 - core::fmt::write::h2cc1698af7e2d686
[INFO] [stdout]                                at /rustc/6067b36314ab5eb2eb47cecc464545ba58e1ad24/library/core/src/fmt/mod.rs:1440:21
[INFO] [stdout]    6:     0x70dc41561353 - std::io::Write::write_fmt::hab1b4cd059a79022
[INFO] [stdout]                                at /rustc/6067b36314ab5eb2eb47cecc464545ba58e1ad24/library/std/src/io/mod.rs:1887:15
[INFO] [stdout]    7:     0x70dc4156d692 - std::sys::backtrace::BacktraceLock::print::h147fe35b4ea13b08
[INFO] [stdout]                                at /rustc/6067b36314ab5eb2eb47cecc464545ba58e1ad24/library/std/src/sys/backtrace.rs:42:9
[INFO] [stdout]    8:     0x70dc4156fc5f - std::panicking::default_hook::{{closure}}::hbd44223dbdc0d208
[INFO] [stdout]                                at /rustc/6067b36314ab5eb2eb47cecc464545ba58e1ad24/library/std/src/panicking.rs:298:22
[INFO] [stdout]    9:     0x70dc4156fa78 - std::panicking::default_hook::h20f81eb0576efcec
[INFO] [stdout]                                at /rustc/6067b36314ab5eb2eb47cecc464545ba58e1ad24/library/std/src/panicking.rs:322:9
[INFO] [stdout]   10:     0x5e54f2eb15c3 - <alloc::boxed::Box<F,A> as core::ops::function::Fn<Args>>::call::hdb53814c496a4d34
[INFO] [stdout]                                at /rustc/6067b36314ab5eb2eb47cecc464545ba58e1ad24/library/alloc/src/boxed.rs:2027:9
[INFO] [stdout]   11:     0x5e54f2eb15c3 - test::test_main::{{closure}}::hc0a4963c59427c24
[INFO] [stdout]                                at /rustc/6067b36314ab5eb2eb47cecc464545ba58e1ad24/library/test/src/lib.rs:134:21
[INFO] [stdout]   12:     0x70dc415707c3 - <alloc::boxed::Box<F,A> as core::ops::function::Fn<Args>>::call::h591b2225413a77e9
[INFO] [stdout]                                at /rustc/6067b36314ab5eb2eb47cecc464545ba58e1ad24/library/alloc/src/boxed.rs:2027:9
[INFO] [stdout]   13:     0x70dc415707c3 - std::panicking::rust_panic_with_hook::h625eea43051b2edc
[INFO] [stdout]                                at /rustc/6067b36314ab5eb2eb47cecc464545ba58e1ad24/library/std/src/panicking.rs:839:13
[INFO] [stdout]   14:     0x70dc41570446 - std::panicking::begin_panic_handler::{{closure}}::h4f9159cfbc3f6bd3
[INFO] [stdout]                                at /rustc/6067b36314ab5eb2eb47cecc464545ba58e1ad24/library/std/src/panicking.rs:697:13
[INFO] [stdout]   15:     0x70dc4156dd49 - std::sys::backtrace::__rust_end_short_backtrace::h0390abce48353151
[INFO] [stdout]                                at /rustc/6067b36314ab5eb2eb47cecc464545ba58e1ad24/library/std/src/sys/backtrace.rs:168:18
[INFO] [stdout]   16:     0x70dc4157010d - rust_begin_unwind
[INFO] [stdout]                                at /rustc/6067b36314ab5eb2eb47cecc464545ba58e1ad24/library/std/src/panicking.rs:695:5
[INFO] [stdout]   17:     0x70dc415bb780 - core::panicking::panic_fmt::h9e7c637e9e5f29c9
[INFO] [stdout]                                at /rustc/6067b36314ab5eb2eb47cecc464545ba58e1ad24/library/core/src/panicking.rs:75:14
[INFO] [stdout]   18:     0x70dc415bb80c - core::panicking::panic::haa3255ea20181a33
[INFO] [stdout]                                at /rustc/6067b36314ab5eb2eb47cecc464545ba58e1ad24/library/core/src/panicking.rs:145:5
[INFO] [stdout]   19:     0x70dc415bb5e9 - core::option::unwrap_failed::h5e50c20db1c9e8f1
[INFO] [stdout]                                at /rustc/6067b36314ab5eb2eb47cecc464545ba58e1ad24/library/core/src/option.rs:2015:5
[INFO] [stdout]   20:     0x5e54f2e533f4 - core::option::Option<T>::unwrap::h7576dc325f9ab4af
[INFO] [stdout]                                at /rustc/6067b36314ab5eb2eb47cecc464545ba58e1ad24/library/core/src/option.rs:978:21
[INFO] [stdout]   21:     0x5e54f2e533f4 - dataplatform_rust_sdk::http::ResponseError::from_err::ha813d5a8a0ff612c
[INFO] [stdout]                                at /opt/rustwide/workdir/src/http.rs:18:31
[INFO] [stdout]   22:     0x5e54f2e4b047 - dataplatform_rust_sdk::generic::ApiServiceProvider::execute_post_request::{{closure}}::{{closure}}::h75a4a2aa5386355b
[INFO] [stdout]                                at /opt/rustwide/workdir/src/generic.rs:142:17
[INFO] [stdout]   23:     0x5e54f2e4e853 - core::result::Result<T,E>::map_err::h08b5935f70b89e3e
[INFO] [stdout]                                at /rustc/6067b36314ab5eb2eb47cecc464545ba58e1ad24/library/core/src/result.rs:856:27
[INFO] [stdout]   24:     0x5e54f2e49b45 - dataplatform_rust_sdk::generic::ApiServiceProvider::execute_post_request::{{closure}}::ha6953b033c263540
[INFO] [stdout]                                at /opt/rustwide/workdir/src/generic.rs:135:24
[INFO] [stdout]   25:     0x5e54f2e64f25 - dataplatform_rust_sdk::timeseries::TimeSeriesService::delete::{{closure}}::h12e4feed38729589
[INFO] [stdout]                                at /opt/rustwide/workdir/src/timeseries/mod.rs:69:47
[INFO] [stdout]   26:     0x5e54f2e6ef1e - dataplatform_rust_sdk::tests::delete_timeseries::{{closure}}::h042d75c41d73731b
[INFO] [stdout]                                at /opt/rustwide/workdir/src/lib.rs:259:69
[INFO] [stdout]   27:     0x5e54f2e737c2 - dataplatform_rust_sdk::tests::test_create_and_delete_timeseries::{{closure}}::ha8ff720d3a37d439
[INFO] [stdout]                                at /opt/rustwide/workdir/src/lib.rs:212:52
[INFO] [stdout]   28:     0x5e54f2e59bff - <core::pin::Pin<P> as core::future::future::Future>::poll::h84281723e8137088
[INFO] [stdout]                                at /rustc/6067b36314ab5eb2eb47cecc464545ba58e1ad24/library/core/src/future/future.rs:124:9
[INFO] [stdout]   29:     0x5e54f2e59c5b - <core::pin::Pin<P> as core::future::future::Future>::poll::h9355bba3ced9c056
[INFO] [stdout]                                at /rustc/6067b36314ab5eb2eb47cecc464545ba58e1ad24/library/core/src/future/future.rs:124:9
[INFO] [stdout]   30:     0x5e54f2e6168e - tokio::runtime::scheduler::current_thread::CoreGuard::block_on::{{closure}}::{{closure}}::{{closure}}::h29c208e498d25c4b
[INFO] [stdout]                                at /opt/rustwide/cargo-home/registry/src/index.crates.io-1949cf8c6b5b557f/tokio-1.43.0/src/runtime/scheduler/current_thread/mod.rs:729:57
[INFO] [stdout]   31:     0x5e54f2e615c5 - tokio::runtime::coop::with_budget::h37e2565cd75b38bc
[INFO] [stdout]                                at /opt/rustwide/cargo-home/registry/src/index.crates.io-1949cf8c6b5b557f/tokio-1.43.0/src/runtime/coop.rs:107:5
[INFO] [stdout]   32:     0x5e54f2e615c5 - tokio::runtime::coop::budget::h5bfc39a0fcf1a6a3
[INFO] [stdout]                                at /opt/rustwide/cargo-home/registry/src/index.crates.io-1949cf8c6b5b557f/tokio-1.43.0/src/runtime/coop.rs:73:5
[INFO] [stdout]   33:     0x5e54f2e615c5 - tokio::runtime::scheduler::current_thread::CoreGuard::block_on::{{closure}}::{{closure}}::hed6a961342017eaa
[INFO] [stdout]                                at /opt/rustwide/cargo-home/registry/src/index.crates.io-1949cf8c6b5b557f/tokio-1.43.0/src/runtime/scheduler/current_thread/mod.rs:729:25
[INFO] [stdout]   34:     0x5e54f2e5e56d - tokio::runtime::scheduler::current_thread::Context::enter::h31665c0324409927
[INFO] [stdout]                                at /opt/rustwide/cargo-home/registry/src/index.crates.io-1949cf8c6b5b557f/tokio-1.43.0/src/runtime/scheduler/current_thread/mod.rs:428:19
[INFO] [stdout]   35:     0x5e54f2e601fe - tokio::runtime::scheduler::current_thread::CoreGuard::block_on::{{closure}}::h49a8f78e75145ea4
[INFO] [stdout]                                at /opt/rustwide/cargo-home/registry/src/index.crates.io-1949cf8c6b5b557f/tokio-1.43.0/src/runtime/scheduler/current_thread/mod.rs:728:36
[INFO] [stdout]   36:     0x5e54f2e5feab - tokio::runtime::scheduler::current_thread::CoreGuard::enter::{{closure}}::h78ca47695a2655d2
[INFO] [stdout]                                at /opt/rustwide/cargo-home/registry/src/index.crates.io-1949cf8c6b5b557f/tokio-1.43.0/src/runtime/scheduler/current_thread/mod.rs:807:68
[INFO] [stdout]   37:     0x5e54f2e4700a - tokio::runtime::context::scoped::Scoped<T>::set::hc61358c35b00fae3
[INFO] [stdout]                                at /opt/rustwide/cargo-home/registry/src/index.crates.io-1949cf8c6b5b557f/tokio-1.43.0/src/runtime/context/scoped.rs:40:9
[INFO] [stdout]   38:     0x5e54f2e5c49a - tokio::runtime::context::set_scheduler::{{closure}}::h2ae785d88a1addeb
[INFO] [stdout]                                at /opt/rustwide/cargo-home/registry/src/index.crates.io-1949cf8c6b5b557f/tokio-1.43.0/src/runtime/context.rs:180:26
[INFO] [stdout]   39:     0x5e54f2e3b9f5 - std::thread::local::LocalKey<T>::try_with::h140e810f17471b32
[INFO] [stdout]                                at /rustc/6067b36314ab5eb2eb47cecc464545ba58e1ad24/library/std/src/thread/local.rs:308:12
[INFO] [stdout]   40:     0x5e54f2e3b77c - std::thread::local::LocalKey<T>::with::hf17ba865cfd8c62f
[INFO] [stdout]                                at /rustc/6067b36314ab5eb2eb47cecc464545ba58e1ad24/library/std/src/thread/local.rs:272:9
[INFO] [stdout]   41:     0x5e54f2e5c3e1 - tokio::runtime::context::set_scheduler::h5854a56653d1f15c
[INFO] [stdout]                                at /opt/rustwide/cargo-home/registry/src/index.crates.io-1949cf8c6b5b557f/tokio-1.43.0/src/runtime/context.rs:180:9
[INFO] [stdout]   42:     0x5e54f2e5fc0e - tokio::runtime::scheduler::current_thread::CoreGuard::enter::hed0147d84077edb6
[INFO] [stdout]                                at /opt/rustwide/cargo-home/registry/src/index.crates.io-1949cf8c6b5b557f/tokio-1.43.0/src/runtime/scheduler/current_thread/mod.rs:807:27
[INFO] [stdout]   43:     0x5e54f2e5ff11 - tokio::runtime::scheduler::current_thread::CoreGuard::block_on::hc5c18f913a73ee6d
[INFO] [stdout]                                at /opt/rustwide/cargo-home/registry/src/index.crates.io-1949cf8c6b5b557f/tokio-1.43.0/src/runtime/scheduler/current_thread/mod.rs:716:19
[INFO] [stdout]   44:     0x5e54f2e5de7d - tokio::runtime::scheduler::current_thread::CurrentThread::block_on::{{closure}}::hbc65dae412b3ed09
[INFO] [stdout]                                at /opt/rustwide/cargo-home/registry/src/index.crates.io-1949cf8c6b5b557f/tokio-1.43.0/src/runtime/scheduler/current_thread/mod.rs:196:28
[INFO] [stdout]   45:     0x5e54f2e5c7a2 - tokio::runtime::context::runtime::enter_runtime::h09305d615de5997e
[INFO] [stdout]                                at /opt/rustwide/cargo-home/registry/src/index.crates.io-1949cf8c6b5b557f/tokio-1.43.0/src/runtime/context/runtime.rs:65:16
[INFO] [stdout]   46:     0x5e54f2e5d727 - tokio::runtime::scheduler::current_thread::CurrentThread::block_on::hd0e189f0837a74ad
[INFO] [stdout]                                at /opt/rustwide/cargo-home/registry/src/index.crates.io-1949cf8c6b5b557f/tokio-1.43.0/src/runtime/scheduler/current_thread/mod.rs:184:9
[INFO] [stdout]   47:     0x5e54f2e474d2 - tokio::runtime::runtime::Runtime::block_on_inner::h6ebcf851568c8c2c
[INFO] [stdout]                                at /opt/rustwide/cargo-home/registry/src/index.crates.io-1949cf8c6b5b557f/tokio-1.43.0/src/runtime/runtime.rs:368:47
[INFO] [stdout]   48:     0x5e54f2e4772f - tokio::runtime::runtime::Runtime::block_on::hb2815c9dd1754808
[INFO] [stdout]                                at /opt/rustwide/cargo-home/registry/src/index.crates.io-1949cf8c6b5b557f/tokio-1.43.0/src/runtime/runtime.rs:342:13
[INFO] [stdout]   49:     0x5e54f2e73487 - dataplatform_rust_sdk::tests::test_create_and_delete_timeseries::hef15331b44fbf64b
[INFO] [stdout]                                at /opt/rustwide/workdir/src/lib.rs:249:9
[INFO] [stdout]   50:     0x5e54f2e73327 - dataplatform_rust_sdk::tests::test_create_and_delete_timeseries::{{closure}}::h8891c93805c31654
[INFO] [stdout]                                at /opt/rustwide/workdir/src/lib.rs:207:53
[INFO] [stdout]   51:     0x5e54f2e284c6 - core::ops::function::FnOnce::call_once::h0f5ac8400d6f12e2
[INFO] [stdout]                                at /rustc/6067b36314ab5eb2eb47cecc464545ba58e1ad24/library/core/src/ops/function.rs:250:5
[INFO] [stdout]   52:     0x5e54f2eb6d1b - core::ops::function::FnOnce::call_once::he27718dfdd183f43
[INFO] [stdout]                                at /rustc/6067b36314ab5eb2eb47cecc464545ba58e1ad24/library/core/src/ops/function.rs:250:5
[INFO] [stdout]   53:     0x5e54f2eb6d1b - test::__rust_begin_short_backtrace::h4e84902998457a5d
[INFO] [stdout]                                at /rustc/6067b36314ab5eb2eb47cecc464545ba58e1ad24/library/test/src/lib.rs:632:18
[INFO] [stdout]   54:     0x5e54f2eb5c53 - test::run_test_in_process::{{closure}}::h7176fd18fc1feca0
[INFO] [stdout]                                at /rustc/6067b36314ab5eb2eb47cecc464545ba58e1ad24/library/test/src/lib.rs:655:60
[INFO] [stdout]   55:     0x5e54f2eb5c53 - <core::panic::unwind_safe::AssertUnwindSafe<F> as core::ops::function::FnOnce<()>>::call_once::hf79cff2a624d8cf7
[INFO] [stdout]                                at /rustc/6067b36314ab5eb2eb47cecc464545ba58e1ad24/library/core/src/panic/unwind_safe.rs:272:9
[INFO] [stdout]   56:     0x5e54f2eb5c53 - std::panicking::try::do_call::h3da0561d9ab99c25
[INFO] [stdout]                                at /rustc/6067b36314ab5eb2eb47cecc464545ba58e1ad24/library/std/src/panicking.rs:587:40
[INFO] [stdout]   57:     0x5e54f2eb5c53 - std::panicking::try::h41c9fa508bc61df6
[INFO] [stdout]                                at /rustc/6067b36314ab5eb2eb47cecc464545ba58e1ad24/library/std/src/panicking.rs:550:19
[INFO] [stdout]   58:     0x5e54f2eb5c53 - std::panic::catch_unwind::h6b3ff07bb5afad93
[INFO] [stdout]                                at /rustc/6067b36314ab5eb2eb47cecc464545ba58e1ad24/library/std/src/panic.rs:358:14
[INFO] [stdout]   59:     0x5e54f2eb5c53 - test::run_test_in_process::hc7253dd11b39b9f4
[INFO] [stdout]                                at /rustc/6067b36314ab5eb2eb47cecc464545ba58e1ad24/library/test/src/lib.rs:655:27
[INFO] [stdout]   60:     0x5e54f2eb5c53 - test::run_test::{{closure}}::hfb2007f8649c30bb
[INFO] [stdout]                                at /rustc/6067b36314ab5eb2eb47cecc464545ba58e1ad24/library/test/src/lib.rs:576:43
[INFO] [stdout]   61:     0x5e54f2e78d35 - test::run_test::{{closure}}::h56a17aa7a282a9f4
[INFO] [stdout]                                at /rustc/6067b36314ab5eb2eb47cecc464545ba58e1ad24/library/test/src/lib.rs:606:41
[INFO] [stdout]   62:     0x5e54f2e78d35 - std::sys::backtrace::__rust_begin_short_backtrace::hd2d2d2fb8e8c6aac
[INFO] [stdout]                                at /rustc/6067b36314ab5eb2eb47cecc464545ba58e1ad24/library/std/src/sys/backtrace.rs:152:18
[INFO] [stdout]   63:     0x5e54f2e7c61a - std::thread::Builder::spawn_unchecked_::{{closure}}::{{closure}}::h4faa3f9db6133423
[INFO] [stdout]                                at /rustc/6067b36314ab5eb2eb47cecc464545ba58e1ad24/library/std/src/thread/mod.rs:559:17
[INFO] [stdout]   64:     0x5e54f2e7c61a - <core::panic::unwind_safe::AssertUnwindSafe<F> as core::ops::function::FnOnce<()>>::call_once::hf2e855a36a4ea846
[INFO] [stdout]                                at /rustc/6067b36314ab5eb2eb47cecc464545ba58e1ad24/library/core/src/panic/unwind_safe.rs:272:9
[INFO] [stdout]   65:     0x5e54f2e7c61a - std::panicking::try::do_call::h2f73af3616c35465
[INFO] [stdout]                                at /rustc/6067b36314ab5eb2eb47cecc464545ba58e1ad24/library/std/src/panicking.rs:587:40
[INFO] [stdout]   66:     0x5e54f2e7c61a - std::panicking::try::hd1660ce9efadef5a
[INFO] [stdout]                                at /rustc/6067b36314ab5eb2eb47cecc464545ba58e1ad24/library/std/src/panicking.rs:550:19
[INFO] [stdout]   67:     0x5e54f2e7c61a - std::panic::catch_unwind::h5ee8d7823b8ca744
[INFO] [stdout]                                at /rustc/6067b36314ab5eb2eb47cecc464545ba58e1ad24/library/std/src/panic.rs:358:14
[INFO] [stdout]   68:     0x5e54f2e7c61a - std::thread::Builder::spawn_unchecked_::{{closure}}::h53c3a1894dce8407
[INFO] [stdout]                                at /rustc/6067b36314ab5eb2eb47cecc464545ba58e1ad24/library/std/src/thread/mod.rs:557:30
[INFO] [stdout]   69:     0x5e54f2e7c61a - core::ops::function::FnOnce::call_once{{vtable.shim}}::h048ce291ad4f62bf
[INFO] [stdout]                                at /rustc/6067b36314ab5eb2eb47cecc464545ba58e1ad24/library/core/src/ops/function.rs:250:5
[INFO] [stdout]   70:     0x70dc4157a89b - <alloc::boxed::Box<F,A> as core::ops::function::FnOnce<Args>>::call_once::ha52bedf99a3b4981
[INFO] [stdout]                                at /rustc/6067b36314ab5eb2eb47cecc464545ba58e1ad24/library/alloc/src/boxed.rs:2013:9
[INFO] [stdout]   71:     0x70dc4157a89b - <alloc::boxed::Box<F,A> as core::ops::function::FnOnce<Args>>::call_once::h567748934d80ccf8
[INFO] [stdout]                                at /rustc/6067b36314ab5eb2eb47cecc464545ba58e1ad24/library/alloc/src/boxed.rs:2013:9
[INFO] [stdout]   72:     0x70dc4157a89b - std::sys::pal::unix::thread::Thread::new::thread_start::h2d970728ae887adc
[INFO] [stdout]                                at /rustc/6067b36314ab5eb2eb47cecc464545ba58e1ad24/library/std/src/sys/pal/unix/thread.rs:106:17
[INFO] [stdout]   73:     0x70dc40cfeac3 - <unknown>
[INFO] [stdout]   74:     0x70dc40d8fa04 - clone
[INFO] [stdout]   75:                0x0 - <unknown>
[INFO] [stdout] 
[INFO] [stdout] ---- tests::test_timeseries_requests stdout ----
[INFO] [stdout] HTTP request failed: error sending request for url (http://localhost:8081/timeseries?limit=5)
[INFO] [stdout] 
[INFO] [stdout] thread 'tests::test_timeseries_requests' panicked at src/http.rs:18:46:
[INFO] [stdout] called `Option::unwrap()` on a `None` value
[INFO] [stdout] stack backtrace:
[INFO] [stdout]    0:     0x70dc4156d84a - std::backtrace_rs::backtrace::libunwind::trace::hb059275cfc8d6126
[INFO] [stdout]                                at /rustc/6067b36314ab5eb2eb47cecc464545ba58e1ad24/library/std/src/../../backtrace/src/backtrace/libunwind.rs:116:5
[INFO] [stdout]    1:     0x70dc4156d84a - std::backtrace_rs::backtrace::trace_unsynchronized::h2da071e4327ce3ee
[INFO] [stdout]                                at /rustc/6067b36314ab5eb2eb47cecc464545ba58e1ad24/library/std/src/../../backtrace/src/backtrace/mod.rs:66:5
[INFO] [stdout]    2:     0x70dc4156d84a - std::sys::backtrace::_print_fmt::h842a1474e6f8d23f
[INFO] [stdout]                                at /rustc/6067b36314ab5eb2eb47cecc464545ba58e1ad24/library/std/src/sys/backtrace.rs:66:9
[INFO] [stdout]    3:     0x70dc4156d84a - <std::sys::backtrace::BacktraceLock::print::DisplayBacktrace as core::fmt::Display>::fmt::h71a62eb3b9696b12
[INFO] [stdout]                                at /rustc/6067b36314ab5eb2eb47cecc464545ba58e1ad24/library/std/src/sys/backtrace.rs:39:26
[INFO] [stdout]    4:     0x70dc415bf6b3 - core::fmt::rt::Argument::fmt::hdb6b616786b41dc1
[INFO] [stdout]                                at /rustc/6067b36314ab5eb2eb47cecc464545ba58e1ad24/library/core/src/fmt/rt.rs:177:76
[INFO] [stdout]    5:     0x70dc415bf6b3 - core::fmt::write::h2cc1698af7e2d686
[INFO] [stdout]                                at /rustc/6067b36314ab5eb2eb47cecc464545ba58e1ad24/library/core/src/fmt/mod.rs:1440:21
[INFO] [stdout]    6:     0x70dc41561353 - std::io::Write::write_fmt::hab1b4cd059a79022
[INFO] [stdout]                                at /rustc/6067b36314ab5eb2eb47cecc464545ba58e1ad24/library/std/src/io/mod.rs:1887:15
[INFO] [stdout]    7:     0x70dc4156d692 - std::sys::backtrace::BacktraceLock::print::h147fe35b4ea13b08
[INFO] [stdout]                                at /rustc/6067b36314ab5eb2eb47cecc464545ba58e1ad24/library/std/src/sys/backtrace.rs:42:9
[INFO] [stdout]    8:     0x70dc4156fc5f - std::panicking::default_hook::{{closure}}::hbd44223dbdc0d208
[INFO] [stdout]                                at /rustc/6067b36314ab5eb2eb47cecc464545ba58e1ad24/library/std/src/panicking.rs:298:22
[INFO] [stdout]    9:     0x70dc4156fa78 - std::panicking::default_hook::h20f81eb0576efcec
[INFO] [stdout]                                at /rustc/6067b36314ab5eb2eb47cecc464545ba58e1ad24/library/std/src/panicking.rs:322:9
[INFO] [stdout]   10:     0x5e54f2eb15c3 - <alloc::boxed::Box<F,A> as core::ops::function::Fn<Args>>::call::hdb53814c496a4d34
[INFO] [stdout]                                at /rustc/6067b36314ab5eb2eb47cecc464545ba58e1ad24/library/alloc/src/boxed.rs:2027:9
[INFO] [stdout]   11:     0x5e54f2eb15c3 - test::test_main::{{closure}}::hc0a4963c59427c24
[INFO] [stdout]                                at /rustc/6067b36314ab5eb2eb47cecc464545ba58e1ad24/library/test/src/lib.rs:134:21
[INFO] [stdout]   12:     0x70dc415707c3 - <alloc::boxed::Box<F,A> as core::ops::function::Fn<Args>>::call::h591b2225413a77e9
[INFO] [stdout]                                at /rustc/6067b36314ab5eb2eb47cecc464545ba58e1ad24/library/alloc/src/boxed.rs:2027:9
[INFO] [stdout]   13:     0x70dc415707c3 - std::panicking::rust_panic_with_hook::h625eea43051b2edc
[INFO] [stdout]                                at /rustc/6067b36314ab5eb2eb47cecc464545ba58e1ad24/library/std/src/panicking.rs:839:13
[INFO] [stdout]   14:     0x70dc41570446 - std::panicking::begin_panic_handler::{{closure}}::h4f9159cfbc3f6bd3
[INFO] [stdout]                                at /rustc/6067b36314ab5eb2eb47cecc464545ba58e1ad24/library/std/src/panicking.rs:697:13
[INFO] [stdout]   15:     0x70dc4156dd49 - std::sys::backtrace::__rust_end_short_backtrace::h0390abce48353151
[INFO] [stdout]                                at /rustc/6067b36314ab5eb2eb47cecc464545ba58e1ad24/library/std/src/sys/backtrace.rs:168:18
[INFO] [stdout]   16:     0x70dc4157010d - rust_begin_unwind
[INFO] [stdout]                                at /rustc/6067b36314ab5eb2eb47cecc464545ba58e1ad24/library/std/src/panicking.rs:695:5
[INFO] [stdout]   17:     0x70dc415bb780 - core::panicking::panic_fmt::h9e7c637e9e5f29c9
[INFO] [stdout]                                at /rustc/6067b36314ab5eb2eb47cecc464545ba58e1ad24/library/core/src/panicking.rs:75:14
[INFO] [stdout]   18:     0x70dc415bb80c - core::panicking::panic::haa3255ea20181a33
[INFO] [stdout]                                at /rustc/6067b36314ab5eb2eb47cecc464545ba58e1ad24/library/core/src/panicking.rs:145:5
[INFO] [stdout]   19:     0x70dc415bb5e9 - core::option::unwrap_failed::h5e50c20db1c9e8f1
[INFO] [stdout]                                at /rustc/6067b36314ab5eb2eb47cecc464545ba58e1ad24/library/core/src/option.rs:2015:5
[INFO] [stdout]   20:     0x5e54f2e533f4 - core::option::Option<T>::unwrap::h7576dc325f9ab4af
[INFO] [stdout]                                at /rustc/6067b36314ab5eb2eb47cecc464545ba58e1ad24/library/core/src/option.rs:978:21
[INFO] [stdout]   21:     0x5e54f2e533f4 - dataplatform_rust_sdk::http::ResponseError::from_err::ha813d5a8a0ff612c
[INFO] [stdout]                                at /opt/rustwide/workdir/src/http.rs:18:31
[INFO] [stdout]   22:     0x5e54f2e648c7 - dataplatform_rust_sdk::timeseries::TimeSeriesService::list_with_limit::{{closure}}::{{closure}}::h27a2899d41e20b24
[INFO] [stdout]                                at /opt/rustwide/workdir/src/timeseries/mod.rs:51:17
[INFO] [stdout]   23:     0x5e54f2e4eca3 - core::result::Result<T,E>::map_err::ha65124ac5f1fa0ef
[INFO] [stdout]                                at /rustc/6067b36314ab5eb2eb47cecc464545ba58e1ad24/library/core/src/result.rs:856:27
[INFO] [stdout]   24:     0x5e54f2e6455e - dataplatform_rust_sdk::timeseries::TimeSeriesService::list_with_limit::{{closure}}::ha27cddadd645f479
[INFO] [stdout]                                at /opt/rustwide/workdir/src/timeseries/mod.rs:44:24
[INFO] [stdout]   25:     0x5e54f2e72c62 - dataplatform_rust_sdk::tests::test_timeseries_requests::{{closure}}::h8c318c72f4ecfa78
[INFO] [stdout]                                at /opt/rustwide/workdir/src/lib.rs:179:71
[INFO] [stdout]   26:     0x5e54f2e59bff - <core::pin::Pin<P> as core::future::future::Future>::poll::h84281723e8137088
[INFO] [stdout]                                at /rustc/6067b36314ab5eb2eb47cecc464545ba58e1ad24/library/core/src/future/future.rs:124:9
[INFO] [stdout]   27:     0x5e54f2e59c5b - <core::pin::Pin<P> as core::future::future::Future>::poll::h9355bba3ced9c056
[INFO] [stdout]                                at /rustc/6067b36314ab5eb2eb47cecc464545ba58e1ad24/library/core/src/future/future.rs:124:9
[INFO] [stdout]   28:     0x5e54f2e6168e - tokio::runtime::scheduler::current_thread::CoreGuard::block_on::{{closure}}::{{closure}}::{{closure}}::h29c208e498d25c4b
[INFO] [stdout]                                at /opt/rustwide/cargo-home/registry/src/index.crates.io-1949cf8c6b5b557f/tokio-1.43.0/src/runtime/scheduler/current_thread/mod.rs:729:57
[INFO] [stdout]   29:     0x5e54f2e615c5 - tokio::runtime::coop::with_budget::h37e2565cd75b38bc
[INFO] [stdout]                                at /opt/rustwide/cargo-home/registry/src/index.crates.io-1949cf8c6b5b557f/tokio-1.43.0/src/runtime/coop.rs:107:5
[INFO] [stdout]   30:     0x5e54f2e615c5 - tokio::runtime::coop::budget::h5bfc39a0fcf1a6a3
[INFO] [stdout]                                at /opt/rustwide/cargo-home/registry/src/index.crates.io-1949cf8c6b5b557f/tokio-1.43.0/src/runtime/coop.rs:73:5
[INFO] [stdout]   31:     0x5e54f2e615c5 - tokio::runtime::scheduler::current_thread::CoreGuard::block_on::{{closure}}::{{closure}}::hed6a961342017eaa
[INFO] [stdout]                                at /opt/rustwide/cargo-home/registry/src/index.crates.io-1949cf8c6b5b557f/tokio-1.43.0/src/runtime/scheduler/current_thread/mod.rs:729:25
[INFO] [stdout]   32:     0x5e54f2e5e56d - tokio::runtime::scheduler::current_thread::Context::enter::h31665c0324409927
[INFO] [stdout]                                at /opt/rustwide/cargo-home/registry/src/index.crates.io-1949cf8c6b5b557f/tokio-1.43.0/src/runtime/scheduler/current_thread/mod.rs:428:19
[INFO] [stdout]   33:     0x5e54f2e601fe - tokio::runtime::scheduler::current_thread::CoreGuard::block_on::{{closure}}::h49a8f78e75145ea4
[INFO] [stdout]                                at /opt/rustwide/cargo-home/registry/src/index.crates.io-1949cf8c6b5b557f/tokio-1.43.0/src/runtime/scheduler/current_thread/mod.rs:728:36
[INFO] [stdout]   34:     0x5e54f2e5feab - tokio::runtime::scheduler::current_thread::CoreGuard::enter::{{closure}}::h78ca47695a2655d2
[INFO] [stdout]                                at /opt/rustwide/cargo-home/registry/src/index.crates.io-1949cf8c6b5b557f/tokio-1.43.0/src/runtime/scheduler/current_thread/mod.rs:807:68
[INFO] [stdout]   35:     0x5e54f2e4700a - tokio::runtime::context::scoped::Scoped<T>::set::hc61358c35b00fae3
[INFO] [stdout]                                at /opt/rustwide/cargo-home/registry/src/index.crates.io-1949cf8c6b5b557f/tokio-1.43.0/src/runtime/context/scoped.rs:40:9
[INFO] [stdout]   36:     0x5e54f2e5c49a - tokio::runtime::context::set_scheduler::{{closure}}::h2ae785d88a1addeb
[INFO] [stdout]                                at /opt/rustwide/cargo-home/registry/src/index.crates.io-1949cf8c6b5b557f/tokio-1.43.0/src/runtime/context.rs:180:26
[INFO] [stdout]   37:     0x5e54f2e3b9f5 - std::thread::local::LocalKey<T>::try_with::h140e810f17471b32
[INFO] [stdout]                                at /rustc/6067b36314ab5eb2eb47cecc464545ba58e1ad24/library/std/src/thread/local.rs:308:12
[INFO] [stdout]   38:     0x5e54f2e3b77c - std::thread::local::LocalKey<T>::with::hf17ba865cfd8c62f
[INFO] [stdout]                                at /rustc/6067b36314ab5eb2eb47cecc464545ba58e1ad24/library/std/src/thread/local.rs:272:9
[INFO] [stdout]   39:     0x5e54f2e5c3e1 - tokio::runtime::context::set_scheduler::h5854a56653d1f15c
[INFO] [stdout]                                at /opt/rustwide/cargo-home/registry/src/index.crates.io-1949cf8c6b5b557f/tokio-1.43.0/src/runtime/context.rs:180:9
[INFO] [stdout]   40:     0x5e54f2e5fc0e - tokio::runtime::scheduler::current_thread::CoreGuard::enter::hed0147d84077edb6
[INFO] [stdout]                                at /opt/rustwide/cargo-home/registry/src/index.crates.io-1949cf8c6b5b557f/tokio-1.43.0/src/runtime/scheduler/current_thread/mod.rs:807:27
[INFO] [stdout]   41:     0x5e54f2e5ff11 - tokio::runtime::scheduler::current_thread::CoreGuard::block_on::hc5c18f913a73ee6d
[INFO] [stdout]                                at /opt/rustwide/cargo-home/registry/src/index.crates.io-1949cf8c6b5b557f/tokio-1.43.0/src/runtime/scheduler/current_thread/mod.rs:716:19
[INFO] [stdout]   42:     0x5e54f2e5de7d - tokio::runtime::scheduler::current_thread::CurrentThread::block_on::{{closure}}::hbc65dae412b3ed09
[INFO] [stdout]                                at /opt/rustwide/cargo-home/registry/src/index.crates.io-1949cf8c6b5b557f/tokio-1.43.0/src/runtime/scheduler/current_thread/mod.rs:196:28
[INFO] [stdout]   43:     0x5e54f2e5c7a2 - tokio::runtime::context::runtime::enter_runtime::h09305d615de5997e
[INFO] [stdout]                                at /opt/rustwide/cargo-home/registry/src/index.crates.io-1949cf8c6b5b557f/tokio-1.43.0/src/runtime/context/runtime.rs:65:16
[INFO] [stdout]   44:     0x5e54f2e5d727 - tokio::runtime::scheduler::current_thread::CurrentThread::block_on::hd0e189f0837a74ad
[INFO] [stdout]                                at /opt/rustwide/cargo-home/registry/src/index.crates.io-1949cf8c6b5b557f/tokio-1.43.0/src/runtime/scheduler/current_thread/mod.rs:184:9
[INFO] [stdout]   45:     0x5e54f2e474d2 - tokio::runtime::runtime::Runtime::block_on_inner::h6ebcf851568c8c2c
[INFO] [stdout]                                at /opt/rustwide/cargo-home/registry/src/index.crates.io-1949cf8c6b5b557f/tokio-1.43.0/src/runtime/runtime.rs:368:47
[INFO] [stdout]   46:     0x5e54f2e4772f - tokio::runtime::runtime::Runtime::block_on::hb2815c9dd1754808
[INFO] [stdout]                                at /opt/rustwide/cargo-home/registry/src/index.crates.io-1949cf8c6b5b557f/tokio-1.43.0/src/runtime/runtime.rs:342:13
[INFO] [stdout]   47:     0x5e54f2e72964 - dataplatform_rust_sdk::tests::test_timeseries_requests::h84678fbd5846e436
[INFO] [stdout]                                at /opt/rustwide/workdir/src/lib.rs:194:9
[INFO] [stdout]   48:     0x5e54f2e72807 - dataplatform_rust_sdk::tests::test_timeseries_requests::{{closure}}::hdc9004be908fe2c1
[INFO] [stdout]                                at /opt/rustwide/workdir/src/lib.rs:172:44
[INFO] [stdout]   49:     0x5e54f2e286e6 - core::ops::function::FnOnce::call_once::hadd7a072eeb9616d
[INFO] [stdout]                                at /rustc/6067b36314ab5eb2eb47cecc464545ba58e1ad24/library/core/src/ops/function.rs:250:5
[INFO] [stdout]   50:     0x5e54f2eb6d1b - core::ops::function::FnOnce::call_once::he27718dfdd183f43
[INFO] [stdout]                                at /rustc/6067b36314ab5eb2eb47cecc464545ba58e1ad24/library/core/src/ops/function.rs:250:5
[INFO] [stdout]   51:     0x5e54f2eb6d1b - test::__rust_begin_short_backtrace::h4e84902998457a5d
[INFO] [stdout]                                at /rustc/6067b36314ab5eb2eb47cecc464545ba58e1ad24/library/test/src/lib.rs:632:18
[INFO] [stdout]   52:     0x5e54f2eb5c53 - test::run_test_in_process::{{closure}}::h7176fd18fc1feca0
[INFO] [stdout]                                at /rustc/6067b36314ab5eb2eb47cecc464545ba58e1ad24/library/test/src/lib.rs:655:60
[INFO] [stdout]   53:     0x5e54f2eb5c53 - <core::panic::unwind_safe::AssertUnwindSafe<F> as core::ops::function::FnOnce<()>>::call_once::hf79cff2a624d8cf7
[INFO] [stdout]                                at /rustc/6067b36314ab5eb2eb47cecc464545ba58e1ad24/library/core/src/panic/unwind_safe.rs:272:9
[INFO] [stdout]   54:     0x5e54f2eb5c53 - std::panicking::try::do_call::h3da0561d9ab99c25
[INFO] [stdout]                                at /rustc/6067b36314ab5eb2eb47cecc464545ba58e1ad24/library/std/src/panicking.rs:587:40
[INFO] [stdout]   55:     0x5e54f2eb5c53 - std::panicking::try::h41c9fa508bc61df6
[INFO] [stdout]                                at /rustc/6067b36314ab5eb2eb47cecc464545ba58e1ad24/library/std/src/panicking.rs:550:19
[INFO] [stdout]   56:     0x5e54f2eb5c53 - std::panic::catch_unwind::h6b3ff07bb5afad93
[INFO] [stdout]                                at /rustc/6067b36314ab5eb2eb47cecc464545ba58e1ad24/library/std/src/panic.rs:358:14
[INFO] [stdout]   57:     0x5e54f2eb5c53 - test::run_test_in_process::hc7253dd11b39b9f4
[INFO] [stdout]                                at /rustc/6067b36314ab5eb2eb47cecc464545ba58e1ad24/library/test/src/lib.rs:655:27
[INFO] [stdout]   58:     0x5e54f2eb5c53 - test::run_test::{{closure}}::hfb2007f8649c30bb
[INFO] [stdout]                                at /rustc/6067b36314ab5eb2eb47cecc464545ba58e1ad24/library/test/src/lib.rs:576:43
[INFO] [stdout]   59:     0x5e54f2e78d35 - test::run_test::{{closure}}::h56a17aa7a282a9f4
[INFO] [stdout]                                at /rustc/6067b36314ab5eb2eb47cecc464545ba58e1ad24/library/test/src/lib.rs:606:41
[INFO] [stdout]   60:     0x5e54f2e78d35 - std::sys::backtrace::__rust_begin_short_backtrace::hd2d2d2fb8e8c6aac
[INFO] [stdout]                                at /rustc/6067b36314ab5eb2eb47cecc464545ba58e1ad24/library/std/src/sys/backtrace.rs:152:18
[INFO] [stdout]   61:     0x5e54f2e7c61a - std::thread::Builder::spawn_unchecked_::{{closure}}::{{closure}}::h4faa3f9db6133423
[INFO] [stdout]                                at /rustc/6067b36314ab5eb2eb47cecc464545ba58e1ad24/library/std/src/thread/mod.rs:559:17
[INFO] [stdout]   62:     0x5e54f2e7c61a - <core::panic::unwind_safe::AssertUnwindSafe<F> as core::ops::function::FnOnce<()>>::call_once::hf2e855a36a4ea846
[INFO] [stdout]                                at /rustc/6067b36314ab5eb2eb47cecc464545ba58e1ad24/library/core/src/panic/unwind_safe.rs:272:9
[INFO] [stdout]   63:     0x5e54f2e7c61a - std::panicking::try::do_call::h2f73af3616c35465
[INFO] [stdout]                                at /rustc/6067b36314ab5eb2eb47cecc464545ba58e1ad24/library/std/src/panicking.rs:587:40
[INFO] [stdout]   64:     0x5e54f2e7c61a - std::panicking::try::hd1660ce9efadef5a
[INFO] [stdout]                                at /rustc/6067b36314ab5eb2eb47cecc464545ba58e1ad24/library/std/src/panicking.rs:550:19
[INFO] [stdout]   65:     0x5e54f2e7c61a - std::panic::catch_unwind::h5ee8d7823b8ca744
[INFO] [stdout]                                at /rustc/6067b36314ab5eb2eb47cecc464545ba58e1ad24/library/std/src/panic.rs:358:14
[INFO] [stdout]   66:     0x5e54f2e7c61a - std::thread::Builder::spawn_unchecked_::{{closure}}::h53c3a1894dce8407
[INFO] [stdout]                                at /rustc/6067b36314ab5eb2eb47cecc464545ba58e1ad24/library/std/src/thread/mod.rs:557:30
[INFO] [stdout]   67:     0x5e54f2e7c61a - core::ops::function::FnOnce::call_once{{vtable.shim}}::h048ce291ad4f62bf
[INFO] [stdout]                                at /rustc/6067b36314ab5eb2eb47cecc464545ba58e1ad24/library/core/src/ops/function.rs:250:5
[INFO] [stdout]   68:     0x70dc4157a89b - <alloc::boxed::Box<F,A> as core::ops::function::FnOnce<Args>>::call_once::ha52bedf99a3b4981
[INFO] [stdout]                                at /rustc/6067b36314ab5eb2eb47cecc464545ba58e1ad24/library/alloc/src/boxed.rs:2013:9
[INFO] [stdout]   69:     0x70dc4157a89b - <alloc::boxed::Box<F,A> as core::ops::function::FnOnce<Args>>::call_once::h567748934d80ccf8
[INFO] [stdout]                                at /rustc/6067b36314ab5eb2eb47cecc464545ba58e1ad24/library/alloc/src/boxed.rs:2013:9
[INFO] [stdout]   70:     0x70dc4157a89b - std::sys::pal::unix::thread::Thread::new::thread_start::h2d970728ae887adc
[INFO] [stdout]                                at /rustc/6067b36314ab5eb2eb47cecc464545ba58e1ad24/library/std/src/sys/pal/unix/thread.rs:106:17
[INFO] [stdout]   71:     0x70dc40cfeac3 - <unknown>
[INFO] [stdout]   72:     0x70dc40d8fa04 - clone
[INFO] [stdout]   73:                0x0 - <unknown>
[INFO] [stdout] 
[INFO] [stdout] 
[INFO] [stdout] failures:
[INFO] [stdout]     tests::test_create_and_delete_timeseries
[INFO] [stdout]     tests::test_create_and_update_and_delete_timeseries
[INFO] [stdout]     tests::test_timeseries_requests
[INFO] [stdout]     tests::test_unit_requests
[INFO] [stdout]     tests::test_update_timeseries_without_id
[INFO] [stdout] 
[INFO] [stdout] test result: FAILED. 0 passed; 5 failed; 0 ignored; 0 measured; 0 filtered out; finished in 0.20s
[INFO] [stdout] 
[INFO] [stderr] error: test failed, to rerun pass `--lib`
[INFO] running `Command { std: "docker" "inspect" "c189a9e29b9519aea40436cba618ba900a659d81ed34ead2a0f59585bba7f10d", kill_on_drop: false }`
[INFO] running `Command { std: "docker" "rm" "-f" "c189a9e29b9519aea40436cba618ba900a659d81ed34ead2a0f59585bba7f10d", kill_on_drop: false }`
[INFO] [stdout] c189a9e29b9519aea40436cba618ba900a659d81ed34ead2a0f59585bba7f10d
