[INFO] cloning repository https://github.com/Illuminate-dev/polysolve
[INFO] running `Command { std: "git" "-c" "credential.helper=" "-c" "credential.helper=/workspace/cargo-home/bin/git-credential-null" "clone" "--bare" "https://github.com/Illuminate-dev/polysolve" "/workspace/cache/git-repos/https%3A%2F%2Fgithub.com%2FIlluminate-dev%2Fpolysolve", kill_on_drop: false }`
[INFO] [stderr] Cloning into bare repository '/workspace/cache/git-repos/https%3A%2F%2Fgithub.com%2FIlluminate-dev%2Fpolysolve'...
[INFO] running `Command { std: "git" "rev-parse" "HEAD", kill_on_drop: false }`
[INFO] [stdout] a2b172448f19cd1409498eef98e577fcf91d75f0
[INFO] testing Illuminate-dev/polysolve against nightly-2025-01-18+rustflags=-Zrandomize-layout for randomize-layout-2
[INFO] running `Command { std: "git" "clone" "/workspace/cache/git-repos/https%3A%2F%2Fgithub.com%2FIlluminate-dev%2Fpolysolve" "/workspace/builds/worker-2-tc2/source", kill_on_drop: false }`
[INFO] [stderr] Cloning into '/workspace/builds/worker-2-tc2/source'...
[INFO] [stderr] done.
[INFO] validating manifest of git repo https://github.com/Illuminate-dev/polysolve on toolchain nightly-2025-01-18
[INFO] running `Command { std: CARGO_HOME="/workspace/cargo-home" RUSTUP_HOME="/workspace/rustup-home" "/workspace/cargo-home/bin/cargo" "+nightly-2025-01-18" "metadata" "--manifest-path" "Cargo.toml" "--no-deps", kill_on_drop: false }`
[INFO] started tweaking git repo https://github.com/Illuminate-dev/polysolve
[INFO] finished tweaking git repo https://github.com/Illuminate-dev/polysolve
[INFO] tweaked toml for git repo https://github.com/Illuminate-dev/polysolve written to /workspace/builds/worker-2-tc2/source/Cargo.toml
[INFO] crate git repo https://github.com/Illuminate-dev/polysolve already has a lockfile, it will not be regenerated
[INFO] running `Command { std: CARGO_HOME="/workspace/cargo-home" RUSTUP_HOME="/workspace/rustup-home" "/workspace/cargo-home/bin/cargo" "+nightly-2025-01-18" "fetch" "--manifest-path" "Cargo.toml", kill_on_drop: false }`
[INFO] running `Command { std: "docker" "create" "-v" "/var/lib/crater-agent-workspace/builds/worker-2-tc2/target:/opt/rustwide/target:rw,Z" "-v" "/var/lib/crater-agent-workspace/builds/worker-2-tc2/source:/opt/rustwide/workdir:ro,Z" "-v" "/var/lib/crater-agent-workspace/cargo-home:/opt/rustwide/cargo-home:ro,Z" "-v" "/var/lib/crater-agent-workspace/rustup-home:/opt/rustwide/rustup-home:ro,Z" "-e" "SOURCE_DIR=/opt/rustwide/workdir" "-e" "CARGO_TARGET_DIR=/opt/rustwide/target" "-e" "CARGO_HOME=/opt/rustwide/cargo-home" "-e" "RUSTUP_HOME=/opt/rustwide/rustup-home" "-w" "/opt/rustwide/workdir" "-m" "1610612736" "--user" "0:0" "--network" "none" "ghcr.io/rust-lang/crates-build-env/linux@sha256:819108c5571ea2e421544af4d832f968d213c87fbe3707a016657f43d2f853bc" "/opt/rustwide/cargo-home/bin/cargo" "+nightly-2025-01-18" "metadata" "--no-deps" "--format-version=1", kill_on_drop: false }`
[INFO] [stdout] 43c7d387183a6e33e5d404b5146002add8a832afb0ec61620ef4f67bbbf4e6bd
[INFO] running `Command { std: "docker" "start" "-a" "43c7d387183a6e33e5d404b5146002add8a832afb0ec61620ef4f67bbbf4e6bd", kill_on_drop: false }`
[INFO] running `Command { std: "docker" "inspect" "43c7d387183a6e33e5d404b5146002add8a832afb0ec61620ef4f67bbbf4e6bd", kill_on_drop: false }`
[INFO] running `Command { std: "docker" "rm" "-f" "43c7d387183a6e33e5d404b5146002add8a832afb0ec61620ef4f67bbbf4e6bd", kill_on_drop: false }`
[INFO] [stdout] 43c7d387183a6e33e5d404b5146002add8a832afb0ec61620ef4f67bbbf4e6bd
[INFO] running `Command { std: "docker" "create" "-v" "/var/lib/crater-agent-workspace/builds/worker-2-tc2/target:/opt/rustwide/target:rw,Z" "-v" "/var/lib/crater-agent-workspace/builds/worker-2-tc2/source:/opt/rustwide/workdir:ro,Z" "-v" "/var/lib/crater-agent-workspace/cargo-home:/opt/rustwide/cargo-home:ro,Z" "-v" "/var/lib/crater-agent-workspace/rustup-home:/opt/rustwide/rustup-home:ro,Z" "-e" "SOURCE_DIR=/opt/rustwide/workdir" "-e" "CARGO_TARGET_DIR=/opt/rustwide/target" "-e" "CARGO_INCREMENTAL=0" "-e" "RUST_BACKTRACE=full" "-e" "RUSTFLAGS=--cap-lints=forbid -Zrandomize-layout" "-e" "RUSTDOCFLAGS=--cap-lints=forbid" "-e" "CARGO_HOME=/opt/rustwide/cargo-home" "-e" "RUSTUP_HOME=/opt/rustwide/rustup-home" "-w" "/opt/rustwide/workdir" "-m" "1610612736" "--user" "0:0" "--network" "none" "ghcr.io/rust-lang/crates-build-env/linux@sha256:819108c5571ea2e421544af4d832f968d213c87fbe3707a016657f43d2f853bc" "/opt/rustwide/cargo-home/bin/cargo" "+nightly-2025-01-18" "build" "--frozen" "--message-format=json", kill_on_drop: false }`
[INFO] [stdout] 4d380ec2fdea8dbadf73b03750212e5caf9ad4c17b3d9e2b71aed593959020d9
[INFO] running `Command { std: "docker" "start" "-a" "4d380ec2fdea8dbadf73b03750212e5caf9ad4c17b3d9e2b71aed593959020d9", kill_on_drop: false }`
[INFO] [stderr]    Compiling polysolve v0.1.0 (/opt/rustwide/workdir)
[INFO] [stdout] warning: struct `Term` is never constructed
[INFO] [stdout]  --> src/types/mod.rs:8:8
[INFO] [stdout]   |
[INFO] [stdout] 8 | struct Term {
[INFO] [stdout]   |        ^^^^
[INFO] [stdout]   |
[INFO] [stdout]   = note: `#[warn(dead_code)]` on by default
[INFO] [stdout] 
[INFO] [stdout] 
[INFO] [stdout] warning: associated items `new` and `evaluate` are never used
[INFO] [stdout]   --> src/types/mod.rs:14:8
[INFO] [stdout]    |
[INFO] [stdout] 13 | impl Term {
[INFO] [stdout]    | --------- associated items in this implementation
[INFO] [stdout] 14 |     fn new(coefficient: Number, degree: i32) -> Self {
[INFO] [stdout]    |        ^^^
[INFO] [stdout] ...
[INFO] [stdout] 21 |     fn evaluate(&self, x: Number) -> Number {
[INFO] [stdout]    |        ^^^^^^^^
[INFO] [stdout] 
[INFO] [stdout] 
[INFO] [stdout] warning: struct `PolynomialFunction` is never constructed
[INFO] [stdout]   --> src/types/mod.rs:28:8
[INFO] [stdout]    |
[INFO] [stdout] 28 | struct PolynomialFunction {
[INFO] [stdout]    |        ^^^^^^^^^^^^^^^^^^
[INFO] [stdout] 
[INFO] [stdout] 
[INFO] [stdout] warning: associated items `new`, `simplify`, `evaluate`, and `roots` are never used
[INFO] [stdout]   --> src/types/mod.rs:33:8
[INFO] [stdout]    |
[INFO] [stdout] 32 | impl PolynomialFunction {
[INFO] [stdout]    | ----------------------- associated items in this implementation
[INFO] [stdout] 33 |     fn new(terms: Vec<Term>) -> Self {
[INFO] [stdout]    |        ^^^
[INFO] [stdout] ...
[INFO] [stdout] 39 |     fn simplify(&mut self) {
[INFO] [stdout]    |        ^^^^^^^^
[INFO] [stdout] ...
[INFO] [stdout] 62 |     pub fn evaluate(&self, x: f64) -> f64 {
[INFO] [stdout]    |            ^^^^^^^^
[INFO] [stdout] ...
[INFO] [stdout] 74 |     fn roots(&self) -> Vec<Number> {
[INFO] [stdout]    |        ^^^^^
[INFO] [stdout] 
[INFO] [stdout] 
[INFO] [stdout] warning: methods `not_zero`, `factors`, `is_integer`, and `pow` are never used
[INFO] [stdout]   --> src/types/number.rs:35:12
[INFO] [stdout]    |
[INFO] [stdout] 18 | impl Number {
[INFO] [stdout]    | ----------- methods in this implementation
[INFO] [stdout] ...
[INFO] [stdout] 35 |     pub fn not_zero(&self) -> bool {
[INFO] [stdout]    |            ^^^^^^^^
[INFO] [stdout] ...
[INFO] [stdout] 39 |     pub fn factors(&self) -> Vec<i32> {
[INFO] [stdout]    |            ^^^^^^^
[INFO] [stdout] ...
[INFO] [stdout] 47 |     pub fn is_integer(&self) -> bool {
[INFO] [stdout]    |            ^^^^^^^^^^
[INFO] [stdout] ...
[INFO] [stdout] 51 |     pub fn pow(&self, degree: i32) -> Number {
[INFO] [stdout]    |            ^^^
[INFO] [stdout] 
[INFO] [stdout] 
[INFO] [stderr]     Finished `dev` profile [unoptimized + debuginfo] target(s) in 0.46s
[INFO] running `Command { std: "docker" "inspect" "4d380ec2fdea8dbadf73b03750212e5caf9ad4c17b3d9e2b71aed593959020d9", kill_on_drop: false }`
[INFO] running `Command { std: "docker" "rm" "-f" "4d380ec2fdea8dbadf73b03750212e5caf9ad4c17b3d9e2b71aed593959020d9", kill_on_drop: false }`
[INFO] [stdout] 4d380ec2fdea8dbadf73b03750212e5caf9ad4c17b3d9e2b71aed593959020d9
[INFO] running `Command { std: "docker" "create" "-v" "/var/lib/crater-agent-workspace/builds/worker-2-tc2/target:/opt/rustwide/target:rw,Z" "-v" "/var/lib/crater-agent-workspace/builds/worker-2-tc2/source:/opt/rustwide/workdir:ro,Z" "-v" "/var/lib/crater-agent-workspace/cargo-home:/opt/rustwide/cargo-home:ro,Z" "-v" "/var/lib/crater-agent-workspace/rustup-home:/opt/rustwide/rustup-home:ro,Z" "-e" "SOURCE_DIR=/opt/rustwide/workdir" "-e" "CARGO_TARGET_DIR=/opt/rustwide/target" "-e" "CARGO_INCREMENTAL=0" "-e" "RUST_BACKTRACE=full" "-e" "RUSTFLAGS=--cap-lints=forbid -Zrandomize-layout" "-e" "RUSTDOCFLAGS=--cap-lints=forbid" "-e" "CARGO_HOME=/opt/rustwide/cargo-home" "-e" "RUSTUP_HOME=/opt/rustwide/rustup-home" "-w" "/opt/rustwide/workdir" "-m" "1610612736" "--user" "0:0" "--network" "none" "ghcr.io/rust-lang/crates-build-env/linux@sha256:819108c5571ea2e421544af4d832f968d213c87fbe3707a016657f43d2f853bc" "/opt/rustwide/cargo-home/bin/cargo" "+nightly-2025-01-18" "test" "--frozen" "--no-run" "--message-format=json", kill_on_drop: false }`
[INFO] [stdout] e877e18a76846b9973edb12bb1b76032bfeaf67c391c301a389a11a8ca2235a4
[INFO] running `Command { std: "docker" "start" "-a" "e877e18a76846b9973edb12bb1b76032bfeaf67c391c301a389a11a8ca2235a4", kill_on_drop: false }`
[INFO] [stderr]    Compiling polysolve v0.1.0 (/opt/rustwide/workdir)
[INFO] [stdout] warning: struct `Term` is never constructed
[INFO] [stdout]  --> src/types/mod.rs:8:8
[INFO] [stdout]   |
[INFO] [stdout] 8 | struct Term {
[INFO] [stdout]   |        ^^^^
[INFO] [stdout]   |
[INFO] [stdout]   = note: `#[warn(dead_code)]` on by default
[INFO] [stdout] 
[INFO] [stdout] 
[INFO] [stdout] warning: associated items `new` and `evaluate` are never used
[INFO] [stdout]   --> src/types/mod.rs:14:8
[INFO] [stdout]    |
[INFO] [stdout] 13 | impl Term {
[INFO] [stdout]    | --------- associated items in this implementation
[INFO] [stdout] 14 |     fn new(coefficient: Number, degree: i32) -> Self {
[INFO] [stdout]    |        ^^^
[INFO] [stdout] ...
[INFO] [stdout] 21 |     fn evaluate(&self, x: Number) -> Number {
[INFO] [stdout]    |        ^^^^^^^^
[INFO] [stdout] 
[INFO] [stdout] 
[INFO] [stdout] warning: struct `PolynomialFunction` is never constructed
[INFO] [stdout]   --> src/types/mod.rs:28:8
[INFO] [stdout]    |
[INFO] [stdout] 28 | struct PolynomialFunction {
[INFO] [stdout]    |        ^^^^^^^^^^^^^^^^^^
[INFO] [stdout] 
[INFO] [stdout] 
[INFO] [stdout] warning: associated items `new`, `simplify`, `evaluate`, and `roots` are never used
[INFO] [stdout]   --> src/types/mod.rs:33:8
[INFO] [stdout]    |
[INFO] [stdout] 32 | impl PolynomialFunction {
[INFO] [stdout]    | ----------------------- associated items in this implementation
[INFO] [stdout] 33 |     fn new(terms: Vec<Term>) -> Self {
[INFO] [stdout]    |        ^^^
[INFO] [stdout] ...
[INFO] [stdout] 39 |     fn simplify(&mut self) {
[INFO] [stdout]    |        ^^^^^^^^
[INFO] [stdout] ...
[INFO] [stdout] 62 |     pub fn evaluate(&self, x: f64) -> f64 {
[INFO] [stdout]    |            ^^^^^^^^
[INFO] [stdout] ...
[INFO] [stdout] 74 |     fn roots(&self) -> Vec<Number> {
[INFO] [stdout]    |        ^^^^^
[INFO] [stdout] 
[INFO] [stdout] 
[INFO] [stdout] warning: methods `not_zero`, `factors`, `is_integer`, and `pow` are never used
[INFO] [stdout]   --> src/types/number.rs:35:12
[INFO] [stdout]    |
[INFO] [stdout] 18 | impl Number {
[INFO] [stdout]    | ----------- methods in this implementation
[INFO] [stdout] ...
[INFO] [stdout] 35 |     pub fn not_zero(&self) -> bool {
[INFO] [stdout]    |            ^^^^^^^^
[INFO] [stdout] ...
[INFO] [stdout] 39 |     pub fn factors(&self) -> Vec<i32> {
[INFO] [stdout]    |            ^^^^^^^
[INFO] [stdout] ...
[INFO] [stdout] 47 |     pub fn is_integer(&self) -> bool {
[INFO] [stdout]    |            ^^^^^^^^^^
[INFO] [stdout] ...
[INFO] [stdout] 51 |     pub fn pow(&self, degree: i32) -> Number {
[INFO] [stdout]    |            ^^^
[INFO] [stdout] 
[INFO] [stdout] 
[INFO] [stderr]     Finished `test` profile [unoptimized + debuginfo] target(s) in 0.99s
[INFO] running `Command { std: "docker" "inspect" "e877e18a76846b9973edb12bb1b76032bfeaf67c391c301a389a11a8ca2235a4", kill_on_drop: false }`
[INFO] running `Command { std: "docker" "rm" "-f" "e877e18a76846b9973edb12bb1b76032bfeaf67c391c301a389a11a8ca2235a4", kill_on_drop: false }`
[INFO] [stdout] e877e18a76846b9973edb12bb1b76032bfeaf67c391c301a389a11a8ca2235a4
[INFO] running `Command { std: "docker" "create" "-v" "/var/lib/crater-agent-workspace/builds/worker-2-tc2/target:/opt/rustwide/target:rw,Z" "-v" "/var/lib/crater-agent-workspace/builds/worker-2-tc2/source:/opt/rustwide/workdir:ro,Z" "-v" "/var/lib/crater-agent-workspace/cargo-home:/opt/rustwide/cargo-home:ro,Z" "-v" "/var/lib/crater-agent-workspace/rustup-home:/opt/rustwide/rustup-home:ro,Z" "-e" "SOURCE_DIR=/opt/rustwide/workdir" "-e" "CARGO_TARGET_DIR=/opt/rustwide/target" "-e" "CARGO_INCREMENTAL=0" "-e" "RUST_BACKTRACE=full" "-e" "RUSTFLAGS=--cap-lints=forbid -Zrandomize-layout" "-e" "RUSTDOCFLAGS=--cap-lints=forbid" "-e" "CARGO_HOME=/opt/rustwide/cargo-home" "-e" "RUSTUP_HOME=/opt/rustwide/rustup-home" "-w" "/opt/rustwide/workdir" "-m" "1610612736" "--user" "0:0" "--network" "none" "ghcr.io/rust-lang/crates-build-env/linux@sha256:819108c5571ea2e421544af4d832f968d213c87fbe3707a016657f43d2f853bc" "/opt/rustwide/cargo-home/bin/cargo" "+nightly-2025-01-18" "test" "--frozen", kill_on_drop: false }`
[INFO] [stdout] 577b936d97b4e0900d7a5c0d8295ec6b5f55d44d28f7119bcc6e2b192b80c38b
[INFO] running `Command { std: "docker" "start" "-a" "577b936d97b4e0900d7a5c0d8295ec6b5f55d44d28f7119bcc6e2b192b80c38b", kill_on_drop: false }`
[INFO] [stderr] warning: struct `Term` is never constructed
[INFO] [stderr]  --> src/types/mod.rs:8:8
[INFO] [stderr]   |
[INFO] [stderr] 8 | struct Term {
[INFO] [stderr]   |        ^^^^
[INFO] [stderr]   |
[INFO] [stderr]   = note: `#[warn(dead_code)]` on by default
[INFO] [stderr] 
[INFO] [stderr] warning: associated items `new` and `evaluate` are never used
[INFO] [stderr]   --> src/types/mod.rs:14:8
[INFO] [stderr]    |
[INFO] [stderr] 13 | impl Term {
[INFO] [stderr]    | --------- associated items in this implementation
[INFO] [stderr] 14 |     fn new(coefficient: Number, degree: i32) -> Self {
[INFO] [stderr]    |        ^^^
[INFO] [stderr] ...
[INFO] [stderr] 21 |     fn evaluate(&self, x: Number) -> Number {
[INFO] [stderr]    |        ^^^^^^^^
[INFO] [stderr] 
[INFO] [stderr] warning: struct `PolynomialFunction` is never constructed
[INFO] [stderr]   --> src/types/mod.rs:28:8
[INFO] [stderr]    |
[INFO] [stderr] 28 | struct PolynomialFunction {
[INFO] [stderr]    |        ^^^^^^^^^^^^^^^^^^
[INFO] [stderr] 
[INFO] [stderr] warning: associated items `new`, `simplify`, `evaluate`, and `roots` are never used
[INFO] [stderr]   --> src/types/mod.rs:33:8
[INFO] [stderr]    |
[INFO] [stderr] 32 | impl PolynomialFunction {
[INFO] [stderr]    | ----------------------- associated items in this implementation
[INFO] [stderr] 33 |     fn new(terms: Vec<Term>) -> Self {
[INFO] [stderr]    |        ^^^
[INFO] [stderr] ...
[INFO] [stderr] 39 |     fn simplify(&mut self) {
[INFO] [stderr]    |        ^^^^^^^^
[INFO] [stderr] ...
[INFO] [stderr] 62 |     pub fn evaluate(&self, x: f64) -> f64 {
[INFO] [stderr]    |            ^^^^^^^^
[INFO] [stderr] ...
[INFO] [stderr] 74 |     fn roots(&self) -> Vec<Number> {
[INFO] [stderr]    |        ^^^^^
[INFO] [stderr] 
[INFO] [stderr] warning: methods `not_zero`, `factors`, `is_integer`, and `pow` are never used
[INFO] [stderr]   --> src/types/number.rs:35:12
[INFO] [stderr]    |
[INFO] [stderr] 18 | impl Number {
[INFO] [stderr]    | ----------- methods in this implementation
[INFO] [stderr] ...
[INFO] [stderr] 35 |     pub fn not_zero(&self) -> bool {
[INFO] [stderr]    |            ^^^^^^^^
[INFO] [stderr] ...
[INFO] [stderr] 39 |     pub fn factors(&self) -> Vec<i32> {
[INFO] [stderr]    |            ^^^^^^^
[INFO] [stderr] ...
[INFO] [stderr] 47 |     pub fn is_integer(&self) -> bool {
[INFO] [stderr]    |            ^^^^^^^^^^
[INFO] [stderr] ...
[INFO] [stderr] 51 |     pub fn pow(&self, degree: i32) -> Number {
[INFO] [stderr]    |            ^^^
[INFO] [stderr] 
[INFO] [stderr] warning: `polysolve` (lib) generated 5 warnings
[INFO] [stderr]     Finished `test` profile [unoptimized + debuginfo] target(s) in 0.01s
[INFO] [stderr]      Running unittests src/lib.rs (/opt/rustwide/target/debug/deps/polysolve-0a1a97c49568139d)
[INFO] [stdout] 
[INFO] [stdout] running 10 tests
[INFO] [stdout] test types::number::tests::test_division ... ok
[INFO] [stdout] test types::number::tests::test_multiplication ... ok
[INFO] [stdout] test types::number::tests::test_pow ... ok
[INFO] [stdout] test types::number::tests::test_simplify ... ok
[INFO] [stdout] test types::tests::find_roots ... ok
[INFO] [stdout] test types::tests::find_roots_fractional ... ok
[INFO] [stdout] test types::tests::evaluate ... ok
[INFO] [stdout] test types::tests::poly_new ... ok
[INFO] [stdout] test types::tests::simplify ... ok
[INFO] [stdout] test types::tests::find_roots_irrational ... FAILED
[INFO] [stdout] 
[INFO] [stdout] failures:
[INFO] [stdout] 
[INFO] [stdout] ---- types::tests::find_roots_irrational stdout ----
[INFO] [stdout] 
[INFO] [stdout] thread 'types::tests::find_roots_irrational' panicked at src/types/number.rs:73:21:
[INFO] [stdout] attempt to multiply with overflow
[INFO] [stdout] stack backtrace:
[INFO] [stdout]    0:     0x6133ea8340ea - std::backtrace_rs::backtrace::libunwind::trace::hb059275cfc8d6126
[INFO] [stdout]                                at /rustc/6067b36314ab5eb2eb47cecc464545ba58e1ad24/library/std/src/../../backtrace/src/backtrace/libunwind.rs:116:5
[INFO] [stdout]    1:     0x6133ea8340ea - std::backtrace_rs::backtrace::trace_unsynchronized::h2da071e4327ce3ee
[INFO] [stdout]                                at /rustc/6067b36314ab5eb2eb47cecc464545ba58e1ad24/library/std/src/../../backtrace/src/backtrace/mod.rs:66:5
[INFO] [stdout]    2:     0x6133ea8340ea - std::sys::backtrace::_print_fmt::h842a1474e6f8d23f
[INFO] [stdout]                                at /rustc/6067b36314ab5eb2eb47cecc464545ba58e1ad24/library/std/src/sys/backtrace.rs:66:9
[INFO] [stdout]    3:     0x6133ea8340ea - <std::sys::backtrace::BacktraceLock::print::DisplayBacktrace as core::fmt::Display>::fmt::h71a62eb3b9696b12
[INFO] [stdout]                                at /rustc/6067b36314ab5eb2eb47cecc464545ba58e1ad24/library/std/src/sys/backtrace.rs:39:26
[INFO] [stdout]    4:     0x6133ea85bbd3 - core::fmt::rt::Argument::fmt::hdb6b616786b41dc1
[INFO] [stdout]                                at /rustc/6067b36314ab5eb2eb47cecc464545ba58e1ad24/library/core/src/fmt/rt.rs:177:76
[INFO] [stdout]    5:     0x6133ea85bbd3 - core::fmt::write::h2cc1698af7e2d686
[INFO] [stdout]                                at /rustc/6067b36314ab5eb2eb47cecc464545ba58e1ad24/library/core/src/fmt/mod.rs:1440:21
[INFO] [stdout]    6:     0x6133ea830c43 - std::io::Write::write_fmt::hab1b4cd059a79022
[INFO] [stdout]                                at /rustc/6067b36314ab5eb2eb47cecc464545ba58e1ad24/library/std/src/io/mod.rs:1887:15
[INFO] [stdout]    7:     0x6133ea833f32 - std::sys::backtrace::BacktraceLock::print::h147fe35b4ea13b08
[INFO] [stdout]                                at /rustc/6067b36314ab5eb2eb47cecc464545ba58e1ad24/library/std/src/sys/backtrace.rs:42:9
[INFO] [stdout]    8:     0x6133ea83550f - std::panicking::default_hook::{{closure}}::hbd44223dbdc0d208
[INFO] [stdout]                                at /rustc/6067b36314ab5eb2eb47cecc464545ba58e1ad24/library/std/src/panicking.rs:298:22
[INFO] [stdout]    9:     0x6133ea835328 - std::panicking::default_hook::h20f81eb0576efcec
[INFO] [stdout]                                at /rustc/6067b36314ab5eb2eb47cecc464545ba58e1ad24/library/std/src/panicking.rs:322:9
[INFO] [stdout]   10:     0x6133ea7fe143 - <alloc::boxed::Box<F,A> as core::ops::function::Fn<Args>>::call::hdb53814c496a4d34
[INFO] [stdout]                                at /rustc/6067b36314ab5eb2eb47cecc464545ba58e1ad24/library/alloc/src/boxed.rs:2027:9
[INFO] [stdout]   11:     0x6133ea7fe143 - test::test_main::{{closure}}::hc0a4963c59427c24
[INFO] [stdout]                                at /rustc/6067b36314ab5eb2eb47cecc464545ba58e1ad24/library/test/src/lib.rs:134:21
[INFO] [stdout]   12:     0x6133ea836003 - <alloc::boxed::Box<F,A> as core::ops::function::Fn<Args>>::call::h591b2225413a77e9
[INFO] [stdout]                                at /rustc/6067b36314ab5eb2eb47cecc464545ba58e1ad24/library/alloc/src/boxed.rs:2027:9
[INFO] [stdout]   13:     0x6133ea836003 - std::panicking::rust_panic_with_hook::h625eea43051b2edc
[INFO] [stdout]                                at /rustc/6067b36314ab5eb2eb47cecc464545ba58e1ad24/library/std/src/panicking.rs:839:13
[INFO] [stdout]   14:     0x6133ea835c86 - std::panicking::begin_panic_handler::{{closure}}::h4f9159cfbc3f6bd3
[INFO] [stdout]                                at /rustc/6067b36314ab5eb2eb47cecc464545ba58e1ad24/library/std/src/panicking.rs:697:13
[INFO] [stdout]   15:     0x6133ea8345e9 - std::sys::backtrace::__rust_end_short_backtrace::h0390abce48353151
[INFO] [stdout]                                at /rustc/6067b36314ab5eb2eb47cecc464545ba58e1ad24/library/std/src/sys/backtrace.rs:168:18
[INFO] [stdout]   16:     0x6133ea83594d - rust_begin_unwind
[INFO] [stdout]                                at /rustc/6067b36314ab5eb2eb47cecc464545ba58e1ad24/library/std/src/panicking.rs:695:5
[INFO] [stdout]   17:     0x6133ea85a200 - core::panicking::panic_fmt::h9e7c637e9e5f29c9
[INFO] [stdout]                                at /rustc/6067b36314ab5eb2eb47cecc464545ba58e1ad24/library/core/src/panicking.rs:75:14
[INFO] [stdout]   18:     0x6133ea860867 - core::panicking::panic_const::panic_const_mul_overflow::hb1189aaa83b63bf8
[INFO] [stdout]                                at /rustc/6067b36314ab5eb2eb47cecc464545ba58e1ad24/library/core/src/panicking.rs:178:21
[INFO] [stdout]   19:     0x6133ea7bb62e - <polysolve::types::number::Number as core::ops::arith::Add>::add::h96304a2ca353af98
[INFO] [stdout]                                at /opt/rustwide/workdir/src/types/number.rs:73:21
[INFO] [stdout]   20:     0x6133ea7c1c81 - polysolve::types::PolynomialFunction::_evaluate::{{closure}}::h044001904bcc9a62
[INFO] [stdout]                                at /opt/rustwide/workdir/src/types/mod.rs:71:38
[INFO] [stdout]   21:     0x6133ea7beb30 - <core::slice::iter::Iter<T> as core::iter::traits::iterator::Iterator>::fold::h8baf95f4a5701d3e
[INFO] [stdout]                                at /rustc/6067b36314ab5eb2eb47cecc464545ba58e1ad24/library/core/src/slice/iter/macros.rs:232:27
[INFO] [stdout]   22:     0x6133ea7c1bfe - polysolve::types::PolynomialFunction::_evaluate::h0edb0484539121dc
[INFO] [stdout]                                at /opt/rustwide/workdir/src/types/mod.rs:69:9
[INFO] [stdout]   23:     0x6133ea7c20d6 - polysolve::types::PolynomialFunction::roots::h0498dd0ba295401f
[INFO] [stdout]                                at /opt/rustwide/workdir/src/types/mod.rs:123:16
[INFO] [stdout]   24:     0x6133ea7b8a74 - polysolve::types::tests::find_roots_irrational::h40578de0ac9b77b8
[INFO] [stdout]                                at /opt/rustwide/workdir/src/types/mod.rs:226:25
[INFO] [stdout]   25:     0x6133ea7b88c7 - polysolve::types::tests::find_roots_irrational::{{closure}}::he7fa0b635853feb3
[INFO] [stdout]                                at /opt/rustwide/workdir/src/types/mod.rs:218:31
[INFO] [stdout]   26:     0x6133ea7bc9f6 - core::ops::function::FnOnce::call_once::h00ea53fe4c912f64
[INFO] [stdout]                                at /rustc/6067b36314ab5eb2eb47cecc464545ba58e1ad24/library/core/src/ops/function.rs:250:5
[INFO] [stdout]   27:     0x6133ea80389b - core::ops::function::FnOnce::call_once::he27718dfdd183f43
[INFO] [stdout]                                at /rustc/6067b36314ab5eb2eb47cecc464545ba58e1ad24/library/core/src/ops/function.rs:250:5
[INFO] [stdout]   28:     0x6133ea80389b - test::__rust_begin_short_backtrace::h4e84902998457a5d
[INFO] [stdout]                                at /rustc/6067b36314ab5eb2eb47cecc464545ba58e1ad24/library/test/src/lib.rs:632:18
[INFO] [stdout]   29:     0x6133ea8027d3 - test::run_test_in_process::{{closure}}::h7176fd18fc1feca0
[INFO] [stdout]                                at /rustc/6067b36314ab5eb2eb47cecc464545ba58e1ad24/library/test/src/lib.rs:655:60
[INFO] [stdout]   30:     0x6133ea8027d3 - <core::panic::unwind_safe::AssertUnwindSafe<F> as core::ops::function::FnOnce<()>>::call_once::hf79cff2a624d8cf7
[INFO] [stdout]                                at /rustc/6067b36314ab5eb2eb47cecc464545ba58e1ad24/library/core/src/panic/unwind_safe.rs:272:9
[INFO] [stdout]   31:     0x6133ea8027d3 - std::panicking::try::do_call::h3da0561d9ab99c25
[INFO] [stdout]                                at /rustc/6067b36314ab5eb2eb47cecc464545ba58e1ad24/library/std/src/panicking.rs:587:40
[INFO] [stdout]   32:     0x6133ea8027d3 - std::panicking::try::h41c9fa508bc61df6
[INFO] [stdout]                                at /rustc/6067b36314ab5eb2eb47cecc464545ba58e1ad24/library/std/src/panicking.rs:550:19
[INFO] [stdout]   33:     0x6133ea8027d3 - std::panic::catch_unwind::h6b3ff07bb5afad93
[INFO] [stdout]                                at /rustc/6067b36314ab5eb2eb47cecc464545ba58e1ad24/library/std/src/panic.rs:358:14
[INFO] [stdout]   34:     0x6133ea8027d3 - test::run_test_in_process::hc7253dd11b39b9f4
[INFO] [stdout]                                at /rustc/6067b36314ab5eb2eb47cecc464545ba58e1ad24/library/test/src/lib.rs:655:27
[INFO] [stdout]   35:     0x6133ea8027d3 - test::run_test::{{closure}}::hfb2007f8649c30bb
[INFO] [stdout]                                at /rustc/6067b36314ab5eb2eb47cecc464545ba58e1ad24/library/test/src/lib.rs:576:43
[INFO] [stdout]   36:     0x6133ea7c58b5 - test::run_test::{{closure}}::h56a17aa7a282a9f4
[INFO] [stdout]                                at /rustc/6067b36314ab5eb2eb47cecc464545ba58e1ad24/library/test/src/lib.rs:606:41
[INFO] [stdout]   37:     0x6133ea7c58b5 - std::sys::backtrace::__rust_begin_short_backtrace::hd2d2d2fb8e8c6aac
[INFO] [stdout]                                at /rustc/6067b36314ab5eb2eb47cecc464545ba58e1ad24/library/std/src/sys/backtrace.rs:152:18
[INFO] [stdout]   38:     0x6133ea7c919a - std::thread::Builder::spawn_unchecked_::{{closure}}::{{closure}}::h4faa3f9db6133423
[INFO] [stdout]                                at /rustc/6067b36314ab5eb2eb47cecc464545ba58e1ad24/library/std/src/thread/mod.rs:559:17
[INFO] [stdout]   39:     0x6133ea7c919a - <core::panic::unwind_safe::AssertUnwindSafe<F> as core::ops::function::FnOnce<()>>::call_once::hf2e855a36a4ea846
[INFO] [stdout]                                at /rustc/6067b36314ab5eb2eb47cecc464545ba58e1ad24/library/core/src/panic/unwind_safe.rs:272:9
[INFO] [stdout]   40:     0x6133ea7c919a - std::panicking::try::do_call::h2f73af3616c35465
[INFO] [stdout]                                at /rustc/6067b36314ab5eb2eb47cecc464545ba58e1ad24/library/std/src/panicking.rs:587:40
[INFO] [stdout]   41:     0x6133ea7c919a - std::panicking::try::hd1660ce9efadef5a
[INFO] [stdout]                                at /rustc/6067b36314ab5eb2eb47cecc464545ba58e1ad24/library/std/src/panicking.rs:550:19
[INFO] [stdout]   42:     0x6133ea7c919a - std::panic::catch_unwind::h5ee8d7823b8ca744
[INFO] [stdout]                                at /rustc/6067b36314ab5eb2eb47cecc464545ba58e1ad24/library/std/src/panic.rs:358:14
[INFO] [stdout]   43:     0x6133ea7c919a - std::thread::Builder::spawn_unchecked_::{{closure}}::h53c3a1894dce8407
[INFO] [stdout]                                at /rustc/6067b36314ab5eb2eb47cecc464545ba58e1ad24/library/std/src/thread/mod.rs:557:30
[INFO] [stdout]   44:     0x6133ea7c919a - core::ops::function::FnOnce::call_once{{vtable.shim}}::h048ce291ad4f62bf
[INFO] [stdout]                                at /rustc/6067b36314ab5eb2eb47cecc464545ba58e1ad24/library/core/src/ops/function.rs:250:5
[INFO] [stdout]   45:     0x6133ea839f3b - <alloc::boxed::Box<F,A> as core::ops::function::FnOnce<Args>>::call_once::ha52bedf99a3b4981
[INFO] [stdout]                                at /rustc/6067b36314ab5eb2eb47cecc464545ba58e1ad24/library/alloc/src/boxed.rs:2013:9
[INFO] [stdout]   46:     0x6133ea839f3b - <alloc::boxed::Box<F,A> as core::ops::function::FnOnce<Args>>::call_once::h567748934d80ccf8
[INFO] [stdout]                                at /rustc/6067b36314ab5eb2eb47cecc464545ba58e1ad24/library/alloc/src/boxed.rs:2013:9
[INFO] [stdout]   47:     0x6133ea839f3b - std::sys::pal::unix::thread::Thread::new::thread_start::h2d970728ae887adc
[INFO] [stdout]                                at /rustc/6067b36314ab5eb2eb47cecc464545ba58e1ad24/library/std/src/sys/pal/unix/thread.rs:106:17
[INFO] [stdout]   48:     0x77166ff50ac3 - <unknown>
[INFO] [stdout]   49:     0x77166ffe1a04 - clone
[INFO] [stdout]   50:                0x0 - <unknown>
[INFO] [stdout] 
[INFO] [stdout] 
[INFO] [stdout] failures:
[INFO] [stdout]     types::tests::find_roots_irrational
[INFO] [stdout] 
[INFO] [stdout] test result: FAILED. 9 passed; 1 failed; 0 ignored; 0 measured; 0 filtered out; finished in 0.04s
[INFO] [stdout] 
[INFO] [stderr] error: test failed, to rerun pass `--lib`
[INFO] running `Command { std: "docker" "inspect" "577b936d97b4e0900d7a5c0d8295ec6b5f55d44d28f7119bcc6e2b192b80c38b", kill_on_drop: false }`
[INFO] running `Command { std: "docker" "rm" "-f" "577b936d97b4e0900d7a5c0d8295ec6b5f55d44d28f7119bcc6e2b192b80c38b", kill_on_drop: false }`
[INFO] [stdout] 577b936d97b4e0900d7a5c0d8295ec6b5f55d44d28f7119bcc6e2b192b80c38b
