[INFO] cloning repository https://github.com/Hydrostic/vatsim-stat
[INFO] running `Command { std: "git" "-c" "credential.helper=" "-c" "credential.helper=/workspace/cargo-home/bin/git-credential-null" "clone" "--bare" "https://github.com/Hydrostic/vatsim-stat" "/workspace/cache/git-repos/https%3A%2F%2Fgithub.com%2FHydrostic%2Fvatsim-stat", kill_on_drop: false }`
[INFO] [stderr] Cloning into bare repository '/workspace/cache/git-repos/https%3A%2F%2Fgithub.com%2FHydrostic%2Fvatsim-stat'...
[INFO] running `Command { std: "git" "rev-parse" "HEAD", kill_on_drop: false }`
[INFO] [stdout] 007acf62ab5b615f2635e61c17456b932e0ad2a3
[INFO] testing Hydrostic/vatsim-stat against nightly-2025-01-18 for randomize-layout-2
[INFO] running `Command { std: "git" "clone" "/workspace/cache/git-repos/https%3A%2F%2Fgithub.com%2FHydrostic%2Fvatsim-stat" "/workspace/builds/worker-7-tc1/source", kill_on_drop: false }`
[INFO] [stderr] Cloning into '/workspace/builds/worker-7-tc1/source'...
[INFO] [stderr] done.
[INFO] validating manifest of git repo https://github.com/Hydrostic/vatsim-stat on toolchain nightly-2025-01-18
[INFO] running `Command { std: CARGO_HOME="/workspace/cargo-home" RUSTUP_HOME="/workspace/rustup-home" "/workspace/cargo-home/bin/cargo" "+nightly-2025-01-18" "metadata" "--manifest-path" "Cargo.toml" "--no-deps", kill_on_drop: false }`
[INFO] started tweaking git repo https://github.com/Hydrostic/vatsim-stat
[INFO] finished tweaking git repo https://github.com/Hydrostic/vatsim-stat
[INFO] tweaked toml for git repo https://github.com/Hydrostic/vatsim-stat written to /workspace/builds/worker-7-tc1/source/Cargo.toml
[INFO] crate git repo https://github.com/Hydrostic/vatsim-stat already has a lockfile, it will not be regenerated
[INFO] running `Command { std: CARGO_HOME="/workspace/cargo-home" RUSTUP_HOME="/workspace/rustup-home" "/workspace/cargo-home/bin/cargo" "+nightly-2025-01-18" "fetch" "--manifest-path" "Cargo.toml", kill_on_drop: false }`
[INFO] [stderr]     Updating crates.io index
[INFO] [stderr]  Downloading crates ...
[INFO] [stderr]   Downloaded xitca-io v0.4.1
[INFO] [stderr]   Downloaded utf16_lit v2.0.2
[INFO] [stderr]   Downloaded pangocairo-sys v0.20.7
[INFO] [stderr]   Downloaded associative-cache v2.0.0
[INFO] [stderr]   Downloaded piet-cairo v0.7.0
[INFO] [stderr]   Downloaded unic-ucd-bidi v0.9.0
[INFO] [stderr]   Downloaded piet-coregraphics v0.7.0
[INFO] [stderr]   Downloaded serde_with v3.12.0
[INFO] [stderr]   Downloaded piet-direct2d v0.7.0
[INFO] [stderr]   Downloaded prettyplease v0.2.28
[INFO] [stderr]   Downloaded xitca-http v0.6.0
[INFO] [stderr]   Downloaded xitca-web v0.6.2
[INFO] [stderr]   Downloaded serde_with_macros v3.12.0
[INFO] [stderr]   Downloaded unic-bidi v0.9.0
[INFO] [stderr]   Downloaded core-text v21.0.0
[INFO] [stderr]   Downloaded piet-web v0.7.0
[INFO] [stderr]   Downloaded xitca-unsafe-collection v0.2.0
[INFO] [stderr]   Downloaded piet-common v0.7.0
[INFO] [stderr]   Downloaded xitca-router v0.3.0
[INFO] [stderr]   Downloaded xitca-server v0.4.0
[INFO] [stderr]   Downloaded xitca-service v0.2.0
[INFO] [stderr]   Downloaded piet v0.7.0
[INFO] [stderr]   Downloaded pangocairo v0.20.7
[INFO] running `Command { std: "docker" "create" "-v" "/var/lib/crater-agent-workspace/builds/worker-7-tc1/target:/opt/rustwide/target:rw,Z" "-v" "/var/lib/crater-agent-workspace/builds/worker-7-tc1/source:/opt/rustwide/workdir:ro,Z" "-v" "/var/lib/crater-agent-workspace/cargo-home:/opt/rustwide/cargo-home:ro,Z" "-v" "/var/lib/crater-agent-workspace/rustup-home:/opt/rustwide/rustup-home:ro,Z" "-e" "SOURCE_DIR=/opt/rustwide/workdir" "-e" "CARGO_TARGET_DIR=/opt/rustwide/target" "-e" "CARGO_HOME=/opt/rustwide/cargo-home" "-e" "RUSTUP_HOME=/opt/rustwide/rustup-home" "-w" "/opt/rustwide/workdir" "-m" "1610612736" "--user" "0:0" "--network" "none" "ghcr.io/rust-lang/crates-build-env/linux@sha256:819108c5571ea2e421544af4d832f968d213c87fbe3707a016657f43d2f853bc" "/opt/rustwide/cargo-home/bin/cargo" "+nightly-2025-01-18" "metadata" "--no-deps" "--format-version=1", kill_on_drop: false }`
[INFO] [stdout] efd3689ae82ca19bc2f46f84fb974c265462ded8d35977e6c027ed03286c7582
[INFO] running `Command { std: "docker" "start" "-a" "efd3689ae82ca19bc2f46f84fb974c265462ded8d35977e6c027ed03286c7582", kill_on_drop: false }`
[INFO] running `Command { std: "docker" "inspect" "efd3689ae82ca19bc2f46f84fb974c265462ded8d35977e6c027ed03286c7582", kill_on_drop: false }`
[INFO] running `Command { std: "docker" "rm" "-f" "efd3689ae82ca19bc2f46f84fb974c265462ded8d35977e6c027ed03286c7582", kill_on_drop: false }`
[INFO] [stdout] efd3689ae82ca19bc2f46f84fb974c265462ded8d35977e6c027ed03286c7582
[INFO] running `Command { std: "docker" "create" "-v" "/var/lib/crater-agent-workspace/builds/worker-7-tc1/target:/opt/rustwide/target:rw,Z" "-v" "/var/lib/crater-agent-workspace/builds/worker-7-tc1/source:/opt/rustwide/workdir:ro,Z" "-v" "/var/lib/crater-agent-workspace/cargo-home:/opt/rustwide/cargo-home:ro,Z" "-v" "/var/lib/crater-agent-workspace/rustup-home:/opt/rustwide/rustup-home:ro,Z" "-e" "SOURCE_DIR=/opt/rustwide/workdir" "-e" "CARGO_TARGET_DIR=/opt/rustwide/target" "-e" "CARGO_INCREMENTAL=0" "-e" "RUST_BACKTRACE=full" "-e" "RUSTFLAGS=--cap-lints=forbid" "-e" "RUSTDOCFLAGS=--cap-lints=forbid" "-e" "CARGO_HOME=/opt/rustwide/cargo-home" "-e" "RUSTUP_HOME=/opt/rustwide/rustup-home" "-w" "/opt/rustwide/workdir" "-m" "1610612736" "--user" "0:0" "--network" "none" "ghcr.io/rust-lang/crates-build-env/linux@sha256:819108c5571ea2e421544af4d832f968d213c87fbe3707a016657f43d2f853bc" "/opt/rustwide/cargo-home/bin/cargo" "+nightly-2025-01-18" "build" "--frozen" "--message-format=json", kill_on_drop: false }`
[INFO] [stdout] eb1190f338e206424d0c0f143000fdb50c1017f2199a11fdc34f2c278e2ba140
[INFO] running `Command { std: "docker" "start" "-a" "eb1190f338e206424d0c0f143000fdb50c1017f2199a11fdc34f2c278e2ba140", kill_on_drop: false }`
[INFO] [stderr]    Compiling proc-macro2 v1.0.93
[INFO] [stderr]    Compiling unicode-ident v1.0.14
[INFO] [stderr]    Compiling hashbrown v0.15.2
[INFO] [stderr]    Compiling equivalent v1.0.1
[INFO] [stderr]    Compiling libc v0.2.169
[INFO] [stderr]    Compiling pkg-config v0.3.31
[INFO] [stderr]    Compiling autocfg v1.4.0
[INFO] [stderr]    Compiling serde v1.0.217
[INFO] [stderr]    Compiling winnow v0.6.24
[INFO] [stderr]    Compiling heck v0.5.0
[INFO] [stderr]    Compiling smallvec v1.13.2
[INFO] [stderr]    Compiling target-lexicon v0.12.16
[INFO] [stderr]    Compiling version-compare v0.2.0
[INFO] [stderr]    Compiling pin-project-lite v0.2.16
[INFO] [stderr]    Compiling bytes v1.9.0
[INFO] [stderr]    Compiling futures-core v0.3.31
[INFO] [stderr]    Compiling once_cell v1.20.2
[INFO] [stderr]    Compiling pin-utils v0.1.0
[INFO] [stderr]    Compiling futures-task v0.3.31
[INFO] [stderr]    Compiling fnv v1.0.7
[INFO] [stderr]    Compiling stable_deref_trait v1.2.0
[INFO] [stderr]    Compiling bitflags v2.7.0
[INFO] [stderr]    Compiling itoa v1.0.14
[INFO] [stderr]    Compiling futures-channel v0.3.31
[INFO] [stderr]    Compiling shlex v1.3.0
[INFO] [stderr]    Compiling anyhow v1.0.95
[INFO] [stderr]    Compiling vcpkg v0.2.15
[INFO] [stderr]    Compiling memchr v2.7.4
[INFO] [stderr]    Compiling cc v1.2.9
[INFO] [stderr]    Compiling either v1.13.0
[INFO] [stderr]    Compiling tracing-core v0.1.33
[INFO] [stderr]    Compiling http v1.2.0
[INFO] [stderr]    Compiling slab v0.4.9
[INFO] [stderr]    Compiling lock_api v0.4.12
[INFO] [stderr]    Compiling indexmap v2.7.0
[INFO] [stderr]    Compiling itertools v0.13.0
[INFO] [stderr]    Compiling parking_lot_core v0.9.10
[INFO] [stderr]    Compiling signal-hook-registry v1.4.2
[INFO] [stderr]    Compiling mio v1.0.3
[INFO] [stderr]    Compiling socket2 v0.5.8
[INFO] [stderr]    Compiling parking_lot v0.12.3
[INFO] [stderr]    Compiling cfg-expr v0.17.2
[INFO] [stderr]    Compiling writeable v0.5.5
[INFO] [stderr]    Compiling quote v1.0.38
[INFO] [stderr]    Compiling litemap v0.7.4
[INFO] [stderr]    Compiling tracing v0.1.41
[INFO] [stderr]    Compiling syn v2.0.96
[INFO] [stderr]    Compiling httparse v1.9.5
[INFO] [stderr]    Compiling log v0.4.22
[INFO] [stderr]    Compiling rustix v0.38.43
[INFO] [stderr]    Compiling icu_locid_transform_data v1.5.0
[INFO] [stderr]    Compiling futures-sink v0.3.31
[INFO] [stderr]    Compiling openssl v0.10.68
[INFO] [stderr]    Compiling icu_properties_data v1.5.0
[INFO] [stderr]    Compiling gio v0.20.7
[INFO] [stderr]    Compiling foreign-types-shared v0.1.1
[INFO] [stderr]    Compiling unic-char-range v0.9.0
[INFO] [stderr]    Compiling prettyplease v0.2.28
[INFO] [stderr]    Compiling unic-common v0.9.0
[INFO] [stderr]    Compiling regex-syntax v0.8.5
[INFO] [stderr]    Compiling linux-raw-sys v0.4.15
[INFO] [stderr]    Compiling unic-char-property v0.9.0
[INFO] [stderr]    Compiling unic-ucd-version v0.9.0
[INFO] [stderr]    Compiling foreign-types v0.3.2
[INFO] [stderr]    Compiling http-body v1.0.1
[INFO] [stderr]    Compiling xitca-unsafe-collection v0.2.0
[INFO] [stderr]    Compiling utf8_iter v1.0.4
[INFO] [stderr]    Compiling fixedbitset v0.4.2
[INFO] [stderr]    Compiling fastrand v2.3.0
[INFO] [stderr]    Compiling futures-io v0.3.31
[INFO] [stderr]    Compiling ident_case v1.0.1
[INFO] [stderr]    Compiling try-lock v0.2.5
[INFO] [stderr]    Compiling icu_normalizer_data v1.5.0
[INFO] [stderr]    Compiling native-tls v0.2.12
[INFO] [stderr]    Compiling write16 v1.0.0
[INFO] [stderr]    Compiling strsim v0.11.1
[INFO] [stderr]    Compiling atomic-waker v1.1.2
[INFO] [stderr]    Compiling utf16_iter v1.0.5
[INFO] [stderr]    Compiling alloc-no-stdlib v2.0.4
[INFO] [stderr]    Compiling want v0.3.1
[INFO] [stderr]    Compiling petgraph v0.6.5
[INFO] [stderr]    Compiling unic-ucd-bidi v0.9.0
[INFO] [stderr]    Compiling alloc-stdlib v0.2.2
[INFO] [stderr]    Compiling num-traits v0.2.19
[INFO] [stderr]    Compiling tower-service v0.3.3
[INFO] [stderr]    Compiling multimap v0.10.0
[INFO] [stderr]    Compiling crossbeam-utils v0.8.21
[INFO] [stderr]    Compiling percent-encoding v2.3.1
[INFO] [stderr]    Compiling matches v0.1.10
[INFO] [stderr]    Compiling simd-adler32 v0.3.7
[INFO] [stderr]    Compiling openssl-probe v0.1.5
[INFO] [stderr]    Compiling arrayvec v0.7.6
[INFO] [stderr]    Compiling unic-bidi v0.9.0
[INFO] [stderr]    Compiling form_urlencoded v1.2.1
[INFO] [stderr]    Compiling brotli-decompressor v4.0.1
[INFO] [stderr]    Compiling adler2 v2.0.0
[INFO] [stderr]    Compiling ryu v1.0.18
[INFO] [stderr]    Compiling serde_json v1.0.135
[INFO] [stderr]    Compiling xitca-service v0.2.0
[INFO] [stderr]    Compiling kurbo v0.11.1
[INFO] [stderr]    Compiling miniz_oxide v0.8.2
[INFO] [stderr]    Compiling xitca-router v0.3.0
[INFO] [stderr]    Compiling sync_wrapper v1.0.2
[INFO] [stderr]    Compiling toml_datetime v0.6.8
[INFO] [stderr]    Compiling serde_spanned v0.6.8
[INFO] [stderr]    Compiling openssl-sys v0.9.104
[INFO] [stderr]    Compiling crc32fast v1.4.2
[INFO] [stderr]    Compiling xi-unicode v0.3.0
[INFO] [stderr]    Compiling regex-automata v0.4.9
[INFO] [stderr]    Compiling unicode-segmentation v1.12.0
[INFO] [stderr]    Compiling thiserror v2.0.11
[INFO] [stderr]    Compiling toml_edit v0.22.22
[INFO] [stderr]    Compiling httpdate v1.0.3
[INFO] [stderr]    Compiling getrandom v0.2.15
[INFO] [stderr]    Compiling rustls-pki-types v1.10.1
[INFO] [stderr]    Compiling tower-layer v0.3.3
[INFO] [stderr]    Compiling iana-time-zone v0.1.61
[INFO] [stderr]    Compiling flate2 v1.0.35
[INFO] [stderr]    Compiling crossbeam-queue v0.3.12
[INFO] [stderr]    Compiling fdeflate v0.3.7
[INFO] [stderr]    Compiling encoding_rs v0.8.35
[INFO] [stderr]    Compiling mime v0.3.17
[INFO] [stderr]    Compiling bitflags v1.3.2
[INFO] [stderr]    Compiling base64 v0.22.1
[INFO] [stderr]    Compiling ipnet v2.10.1
[INFO] [stderr]    Compiling byte-pool v0.2.4
[INFO] [stderr]    Compiling rustls-pemfile v2.2.0
[INFO] [stderr]    Compiling brotli v7.0.0
[INFO] [stderr]    Compiling png v0.17.16
[INFO] [stderr]    Compiling tempfile v3.15.0
[INFO] [stderr]    Compiling piet v0.7.0
[INFO] [stderr]    Compiling regex v1.11.1
[INFO] [stderr]    Compiling synstructure v0.13.1
[INFO] [stderr]    Compiling darling_core v0.20.10
[INFO] [stderr]    Compiling toml v0.8.19
[INFO] [stderr]    Compiling proc-macro-crate v3.2.0
[INFO] [stderr]    Compiling system-deps v7.0.3
[INFO] [stderr]    Compiling futures-macro v0.3.31
[INFO] [stderr]    Compiling tokio-macros v2.5.0
[INFO] [stderr]    Compiling zerofrom-derive v0.1.5
[INFO] [stderr]    Compiling yoke-derive v0.7.5
[INFO] [stderr]    Compiling zerovec-derive v0.10.3
[INFO] [stderr]    Compiling serde_derive v1.0.217
[INFO] [stderr]    Compiling displaydoc v0.2.5
[INFO] [stderr]    Compiling icu_provider_macros v1.5.0
[INFO] [stderr]    Compiling prost-derive v0.13.4
[INFO] [stderr]    Compiling glib-macros v0.20.7
[INFO] [stderr]    Compiling openssl-macros v0.1.1
[INFO] [stderr]    Compiling thiserror-impl v2.0.11
[INFO] [stderr]    Compiling glib-sys v0.20.7
[INFO] [stderr]    Compiling gobject-sys v0.20.7
[INFO] [stderr]    Compiling gio-sys v0.20.8
[INFO] [stderr]    Compiling cairo-sys-rs v0.20.7
[INFO] [stderr]    Compiling tokio v1.43.0
[INFO] [stderr]    Compiling pango-sys v0.20.7
[INFO] [stderr]    Compiling pangocairo-sys v0.20.7
[INFO] [stderr]    Compiling futures-util v0.3.31
[INFO] [stderr]    Compiling zerofrom v0.1.5
[INFO] [stderr]    Compiling yoke v0.7.5
[INFO] [stderr]    Compiling zerovec v0.10.4
[INFO] [stderr]    Compiling darling_macro v0.20.10
[INFO] [stderr]    Compiling prost v0.13.4
[INFO] [stderr]    Compiling darling v0.20.10
[INFO] [stderr]    Compiling serde_with_macros v3.12.0
[INFO] [stderr]    Compiling prost-types v0.13.4
[INFO] [stderr]    Compiling tinystr v0.7.6
[INFO] [stderr]    Compiling icu_collections v1.5.0
[INFO] [stderr]    Compiling icu_locid v1.5.0
[INFO] [stderr]    Compiling futures-executor v0.3.31
[INFO] [stderr]    Compiling http-body-util v0.1.2
[INFO] [stderr]    Compiling icu_provider v1.5.0
[INFO] [stderr]    Compiling glib v0.20.7
[INFO] [stderr]    Compiling icu_locid_transform v1.5.0
[INFO] [stderr]    Compiling prost-build v0.13.4
[INFO] [stderr]    Compiling icu_properties v1.5.1
[INFO] [stderr]    Compiling protos v0.1.0 (/opt/rustwide/workdir/protos)
[INFO] [stderr]    Compiling chrono v0.4.39
[INFO] [stderr]    Compiling serde_urlencoded v0.7.1
[INFO] [stderr]    Compiling serde_with v3.12.0
[INFO] [stderr]    Compiling icu_normalizer v1.5.0
[INFO] [stderr]    Compiling tokio-util v0.7.13
[INFO] [stderr]    Compiling xitca-io v0.4.1
[INFO] [stderr]    Compiling tokio-native-tls v0.3.1
[INFO] [stderr]    Compiling tower v0.5.2
[INFO] [stderr]    Compiling async-compression v0.4.18
[INFO] [stderr]    Compiling idna_adapter v1.2.0
[INFO] [stderr]    Compiling idna v1.0.3
[INFO] [stderr]    Compiling xitca-server v0.4.0
[INFO] [stderr]    Compiling xitca-http v0.6.0
[INFO] [stderr]    Compiling h2 v0.4.7
[INFO] [stderr]    Compiling url v2.5.4
[INFO] [stderr]    Compiling xitca-web v0.6.2
[INFO] [stderr]    Compiling cairo-rs v0.20.7
[INFO] [stderr]    Compiling hyper v1.5.2
[INFO] [stderr]    Compiling hyper-util v0.1.10
[INFO] [stderr]    Compiling hyper-tls v0.6.0
[INFO] [stderr]    Compiling reqwest v0.12.12
[INFO] [stderr]    Compiling pango v0.20.7
[INFO] [stderr]    Compiling pangocairo v0.20.7
[INFO] [stderr]    Compiling piet-cairo v0.7.0
[INFO] [stderr]    Compiling piet-common v0.7.0
[INFO] [stderr]    Compiling vatsim-stat-graph v0.1.0 (/opt/rustwide/workdir)
[INFO] [stdout] warning: unused import: `Datelike`
[INFO] [stdout]  --> src/fetcher.rs:1:14
[INFO] [stdout]   |
[INFO] [stdout] 1 | use chrono::{Datelike, NaiveDate};
[INFO] [stdout]   |              ^^^^^^^^
[INFO] [stdout]   |
[INFO] [stdout]   = note: `#[warn(unused_imports)]` on by default
[INFO] [stdout] 
[INFO] [stdout] 
[INFO] [stdout] warning: unused import: `Deref`
[INFO] [stdout]  --> src/models/session.rs:1:21
[INFO] [stdout]   |
[INFO] [stdout] 1 | use std::{io, ops::{Deref, DerefMut}};
[INFO] [stdout]   |                     ^^^^^
[INFO] [stdout] 
[INFO] [stdout] 
[INFO] [stdout] warning: unused imports: `Deref`, `Write`, and `fs::File`
[INFO] [stdout]  --> src/models/analysis.rs:1:11
[INFO] [stdout]   |
[INFO] [stdout] 1 | use std::{fs::File, io::{self, Write}, ops::{Deref, DerefMut}};
[INFO] [stdout]   |           ^^^^^^^^             ^^^^^         ^^^^^
[INFO] [stdout] 
[INFO] [stdout] 
[INFO] [stdout] warning: unused imports: `Point` and `Size`
[INFO] [stdout]  --> src/drawer/graph.rs:2:26
[INFO] [stdout]   |
[INFO] [stdout] 2 | use piet_common::kurbo::{Point, Size};
[INFO] [stdout]   |                          ^^^^^  ^^^^
[INFO] [stdout] 
[INFO] [stdout] 
[INFO] [stdout] warning: unused import: `BitmapTarget`
[INFO] [stdout]  --> src/drawer/graph.rs:3:19
[INFO] [stdout]   |
[INFO] [stdout] 3 | use piet_common::{BitmapTarget, Device, ImageFormat};
[INFO] [stdout]   |                   ^^^^^^^^^^^^
[INFO] [stdout] 
[INFO] [stdout] 
[INFO] [stdout] warning: unused import: `std::ops::DerefMut`
[INFO] [stdout]  --> src/cache.rs:4:5
[INFO] [stdout]   |
[INFO] [stdout] 4 | use std::ops::DerefMut;
[INFO] [stdout]   |     ^^^^^^^^^^^^^^^^^^
[INFO] [stdout] 
[INFO] [stdout] 
[INFO] [stdout] warning: unused import: `Request`
[INFO] [stdout]  --> src/server.rs:8:23
[INFO] [stdout]   |
[INFO] [stdout] 8 | use xitca_web::http::{Request, Response, StatusCode, WebResponse};
[INFO] [stdout]   |                       ^^^^^^^
[INFO] [stdout] 
[INFO] [stdout] 
[INFO] [stdout] warning: field `count` is never read
[INFO] [stdout]   --> src/models/session.rs:58:9
[INFO] [stdout]    |
[INFO] [stdout] 56 | pub struct GetPilotSessionResponse{
[INFO] [stdout]    |            ----------------------- field in this struct
[INFO] [stdout] 57 |     pub items: Vec<PilotSession>,
[INFO] [stdout] 58 |     pub count: usize
[INFO] [stdout]    |         ^^^^^
[INFO] [stdout]    |
[INFO] [stdout]    = note: `GetPilotSessionResponse` has derived impls for the traits `Clone` and `Debug`, but these are intentionally ignored during dead code analysis
[INFO] [stdout]    = note: `#[warn(dead_code)]` on by default
[INFO] [stdout] 
[INFO] [stdout] 
[INFO] [stdout] warning: methods `set_gap`, `set_box_size`, and `set_dpi` are never used
[INFO] [stdout]   --> src/drawer/graph.rs:65:12
[INFO] [stdout]    |
[INFO] [stdout] 52 | impl Graph{
[INFO] [stdout]    | ---------- methods in this implementation
[INFO] [stdout] ...
[INFO] [stdout] 65 |     pub fn set_gap(&mut self, vertical_gap: usize, horizontal_gap: usize){
[INFO] [stdout]    |            ^^^^^^^
[INFO] [stdout] ...
[INFO] [stdout] 69 |     pub fn set_box_size(&mut self, box_size: usize){
[INFO] [stdout]    |            ^^^^^^^^^^^^
[INFO] [stdout] ...
[INFO] [stdout] 72 |     pub fn set_dpi(&mut self, dpi: f64){
[INFO] [stdout]    |            ^^^^^^^
[INFO] [stdout] 
[INFO] [stdout] 
[INFO] [stderr]     Finished `dev` profile [unoptimized + debuginfo] target(s) in 1m 56s
[INFO] running `Command { std: "docker" "inspect" "eb1190f338e206424d0c0f143000fdb50c1017f2199a11fdc34f2c278e2ba140", kill_on_drop: false }`
[INFO] running `Command { std: "docker" "rm" "-f" "eb1190f338e206424d0c0f143000fdb50c1017f2199a11fdc34f2c278e2ba140", kill_on_drop: false }`
[INFO] [stdout] eb1190f338e206424d0c0f143000fdb50c1017f2199a11fdc34f2c278e2ba140
[INFO] running `Command { std: "docker" "create" "-v" "/var/lib/crater-agent-workspace/builds/worker-7-tc1/target:/opt/rustwide/target:rw,Z" "-v" "/var/lib/crater-agent-workspace/builds/worker-7-tc1/source:/opt/rustwide/workdir:ro,Z" "-v" "/var/lib/crater-agent-workspace/cargo-home:/opt/rustwide/cargo-home:ro,Z" "-v" "/var/lib/crater-agent-workspace/rustup-home:/opt/rustwide/rustup-home:ro,Z" "-e" "SOURCE_DIR=/opt/rustwide/workdir" "-e" "CARGO_TARGET_DIR=/opt/rustwide/target" "-e" "CARGO_INCREMENTAL=0" "-e" "RUST_BACKTRACE=full" "-e" "RUSTFLAGS=--cap-lints=forbid" "-e" "RUSTDOCFLAGS=--cap-lints=forbid" "-e" "CARGO_HOME=/opt/rustwide/cargo-home" "-e" "RUSTUP_HOME=/opt/rustwide/rustup-home" "-w" "/opt/rustwide/workdir" "-m" "1610612736" "--user" "0:0" "--network" "none" "ghcr.io/rust-lang/crates-build-env/linux@sha256:819108c5571ea2e421544af4d832f968d213c87fbe3707a016657f43d2f853bc" "/opt/rustwide/cargo-home/bin/cargo" "+nightly-2025-01-18" "test" "--frozen" "--no-run" "--message-format=json", kill_on_drop: false }`
[INFO] [stdout] b0afc50b7bbf510585044e78db8a99f4c2e05e2abbe56e4544e3499881ad3bfc
[INFO] running `Command { std: "docker" "start" "-a" "b0afc50b7bbf510585044e78db8a99f4c2e05e2abbe56e4544e3499881ad3bfc", kill_on_drop: false }`
[INFO] [stderr]    Compiling vatsim-stat-graph v0.1.0 (/opt/rustwide/workdir)
[INFO] [stdout] warning: unused import: `Datelike`
[INFO] [stdout]  --> src/fetcher.rs:1:14
[INFO] [stdout]   |
[INFO] [stdout] 1 | use chrono::{Datelike, NaiveDate};
[INFO] [stdout]   |              ^^^^^^^^
[INFO] [stdout]   |
[INFO] [stdout]   = note: `#[warn(unused_imports)]` on by default
[INFO] [stdout] 
[INFO] [stdout] 
[INFO] [stdout] warning: unused import: `serde::Deserialize`
[INFO] [stdout]   --> src/fetcher.rs:88:9
[INFO] [stdout]    |
[INFO] [stdout] 88 |     use serde::Deserialize;
[INFO] [stdout]    |         ^^^^^^^^^^^^^^^^^^
[INFO] [stdout] 
[INFO] [stdout] 
[INFO] [stdout] warning: unused import: `super::*`
[INFO] [stdout]   --> src/fetcher.rs:90:9
[INFO] [stdout]    |
[INFO] [stdout] 90 |     use super::*;
[INFO] [stdout]    |         ^^^^^^^^
[INFO] [stdout] 
[INFO] [stdout] 
[INFO] [stdout] warning: unused import: `Deref`
[INFO] [stdout]  --> src/models/session.rs:1:21
[INFO] [stdout]   |
[INFO] [stdout] 1 | use std::{io, ops::{Deref, DerefMut}};
[INFO] [stdout]   |                     ^^^^^
[INFO] [stdout] 
[INFO] [stdout] 
[INFO] [stdout] warning: unused imports: `Deref`, `Write`, and `fs::File`
[INFO] [stdout]  --> src/models/analysis.rs:1:11
[INFO] [stdout]   |
[INFO] [stdout] 1 | use std::{fs::File, io::{self, Write}, ops::{Deref, DerefMut}};
[INFO] [stdout]   |           ^^^^^^^^             ^^^^^         ^^^^^
[INFO] [stdout] 
[INFO] [stdout] 
[INFO] [stdout] warning: unused imports: `Point` and `Size`
[INFO] [stdout]  --> src/drawer/graph.rs:2:26
[INFO] [stdout]   |
[INFO] [stdout] 2 | use piet_common::kurbo::{Point, Size};
[INFO] [stdout]   |                          ^^^^^  ^^^^
[INFO] [stdout] 
[INFO] [stdout] 
[INFO] [stdout] warning: unused import: `BitmapTarget`
[INFO] [stdout]  --> src/drawer/graph.rs:3:19
[INFO] [stdout]   |
[INFO] [stdout] 3 | use piet_common::{BitmapTarget, Device, ImageFormat};
[INFO] [stdout]   |                   ^^^^^^^^^^^^
[INFO] [stdout] 
[INFO] [stdout] 
[INFO] [stdout] warning: unused import: `std::ops::DerefMut`
[INFO] [stdout]  --> src/cache.rs:4:5
[INFO] [stdout]   |
[INFO] [stdout] 4 | use std::ops::DerefMut;
[INFO] [stdout]   |     ^^^^^^^^^^^^^^^^^^
[INFO] [stdout] 
[INFO] [stdout] 
[INFO] [stdout] warning: unused import: `Request`
[INFO] [stdout]  --> src/server.rs:8:23
[INFO] [stdout]   |
[INFO] [stdout] 8 | use xitca_web::http::{Request, Response, StatusCode, WebResponse};
[INFO] [stdout]   |                       ^^^^^^^
[INFO] [stdout] 
[INFO] [stdout] 
[INFO] [stdout] warning: field `count` is never read
[INFO] [stdout]   --> src/models/session.rs:58:9
[INFO] [stdout]    |
[INFO] [stdout] 56 | pub struct GetPilotSessionResponse{
[INFO] [stdout]    |            ----------------------- field in this struct
[INFO] [stdout] 57 |     pub items: Vec<PilotSession>,
[INFO] [stdout] 58 |     pub count: usize
[INFO] [stdout]    |         ^^^^^
[INFO] [stdout]    |
[INFO] [stdout]    = note: `GetPilotSessionResponse` has derived impls for the traits `Clone` and `Debug`, but these are intentionally ignored during dead code analysis
[INFO] [stdout]    = note: `#[warn(dead_code)]` on by default
[INFO] [stdout] 
[INFO] [stdout] 
[INFO] [stdout] warning: methods `set_gap`, `set_box_size`, and `set_dpi` are never used
[INFO] [stdout]   --> src/drawer/graph.rs:65:12
[INFO] [stdout]    |
[INFO] [stdout] 52 | impl Graph{
[INFO] [stdout]    | ---------- methods in this implementation
[INFO] [stdout] ...
[INFO] [stdout] 65 |     pub fn set_gap(&mut self, vertical_gap: usize, horizontal_gap: usize){
[INFO] [stdout]    |            ^^^^^^^
[INFO] [stdout] ...
[INFO] [stdout] 69 |     pub fn set_box_size(&mut self, box_size: usize){
[INFO] [stdout]    |            ^^^^^^^^^^^^
[INFO] [stdout] ...
[INFO] [stdout] 72 |     pub fn set_dpi(&mut self, dpi: f64){
[INFO] [stdout]    |            ^^^^^^^
[INFO] [stdout] 
[INFO] [stdout] 
[INFO] [stderr]     Finished `test` profile [unoptimized + debuginfo] target(s) in 3.32s
[INFO] running `Command { std: "docker" "inspect" "b0afc50b7bbf510585044e78db8a99f4c2e05e2abbe56e4544e3499881ad3bfc", kill_on_drop: false }`
[INFO] running `Command { std: "docker" "rm" "-f" "b0afc50b7bbf510585044e78db8a99f4c2e05e2abbe56e4544e3499881ad3bfc", kill_on_drop: false }`
[INFO] [stdout] b0afc50b7bbf510585044e78db8a99f4c2e05e2abbe56e4544e3499881ad3bfc
[INFO] running `Command { std: "docker" "create" "-v" "/var/lib/crater-agent-workspace/builds/worker-7-tc1/target:/opt/rustwide/target:rw,Z" "-v" "/var/lib/crater-agent-workspace/builds/worker-7-tc1/source:/opt/rustwide/workdir:ro,Z" "-v" "/var/lib/crater-agent-workspace/cargo-home:/opt/rustwide/cargo-home:ro,Z" "-v" "/var/lib/crater-agent-workspace/rustup-home:/opt/rustwide/rustup-home:ro,Z" "-e" "SOURCE_DIR=/opt/rustwide/workdir" "-e" "CARGO_TARGET_DIR=/opt/rustwide/target" "-e" "CARGO_INCREMENTAL=0" "-e" "RUST_BACKTRACE=full" "-e" "RUSTFLAGS=--cap-lints=forbid" "-e" "RUSTDOCFLAGS=--cap-lints=forbid" "-e" "CARGO_HOME=/opt/rustwide/cargo-home" "-e" "RUSTUP_HOME=/opt/rustwide/rustup-home" "-w" "/opt/rustwide/workdir" "-m" "1610612736" "--user" "0:0" "--network" "none" "ghcr.io/rust-lang/crates-build-env/linux@sha256:819108c5571ea2e421544af4d832f968d213c87fbe3707a016657f43d2f853bc" "/opt/rustwide/cargo-home/bin/cargo" "+nightly-2025-01-18" "test" "--frozen", kill_on_drop: false }`
[INFO] [stdout] d399ef407ba3df2b681f36814a69e35ef6d10e4f2337db4fee2449ead89a70a9
[INFO] running `Command { std: "docker" "start" "-a" "d399ef407ba3df2b681f36814a69e35ef6d10e4f2337db4fee2449ead89a70a9", kill_on_drop: false }`
[INFO] [stderr] warning: unused import: `Datelike`
[INFO] [stderr]  --> src/fetcher.rs:1:14
[INFO] [stderr]   |
[INFO] [stderr] 1 | use chrono::{Datelike, NaiveDate};
[INFO] [stderr]   |              ^^^^^^^^
[INFO] [stderr]   |
[INFO] [stderr]   = note: `#[warn(unused_imports)]` on by default
[INFO] [stderr] 
[INFO] [stderr] warning: unused import: `serde::Deserialize`
[INFO] [stderr]   --> src/fetcher.rs:88:9
[INFO] [stderr]    |
[INFO] [stderr] 88 |     use serde::Deserialize;
[INFO] [stderr]    |         ^^^^^^^^^^^^^^^^^^
[INFO] [stderr] 
[INFO] [stderr] warning: unused import: `super::*`
[INFO] [stderr]   --> src/fetcher.rs:90:9
[INFO] [stderr]    |
[INFO] [stderr] 90 |     use super::*;
[INFO] [stderr]    |         ^^^^^^^^
[INFO] [stderr] 
[INFO] [stderr] warning: unused import: `Deref`
[INFO] [stderr]  --> src/models/session.rs:1:21
[INFO] [stderr]   |
[INFO] [stderr] 1 | use std::{io, ops::{Deref, DerefMut}};
[INFO] [stderr]   |                     ^^^^^
[INFO] [stderr] 
[INFO] [stderr] warning: unused imports: `Deref`, `Write`, and `fs::File`
[INFO] [stderr]  --> src/models/analysis.rs:1:11
[INFO] [stderr]   |
[INFO] [stderr] 1 | use std::{fs::File, io::{self, Write}, ops::{Deref, DerefMut}};
[INFO] [stderr]   |           ^^^^^^^^             ^^^^^         ^^^^^
[INFO] [stderr] 
[INFO] [stderr] warning: unused imports: `Point` and `Size`
[INFO] [stderr]  --> src/drawer/graph.rs:2:26
[INFO] [stderr]   |
[INFO] [stderr] 2 | use piet_common::kurbo::{Point, Size};
[INFO] [stderr]   |                          ^^^^^  ^^^^
[INFO] [stderr] 
[INFO] [stderr] warning: unused import: `BitmapTarget`
[INFO] [stderr]  --> src/drawer/graph.rs:3:19
[INFO] [stderr]   |
[INFO] [stderr] 3 | use piet_common::{BitmapTarget, Device, ImageFormat};
[INFO] [stderr]   |                   ^^^^^^^^^^^^
[INFO] [stderr] 
[INFO] [stderr] warning: unused import: `std::ops::DerefMut`
[INFO] [stderr]  --> src/cache.rs:4:5
[INFO] [stderr]   |
[INFO] [stderr] 4 | use std::ops::DerefMut;
[INFO] [stderr]   |     ^^^^^^^^^^^^^^^^^^
[INFO] [stderr] 
[INFO] [stderr] warning: unused import: `Request`
[INFO] [stderr]  --> src/server.rs:8:23
[INFO] [stderr]   |
[INFO] [stderr] 8 | use xitca_web::http::{Request, Response, StatusCode, WebResponse};
[INFO] [stderr]   |                       ^^^^^^^
[INFO] [stderr] 
[INFO] [stderr] warning: field `count` is never read
[INFO] [stderr]   --> src/models/session.rs:58:9
[INFO] [stderr]    |
[INFO] [stderr] 56 | pub struct GetPilotSessionResponse{
[INFO] [stderr]    |            ----------------------- field in this struct
[INFO] [stderr] 57 |     pub items: Vec<PilotSession>,
[INFO] [stderr] 58 |     pub count: usize
[INFO] [stderr]    |         ^^^^^
[INFO] [stderr]    |
[INFO] [stderr]    = note: `GetPilotSessionResponse` has derived impls for the traits `Clone` and `Debug`, but these are intentionally ignored during dead code analysis
[INFO] [stderr]    = note: `#[warn(dead_code)]` on by default
[INFO] [stderr] 
[INFO] [stderr] warning: methods `set_gap`, `set_box_size`, and `set_dpi` are never used
[INFO] [stderr]   --> src/drawer/graph.rs:65:12
[INFO] [stderr]    |
[INFO] [stderr] 52 | impl Graph{
[INFO] [stderr]    | ---------- methods in this implementation
[INFO] [stderr] ...
[INFO] [stderr] 65 |     pub fn set_gap(&mut self, vertical_gap: usize, horizontal_gap: usize){
[INFO] [stderr]    |            ^^^^^^^
[INFO] [stderr] ...
[INFO] [stderr] 69 |     pub fn set_box_size(&mut self, box_size: usize){
[INFO] [stderr]    |            ^^^^^^^^^^^^
[INFO] [stderr] ...
[INFO] [stderr] 72 |     pub fn set_dpi(&mut self, dpi: f64){
[INFO] [stderr]    |            ^^^^^^^
[INFO] [stderr] 
[INFO] [stderr] warning: `vatsim-stat-graph` (bin "vatsim-stat-graph" test) generated 11 warnings (run `cargo fix --bin "vatsim-stat-graph" --tests` to apply 9 suggestions)
[INFO] [stderr]     Finished `test` profile [unoptimized + debuginfo] target(s) in 0.21s
[INFO] [stderr]      Running unittests src/main.rs (/opt/rustwide/target/debug/deps/vatsim_stat_graph-485bdc82dcbed574)
[INFO] [stdout] 
[INFO] [stdout] running 3 tests
[INFO] [stdout] test models::analysis::test::test_get_analysis ... FAILED
[INFO] [stdout] test drawer::graph::test::test_draw_graph ... FAILED
[INFO] [stdout] test models::analysis::test::test_save_analysis ... FAILED
[INFO] [stdout] 
[INFO] [stdout] failures:
[INFO] [stdout] 
[INFO] [stdout] ---- models::analysis::test::test_get_analysis stdout ----
[INFO] [stdout] ["/opt/rustwide/target/debug/deps/vatsim_stat_graph-485bdc82dcbed574"]
[INFO] [stdout] 
[INFO] [stdout] thread 'models::analysis::test::test_get_analysis' panicked at src/models/analysis.rs:138:41:
[INFO] [stdout] Pilot ID is required
[INFO] [stdout] stack backtrace:
[INFO] [stdout]    0:     0x61d0e78f7f3a - std::backtrace_rs::backtrace::libunwind::trace::hb059275cfc8d6126
[INFO] [stdout]                                at /rustc/6067b36314ab5eb2eb47cecc464545ba58e1ad24/library/std/src/../../backtrace/src/backtrace/libunwind.rs:116:5
[INFO] [stdout]    1:     0x61d0e78f7f3a - std::backtrace_rs::backtrace::trace_unsynchronized::h2da071e4327ce3ee
[INFO] [stdout]                                at /rustc/6067b36314ab5eb2eb47cecc464545ba58e1ad24/library/std/src/../../backtrace/src/backtrace/mod.rs:66:5
[INFO] [stdout]    2:     0x61d0e78f7f3a - std::sys::backtrace::_print_fmt::h842a1474e6f8d23f
[INFO] [stdout]                                at /rustc/6067b36314ab5eb2eb47cecc464545ba58e1ad24/library/std/src/sys/backtrace.rs:66:9
[INFO] [stdout]    3:     0x61d0e78f7f3a - <std::sys::backtrace::BacktraceLock::print::DisplayBacktrace as core::fmt::Display>::fmt::h71a62eb3b9696b12
[INFO] [stdout]                                at /rustc/6067b36314ab5eb2eb47cecc464545ba58e1ad24/library/std/src/sys/backtrace.rs:39:26
[INFO] [stdout]    4:     0x61d0e7922e13 - core::fmt::rt::Argument::fmt::hdb6b616786b41dc1
[INFO] [stdout]                                at /rustc/6067b36314ab5eb2eb47cecc464545ba58e1ad24/library/core/src/fmt/rt.rs:177:76
[INFO] [stdout]    5:     0x61d0e7922e13 - core::fmt::write::h2cc1698af7e2d686
[INFO] [stdout]                                at /rustc/6067b36314ab5eb2eb47cecc464545ba58e1ad24/library/core/src/fmt/mod.rs:1440:21
[INFO] [stdout]    6:     0x61d0e78f3b93 - std::io::Write::write_fmt::hab1b4cd059a79022
[INFO] [stdout]                                at /rustc/6067b36314ab5eb2eb47cecc464545ba58e1ad24/library/std/src/io/mod.rs:1887:15
[INFO] [stdout]    7:     0x61d0e78f7d82 - std::sys::backtrace::BacktraceLock::print::h147fe35b4ea13b08
[INFO] [stdout]                                at /rustc/6067b36314ab5eb2eb47cecc464545ba58e1ad24/library/std/src/sys/backtrace.rs:42:9
[INFO] [stdout]    8:     0x61d0e78f935f - std::panicking::default_hook::{{closure}}::hbd44223dbdc0d208
[INFO] [stdout]                                at /rustc/6067b36314ab5eb2eb47cecc464545ba58e1ad24/library/std/src/panicking.rs:298:22
[INFO] [stdout]    9:     0x61d0e78f9178 - std::panicking::default_hook::h20f81eb0576efcec
[INFO] [stdout]                                at /rustc/6067b36314ab5eb2eb47cecc464545ba58e1ad24/library/std/src/panicking.rs:322:9
[INFO] [stdout]   10:     0x61d0e74797f3 - <alloc::boxed::Box<F,A> as core::ops::function::Fn<Args>>::call::hdb53814c496a4d34
[INFO] [stdout]                                at /rustc/6067b36314ab5eb2eb47cecc464545ba58e1ad24/library/alloc/src/boxed.rs:2027:9
[INFO] [stdout]   11:     0x61d0e74797f3 - test::test_main::{{closure}}::hc0a4963c59427c24
[INFO] [stdout]                                at /rustc/6067b36314ab5eb2eb47cecc464545ba58e1ad24/library/test/src/lib.rs:134:21
[INFO] [stdout]   12:     0x61d0e78f9e53 - <alloc::boxed::Box<F,A> as core::ops::function::Fn<Args>>::call::h591b2225413a77e9
[INFO] [stdout]                                at /rustc/6067b36314ab5eb2eb47cecc464545ba58e1ad24/library/alloc/src/boxed.rs:2027:9
[INFO] [stdout]   13:     0x61d0e78f9e53 - std::panicking::rust_panic_with_hook::h625eea43051b2edc
[INFO] [stdout]                                at /rustc/6067b36314ab5eb2eb47cecc464545ba58e1ad24/library/std/src/panicking.rs:839:13
[INFO] [stdout]   14:     0x61d0e78f9b0a - std::panicking::begin_panic_handler::{{closure}}::h4f9159cfbc3f6bd3
[INFO] [stdout]                                at /rustc/6067b36314ab5eb2eb47cecc464545ba58e1ad24/library/std/src/panicking.rs:704:13
[INFO] [stdout]   15:     0x61d0e78f8439 - std::sys::backtrace::__rust_end_short_backtrace::h0390abce48353151
[INFO] [stdout]                                at /rustc/6067b36314ab5eb2eb47cecc464545ba58e1ad24/library/std/src/sys/backtrace.rs:168:18
[INFO] [stdout]   16:     0x61d0e78f979d - rust_begin_unwind
[INFO] [stdout]                                at /rustc/6067b36314ab5eb2eb47cecc464545ba58e1ad24/library/std/src/panicking.rs:695:5
[INFO] [stdout]   17:     0x61d0e7921020 - core::panicking::panic_fmt::h9e7c637e9e5f29c9
[INFO] [stdout]                                at /rustc/6067b36314ab5eb2eb47cecc464545ba58e1ad24/library/core/src/panicking.rs:75:14
[INFO] [stdout]   18:     0x61d0e7920ffb - core::panicking::panic_display::hd8e666a41baebd7d
[INFO] [stdout]                                at /rustc/6067b36314ab5eb2eb47cecc464545ba58e1ad24/library/core/src/panicking.rs:261:5
[INFO] [stdout]   19:     0x61d0e7920ffb - core::option::expect_failed::he3b89fed4e21ec1e
[INFO] [stdout]                                at /rustc/6067b36314ab5eb2eb47cecc464545ba58e1ad24/library/core/src/option.rs:2024:5
[INFO] [stdout]   20:     0x61d0e7437022 - core::option::Option<T>::expect::hee84ad5fb5aa993b
[INFO] [stdout]                                at /rustc/6067b36314ab5eb2eb47cecc464545ba58e1ad24/library/core/src/option.rs:933:21
[INFO] [stdout]   21:     0x61d0e74349ba - vatsim_stat_graph::models::analysis::test::test_get_analysis::{{closure}}::hd8f36e66ac476e09
[INFO] [stdout]                                at /opt/rustwide/workdir/src/models/analysis.rs:138:29
[INFO] [stdout]   22:     0x61d0e73ff8d2 - <core::pin::Pin<P> as core::future::future::Future>::poll::hbc312c802c0d2803
[INFO] [stdout]                                at /rustc/6067b36314ab5eb2eb47cecc464545ba58e1ad24/library/core/src/future/future.rs:124:9
[INFO] [stdout]   23:     0x61d0e73ff84d - <core::pin::Pin<P> as core::future::future::Future>::poll::h2c95d50d9b50fe0d
[INFO] [stdout]                                at /rustc/6067b36314ab5eb2eb47cecc464545ba58e1ad24/library/core/src/future/future.rs:124:9
[INFO] [stdout]   24:     0x61d0e743f50f - tokio::runtime::scheduler::current_thread::CoreGuard::block_on::{{closure}}::{{closure}}::{{closure}}::hb77a3c34f6c7e129
[INFO] [stdout]                                at /opt/rustwide/cargo-home/registry/src/index.crates.io-1949cf8c6b5b557f/tokio-1.43.0/src/runtime/scheduler/current_thread/mod.rs:729:57
[INFO] [stdout]   25:     0x61d0e743f255 - tokio::runtime::coop::with_budget::hec5c6938976f12e4
[INFO] [stdout]                                at /opt/rustwide/cargo-home/registry/src/index.crates.io-1949cf8c6b5b557f/tokio-1.43.0/src/runtime/coop.rs:107:5
[INFO] [stdout]   26:     0x61d0e743f255 - tokio::runtime::coop::budget::hf5a5f92d4fb623a6
[INFO] [stdout]                                at /opt/rustwide/cargo-home/registry/src/index.crates.io-1949cf8c6b5b557f/tokio-1.43.0/src/runtime/coop.rs:73:5
[INFO] [stdout]   27:     0x61d0e743f255 - tokio::runtime::scheduler::current_thread::CoreGuard::block_on::{{closure}}::{{closure}}::h6b853dddca4ec6bc
[INFO] [stdout]                                at /opt/rustwide/cargo-home/registry/src/index.crates.io-1949cf8c6b5b557f/tokio-1.43.0/src/runtime/scheduler/current_thread/mod.rs:729:25
[INFO] [stdout]   28:     0x61d0e743cd60 - tokio::runtime::scheduler::current_thread::Context::enter::hca650de417487454
[INFO] [stdout]                                at /opt/rustwide/cargo-home/registry/src/index.crates.io-1949cf8c6b5b557f/tokio-1.43.0/src/runtime/scheduler/current_thread/mod.rs:428:19
[INFO] [stdout]   29:     0x61d0e743eabe - tokio::runtime::scheduler::current_thread::CoreGuard::block_on::{{closure}}::hfc9b63acca2061bd
[INFO] [stdout]                                at /opt/rustwide/cargo-home/registry/src/index.crates.io-1949cf8c6b5b557f/tokio-1.43.0/src/runtime/scheduler/current_thread/mod.rs:728:36
[INFO] [stdout]   30:     0x61d0e743df14 - tokio::runtime::scheduler::current_thread::CoreGuard::enter::{{closure}}::h639833f9a8da17e7
[INFO] [stdout]                                at /opt/rustwide/cargo-home/registry/src/index.crates.io-1949cf8c6b5b557f/tokio-1.43.0/src/runtime/scheduler/current_thread/mod.rs:807:68
[INFO] [stdout]   31:     0x61d0e74037cb - tokio::runtime::context::scoped::Scoped<T>::set::h7a0be7ab7611cef8
[INFO] [stdout]                                at /opt/rustwide/cargo-home/registry/src/index.crates.io-1949cf8c6b5b557f/tokio-1.43.0/src/runtime/context/scoped.rs:40:9
[INFO] [stdout]   32:     0x61d0e740e219 - tokio::runtime::context::set_scheduler::{{closure}}::h43b93975f36d2f5c
[INFO] [stdout]                                at /opt/rustwide/cargo-home/registry/src/index.crates.io-1949cf8c6b5b557f/tokio-1.43.0/src/runtime/context.rs:180:26
[INFO] [stdout]   33:     0x61d0e74190d2 - std::thread::local::LocalKey<T>::try_with::hdc8c33361fdbbfe9
[INFO] [stdout]                                at /rustc/6067b36314ab5eb2eb47cecc464545ba58e1ad24/library/std/src/thread/local.rs:308:12
[INFO] [stdout]   34:     0x61d0e741832a - std::thread::local::LocalKey<T>::with::h9d67aa263ea0fd53
[INFO] [stdout]                                at /rustc/6067b36314ab5eb2eb47cecc464545ba58e1ad24/library/std/src/thread/local.rs:272:9
[INFO] [stdout]   35:     0x61d0e740e18d - tokio::runtime::context::set_scheduler::h50799d17566ec27c
[INFO] [stdout]                                at /opt/rustwide/cargo-home/registry/src/index.crates.io-1949cf8c6b5b557f/tokio-1.43.0/src/runtime/context.rs:180:9
[INFO] [stdout]   36:     0x61d0e743dcc0 - tokio::runtime::scheduler::current_thread::CoreGuard::enter::h5fdb2e8f844f1e06
[INFO] [stdout]                                at /opt/rustwide/cargo-home/registry/src/index.crates.io-1949cf8c6b5b557f/tokio-1.43.0/src/runtime/scheduler/current_thread/mod.rs:807:27
[INFO] [stdout]   37:     0x61d0e743dfb3 - tokio::runtime::scheduler::current_thread::CoreGuard::block_on::hebe9a8318278ff52
[INFO] [stdout]                                at /opt/rustwide/cargo-home/registry/src/index.crates.io-1949cf8c6b5b557f/tokio-1.43.0/src/runtime/scheduler/current_thread/mod.rs:716:19
[INFO] [stdout]   38:     0x61d0e743c1ba - tokio::runtime::scheduler::current_thread::CurrentThread::block_on::{{closure}}::hfdd87e83152070d4
[INFO] [stdout]                                at /opt/rustwide/cargo-home/registry/src/index.crates.io-1949cf8c6b5b557f/tokio-1.43.0/src/runtime/scheduler/current_thread/mod.rs:196:28
[INFO] [stdout]   39:     0x61d0e7419e66 - tokio::runtime::context::runtime::enter_runtime::hbe53cd55e6e7d18f
[INFO] [stdout]                                at /opt/rustwide/cargo-home/registry/src/index.crates.io-1949cf8c6b5b557f/tokio-1.43.0/src/runtime/context/runtime.rs:65:16
[INFO] [stdout]   40:     0x61d0e743ba21 - tokio::runtime::scheduler::current_thread::CurrentThread::block_on::h41b57f16231b84e2
[INFO] [stdout]                                at /opt/rustwide/cargo-home/registry/src/index.crates.io-1949cf8c6b5b557f/tokio-1.43.0/src/runtime/scheduler/current_thread/mod.rs:184:9
[INFO] [stdout]   41:     0x61d0e7423dc3 - tokio::runtime::runtime::Runtime::block_on_inner::haa224e7cb5c1fe6a
[INFO] [stdout]                                at /opt/rustwide/cargo-home/registry/src/index.crates.io-1949cf8c6b5b557f/tokio-1.43.0/src/runtime/runtime.rs:368:47
[INFO] [stdout]   42:     0x61d0e7423fb7 - tokio::runtime::runtime::Runtime::block_on::h1ff1268c3df92b2b
[INFO] [stdout]                                at /opt/rustwide/cargo-home/registry/src/index.crates.io-1949cf8c6b5b557f/tokio-1.43.0/src/runtime/runtime.rs:342:13
[INFO] [stdout]   43:     0x61d0e7434761 - vatsim_stat_graph::models::analysis::test::test_get_analysis::h199f5f3e776d025a
[INFO] [stdout]                                at /opt/rustwide/workdir/src/models/analysis.rs:141:9
[INFO] [stdout]   44:     0x61d0e7434607 - vatsim_stat_graph::models::analysis::test::test_get_analysis::{{closure}}::hfb2d7937008aae21
[INFO] [stdout]                                at /opt/rustwide/workdir/src/models/analysis.rs:135:37
[INFO] [stdout]   45:     0x61d0e740b256 - core::ops::function::FnOnce::call_once::h94fcf881c560cfc8
[INFO] [stdout]                                at /rustc/6067b36314ab5eb2eb47cecc464545ba58e1ad24/library/core/src/ops/function.rs:250:5
[INFO] [stdout]   46:     0x61d0e747ef4b - core::ops::function::FnOnce::call_once::he27718dfdd183f43
[INFO] [stdout]                                at /rustc/6067b36314ab5eb2eb47cecc464545ba58e1ad24/library/core/src/ops/function.rs:250:5
[INFO] [stdout]   47:     0x61d0e747ef4b - test::__rust_begin_short_backtrace::h4e84902998457a5d
[INFO] [stdout]                                at /rustc/6067b36314ab5eb2eb47cecc464545ba58e1ad24/library/test/src/lib.rs:632:18
[INFO] [stdout]   48:     0x61d0e747de83 - test::run_test_in_process::{{closure}}::h7176fd18fc1feca0
[INFO] [stdout]                                at /rustc/6067b36314ab5eb2eb47cecc464545ba58e1ad24/library/test/src/lib.rs:655:60
[INFO] [stdout]   49:     0x61d0e747de83 - <core::panic::unwind_safe::AssertUnwindSafe<F> as core::ops::function::FnOnce<()>>::call_once::hf79cff2a624d8cf7
[INFO] [stdout]                                at /rustc/6067b36314ab5eb2eb47cecc464545ba58e1ad24/library/core/src/panic/unwind_safe.rs:272:9
[INFO] [stdout]   50:     0x61d0e747de83 - std::panicking::try::do_call::h3da0561d9ab99c25
[INFO] [stdout]                                at /rustc/6067b36314ab5eb2eb47cecc464545ba58e1ad24/library/std/src/panicking.rs:587:40
[INFO] [stdout]   51:     0x61d0e747de83 - std::panicking::try::h41c9fa508bc61df6
[INFO] [stdout]                                at /rustc/6067b36314ab5eb2eb47cecc464545ba58e1ad24/library/std/src/panicking.rs:550:19
[INFO] [stdout]   52:     0x61d0e747de83 - std::panic::catch_unwind::h6b3ff07bb5afad93
[INFO] [stdout]                                at /rustc/6067b36314ab5eb2eb47cecc464545ba58e1ad24/library/std/src/panic.rs:358:14
[INFO] [stdout]   53:     0x61d0e747de83 - test::run_test_in_process::hc7253dd11b39b9f4
[INFO] [stdout]                                at /rustc/6067b36314ab5eb2eb47cecc464545ba58e1ad24/library/test/src/lib.rs:655:27
[INFO] [stdout]   54:     0x61d0e747de83 - test::run_test::{{closure}}::hfb2007f8649c30bb
[INFO] [stdout]                                at /rustc/6067b36314ab5eb2eb47cecc464545ba58e1ad24/library/test/src/lib.rs:576:43
[INFO] [stdout]   55:     0x61d0e7440f65 - test::run_test::{{closure}}::h56a17aa7a282a9f4
[INFO] [stdout]                                at /rustc/6067b36314ab5eb2eb47cecc464545ba58e1ad24/library/test/src/lib.rs:606:41
[INFO] [stdout]   56:     0x61d0e7440f65 - std::sys::backtrace::__rust_begin_short_backtrace::hd2d2d2fb8e8c6aac
[INFO] [stdout]                                at /rustc/6067b36314ab5eb2eb47cecc464545ba58e1ad24/library/std/src/sys/backtrace.rs:152:18
[INFO] [stdout]   57:     0x61d0e744484a - std::thread::Builder::spawn_unchecked_::{{closure}}::{{closure}}::h4faa3f9db6133423
[INFO] [stdout]                                at /rustc/6067b36314ab5eb2eb47cecc464545ba58e1ad24/library/std/src/thread/mod.rs:559:17
[INFO] [stdout]   58:     0x61d0e744484a - <core::panic::unwind_safe::AssertUnwindSafe<F> as core::ops::function::FnOnce<()>>::call_once::hf2e855a36a4ea846
[INFO] [stdout]                                at /rustc/6067b36314ab5eb2eb47cecc464545ba58e1ad24/library/core/src/panic/unwind_safe.rs:272:9
[INFO] [stdout]   59:     0x61d0e744484a - std::panicking::try::do_call::h2f73af3616c35465
[INFO] [stdout]                                at /rustc/6067b36314ab5eb2eb47cecc464545ba58e1ad24/library/std/src/panicking.rs:587:40
[INFO] [stdout]   60:     0x61d0e744484a - std::panicking::try::hd1660ce9efadef5a
[INFO] [stdout]                                at /rustc/6067b36314ab5eb2eb47cecc464545ba58e1ad24/library/std/src/panicking.rs:550:19
[INFO] [stdout]   61:     0x61d0e744484a - std::panic::catch_unwind::h5ee8d7823b8ca744
[INFO] [stdout]                                at /rustc/6067b36314ab5eb2eb47cecc464545ba58e1ad24/library/std/src/panic.rs:358:14
[INFO] [stdout]   62:     0x61d0e744484a - std::thread::Builder::spawn_unchecked_::{{closure}}::h53c3a1894dce8407
[INFO] [stdout]                                at /rustc/6067b36314ab5eb2eb47cecc464545ba58e1ad24/library/std/src/thread/mod.rs:557:30
[INFO] [stdout]   63:     0x61d0e744484a - core::ops::function::FnOnce::call_once{{vtable.shim}}::h048ce291ad4f62bf
[INFO] [stdout]                                at /rustc/6067b36314ab5eb2eb47cecc464545ba58e1ad24/library/core/src/ops/function.rs:250:5
[INFO] [stdout]   64:     0x61d0e78fe2fb - <alloc::boxed::Box<F,A> as core::ops::function::FnOnce<Args>>::call_once::ha52bedf99a3b4981
[INFO] [stdout]                                at /rustc/6067b36314ab5eb2eb47cecc464545ba58e1ad24/library/alloc/src/boxed.rs:2013:9
[INFO] [stdout]   65:     0x61d0e78fe2fb - <alloc::boxed::Box<F,A> as core::ops::function::FnOnce<Args>>::call_once::h567748934d80ccf8
[INFO] [stdout]                                at /rustc/6067b36314ab5eb2eb47cecc464545ba58e1ad24/library/alloc/src/boxed.rs:2013:9
[INFO] [stdout]   66:     0x61d0e78fe2fb - std::sys::pal::unix::thread::Thread::new::thread_start::h2d970728ae887adc
[INFO] [stdout]                                at /rustc/6067b36314ab5eb2eb47cecc464545ba58e1ad24/library/std/src/sys/pal/unix/thread.rs:106:17
[INFO] [stdout]   67:     0x760033291ac3 - <unknown>
[INFO] [stdout]   68:     0x760033322a04 - clone
[INFO] [stdout]   69:                0x0 - <unknown>
[INFO] [stdout] 
[INFO] [stdout] ---- drawer::graph::test::test_draw_graph stdout ----
[INFO] [stdout] 
[INFO] [stdout] thread 'drawer::graph::test::test_draw_graph' panicked at src/drawer/graph.rs:153:39:
[INFO] [stdout] called `Result::unwrap()` on an `Err` value: Os { code: 30, kind: ReadOnlyFilesystem, message: "Read-only file system" }
[INFO] [stdout] stack backtrace:
[INFO] [stdout]    0:     0x61d0e78f7f3a - std::backtrace_rs::backtrace::libunwind::trace::hb059275cfc8d6126
[INFO] [stdout]                                at /rustc/6067b36314ab5eb2eb47cecc464545ba58e1ad24/library/std/src/../../backtrace/src/backtrace/libunwind.rs:116:5
[INFO] [stdout]    1:     0x61d0e78f7f3a - std::backtrace_rs::backtrace::trace_unsynchronized::h2da071e4327ce3ee
[INFO] [stdout]                                at /rustc/6067b36314ab5eb2eb47cecc464545ba58e1ad24/library/std/src/../../backtrace/src/backtrace/mod.rs:66:5
[INFO] [stdout]    2:     0x61d0e78f7f3a - std::sys::backtrace::_print_fmt::h842a1474e6f8d23f
[INFO] [stdout]                                at /rustc/6067b36314ab5eb2eb47cecc464545ba58e1ad24/library/std/src/sys/backtrace.rs:66:9
[INFO] [stdout]    3:     0x61d0e78f7f3a - <std::sys::backtrace::BacktraceLock::print::DisplayBacktrace as core::fmt::Display>::fmt::h71a62eb3b9696b12
[INFO] [stdout]                                at /rustc/6067b36314ab5eb2eb47cecc464545ba58e1ad24/library/std/src/sys/backtrace.rs:39:26
[INFO] [stdout]    4:     0x61d0e7922e13 - core::fmt::rt::Argument::fmt::hdb6b616786b41dc1
[INFO] [stdout]                                at /rustc/6067b36314ab5eb2eb47cecc464545ba58e1ad24/library/core/src/fmt/rt.rs:177:76
[INFO] [stdout]    5:     0x61d0e7922e13 - core::fmt::write::h2cc1698af7e2d686
[INFO] [stdout]                                at /rustc/6067b36314ab5eb2eb47cecc464545ba58e1ad24/library/core/src/fmt/mod.rs:1440:21
[INFO] [stdout]    6:     0x61d0e78f3b93 - std::io::Write::write_fmt::hab1b4cd059a79022
[INFO] [stdout]                                at /rustc/6067b36314ab5eb2eb47cecc464545ba58e1ad24/library/std/src/io/mod.rs:1887:15
[INFO] [stdout]    7:     0x61d0e78f7d82 - std::sys::backtrace::BacktraceLock::print::h147fe35b4ea13b08
[INFO] [stdout]                                at /rustc/6067b36314ab5eb2eb47cecc464545ba58e1ad24/library/std/src/sys/backtrace.rs:42:9
[INFO] [stdout]    8:     0x61d0e78f935f - std::panicking::default_hook::{{closure}}::hbd44223dbdc0d208
[INFO] [stdout]                                at /rustc/6067b36314ab5eb2eb47cecc464545ba58e1ad24/library/std/src/panicking.rs:298:22
[INFO] [stdout]    9:     0x61d0e78f9178 - std::panicking::default_hook::h20f81eb0576efcec
[INFO] [stdout]                                at /rustc/6067b36314ab5eb2eb47cecc464545ba58e1ad24/library/std/src/panicking.rs:322:9
[INFO] [stdout]   10:     0x61d0e74797f3 - <alloc::boxed::Box<F,A> as core::ops::function::Fn<Args>>::call::hdb53814c496a4d34
[INFO] [stdout]                                at /rustc/6067b36314ab5eb2eb47cecc464545ba58e1ad24/library/alloc/src/boxed.rs:2027:9
[INFO] [stdout]   11:     0x61d0e74797f3 - test::test_main::{{closure}}::hc0a4963c59427c24
[INFO] [stdout]                                at /rustc/6067b36314ab5eb2eb47cecc464545ba58e1ad24/library/test/src/lib.rs:134:21
[INFO] [stdout]   12:     0x61d0e78f9e53 - <alloc::boxed::Box<F,A> as core::ops::function::Fn<Args>>::call::h591b2225413a77e9
[INFO] [stdout]                                at /rustc/6067b36314ab5eb2eb47cecc464545ba58e1ad24/library/alloc/src/boxed.rs:2027:9
[INFO] [stdout]   13:     0x61d0e78f9e53 - std::panicking::rust_panic_with_hook::h625eea43051b2edc
[INFO] [stdout]                                at /rustc/6067b36314ab5eb2eb47cecc464545ba58e1ad24/library/std/src/panicking.rs:839:13
[INFO] [stdout]   14:     0x61d0e78f9b0a - std::panicking::begin_panic_handler::{{closure}}::h4f9159cfbc3f6bd3
[INFO] [stdout]                                at /rustc/6067b36314ab5eb2eb47cecc464545ba58e1ad24/library/std/src/panicking.rs:704:13
[INFO] [stdout]   15:     0x61d0e78f8439 - std::sys::backtrace::__rust_end_short_backtrace::h0390abce48353151
[INFO] [stdout]                                at /rustc/6067b36314ab5eb2eb47cecc464545ba58e1ad24/library/std/src/sys/backtrace.rs:168:18
[INFO] [stdout]   16:     0x61d0e78f979d - rust_begin_unwind
[INFO] [stdout]                                at /rustc/6067b36314ab5eb2eb47cecc464545ba58e1ad24/library/std/src/panicking.rs:695:5
[INFO] [stdout]   17:     0x61d0e7921020 - core::panicking::panic_fmt::h9e7c637e9e5f29c9
[INFO] [stdout]                                at /rustc/6067b36314ab5eb2eb47cecc464545ba58e1ad24/library/core/src/panicking.rs:75:14
[INFO] [stdout]   18:     0x61d0e79214f6 - core::result::unwrap_failed::h7979f09313fe1849
[INFO] [stdout]                                at /rustc/6067b36314ab5eb2eb47cecc464545ba58e1ad24/library/core/src/result.rs:1704:5
[INFO] [stdout]   19:     0x61d0e7409fcc - core::result::Result<T,E>::unwrap::hc35a1b24dec2a8c4
[INFO] [stdout]                                at /rustc/6067b36314ab5eb2eb47cecc464545ba58e1ad24/library/core/src/result.rs:1109:23
[INFO] [stdout]   20:     0x61d0e7409fcc - vatsim_stat_graph::drawer::graph::test::test_draw_graph::h8016ae452ba4db3f
[INFO] [stdout]                                at /opt/rustwide/workdir/src/drawer/graph.rs:153:20
[INFO] [stdout]   21:     0x61d0e7409ca7 - vatsim_stat_graph::drawer::graph::test::test_draw_graph::{{closure}}::hdde8069546cd4594
[INFO] [stdout]                                at /opt/rustwide/workdir/src/drawer/graph.rs:138:25
[INFO] [stdout]   22:     0x61d0e740b1d6 - core::ops::function::FnOnce::call_once::h7a657bde88b06180
[INFO] [stdout]                                at /rustc/6067b36314ab5eb2eb47cecc464545ba58e1ad24/library/core/src/ops/function.rs:250:5
[INFO] [stdout]   23:     0x61d0e747ef4b - core::ops::function::FnOnce::call_once::he27718dfdd183f43
[INFO] [stdout]                                at /rustc/6067b36314ab5eb2eb47cecc464545ba58e1ad24/library/core/src/ops/function.rs:250:5
[INFO] [stdout]   24:     0x61d0e747ef4b - test::__rust_begin_short_backtrace::h4e84902998457a5d
[INFO] [stdout]                                at /rustc/6067b36314ab5eb2eb47cecc464545ba58e1ad24/library/test/src/lib.rs:632:18
[INFO] [stdout]   25:     0x61d0e747de83 - test::run_test_in_process::{{closure}}::h7176fd18fc1feca0
[INFO] [stdout]                                at /rustc/6067b36314ab5eb2eb47cecc464545ba58e1ad24/library/test/src/lib.rs:655:60
[INFO] [stdout]   26:     0x61d0e747de83 - <core::panic::unwind_safe::AssertUnwindSafe<F> as core::ops::function::FnOnce<()>>::call_once::hf79cff2a624d8cf7
[INFO] [stdout]                                at /rustc/6067b36314ab5eb2eb47cecc464545ba58e1ad24/library/core/src/panic/unwind_safe.rs:272:9
[INFO] [stdout]   27:     0x61d0e747de83 - std::panicking::try::do_call::h3da0561d9ab99c25
[INFO] [stdout]                                at /rustc/6067b36314ab5eb2eb47cecc464545ba58e1ad24/library/std/src/panicking.rs:587:40
[INFO] [stdout]   28:     0x61d0e747de83 - std::panicking::try::h41c9fa508bc61df6
[INFO] [stdout]                                at /rustc/6067b36314ab5eb2eb47cecc464545ba58e1ad24/library/std/src/panicking.rs:550:19
[INFO] [stdout]   29:     0x61d0e747de83 - std::panic::catch_unwind::h6b3ff07bb5afad93
[INFO] [stdout]                                at /rustc/6067b36314ab5eb2eb47cecc464545ba58e1ad24/library/std/src/panic.rs:358:14
[INFO] [stdout]   30:     0x61d0e747de83 - test::run_test_in_process::hc7253dd11b39b9f4
[INFO] [stdout]                                at /rustc/6067b36314ab5eb2eb47cecc464545ba58e1ad24/library/test/src/lib.rs:655:27
[INFO] [stdout]   31:     0x61d0e747de83 - test::run_test::{{closure}}::hfb2007f8649c30bb
[INFO] [stdout]                                at /rustc/6067b36314ab5eb2eb47cecc464545ba58e1ad24/library/test/src/lib.rs:576:43
[INFO] [stdout]   32:     0x61d0e7440f65 - test::run_test::{{closure}}::h56a17aa7a282a9f4
[INFO] [stdout]                                at /rustc/6067b36314ab5eb2eb47cecc464545ba58e1ad24/library/test/src/lib.rs:606:41
[INFO] [stdout]   33:     0x61d0e7440f65 - std::sys::backtrace::__rust_begin_short_backtrace::hd2d2d2fb8e8c6aac
[INFO] [stdout]                                at /rustc/6067b36314ab5eb2eb47cecc464545ba58e1ad24/library/std/src/sys/backtrace.rs:152:18
[INFO] [stdout]   34:     0x61d0e744484a - std::thread::Builder::spawn_unchecked_::{{closure}}::{{closure}}::h4faa3f9db6133423
[INFO] [stdout]                                at /rustc/6067b36314ab5eb2eb47cecc464545ba58e1ad24/library/std/src/thread/mod.rs:559:17
[INFO] [stdout]   35:     0x61d0e744484a - <core::panic::unwind_safe::AssertUnwindSafe<F> as core::ops::function::FnOnce<()>>::call_once::hf2e855a36a4ea846
[INFO] [stdout]                                at /rustc/6067b36314ab5eb2eb47cecc464545ba58e1ad24/library/core/src/panic/unwind_safe.rs:272:9
[INFO] [stdout]   36:     0x61d0e744484a - std::panicking::try::do_call::h2f73af3616c35465
[INFO] [stdout]                                at /rustc/6067b36314ab5eb2eb47cecc464545ba58e1ad24/library/std/src/panicking.rs:587:40
[INFO] [stdout]   37:     0x61d0e744484a - std::panicking::try::hd1660ce9efadef5a
[INFO] [stdout]                                at /rustc/6067b36314ab5eb2eb47cecc464545ba58e1ad24/library/std/src/panicking.rs:550:19
[INFO] [stdout]   38:     0x61d0e744484a - std::panic::catch_unwind::h5ee8d7823b8ca744
[INFO] [stdout]                                at /rustc/6067b36314ab5eb2eb47cecc464545ba58e1ad24/library/std/src/panic.rs:358:14
[INFO] [stdout]   39:     0x61d0e744484a - std::thread::Builder::spawn_unchecked_::{{closure}}::h53c3a1894dce8407
[INFO] [stdout]                                at /rustc/6067b36314ab5eb2eb47cecc464545ba58e1ad24/library/std/src/thread/mod.rs:557:30
[INFO] [stdout]   40:     0x61d0e744484a - core::ops::function::FnOnce::call_once{{vtable.shim}}::h048ce291ad4f62bf
[INFO] [stdout]                                at /rustc/6067b36314ab5eb2eb47cecc464545ba58e1ad24/library/core/src/ops/function.rs:250:5
[INFO] [stdout]   41:     0x61d0e78fe2fb - <alloc::boxed::Box<F,A> as core::ops::function::FnOnce<Args>>::call_once::ha52bedf99a3b4981
[INFO] [stdout]                                at /rustc/6067b36314ab5eb2eb47cecc464545ba58e1ad24/library/alloc/src/boxed.rs:2013:9
[INFO] [stdout]   42:     0x61d0e78fe2fb - <alloc::boxed::Box<F,A> as core::ops::function::FnOnce<Args>>::call_once::h567748934d80ccf8
[INFO] [stdout]                                at /rustc/6067b36314ab5eb2eb47cecc464545ba58e1ad24/library/alloc/src/boxed.rs:2013:9
[INFO] [stdout]   43:     0x61d0e78fe2fb - std::sys::pal::unix::thread::Thread::new::thread_start::h2d970728ae887adc
[INFO] [stdout]                                at /rustc/6067b36314ab5eb2eb47cecc464545ba58e1ad24/library/std/src/sys/pal/unix/thread.rs:106:17
[INFO] [stdout]   44:     0x760033291ac3 - <unknown>
[INFO] [stdout]   45:     0x760033322a04 - clone
[INFO] [stdout]   46:                0x0 - <unknown>
[INFO] [stdout] 
[INFO] [stdout] ---- models::analysis::test::test_save_analysis stdout ----
[INFO] [stdout] 
[INFO] [stdout] thread 'models::analysis::test::test_save_analysis' panicked at src/models/analysis.rs:127:78:
[INFO] [stdout] called `Result::unwrap()` on an `Err` value: RequestError { error_type: Client, url: "https://api.vatsim.net/v2/members/1773692/history?limit=100&offset=0", status: None, source: Some(error sending request for url (https://api.vatsim.net/v2/members/1773692/history?limit=100&offset=0)
[INFO] [stdout] 
[INFO] [stdout] Caused by:
[INFO] [stdout]     0: client error (Connect)
[INFO] [stdout]     1: dns error: failed to lookup address information: Temporary failure in name resolution
[INFO] [stdout]     2: failed to lookup address information: Temporary failure in name resolution
[INFO] [stdout] 
[INFO] [stdout] Stack backtrace:
[INFO] [stdout]    0: anyhow::error::<impl core::convert::From<E> for anyhow::Error>::from
[INFO] [stdout]              at /opt/rustwide/cargo-home/registry/src/index.crates.io-1949cf8c6b5b557f/anyhow-1.0.95/src/backtrace.rs:27:14
[INFO] [stdout]    1: <T as core::convert::Into<U>>::into
[INFO] [stdout]              at /rustc/6067b36314ab5eb2eb47cecc464545ba58e1ad24/library/core/src/convert/mod.rs:761:9
[INFO] [stdout]    2: <vatsim_stat_graph::error::RequestError as core::convert::From<reqwest::error::Error>>::from
[INFO] [stdout]              at ./src/error.rs:75:30
[INFO] [stdout]    3: <core::result::Result<T,F> as core::ops::try_trait::FromResidual<core::result::Result<core::convert::Infallible,E>>>::from_residual
[INFO] [stdout]              at /rustc/6067b36314ab5eb2eb47cecc464545ba58e1ad24/library/core/src/result.rs:2014:27
[INFO] [stdout]    4: vatsim_stat_graph::fetcher::get_pilot_sessions::{{closure}}
[INFO] [stdout]              at ./src/fetcher.rs:32:15
[INFO] [stdout]    5: vatsim_stat_graph::fetcher::get_pilot_sessions_in_range::{{closure}}
[INFO] [stdout]              at ./src/fetcher.rs:51:68
[INFO] [stdout]    6: vatsim_stat_graph::models::analysis::test::test_save_analysis::{{closure}}
[INFO] [stdout]              at ./src/models/analysis.rs:127:72
[INFO] [stdout]    7: <core::pin::Pin<P> as core::future::future::Future>::poll
[INFO] [stdout]              at /rustc/6067b36314ab5eb2eb47cecc464545ba58e1ad24/library/core/src/future/future.rs:124:9
[INFO] [stdout]    8: <core::pin::Pin<P> as core::future::future::Future>::poll
[INFO] [stdout]              at /rustc/6067b36314ab5eb2eb47cecc464545ba58e1ad24/library/core/src/future/future.rs:124:9
[INFO] [stdout]    9: tokio::runtime::scheduler::current_thread::CoreGuard::block_on::{{closure}}::{{closure}}::{{closure}}
[INFO] [stdout]              at /opt/rustwide/cargo-home/registry/src/index.crates.io-1949cf8c6b5b557f/tokio-1.43.0/src/runtime/scheduler/current_thread/mod.rs:729:57
[INFO] [stdout]   10: tokio::runtime::coop::with_budget
[INFO] [stdout]              at /opt/rustwide/cargo-home/registry/src/index.crates.io-1949cf8c6b5b557f/tokio-1.43.0/src/runtime/coop.rs:107:5
[INFO] [stdout]   11: tokio::runtime::coop::budget
[INFO] [stdout]              at /opt/rustwide/cargo-home/registry/src/index.crates.io-1949cf8c6b5b557f/tokio-1.43.0/src/runtime/coop.rs:73:5
[INFO] [stdout]   12: tokio::runtime::scheduler::current_thread::CoreGuard::block_on::{{closure}}::{{closure}}
[INFO] [stdout]              at /opt/rustwide/cargo-home/registry/src/index.crates.io-1949cf8c6b5b557f/tokio-1.43.0/src/runtime/scheduler/current_thread/mod.rs:729:25
[INFO] [stdout]   13: tokio::runtime::scheduler::current_thread::Context::enter
[INFO] [stdout]              at /opt/rustwide/cargo-home/registry/src/index.crates.io-1949cf8c6b5b557f/tokio-1.43.0/src/runtime/scheduler/current_thread/mod.rs:428:19
[INFO] [stdout]   14: tokio::runtime::scheduler::current_thread::CoreGuard::block_on::{{closure}}
[INFO] [stdout]              at /opt/rustwide/cargo-home/registry/src/index.crates.io-1949cf8c6b5b557f/tokio-1.43.0/src/runtime/scheduler/current_thread/mod.rs:728:36
[INFO] [stdout]   15: tokio::runtime::scheduler::current_thread::CoreGuard::enter::{{closure}}
[INFO] [stdout]              at /opt/rustwide/cargo-home/registry/src/index.crates.io-1949cf8c6b5b557f/tokio-1.43.0/src/runtime/scheduler/current_thread/mod.rs:807:68
[INFO] [stdout]   16: tokio::runtime::context::scoped::Scoped<T>::set
[INFO] [stdout]              at /opt/rustwide/cargo-home/registry/src/index.crates.io-1949cf8c6b5b557f/tokio-1.43.0/src/runtime/context/scoped.rs:40:9
[INFO] [stdout]   17: tokio::runtime::context::set_scheduler::{{closure}}
[INFO] [stdout]              at /opt/rustwide/cargo-home/registry/src/index.crates.io-1949cf8c6b5b557f/tokio-1.43.0/src/runtime/context.rs:180:26
[INFO] [stdout]   18: std::thread::local::LocalKey<T>::try_with
[INFO] [stdout]              at /rustc/6067b36314ab5eb2eb47cecc464545ba58e1ad24/library/std/src/thread/local.rs:308:12
[INFO] [stdout]   19: std::thread::local::LocalKey<T>::with
[INFO] [stdout]              at /rustc/6067b36314ab5eb2eb47cecc464545ba58e1ad24/library/std/src/thread/local.rs:272:9
[INFO] [stdout]   20: tokio::runtime::context::set_scheduler
[INFO] [stdout]              at /opt/rustwide/cargo-home/registry/src/index.crates.io-1949cf8c6b5b557f/tokio-1.43.0/src/runtime/context.rs:180:9
[INFO] [stdout]   21: tokio::runtime::scheduler::current_thread::CoreGuard::enter
[INFO] [stdout]              at /opt/rustwide/cargo-home/registry/src/index.crates.io-1949cf8c6b5b557f/tokio-1.43.0/src/runtime/scheduler/current_thread/mod.rs:807:27
[INFO] [stdout]   22: tokio::runtime::scheduler::current_thread::CoreGuard::block_on
[INFO] [stdout]              at /opt/rustwide/cargo-home/registry/src/index.crates.io-1949cf8c6b5b557f/tokio-1.43.0/src/runtime/scheduler/current_thread/mod.rs:716:19
[INFO] [stdout]   23: tokio::runtime::scheduler::current_thread::CurrentThread::block_on::{{closure}}
[INFO] [stdout]              at /opt/rustwide/cargo-home/registry/src/index.crates.io-1949cf8c6b5b557f/tokio-1.43.0/src/runtime/scheduler/current_thread/mod.rs:196:28
[INFO] [stdout]   24: tokio::runtime::context::runtime::enter_runtime
[INFO] [stdout]              at /opt/rustwide/cargo-home/registry/src/index.crates.io-1949cf8c6b5b557f/tokio-1.43.0/src/runtime/context/runtime.rs:65:16
[INFO] [stdout]   25: tokio::runtime::scheduler::current_thread::CurrentThread::block_on
[INFO] [stdout]              at /opt/rustwide/cargo-home/registry/src/index.crates.io-1949cf8c6b5b557f/tokio-1.43.0/src/runtime/scheduler/current_thread/mod.rs:184:9
[INFO] [stdout]   26: tokio::runtime::runtime::Runtime::block_on_inner
[INFO] [stdout]              at /opt/rustwide/cargo-home/registry/src/index.crates.io-1949cf8c6b5b557f/tokio-1.43.0/src/runtime/runtime.rs:368:47
[INFO] [stdout]   27: tokio::runtime::runtime::Runtime::block_on
[INFO] [stdout]              at /opt/rustwide/cargo-home/registry/src/index.crates.io-1949cf8c6b5b557f/tokio-1.43.0/src/runtime/runtime.rs:342:13
[INFO] [stdout]   28: vatsim_stat_graph::models::analysis::test::test_save_analysis
[INFO] [stdout]              at ./src/models/analysis.rs:132:9
[INFO] [stdout]   29: vatsim_stat_graph::models::analysis::test::test_save_analysis::{{closure}}
[INFO] [stdout]              at ./src/models/analysis.rs:123:38
[INFO] [stdout]   30: core::ops::function::FnOnce::call_once
[INFO] [stdout]              at /rustc/6067b36314ab5eb2eb47cecc464545ba58e1ad24/library/core/src/ops/function.rs:250:5
[INFO] [stdout]   31: core::ops::function::FnOnce::call_once
[INFO] [stdout]              at /rustc/6067b36314ab5eb2eb47cecc464545ba58e1ad24/library/core/src/ops/function.rs:250:5
[INFO] [stdout]   32: test::__rust_begin_short_backtrace
[INFO] [stdout]              at /rustc/6067b36314ab5eb2eb47cecc464545ba58e1ad24/library/test/src/lib.rs:632:18
[INFO] [stdout]   33: test::run_test_in_process::{{closure}}
[INFO] [stdout]              at /rustc/6067b36314ab5eb2eb47cecc464545ba58e1ad24/library/test/src/lib.rs:655:60
[INFO] [stdout]   34: <core::panic::unwind_safe::AssertUnwindSafe<F> as core::ops::function::FnOnce<()>>::call_once
[INFO] [stdout]              at /rustc/6067b36314ab5eb2eb47cecc464545ba58e1ad24/library/core/src/panic/unwind_safe.rs:272:9
[INFO] [stdout]   35: std::panicking::try::do_call
[INFO] [stdout]              at /rustc/6067b36314ab5eb2eb47cecc464545ba58e1ad24/library/std/src/panicking.rs:587:40
[INFO] [stdout]   36: std::panicking::try
[INFO] [stdout]              at /rustc/6067b36314ab5eb2eb47cecc464545ba58e1ad24/library/std/src/panicking.rs:550:19
[INFO] [stdout]   37: std::panic::catch_unwind
[INFO] [stdout]              at /rustc/6067b36314ab5eb2eb47cecc464545ba58e1ad24/library/std/src/panic.rs:358:14
[INFO] [stdout]   38: test::run_test_in_process
[INFO] [stdout]              at /rustc/6067b36314ab5eb2eb47cecc464545ba58e1ad24/library/test/src/lib.rs:655:27
[INFO] [stdout]   39: test::run_test::{{closure}}
[INFO] [stdout]              at /rustc/6067b36314ab5eb2eb47cecc464545ba58e1ad24/library/test/src/lib.rs:576:43
[INFO] [stdout]   40: test::run_test::{{closure}}
[INFO] [stdout]              at /rustc/6067b36314ab5eb2eb47cecc464545ba58e1ad24/library/test/src/lib.rs:606:41
[INFO] [stdout]   41: std::sys::backtrace::__rust_begin_short_backtrace
[INFO] [stdout]              at /rustc/6067b36314ab5eb2eb47cecc464545ba58e1ad24/library/std/src/sys/backtrace.rs:152:18
[INFO] [stdout]   42: std::thread::Builder::spawn_unchecked_::{{closure}}::{{closure}}
[INFO] [stdout]              at /rustc/6067b36314ab5eb2eb47cecc464545ba58e1ad24/library/std/src/thread/mod.rs:559:17
[INFO] [stdout]   43: <core::panic::unwind_safe::AssertUnwindSafe<F> as core::ops::function::FnOnce<()>>::call_once
[INFO] [stdout]              at /rustc/6067b36314ab5eb2eb47cecc464545ba58e1ad24/library/core/src/panic/unwind_safe.rs:272:9
[INFO] [stdout]   44: std::panicking::try::do_call
[INFO] [stdout]              at /rustc/6067b36314ab5eb2eb47cecc464545ba58e1ad24/library/std/src/panicking.rs:587:40
[INFO] [stdout]   45: std::panicking::try
[INFO] [stdout]              at /rustc/6067b36314ab5eb2eb47cecc464545ba58e1ad24/library/std/src/panicking.rs:550:19
[INFO] [stdout]   46: std::panic::catch_unwind
[INFO] [stdout]              at /rustc/6067b36314ab5eb2eb47cecc464545ba58e1ad24/library/std/src/panic.rs:358:14
[INFO] [stdout]   47: std::thread::Builder::spawn_unchecked_::{{closure}}
[INFO] [stdout]              at /rustc/6067b36314ab5eb2eb47cecc464545ba58e1ad24/library/std/src/thread/mod.rs:557:30
[INFO] [stdout]   48: core::ops::function::FnOnce::call_once{{vtable.shim}}
[INFO] [stdout]              at /rustc/6067b36314ab5eb2eb47cecc464545ba58e1ad24/library/core/src/ops/function.rs:250:5
[INFO] [stdout]   49: <alloc::boxed::Box<F,A> as core::ops::function::FnOnce<Args>>::call_once
[INFO] [stdout]              at /rustc/6067b36314ab5eb2eb47cecc464545ba58e1ad24/library/alloc/src/boxed.rs:2013:9
[INFO] [stdout]   50: <alloc::boxed::Box<F,A> as core::ops::function::FnOnce<Args>>::call_once
[INFO] [stdout]              at /rustc/6067b36314ab5eb2eb47cecc464545ba58e1ad24/library/alloc/src/boxed.rs:2013:9
[INFO] [stdout]   51: std::sys::pal::unix::thread::Thread::new::thread_start
[INFO] [stdout]              at /rustc/6067b36314ab5eb2eb47cecc464545ba58e1ad24/library/std/src/sys/pal/unix/thread.rs:106:17
[INFO] [stdout]   52: <unknown>
[INFO] [stdout]   53: clone) }
[INFO] [stdout] stack backtrace:
[INFO] [stdout]    0:     0x61d0e78f7f3a - std::backtrace_rs::backtrace::libunwind::trace::hb059275cfc8d6126
[INFO] [stdout]                                at /rustc/6067b36314ab5eb2eb47cecc464545ba58e1ad24/library/std/src/../../backtrace/src/backtrace/libunwind.rs:116:5
[INFO] [stdout]    1:     0x61d0e78f7f3a - std::backtrace_rs::backtrace::trace_unsynchronized::h2da071e4327ce3ee
[INFO] [stdout]                                at /rustc/6067b36314ab5eb2eb47cecc464545ba58e1ad24/library/std/src/../../backtrace/src/backtrace/mod.rs:66:5
[INFO] [stdout]    2:     0x61d0e78f7f3a - std::sys::backtrace::_print_fmt::h842a1474e6f8d23f
[INFO] [stdout]                                at /rustc/6067b36314ab5eb2eb47cecc464545ba58e1ad24/library/std/src/sys/backtrace.rs:66:9
[INFO] [stdout]    3:     0x61d0e78f7f3a - <std::sys::backtrace::BacktraceLock::print::DisplayBacktrace as core::fmt::Display>::fmt::h71a62eb3b9696b12
[INFO] [stdout]                                at /rustc/6067b36314ab5eb2eb47cecc464545ba58e1ad24/library/std/src/sys/backtrace.rs:39:26
[INFO] [stdout]    4:     0x61d0e7922e13 - core::fmt::rt::Argument::fmt::hdb6b616786b41dc1
[INFO] [stdout]                                at /rustc/6067b36314ab5eb2eb47cecc464545ba58e1ad24/library/core/src/fmt/rt.rs:177:76
[INFO] [stdout]    5:     0x61d0e7922e13 - core::fmt::write::h2cc1698af7e2d686
[INFO] [stdout]                                at /rustc/6067b36314ab5eb2eb47cecc464545ba58e1ad24/library/core/src/fmt/mod.rs:1440:21
[INFO] [stdout]    6:     0x61d0e78f3b93 - std::io::Write::write_fmt::hab1b4cd059a79022
[INFO] [stdout]                                at /rustc/6067b36314ab5eb2eb47cecc464545ba58e1ad24/library/std/src/io/mod.rs:1887:15
[INFO] [stdout]    7:     0x61d0e78f7d82 - std::sys::backtrace::BacktraceLock::print::h147fe35b4ea13b08
[INFO] [stdout]                                at /rustc/6067b36314ab5eb2eb47cecc464545ba58e1ad24/library/std/src/sys/backtrace.rs:42:9
[INFO] [stdout]    8:     0x61d0e78f935f - std::panicking::default_hook::{{closure}}::hbd44223dbdc0d208
[INFO] [stdout]                                at /rustc/6067b36314ab5eb2eb47cecc464545ba58e1ad24/library/std/src/panicking.rs:298:22
[INFO] [stdout]    9:     0x61d0e78f9178 - std::panicking::default_hook::h20f81eb0576efcec
[INFO] [stdout]                                at /rustc/6067b36314ab5eb2eb47cecc464545ba58e1ad24/library/std/src/panicking.rs:322:9
[INFO] [stdout]   10:     0x61d0e74797f3 - <alloc::boxed::Box<F,A> as core::ops::function::Fn<Args>>::call::hdb53814c496a4d34
[INFO] [stdout]                                at /rustc/6067b36314ab5eb2eb47cecc464545ba58e1ad24/library/alloc/src/boxed.rs:2027:9
[INFO] [stdout]   11:     0x61d0e74797f3 - test::test_main::{{closure}}::hc0a4963c59427c24
[INFO] [stdout]                                at /rustc/6067b36314ab5eb2eb47cecc464545ba58e1ad24/library/test/src/lib.rs:134:21
[INFO] [stdout]   12:     0x61d0e78f9e53 - <alloc::boxed::Box<F,A> as core::ops::function::Fn<Args>>::call::h591b2225413a77e9
[INFO] [stdout]                                at /rustc/6067b36314ab5eb2eb47cecc464545ba58e1ad24/library/alloc/src/boxed.rs:2027:9
[INFO] [stdout]   13:     0x61d0e78f9e53 - std::panicking::rust_panic_with_hook::h625eea43051b2edc
[INFO] [stdout]                                at /rustc/6067b36314ab5eb2eb47cecc464545ba58e1ad24/library/std/src/panicking.rs:839:13
[INFO] [stdout]   14:     0x61d0e78f9b0a - std::panicking::begin_panic_handler::{{closure}}::h4f9159cfbc3f6bd3
[INFO] [stdout]                                at /rustc/6067b36314ab5eb2eb47cecc464545ba58e1ad24/library/std/src/panicking.rs:704:13
[INFO] [stdout]   15:     0x61d0e78f8439 - std::sys::backtrace::__rust_end_short_backtrace::h0390abce48353151
[INFO] [stdout]                                at /rustc/6067b36314ab5eb2eb47cecc464545ba58e1ad24/library/std/src/sys/backtrace.rs:168:18
[INFO] [stdout]   16:     0x61d0e78f979d - rust_begin_unwind
[INFO] [stdout]                                at /rustc/6067b36314ab5eb2eb47cecc464545ba58e1ad24/library/std/src/panicking.rs:695:5
[INFO] [stdout]   17:     0x61d0e7921020 - core::panicking::panic_fmt::h9e7c637e9e5f29c9
[INFO] [stdout]                                at /rustc/6067b36314ab5eb2eb47cecc464545ba58e1ad24/library/core/src/panicking.rs:75:14
[INFO] [stdout]   18:     0x61d0e79214f6 - core::result::unwrap_failed::h7979f09313fe1849
[INFO] [stdout]                                at /rustc/6067b36314ab5eb2eb47cecc464545ba58e1ad24/library/core/src/result.rs:1704:5
[INFO] [stdout]   19:     0x61d0e7434003 - core::result::Result<T,E>::unwrap::h3a2aa1eb49a33a80
[INFO] [stdout]                                at /rustc/6067b36314ab5eb2eb47cecc464545ba58e1ad24/library/core/src/result.rs:1109:23
[INFO] [stdout]   20:     0x61d0e7434003 - vatsim_stat_graph::models::analysis::test::test_save_analysis::{{closure}}::hcaf36667f26a42cf
[INFO] [stdout]                                at /opt/rustwide/workdir/src/models/analysis.rs:127:20
[INFO] [stdout]   21:     0x61d0e73ff8d2 - <core::pin::Pin<P> as core::future::future::Future>::poll::hbc312c802c0d2803
[INFO] [stdout]                                at /rustc/6067b36314ab5eb2eb47cecc464545ba58e1ad24/library/core/src/future/future.rs:124:9
[INFO] [stdout]   22:     0x61d0e73ff84d - <core::pin::Pin<P> as core::future::future::Future>::poll::h2c95d50d9b50fe0d
[INFO] [stdout]                                at /rustc/6067b36314ab5eb2eb47cecc464545ba58e1ad24/library/core/src/future/future.rs:124:9
[INFO] [stdout]   23:     0x61d0e743f50f - tokio::runtime::scheduler::current_thread::CoreGuard::block_on::{{closure}}::{{closure}}::{{closure}}::hb77a3c34f6c7e129
[INFO] [stdout]                                at /opt/rustwide/cargo-home/registry/src/index.crates.io-1949cf8c6b5b557f/tokio-1.43.0/src/runtime/scheduler/current_thread/mod.rs:729:57
[INFO] [stdout]   24:     0x61d0e743f255 - tokio::runtime::coop::with_budget::hec5c6938976f12e4
[INFO] [stdout]                                at /opt/rustwide/cargo-home/registry/src/index.crates.io-1949cf8c6b5b557f/tokio-1.43.0/src/runtime/coop.rs:107:5
[INFO] [stdout]   25:     0x61d0e743f255 - tokio::runtime::coop::budget::hf5a5f92d4fb623a6
[INFO] [stdout]                                at /opt/rustwide/cargo-home/registry/src/index.crates.io-1949cf8c6b5b557f/tokio-1.43.0/src/runtime/coop.rs:73:5
[INFO] [stdout]   26:     0x61d0e743f255 - tokio::runtime::scheduler::current_thread::CoreGuard::block_on::{{closure}}::{{closure}}::h6b853dddca4ec6bc
[INFO] [stdout]                                at /opt/rustwide/cargo-home/registry/src/index.crates.io-1949cf8c6b5b557f/tokio-1.43.0/src/runtime/scheduler/current_thread/mod.rs:729:25
[INFO] [stdout]   27:     0x61d0e743cd60 - tokio::runtime::scheduler::current_thread::Context::enter::hca650de417487454
[INFO] [stdout]                                at /opt/rustwide/cargo-home/registry/src/index.crates.io-1949cf8c6b5b557f/tokio-1.43.0/src/runtime/scheduler/current_thread/mod.rs:428:19
[INFO] [stdout]   28:     0x61d0e743eabe - tokio::runtime::scheduler::current_thread::CoreGuard::block_on::{{closure}}::hfc9b63acca2061bd
[INFO] [stdout]                                at /opt/rustwide/cargo-home/registry/src/index.crates.io-1949cf8c6b5b557f/tokio-1.43.0/src/runtime/scheduler/current_thread/mod.rs:728:36
[INFO] [stdout]   29:     0x61d0e743df14 - tokio::runtime::scheduler::current_thread::CoreGuard::enter::{{closure}}::h639833f9a8da17e7
[INFO] [stdout]                                at /opt/rustwide/cargo-home/registry/src/index.crates.io-1949cf8c6b5b557f/tokio-1.43.0/src/runtime/scheduler/current_thread/mod.rs:807:68
[INFO] [stdout]   30:     0x61d0e74037cb - tokio::runtime::context::scoped::Scoped<T>::set::h7a0be7ab7611cef8
[INFO] [stdout]                                at /opt/rustwide/cargo-home/registry/src/index.crates.io-1949cf8c6b5b557f/tokio-1.43.0/src/runtime/context/scoped.rs:40:9
[INFO] [stdout]   31:     0x61d0e740e219 - tokio::runtime::context::set_scheduler::{{closure}}::h43b93975f36d2f5c
[INFO] [stdout]                                at /opt/rustwide/cargo-home/registry/src/index.crates.io-1949cf8c6b5b557f/tokio-1.43.0/src/runtime/context.rs:180:26
[INFO] [stdout]   32:     0x61d0e74190d2 - std::thread::local::LocalKey<T>::try_with::hdc8c33361fdbbfe9
[INFO] [stdout]                                at /rustc/6067b36314ab5eb2eb47cecc464545ba58e1ad24/library/std/src/thread/local.rs:308:12
[INFO] [stdout]   33:     0x61d0e741832a - std::thread::local::LocalKey<T>::with::h9d67aa263ea0fd53
[INFO] [stdout]                                at /rustc/6067b36314ab5eb2eb47cecc464545ba58e1ad24/library/std/src/thread/local.rs:272:9
[INFO] [stdout]   34:     0x61d0e740e18d - tokio::runtime::context::set_scheduler::h50799d17566ec27c
[INFO] [stdout]                                at /opt/rustwide/cargo-home/registry/src/index.crates.io-1949cf8c6b5b557f/tokio-1.43.0/src/runtime/context.rs:180:9
[INFO] [stdout]   35:     0x61d0e743dcc0 - tokio::runtime::scheduler::current_thread::CoreGuard::enter::h5fdb2e8f844f1e06
[INFO] [stdout]                                at /opt/rustwide/cargo-home/registry/src/index.crates.io-1949cf8c6b5b557f/tokio-1.43.0/src/runtime/scheduler/current_thread/mod.rs:807:27
[INFO] [stdout]   36:     0x61d0e743dfb3 - tokio::runtime::scheduler::current_thread::CoreGuard::block_on::hebe9a8318278ff52
[INFO] [stdout]                                at /opt/rustwide/cargo-home/registry/src/index.crates.io-1949cf8c6b5b557f/tokio-1.43.0/src/runtime/scheduler/current_thread/mod.rs:716:19
[INFO] [stdout]   37:     0x61d0e743c1ba - tokio::runtime::scheduler::current_thread::CurrentThread::block_on::{{closure}}::hfdd87e83152070d4
[INFO] [stdout]                                at /opt/rustwide/cargo-home/registry/src/index.crates.io-1949cf8c6b5b557f/tokio-1.43.0/src/runtime/scheduler/current_thread/mod.rs:196:28
[INFO] [stdout]   38:     0x61d0e7419e66 - tokio::runtime::context::runtime::enter_runtime::hbe53cd55e6e7d18f
[INFO] [stdout]                                at /opt/rustwide/cargo-home/registry/src/index.crates.io-1949cf8c6b5b557f/tokio-1.43.0/src/runtime/context/runtime.rs:65:16
[INFO] [stdout]   39:     0x61d0e743ba21 - tokio::runtime::scheduler::current_thread::CurrentThread::block_on::h41b57f16231b84e2
[INFO] [stdout]                                at /opt/rustwide/cargo-home/registry/src/index.crates.io-1949cf8c6b5b557f/tokio-1.43.0/src/runtime/scheduler/current_thread/mod.rs:184:9
[INFO] [stdout]   40:     0x61d0e7423dc3 - tokio::runtime::runtime::Runtime::block_on_inner::haa224e7cb5c1fe6a
[INFO] [stdout]                                at /opt/rustwide/cargo-home/registry/src/index.crates.io-1949cf8c6b5b557f/tokio-1.43.0/src/runtime/runtime.rs:368:47
[INFO] [stdout]   41:     0x61d0e7423fb7 - tokio::runtime::runtime::Runtime::block_on::h1ff1268c3df92b2b
[INFO] [stdout]                                at /opt/rustwide/cargo-home/registry/src/index.crates.io-1949cf8c6b5b557f/tokio-1.43.0/src/runtime/runtime.rs:342:13
[INFO] [stdout]   42:     0x61d0e7433b0e - vatsim_stat_graph::models::analysis::test::test_save_analysis::h87b2a18a9be3dd93
[INFO] [stdout]                                at /opt/rustwide/workdir/src/models/analysis.rs:132:9
[INFO] [stdout]   43:     0x61d0e74339b7 - vatsim_stat_graph::models::analysis::test::test_save_analysis::{{closure}}::h103f9e565763b360
[INFO] [stdout]                                at /opt/rustwide/workdir/src/models/analysis.rs:123:38
[INFO] [stdout]   44:     0x61d0e740b296 - core::ops::function::FnOnce::call_once::ha16b30dfb117f938
[INFO] [stdout]                                at /rustc/6067b36314ab5eb2eb47cecc464545ba58e1ad24/library/core/src/ops/function.rs:250:5
[INFO] [stdout]   45:     0x61d0e747ef4b - core::ops::function::FnOnce::call_once::he27718dfdd183f43
[INFO] [stdout]                                at /rustc/6067b36314ab5eb2eb47cecc464545ba58e1ad24/library/core/src/ops/function.rs:250:5
[INFO] [stdout]   46:     0x61d0e747ef4b - test::__rust_begin_short_backtrace::h4e84902998457a5d
[INFO] [stdout]                                at /rustc/6067b36314ab5eb2eb47cecc464545ba58e1ad24/library/test/src/lib.rs:632:18
[INFO] [stdout]   47:     0x61d0e747de83 - test::run_test_in_process::{{closure}}::h7176fd18fc1feca0
[INFO] [stdout]                                at /rustc/6067b36314ab5eb2eb47cecc464545ba58e1ad24/library/test/src/lib.rs:655:60
[INFO] [stdout]   48:     0x61d0e747de83 - <core::panic::unwind_safe::AssertUnwindSafe<F> as core::ops::function::FnOnce<()>>::call_once::hf79cff2a624d8cf7
[INFO] [stdout]                                at /rustc/6067b36314ab5eb2eb47cecc464545ba58e1ad24/library/core/src/panic/unwind_safe.rs:272:9
[INFO] [stdout]   49:     0x61d0e747de83 - std::panicking::try::do_call::h3da0561d9ab99c25
[INFO] [stdout]                                at /rustc/6067b36314ab5eb2eb47cecc464545ba58e1ad24/library/std/src/panicking.rs:587:40
[INFO] [stdout]   50:     0x61d0e747de83 - std::panicking::try::h41c9fa508bc61df6
[INFO] [stdout]                                at /rustc/6067b36314ab5eb2eb47cecc464545ba58e1ad24/library/std/src/panicking.rs:550:19
[INFO] [stdout]   51:     0x61d0e747de83 - std::panic::catch_unwind::h6b3ff07bb5afad93
[INFO] [stdout]                                at /rustc/6067b36314ab5eb2eb47cecc464545ba58e1ad24/library/std/src/panic.rs:358:14
[INFO] [stdout]   52:     0x61d0e747de83 - test::run_test_in_process::hc7253dd11b39b9f4
[INFO] [stdout]                                at /rustc/6067b36314ab5eb2eb47cecc464545ba58e1ad24/library/test/src/lib.rs:655:27
[INFO] [stdout]   53:     0x61d0e747de83 - test::run_test::{{closure}}::hfb2007f8649c30bb
[INFO] [stdout]                                at /rustc/6067b36314ab5eb2eb47cecc464545ba58e1ad24/library/test/src/lib.rs:576:43
[INFO] [stdout]   54:     0x61d0e7440f65 - test::run_test::{{closure}}::h56a17aa7a282a9f4
[INFO] [stdout]                                at /rustc/6067b36314ab5eb2eb47cecc464545ba58e1ad24/library/test/src/lib.rs:606:41
[INFO] [stdout]   55:     0x61d0e7440f65 - std::sys::backtrace::__rust_begin_short_backtrace::hd2d2d2fb8e8c6aac
[INFO] [stdout]                                at /rustc/6067b36314ab5eb2eb47cecc464545ba58e1ad24/library/std/src/sys/backtrace.rs:152:18
[INFO] [stdout]   56:     0x61d0e744484a - std::thread::Builder::spawn_unchecked_::{{closure}}::{{closure}}::h4faa3f9db6133423
[INFO] [stdout]                                at /rustc/6067b36314ab5eb2eb47cecc464545ba58e1ad24/library/std/src/thread/mod.rs:559:17
[INFO] [stdout]   57:     0x61d0e744484a - <core::panic::unwind_safe::AssertUnwindSafe<F> as core::ops::function::FnOnce<()>>::call_once::hf2e855a36a4ea846
[INFO] [stdout]                                at /rustc/6067b36314ab5eb2eb47cecc464545ba58e1ad24/library/core/src/panic/unwind_safe.rs:272:9
[INFO] [stdout]   58:     0x61d0e744484a - std::panicking::try::do_call::h2f73af3616c35465
[INFO] [stdout]                                at /rustc/6067b36314ab5eb2eb47cecc464545ba58e1ad24/library/std/src/panicking.rs:587:40
[INFO] [stdout]   59:     0x61d0e744484a - std::panicking::try::hd1660ce9efadef5a
[INFO] [stdout]                                at /rustc/6067b36314ab5eb2eb47cecc464545ba58e1ad24/library/std/src/panicking.rs:550:19
[INFO] [stdout]   60:     0x61d0e744484a - std::panic::catch_unwind::h5ee8d7823b8ca744
[INFO] [stdout]                                at /rustc/6067b36314ab5eb2eb47cecc464545ba58e1ad24/library/std/src/panic.rs:358:14
[INFO] [stdout]   61:     0x61d0e744484a - std::thread::Builder::spawn_unchecked_::{{closure}}::h53c3a1894dce8407
[INFO] [stdout]                                at /rustc/6067b36314ab5eb2eb47cecc464545ba58e1ad24/library/std/src/thread/mod.rs:557:30
[INFO] [stdout]   62:     0x61d0e744484a - core::ops::function::FnOnce::call_once{{vtable.shim}}::h048ce291ad4f62bf
[INFO] [stdout]                                at /rustc/6067b36314ab5eb2eb47cecc464545ba58e1ad24/library/core/src/ops/function.rs:250:5
[INFO] [stdout]   63:     0x61d0e78fe2fb - <alloc::boxed::Box<F,A> as core::ops::function::FnOnce<Args>>::call_once::ha52bedf99a3b4981
[INFO] [stdout]                                at /rustc/6067b36314ab5eb2eb47cecc464545ba58e1ad24/library/alloc/src/boxed.rs:2013:9
[INFO] [stdout]   64:     0x61d0e78fe2fb - <alloc::boxed::Box<F,A> as core::ops::function::FnOnce<Args>>::call_once::h567748934d80ccf8
[INFO] [stdout]                                at /rustc/6067b36314ab5eb2eb47cecc464545ba58e1ad24/library/alloc/src/boxed.rs:2013:9
[INFO] [stdout]   65:     0x61d0e78fe2fb - std::sys::pal::unix::thread::Thread::new::thread_start::h2d970728ae887adc
[INFO] [stdout]                                at /rustc/6067b36314ab5eb2eb47cecc464545ba58e1ad24/library/std/src/sys/pal/unix/thread.rs:106:17
[INFO] [stdout]   66:     0x760033291ac3 - <unknown>
[INFO] [stdout]   67:     0x760033322a04 - clone
[INFO] [stdout]   68:                0x0 - <unknown>
[INFO] [stdout] 
[INFO] [stdout] 
[INFO] [stdout] failures:
[INFO] [stdout]     drawer::graph::test::test_draw_graph
[INFO] [stdout]     models::analysis::test::test_get_analysis
[INFO] [stdout]     models::analysis::test::test_save_analysis
[INFO] [stdout] 
[INFO] [stdout] test result: FAILED. 0 passed; 3 failed; 0 ignored; 0 measured; 0 filtered out; finished in 0.12s
[INFO] [stdout] 
[INFO] [stderr] error: test failed, to rerun pass `--bin vatsim-stat-graph`
[INFO] running `Command { std: "docker" "inspect" "d399ef407ba3df2b681f36814a69e35ef6d10e4f2337db4fee2449ead89a70a9", kill_on_drop: false }`
[INFO] running `Command { std: "docker" "rm" "-f" "d399ef407ba3df2b681f36814a69e35ef6d10e4f2337db4fee2449ead89a70a9", kill_on_drop: false }`
[INFO] [stdout] d399ef407ba3df2b681f36814a69e35ef6d10e4f2337db4fee2449ead89a70a9
