[INFO] cloning repository https://github.com/Hmiya6/aktis
[INFO] running `Command { std: "git" "-c" "credential.helper=" "-c" "credential.helper=/workspace/cargo-home/bin/git-credential-null" "clone" "--bare" "https://github.com/Hmiya6/aktis" "/workspace/cache/git-repos/https%3A%2F%2Fgithub.com%2FHmiya6%2Faktis", kill_on_drop: false }`
[INFO] [stderr] Cloning into bare repository '/workspace/cache/git-repos/https%3A%2F%2Fgithub.com%2FHmiya6%2Faktis'...
[INFO] running `Command { std: "git" "rev-parse" "HEAD", kill_on_drop: false }`
[INFO] [stdout] 6213148c92ca9846971c70a8948fcadf771ed0e9
[INFO] testing Hmiya6/aktis against nightly-2025-01-18 for randomize-layout-2
[INFO] running `Command { std: "git" "clone" "/workspace/cache/git-repos/https%3A%2F%2Fgithub.com%2FHmiya6%2Faktis" "/workspace/builds/worker-2-tc1/source", kill_on_drop: false }`
[INFO] [stderr] Cloning into '/workspace/builds/worker-2-tc1/source'...
[INFO] [stderr] done.
[INFO] validating manifest of git repo https://github.com/Hmiya6/aktis on toolchain nightly-2025-01-18
[INFO] running `Command { std: CARGO_HOME="/workspace/cargo-home" RUSTUP_HOME="/workspace/rustup-home" "/workspace/cargo-home/bin/cargo" "+nightly-2025-01-18" "metadata" "--manifest-path" "Cargo.toml" "--no-deps", kill_on_drop: false }`
[INFO] started tweaking git repo https://github.com/Hmiya6/aktis
[INFO] finished tweaking git repo https://github.com/Hmiya6/aktis
[INFO] tweaked toml for git repo https://github.com/Hmiya6/aktis written to /workspace/builds/worker-2-tc1/source/Cargo.toml
[INFO] crate git repo https://github.com/Hmiya6/aktis already has a lockfile, it will not be regenerated
[INFO] running `Command { std: CARGO_HOME="/workspace/cargo-home" RUSTUP_HOME="/workspace/rustup-home" "/workspace/cargo-home/bin/cargo" "+nightly-2025-01-18" "fetch" "--manifest-path" "Cargo.toml", kill_on_drop: false }`
[INFO] [stderr]     Blocking waiting for file lock on package cache
[INFO] running `Command { std: "docker" "create" "-v" "/var/lib/crater-agent-workspace/builds/worker-2-tc1/target:/opt/rustwide/target:rw,Z" "-v" "/var/lib/crater-agent-workspace/builds/worker-2-tc1/source:/opt/rustwide/workdir:ro,Z" "-v" "/var/lib/crater-agent-workspace/cargo-home:/opt/rustwide/cargo-home:ro,Z" "-v" "/var/lib/crater-agent-workspace/rustup-home:/opt/rustwide/rustup-home:ro,Z" "-e" "SOURCE_DIR=/opt/rustwide/workdir" "-e" "CARGO_TARGET_DIR=/opt/rustwide/target" "-e" "CARGO_HOME=/opt/rustwide/cargo-home" "-e" "RUSTUP_HOME=/opt/rustwide/rustup-home" "-w" "/opt/rustwide/workdir" "-m" "1610612736" "--user" "0:0" "--network" "none" "ghcr.io/rust-lang/crates-build-env/linux@sha256:819108c5571ea2e421544af4d832f968d213c87fbe3707a016657f43d2f853bc" "/opt/rustwide/cargo-home/bin/cargo" "+nightly-2025-01-18" "metadata" "--no-deps" "--format-version=1", kill_on_drop: false }`
[INFO] [stdout] b154df9b6dcf9907c694a2ccabcd689a8e24c15fa2499abda079657063753c0b
[INFO] running `Command { std: "docker" "start" "-a" "b154df9b6dcf9907c694a2ccabcd689a8e24c15fa2499abda079657063753c0b", kill_on_drop: false }`
[INFO] running `Command { std: "docker" "inspect" "b154df9b6dcf9907c694a2ccabcd689a8e24c15fa2499abda079657063753c0b", kill_on_drop: false }`
[INFO] running `Command { std: "docker" "rm" "-f" "b154df9b6dcf9907c694a2ccabcd689a8e24c15fa2499abda079657063753c0b", kill_on_drop: false }`
[INFO] [stdout] b154df9b6dcf9907c694a2ccabcd689a8e24c15fa2499abda079657063753c0b
[INFO] running `Command { std: "docker" "create" "-v" "/var/lib/crater-agent-workspace/builds/worker-2-tc1/target:/opt/rustwide/target:rw,Z" "-v" "/var/lib/crater-agent-workspace/builds/worker-2-tc1/source:/opt/rustwide/workdir:ro,Z" "-v" "/var/lib/crater-agent-workspace/cargo-home:/opt/rustwide/cargo-home:ro,Z" "-v" "/var/lib/crater-agent-workspace/rustup-home:/opt/rustwide/rustup-home:ro,Z" "-e" "SOURCE_DIR=/opt/rustwide/workdir" "-e" "CARGO_TARGET_DIR=/opt/rustwide/target" "-e" "CARGO_INCREMENTAL=0" "-e" "RUST_BACKTRACE=full" "-e" "RUSTFLAGS=--cap-lints=forbid" "-e" "RUSTDOCFLAGS=--cap-lints=forbid" "-e" "CARGO_HOME=/opt/rustwide/cargo-home" "-e" "RUSTUP_HOME=/opt/rustwide/rustup-home" "-w" "/opt/rustwide/workdir" "-m" "1610612736" "--user" "0:0" "--network" "none" "ghcr.io/rust-lang/crates-build-env/linux@sha256:819108c5571ea2e421544af4d832f968d213c87fbe3707a016657f43d2f853bc" "/opt/rustwide/cargo-home/bin/cargo" "+nightly-2025-01-18" "build" "--frozen" "--message-format=json", kill_on_drop: false }`
[INFO] [stdout] fb72dd635937ada6a3c020b26b2dadc35ba5e21d01722f8e09bb4056cb2dd509
[INFO] running `Command { std: "docker" "start" "-a" "fb72dd635937ada6a3c020b26b2dadc35ba5e21d01722f8e09bb4056cb2dd509", kill_on_drop: false }`
[INFO] [stderr]    Compiling aktis v0.1.0 (/opt/rustwide/workdir)
[INFO] [stdout] warning: unused variable: `n`
[INFO] [stdout]    --> src/utils/consumer.rs:208:17
[INFO] [stdout]     |
[INFO] [stdout] 208 |         let mut n = 1;
[INFO] [stdout]     |                 ^ help: if this is intentional, prefix it with an underscore: `_n`
[INFO] [stdout]     |
[INFO] [stdout]     = note: `#[warn(unused_variables)]` on by default
[INFO] [stdout] 
[INFO] [stdout] 
[INFO] [stdout] warning: variable does not need to be mutable
[INFO] [stdout]    --> src/utils/consumer.rs:208:13
[INFO] [stdout]     |
[INFO] [stdout] 208 |         let mut n = 1;
[INFO] [stdout]     |             ----^
[INFO] [stdout]     |             |
[INFO] [stdout]     |             help: remove this `mut`
[INFO] [stdout]     |
[INFO] [stdout]     = note: `#[warn(unused_mut)]` on by default
[INFO] [stdout] 
[INFO] [stdout] 
[INFO] [stdout] warning: field `protocol` is never read
[INFO] [stdout]   --> src/http/request.rs:94:5
[INFO] [stdout]    |
[INFO] [stdout] 91 | struct RequestLine {
[INFO] [stdout]    |        ----------- field in this struct
[INFO] [stdout] ...
[INFO] [stdout] 94 |     protocol: String,
[INFO] [stdout]    |     ^^^^^^^^
[INFO] [stdout]    |
[INFO] [stdout]    = note: `#[warn(dead_code)]` on by default
[INFO] [stdout] 
[INFO] [stdout] 
[INFO] [stdout] warning: fields `status_line`, `header`, and `body` are never read
[INFO] [stdout]   --> src/http/response.rs:47:5
[INFO] [stdout]    |
[INFO] [stdout] 46 | pub struct Response {
[INFO] [stdout]    |            -------- fields in this struct
[INFO] [stdout] 47 |     status_line: StatusLine,
[INFO] [stdout]    |     ^^^^^^^^^^^
[INFO] [stdout] 48 |     header: Header,
[INFO] [stdout]    |     ^^^^^^
[INFO] [stdout] 49 |     body: String,
[INFO] [stdout]    |     ^^^^
[INFO] [stdout] 
[INFO] [stdout] 
[INFO] [stdout] warning: fields `status`, `status_code`, and `proto` are never read
[INFO] [stdout]    --> src/http/response.rs:105:5
[INFO] [stdout]     |
[INFO] [stdout] 104 | pub struct StatusLine {
[INFO] [stdout]     |            ---------- fields in this struct
[INFO] [stdout] 105 |     status: String,
[INFO] [stdout]     |     ^^^^^^
[INFO] [stdout] 106 |     status_code: usize,
[INFO] [stdout]     |     ^^^^^^^^^^^
[INFO] [stdout] 107 |     proto: String,
[INFO] [stdout]     |     ^^^^^
[INFO] [stdout] 
[INFO] [stdout] 
[INFO] [stdout] warning: struct `Tokenizer` is never constructed
[INFO] [stdout]   --> src/renderer/html_parser.rs:23:8
[INFO] [stdout]    |
[INFO] [stdout] 23 | struct Tokenizer {
[INFO] [stdout]    |        ^^^^^^^^^
[INFO] [stdout] 
[INFO] [stdout] 
[INFO] [stdout] warning: multiple associated items are never used
[INFO] [stdout]    --> src/renderer/html_parser.rs:33:12
[INFO] [stdout]     |
[INFO] [stdout] 31  | impl Tokenizer {
[INFO] [stdout]     | -------------- associated items in this implementation
[INFO] [stdout] 32  |     
[INFO] [stdout] 33  |     pub fn new(src: &str) -> Self {
[INFO] [stdout]     |            ^^^
[INFO] [stdout] ...
[INFO] [stdout] 43  |     pub fn execute(&mut self) -> Vec<Token> {
[INFO] [stdout]     |            ^^^^^^^
[INFO] [stdout] ...
[INFO] [stdout] 67  |     fn data(&mut self) {
[INFO] [stdout]     |        ^^^^
[INFO] [stdout] ...
[INFO] [stdout] 87  |     fn tag_open(&mut self) {
[INFO] [stdout]     |        ^^^^^^^^
[INFO] [stdout] ...
[INFO] [stdout] 115 |     fn end_tag_open(&mut self) {
[INFO] [stdout]     |        ^^^^^^^^^^^^
[INFO] [stdout] ...
[INFO] [stdout] 128 |     fn tag_name(&mut self) {
[INFO] [stdout]     |        ^^^^^^^^
[INFO] [stdout] ...
[INFO] [stdout] 144 |     fn before_attr_name(&mut self) {
[INFO] [stdout]     |        ^^^^^^^^^^^^^^^^
[INFO] [stdout] ...
[INFO] [stdout] 157 |     fn attr_name(&mut self) {
[INFO] [stdout]     |        ^^^^^^^^^
[INFO] [stdout] ...
[INFO] [stdout] 170 |     fn before_attr_val(&mut self) {
[INFO] [stdout]     |        ^^^^^^^^^^^^^^^
[INFO] [stdout] ...
[INFO] [stdout] 187 |     fn attr_val_quoted(&mut self) {
[INFO] [stdout]     |        ^^^^^^^^^^^^^^^
[INFO] [stdout] ...
[INFO] [stdout] 203 |     fn attr_val_unquoted(&mut self) {
[INFO] [stdout]     |        ^^^^^^^^^^^^^^^^^
[INFO] [stdout] ...
[INFO] [stdout] 220 |     fn after_attr_val(&mut self) {
[INFO] [stdout]     |        ^^^^^^^^^^^^^^
[INFO] [stdout] ...
[INFO] [stdout] 236 |     fn self_closing_start_tag(&mut self) {
[INFO] [stdout]     |        ^^^^^^^^^^^^^^^^^^^^^^
[INFO] [stdout] ...
[INFO] [stdout] 251 |     fn markup_declaration_open(&mut self) {
[INFO] [stdout]     |        ^^^^^^^^^^^^^^^^^^^^^^^
[INFO] [stdout] ...
[INFO] [stdout] 272 |     fn comment(&mut self) {
[INFO] [stdout]     |        ^^^^^^^
[INFO] [stdout] ...
[INFO] [stdout] 283 |     fn doctype(&mut self) {
[INFO] [stdout]     |        ^^^^^^^
[INFO] [stdout] 
[INFO] [stdout] 
[INFO] [stdout] warning: enum `StateType` is never used
[INFO] [stdout]    --> src/renderer/html_parser.rs:307:6
[INFO] [stdout]     |
[INFO] [stdout] 307 | enum StateType {
[INFO] [stdout]     |      ^^^^^^^^^
[INFO] [stdout] 
[INFO] [stdout] 
[INFO] [stdout] warning: fields `token_type`, `data`, `name`, `attr`, and `self_closing` are never read
[INFO] [stdout]    --> src/renderer/html_parser.rs:326:5
[INFO] [stdout]     |
[INFO] [stdout] 325 | struct Token {
[INFO] [stdout]     |        ----- fields in this struct
[INFO] [stdout] 326 |     token_type: TokenType,
[INFO] [stdout]     |     ^^^^^^^^^^
[INFO] [stdout] 327 |     data: Option<String>,
[INFO] [stdout]     |     ^^^^
[INFO] [stdout] 328 |     name: Option<String>,
[INFO] [stdout]     |     ^^^^
[INFO] [stdout] 329 |     attr: Vec<Attribute>,
[INFO] [stdout]     |     ^^^^
[INFO] [stdout] 330 |     self_closing: bool,
[INFO] [stdout]     |     ^^^^^^^^^^^^
[INFO] [stdout] 
[INFO] [stdout] 
[INFO] [stdout] warning: methods `set_type`, `push_data`, `push_name`, `push_attr`, and `set_self_closing` are never used
[INFO] [stdout]    --> src/renderer/html_parser.rs:350:12
[INFO] [stdout]     |
[INFO] [stdout] 339 | impl Token {
[INFO] [stdout]     | ---------- methods in this implementation
[INFO] [stdout] ...
[INFO] [stdout] 350 |     pub fn set_type(&mut self, token_type: TokenType) {
[INFO] [stdout]     |            ^^^^^^^^
[INFO] [stdout] ...
[INFO] [stdout] 354 |     pub fn push_data(&mut self, c: char) {
[INFO] [stdout]     |            ^^^^^^^^^
[INFO] [stdout] ...
[INFO] [stdout] 361 |     pub fn push_name(&mut self, c: char) {
[INFO] [stdout]     |            ^^^^^^^^^
[INFO] [stdout] ...
[INFO] [stdout] 368 |     pub fn push_attr(&mut self, attr: Attribute) {
[INFO] [stdout]     |            ^^^^^^^^^
[INFO] [stdout] ...
[INFO] [stdout] 372 |     pub fn set_self_closing(&mut self, b: bool) {
[INFO] [stdout]     |            ^^^^^^^^^^^^^^^^
[INFO] [stdout] 
[INFO] [stdout] 
[INFO] [stdout] warning: variants `Doctype`, `Comment`, `StartTag`, and `EndTag` are never constructed
[INFO] [stdout]    --> src/renderer/html_parser.rs:379:5
[INFO] [stdout]     |
[INFO] [stdout] 378 | enum TokenType {
[INFO] [stdout]     |      --------- variants in this enum
[INFO] [stdout] 379 |     Doctype,
[INFO] [stdout]     |     ^^^^^^^
[INFO] [stdout] 380 |     Comment,
[INFO] [stdout]     |     ^^^^^^^
[INFO] [stdout] 381 |     StartTag,
[INFO] [stdout]     |     ^^^^^^^^
[INFO] [stdout] 382 |     EndTag,
[INFO] [stdout]     |     ^^^^^^
[INFO] [stdout]     |
[INFO] [stdout]     = note: `TokenType` has a derived impl for the trait `Debug`, but this is intentionally ignored during dead code analysis
[INFO] [stdout] 
[INFO] [stdout] 
[INFO] [stdout] warning: fields `name` and `value` are never read
[INFO] [stdout]    --> src/renderer/html_parser.rs:388:5
[INFO] [stdout]     |
[INFO] [stdout] 387 | struct Attribute {
[INFO] [stdout]     |        --------- fields in this struct
[INFO] [stdout] 388 |     name: String,
[INFO] [stdout]     |     ^^^^
[INFO] [stdout] 389 |     value: String,
[INFO] [stdout]     |     ^^^^^
[INFO] [stdout]     |
[INFO] [stdout]     = note: `Attribute` has a derived impl for the trait `Debug`, but this is intentionally ignored during dead code analysis
[INFO] [stdout] 
[INFO] [stdout] 
[INFO] [stdout] warning: associated items `new`, `push_name`, and `push_val` are never used
[INFO] [stdout]    --> src/renderer/html_parser.rs:394:12
[INFO] [stdout]     |
[INFO] [stdout] 392 | impl Attribute {
[INFO] [stdout]     | -------------- associated items in this implementation
[INFO] [stdout] 393 |
[INFO] [stdout] 394 |     pub fn new() -> Self {
[INFO] [stdout]     |            ^^^
[INFO] [stdout] ...
[INFO] [stdout] 401 |     pub fn push_name(&mut self, c: char) {
[INFO] [stdout]     |            ^^^^^^^^^
[INFO] [stdout] ...
[INFO] [stdout] 406 |     pub fn push_val(&mut self, c: char) {
[INFO] [stdout]     |            ^^^^^^^^
[INFO] [stdout] 
[INFO] [stdout] 
[INFO] [stderr]     Finished `dev` profile [unoptimized + debuginfo] target(s) in 0.34s
[INFO] running `Command { std: "docker" "inspect" "fb72dd635937ada6a3c020b26b2dadc35ba5e21d01722f8e09bb4056cb2dd509", kill_on_drop: false }`
[INFO] running `Command { std: "docker" "rm" "-f" "fb72dd635937ada6a3c020b26b2dadc35ba5e21d01722f8e09bb4056cb2dd509", kill_on_drop: false }`
[INFO] [stdout] fb72dd635937ada6a3c020b26b2dadc35ba5e21d01722f8e09bb4056cb2dd509
[INFO] running `Command { std: "docker" "create" "-v" "/var/lib/crater-agent-workspace/builds/worker-2-tc1/target:/opt/rustwide/target:rw,Z" "-v" "/var/lib/crater-agent-workspace/builds/worker-2-tc1/source:/opt/rustwide/workdir:ro,Z" "-v" "/var/lib/crater-agent-workspace/cargo-home:/opt/rustwide/cargo-home:ro,Z" "-v" "/var/lib/crater-agent-workspace/rustup-home:/opt/rustwide/rustup-home:ro,Z" "-e" "SOURCE_DIR=/opt/rustwide/workdir" "-e" "CARGO_TARGET_DIR=/opt/rustwide/target" "-e" "CARGO_INCREMENTAL=0" "-e" "RUST_BACKTRACE=full" "-e" "RUSTFLAGS=--cap-lints=forbid" "-e" "RUSTDOCFLAGS=--cap-lints=forbid" "-e" "CARGO_HOME=/opt/rustwide/cargo-home" "-e" "RUSTUP_HOME=/opt/rustwide/rustup-home" "-w" "/opt/rustwide/workdir" "-m" "1610612736" "--user" "0:0" "--network" "none" "ghcr.io/rust-lang/crates-build-env/linux@sha256:819108c5571ea2e421544af4d832f968d213c87fbe3707a016657f43d2f853bc" "/opt/rustwide/cargo-home/bin/cargo" "+nightly-2025-01-18" "test" "--frozen" "--no-run" "--message-format=json", kill_on_drop: false }`
[INFO] [stdout] a2c98aaa33b3c4d825581669d8f1babd88ba102309f4067fb001fb9011515ec7
[INFO] running `Command { std: "docker" "start" "-a" "a2c98aaa33b3c4d825581669d8f1babd88ba102309f4067fb001fb9011515ec7", kill_on_drop: false }`
[INFO] [stderr]    Compiling aktis v0.1.0 (/opt/rustwide/workdir)
[INFO] [stdout] warning: unused variable: `n`
[INFO] [stdout]    --> src/utils/consumer.rs:208:17
[INFO] [stdout]     |
[INFO] [stdout] 208 |         let mut n = 1;
[INFO] [stdout]     |                 ^ help: if this is intentional, prefix it with an underscore: `_n`
[INFO] [stdout]     |
[INFO] [stdout]     = note: `#[warn(unused_variables)]` on by default
[INFO] [stdout] 
[INFO] [stdout] 
[INFO] [stdout] warning: variable does not need to be mutable
[INFO] [stdout]    --> src/utils/consumer.rs:208:13
[INFO] [stdout]     |
[INFO] [stdout] 208 |         let mut n = 1;
[INFO] [stdout]     |             ----^
[INFO] [stdout]     |             |
[INFO] [stdout]     |             help: remove this `mut`
[INFO] [stdout]     |
[INFO] [stdout]     = note: `#[warn(unused_mut)]` on by default
[INFO] [stdout] 
[INFO] [stdout] 
[INFO] [stderr]     Finished `test` profile [unoptimized + debuginfo] target(s) in 0.71s
[INFO] running `Command { std: "docker" "inspect" "a2c98aaa33b3c4d825581669d8f1babd88ba102309f4067fb001fb9011515ec7", kill_on_drop: false }`
[INFO] running `Command { std: "docker" "rm" "-f" "a2c98aaa33b3c4d825581669d8f1babd88ba102309f4067fb001fb9011515ec7", kill_on_drop: false }`
[INFO] [stdout] a2c98aaa33b3c4d825581669d8f1babd88ba102309f4067fb001fb9011515ec7
[INFO] running `Command { std: "docker" "create" "-v" "/var/lib/crater-agent-workspace/builds/worker-2-tc1/target:/opt/rustwide/target:rw,Z" "-v" "/var/lib/crater-agent-workspace/builds/worker-2-tc1/source:/opt/rustwide/workdir:ro,Z" "-v" "/var/lib/crater-agent-workspace/cargo-home:/opt/rustwide/cargo-home:ro,Z" "-v" "/var/lib/crater-agent-workspace/rustup-home:/opt/rustwide/rustup-home:ro,Z" "-e" "SOURCE_DIR=/opt/rustwide/workdir" "-e" "CARGO_TARGET_DIR=/opt/rustwide/target" "-e" "CARGO_INCREMENTAL=0" "-e" "RUST_BACKTRACE=full" "-e" "RUSTFLAGS=--cap-lints=forbid" "-e" "RUSTDOCFLAGS=--cap-lints=forbid" "-e" "CARGO_HOME=/opt/rustwide/cargo-home" "-e" "RUSTUP_HOME=/opt/rustwide/rustup-home" "-w" "/opt/rustwide/workdir" "-m" "1610612736" "--user" "0:0" "--network" "none" "ghcr.io/rust-lang/crates-build-env/linux@sha256:819108c5571ea2e421544af4d832f968d213c87fbe3707a016657f43d2f853bc" "/opt/rustwide/cargo-home/bin/cargo" "+nightly-2025-01-18" "test" "--frozen", kill_on_drop: false }`
[INFO] [stdout] 3448dd1966aec71f913c510ab747b8ee01256a209b35a17bd257aa6d8ad2279a
[INFO] running `Command { std: "docker" "start" "-a" "3448dd1966aec71f913c510ab747b8ee01256a209b35a17bd257aa6d8ad2279a", kill_on_drop: false }`
[INFO] [stderr] warning: unused variable: `n`
[INFO] [stderr]    --> src/utils/consumer.rs:208:17
[INFO] [stderr]     |
[INFO] [stderr] 208 |         let mut n = 1;
[INFO] [stderr]     |                 ^ help: if this is intentional, prefix it with an underscore: `_n`
[INFO] [stderr]     |
[INFO] [stderr]     = note: `#[warn(unused_variables)]` on by default
[INFO] [stderr] 
[INFO] [stderr] warning: variable does not need to be mutable
[INFO] [stderr]    --> src/utils/consumer.rs:208:13
[INFO] [stderr]     |
[INFO] [stderr] 208 |         let mut n = 1;
[INFO] [stderr]     |             ----^
[INFO] [stderr]     |             |
[INFO] [stderr]     |             help: remove this `mut`
[INFO] [stderr]     |
[INFO] [stderr]     = note: `#[warn(unused_mut)]` on by default
[INFO] [stderr] 
[INFO] [stderr] warning: `aktis` (bin "aktis" test) generated 2 warnings (run `cargo fix --bin "aktis" --tests` to apply 1 suggestion)
[INFO] [stderr]     Finished `test` profile [unoptimized + debuginfo] target(s) in 0.01s
[INFO] [stderr]      Running unittests src/main.rs (/opt/rustwide/target/debug/deps/aktis-e911e7232dc93f89)
[INFO] [stdout] 
[INFO] [stdout] running 7 tests
[INFO] [stdout] test renderer::html_parser::test::test_tokenize ... ok
[INFO] [stdout] test http::request::test::test_build ... ok
[INFO] [stdout] test utils::consumer::test::test_next_until ... ok
[INFO] [stdout] test http::url::test::test_url ... ok
[INFO] [stdout] test http::response::test::test_resposne ... ok
[INFO] [stdout] test http::request::test::test_parse ... ok
[INFO] [stdout] test http::client::test::test_get ... FAILED
[INFO] [stdout] 
[INFO] [stdout] failures:
[INFO] [stdout] 
[INFO] [stdout] ---- http::client::test::test_get stdout ----
[INFO] [stdout] 
[INFO] [stdout] thread 'http::client::test::test_get' panicked at src/http/client.rs:77:36:
[INFO] [stdout] called `Result::unwrap()` on an `Err` value: Custom { kind: Uncategorized, error: "failed to lookup address information: Temporary failure in name resolution" }
[INFO] [stdout] stack backtrace:
[INFO] [stdout]    0:     0x57ac52a9720a - std::backtrace_rs::backtrace::libunwind::trace::hb059275cfc8d6126
[INFO] [stdout]                                at /rustc/6067b36314ab5eb2eb47cecc464545ba58e1ad24/library/std/src/../../backtrace/src/backtrace/libunwind.rs:116:5
[INFO] [stdout]    1:     0x57ac52a9720a - std::backtrace_rs::backtrace::trace_unsynchronized::h2da071e4327ce3ee
[INFO] [stdout]                                at /rustc/6067b36314ab5eb2eb47cecc464545ba58e1ad24/library/std/src/../../backtrace/src/backtrace/mod.rs:66:5
[INFO] [stdout]    2:     0x57ac52a9720a - std::sys::backtrace::_print_fmt::h842a1474e6f8d23f
[INFO] [stdout]                                at /rustc/6067b36314ab5eb2eb47cecc464545ba58e1ad24/library/std/src/sys/backtrace.rs:66:9
[INFO] [stdout]    3:     0x57ac52a9720a - <std::sys::backtrace::BacktraceLock::print::DisplayBacktrace as core::fmt::Display>::fmt::h71a62eb3b9696b12
[INFO] [stdout]                                at /rustc/6067b36314ab5eb2eb47cecc464545ba58e1ad24/library/std/src/sys/backtrace.rs:39:26
[INFO] [stdout]    4:     0x57ac52abfb13 - core::fmt::rt::Argument::fmt::hdb6b616786b41dc1
[INFO] [stdout]                                at /rustc/6067b36314ab5eb2eb47cecc464545ba58e1ad24/library/core/src/fmt/rt.rs:177:76
[INFO] [stdout]    5:     0x57ac52abfb13 - core::fmt::write::h2cc1698af7e2d686
[INFO] [stdout]                                at /rustc/6067b36314ab5eb2eb47cecc464545ba58e1ad24/library/core/src/fmt/mod.rs:1440:21
[INFO] [stdout]    6:     0x57ac52a93703 - std::io::Write::write_fmt::hab1b4cd059a79022
[INFO] [stdout]                                at /rustc/6067b36314ab5eb2eb47cecc464545ba58e1ad24/library/std/src/io/mod.rs:1887:15
[INFO] [stdout]    7:     0x57ac52a97052 - std::sys::backtrace::BacktraceLock::print::h147fe35b4ea13b08
[INFO] [stdout]                                at /rustc/6067b36314ab5eb2eb47cecc464545ba58e1ad24/library/std/src/sys/backtrace.rs:42:9
[INFO] [stdout]    8:     0x57ac52a9862f - std::panicking::default_hook::{{closure}}::hbd44223dbdc0d208
[INFO] [stdout]                                at /rustc/6067b36314ab5eb2eb47cecc464545ba58e1ad24/library/std/src/panicking.rs:298:22
[INFO] [stdout]    9:     0x57ac52a98448 - std::panicking::default_hook::h20f81eb0576efcec
[INFO] [stdout]                                at /rustc/6067b36314ab5eb2eb47cecc464545ba58e1ad24/library/std/src/panicking.rs:322:9
[INFO] [stdout]   10:     0x57ac52a60b03 - <alloc::boxed::Box<F,A> as core::ops::function::Fn<Args>>::call::hdb53814c496a4d34
[INFO] [stdout]                                at /rustc/6067b36314ab5eb2eb47cecc464545ba58e1ad24/library/alloc/src/boxed.rs:2027:9
[INFO] [stdout]   11:     0x57ac52a60b03 - test::test_main::{{closure}}::hc0a4963c59427c24
[INFO] [stdout]                                at /rustc/6067b36314ab5eb2eb47cecc464545ba58e1ad24/library/test/src/lib.rs:134:21
[INFO] [stdout]   12:     0x57ac52a99123 - <alloc::boxed::Box<F,A> as core::ops::function::Fn<Args>>::call::h591b2225413a77e9
[INFO] [stdout]                                at /rustc/6067b36314ab5eb2eb47cecc464545ba58e1ad24/library/alloc/src/boxed.rs:2027:9
[INFO] [stdout]   13:     0x57ac52a99123 - std::panicking::rust_panic_with_hook::h625eea43051b2edc
[INFO] [stdout]                                at /rustc/6067b36314ab5eb2eb47cecc464545ba58e1ad24/library/std/src/panicking.rs:839:13
[INFO] [stdout]   14:     0x57ac52a98dda - std::panicking::begin_panic_handler::{{closure}}::h4f9159cfbc3f6bd3
[INFO] [stdout]                                at /rustc/6067b36314ab5eb2eb47cecc464545ba58e1ad24/library/std/src/panicking.rs:704:13
[INFO] [stdout]   15:     0x57ac52a97709 - std::sys::backtrace::__rust_end_short_backtrace::h0390abce48353151
[INFO] [stdout]                                at /rustc/6067b36314ab5eb2eb47cecc464545ba58e1ad24/library/std/src/sys/backtrace.rs:168:18
[INFO] [stdout]   16:     0x57ac52a98a6d - rust_begin_unwind
[INFO] [stdout]                                at /rustc/6067b36314ab5eb2eb47cecc464545ba58e1ad24/library/std/src/panicking.rs:695:5
[INFO] [stdout]   17:     0x57ac52abe590 - core::panicking::panic_fmt::h9e7c637e9e5f29c9
[INFO] [stdout]                                at /rustc/6067b36314ab5eb2eb47cecc464545ba58e1ad24/library/core/src/panicking.rs:75:14
[INFO] [stdout]   18:     0x57ac52abe966 - core::result::unwrap_failed::h7979f09313fe1849
[INFO] [stdout]                                at /rustc/6067b36314ab5eb2eb47cecc464545ba58e1ad24/library/core/src/result.rs:1704:5
[INFO] [stdout]   19:     0x57ac52a1b1e2 - core::result::Result<T,E>::unwrap::hb6257aa7fa74a57f
[INFO] [stdout]                                at /rustc/6067b36314ab5eb2eb47cecc464545ba58e1ad24/library/core/src/result.rs:1109:23
[INFO] [stdout]   20:     0x57ac52a1b1e2 - aktis::http::client::test::test_get::h68d45532e249fdf3
[INFO] [stdout]                                at /opt/rustwide/workdir/src/http/client.rs:77:9
[INFO] [stdout]   21:     0x57ac52a1b137 - aktis::http::client::test::test_get::{{closure}}::h6255e74e04b58877
[INFO] [stdout]                                at /opt/rustwide/workdir/src/http/client.rs:76:18
[INFO] [stdout]   22:     0x57ac52a18e46 - core::ops::function::FnOnce::call_once::hf02d34401322338b
[INFO] [stdout]                                at /rustc/6067b36314ab5eb2eb47cecc464545ba58e1ad24/library/core/src/ops/function.rs:250:5
[INFO] [stdout]   23:     0x57ac52a6625b - core::ops::function::FnOnce::call_once::he27718dfdd183f43
[INFO] [stdout]                                at /rustc/6067b36314ab5eb2eb47cecc464545ba58e1ad24/library/core/src/ops/function.rs:250:5
[INFO] [stdout]   24:     0x57ac52a6625b - test::__rust_begin_short_backtrace::h4e84902998457a5d
[INFO] [stdout]                                at /rustc/6067b36314ab5eb2eb47cecc464545ba58e1ad24/library/test/src/lib.rs:632:18
[INFO] [stdout]   25:     0x57ac52a65193 - test::run_test_in_process::{{closure}}::h7176fd18fc1feca0
[INFO] [stdout]                                at /rustc/6067b36314ab5eb2eb47cecc464545ba58e1ad24/library/test/src/lib.rs:655:60
[INFO] [stdout]   26:     0x57ac52a65193 - <core::panic::unwind_safe::AssertUnwindSafe<F> as core::ops::function::FnOnce<()>>::call_once::hf79cff2a624d8cf7
[INFO] [stdout]                                at /rustc/6067b36314ab5eb2eb47cecc464545ba58e1ad24/library/core/src/panic/unwind_safe.rs:272:9
[INFO] [stdout]   27:     0x57ac52a65193 - std::panicking::try::do_call::h3da0561d9ab99c25
[INFO] [stdout]                                at /rustc/6067b36314ab5eb2eb47cecc464545ba58e1ad24/library/std/src/panicking.rs:587:40
[INFO] [stdout]   28:     0x57ac52a65193 - std::panicking::try::h41c9fa508bc61df6
[INFO] [stdout]                                at /rustc/6067b36314ab5eb2eb47cecc464545ba58e1ad24/library/std/src/panicking.rs:550:19
[INFO] [stdout]   29:     0x57ac52a65193 - std::panic::catch_unwind::h6b3ff07bb5afad93
[INFO] [stdout]                                at /rustc/6067b36314ab5eb2eb47cecc464545ba58e1ad24/library/std/src/panic.rs:358:14
[INFO] [stdout]   30:     0x57ac52a65193 - test::run_test_in_process::hc7253dd11b39b9f4
[INFO] [stdout]                                at /rustc/6067b36314ab5eb2eb47cecc464545ba58e1ad24/library/test/src/lib.rs:655:27
[INFO] [stdout]   31:     0x57ac52a65193 - test::run_test::{{closure}}::hfb2007f8649c30bb
[INFO] [stdout]                                at /rustc/6067b36314ab5eb2eb47cecc464545ba58e1ad24/library/test/src/lib.rs:576:43
[INFO] [stdout]   32:     0x57ac52a28275 - test::run_test::{{closure}}::h56a17aa7a282a9f4
[INFO] [stdout]                                at /rustc/6067b36314ab5eb2eb47cecc464545ba58e1ad24/library/test/src/lib.rs:606:41
[INFO] [stdout]   33:     0x57ac52a28275 - std::sys::backtrace::__rust_begin_short_backtrace::hd2d2d2fb8e8c6aac
[INFO] [stdout]                                at /rustc/6067b36314ab5eb2eb47cecc464545ba58e1ad24/library/std/src/sys/backtrace.rs:152:18
[INFO] [stdout]   34:     0x57ac52a2bb5a - std::thread::Builder::spawn_unchecked_::{{closure}}::{{closure}}::h4faa3f9db6133423
[INFO] [stdout]                                at /rustc/6067b36314ab5eb2eb47cecc464545ba58e1ad24/library/std/src/thread/mod.rs:559:17
[INFO] [stdout]   35:     0x57ac52a2bb5a - <core::panic::unwind_safe::AssertUnwindSafe<F> as core::ops::function::FnOnce<()>>::call_once::hf2e855a36a4ea846
[INFO] [stdout]                                at /rustc/6067b36314ab5eb2eb47cecc464545ba58e1ad24/library/core/src/panic/unwind_safe.rs:272:9
[INFO] [stdout]   36:     0x57ac52a2bb5a - std::panicking::try::do_call::h2f73af3616c35465
[INFO] [stdout]                                at /rustc/6067b36314ab5eb2eb47cecc464545ba58e1ad24/library/std/src/panicking.rs:587:40
[INFO] [stdout]   37:     0x57ac52a2bb5a - std::panicking::try::hd1660ce9efadef5a
[INFO] [stdout]                                at /rustc/6067b36314ab5eb2eb47cecc464545ba58e1ad24/library/std/src/panicking.rs:550:19
[INFO] [stdout]   38:     0x57ac52a2bb5a - std::panic::catch_unwind::h5ee8d7823b8ca744
[INFO] [stdout]                                at /rustc/6067b36314ab5eb2eb47cecc464545ba58e1ad24/library/std/src/panic.rs:358:14
[INFO] [stdout]   39:     0x57ac52a2bb5a - std::thread::Builder::spawn_unchecked_::{{closure}}::h53c3a1894dce8407
[INFO] [stdout]                                at /rustc/6067b36314ab5eb2eb47cecc464545ba58e1ad24/library/std/src/thread/mod.rs:557:30
[INFO] [stdout]   40:     0x57ac52a2bb5a - core::ops::function::FnOnce::call_once{{vtable.shim}}::h048ce291ad4f62bf
[INFO] [stdout]                                at /rustc/6067b36314ab5eb2eb47cecc464545ba58e1ad24/library/core/src/ops/function.rs:250:5
[INFO] [stdout]   41:     0x57ac52a9d06b - <alloc::boxed::Box<F,A> as core::ops::function::FnOnce<Args>>::call_once::ha52bedf99a3b4981
[INFO] [stdout]                                at /rustc/6067b36314ab5eb2eb47cecc464545ba58e1ad24/library/alloc/src/boxed.rs:2013:9
[INFO] [stdout]   42:     0x57ac52a9d06b - <alloc::boxed::Box<F,A> as core::ops::function::FnOnce<Args>>::call_once::h567748934d80ccf8
[INFO] [stdout]                                at /rustc/6067b36314ab5eb2eb47cecc464545ba58e1ad24/library/alloc/src/boxed.rs:2013:9
[INFO] [stdout]   43:     0x57ac52a9d06b - std::sys::pal::unix::thread::Thread::new::thread_start::h2d970728ae887adc
[INFO] [stdout]                                at /rustc/6067b36314ab5eb2eb47cecc464545ba58e1ad24/library/std/src/sys/pal/unix/thread.rs:106:17
[INFO] [stdout]   44:     0x7a2788469ac3 - <unknown>
[INFO] [stdout]   45:     0x7a27884faa04 - clone
[INFO] [stdout]   46:                0x0 - <unknown>
[INFO] [stdout] 
[INFO] [stdout] 
[INFO] [stdout] failures:
[INFO] [stdout]     http::client::test::test_get
[INFO] [stdout] 
[INFO] [stdout] test result: FAILED. 6 passed; 1 failed; 0 ignored; 0 measured; 0 filtered out; finished in 0.06s
[INFO] [stdout] 
[INFO] [stderr] error: test failed, to rerun pass `--bin aktis`
[INFO] running `Command { std: "docker" "inspect" "3448dd1966aec71f913c510ab747b8ee01256a209b35a17bd257aa6d8ad2279a", kill_on_drop: false }`
[INFO] running `Command { std: "docker" "rm" "-f" "3448dd1966aec71f913c510ab747b8ee01256a209b35a17bd257aa6d8ad2279a", kill_on_drop: false }`
[INFO] [stdout] 3448dd1966aec71f913c510ab747b8ee01256a209b35a17bd257aa6d8ad2279a
