[INFO] cloning repository https://github.com/Hero472/langscript
[INFO] running `Command { std: "git" "-c" "credential.helper=" "-c" "credential.helper=/workspace/cargo-home/bin/git-credential-null" "clone" "--bare" "https://github.com/Hero472/langscript" "/workspace/cache/git-repos/https%3A%2F%2Fgithub.com%2FHero472%2Flangscript", kill_on_drop: false }`
[INFO] [stderr] Cloning into bare repository '/workspace/cache/git-repos/https%3A%2F%2Fgithub.com%2FHero472%2Flangscript'...
[INFO] running `Command { std: "git" "rev-parse" "HEAD", kill_on_drop: false }`
[INFO] [stdout] caca05914ede77326cc2cbb223393a3c88eb729c
[INFO] testing Hero472/langscript against nightly-2025-01-18 for randomize-layout-2
[INFO] running `Command { std: "git" "clone" "/workspace/cache/git-repos/https%3A%2F%2Fgithub.com%2FHero472%2Flangscript" "/workspace/builds/worker-1-tc1/source", kill_on_drop: false }`
[INFO] [stderr] Cloning into '/workspace/builds/worker-1-tc1/source'...
[INFO] [stderr] done.
[INFO] validating manifest of git repo https://github.com/Hero472/langscript on toolchain nightly-2025-01-18
[INFO] running `Command { std: CARGO_HOME="/workspace/cargo-home" RUSTUP_HOME="/workspace/rustup-home" "/workspace/cargo-home/bin/cargo" "+nightly-2025-01-18" "metadata" "--manifest-path" "Cargo.toml" "--no-deps", kill_on_drop: false }`
[INFO] started tweaking git repo https://github.com/Hero472/langscript
[INFO] finished tweaking git repo https://github.com/Hero472/langscript
[INFO] tweaked toml for git repo https://github.com/Hero472/langscript written to /workspace/builds/worker-1-tc1/source/Cargo.toml
[INFO] crate git repo https://github.com/Hero472/langscript already has a lockfile, it will not be regenerated
[INFO] running `Command { std: CARGO_HOME="/workspace/cargo-home" RUSTUP_HOME="/workspace/rustup-home" "/workspace/cargo-home/bin/cargo" "+nightly-2025-01-18" "fetch" "--manifest-path" "Cargo.toml", kill_on_drop: false }`
[INFO] [stderr]     Blocking waiting for file lock on package cache
[INFO] running `Command { std: "docker" "create" "-v" "/var/lib/crater-agent-workspace/builds/worker-1-tc1/target:/opt/rustwide/target:rw,Z" "-v" "/var/lib/crater-agent-workspace/builds/worker-1-tc1/source:/opt/rustwide/workdir:ro,Z" "-v" "/var/lib/crater-agent-workspace/cargo-home:/opt/rustwide/cargo-home:ro,Z" "-v" "/var/lib/crater-agent-workspace/rustup-home:/opt/rustwide/rustup-home:ro,Z" "-e" "SOURCE_DIR=/opt/rustwide/workdir" "-e" "CARGO_TARGET_DIR=/opt/rustwide/target" "-e" "CARGO_HOME=/opt/rustwide/cargo-home" "-e" "RUSTUP_HOME=/opt/rustwide/rustup-home" "-w" "/opt/rustwide/workdir" "-m" "1610612736" "--user" "0:0" "--network" "none" "ghcr.io/rust-lang/crates-build-env/linux@sha256:819108c5571ea2e421544af4d832f968d213c87fbe3707a016657f43d2f853bc" "/opt/rustwide/cargo-home/bin/cargo" "+nightly-2025-01-18" "metadata" "--no-deps" "--format-version=1", kill_on_drop: false }`
[INFO] [stdout] 28356c74ab8d0194a18fdedd05e9276f9168bf54c6f47b4667fadd8755e472d4
[INFO] running `Command { std: "docker" "start" "-a" "28356c74ab8d0194a18fdedd05e9276f9168bf54c6f47b4667fadd8755e472d4", kill_on_drop: false }`
[INFO] running `Command { std: "docker" "inspect" "28356c74ab8d0194a18fdedd05e9276f9168bf54c6f47b4667fadd8755e472d4", kill_on_drop: false }`
[INFO] running `Command { std: "docker" "rm" "-f" "28356c74ab8d0194a18fdedd05e9276f9168bf54c6f47b4667fadd8755e472d4", kill_on_drop: false }`
[INFO] [stdout] 28356c74ab8d0194a18fdedd05e9276f9168bf54c6f47b4667fadd8755e472d4
[INFO] running `Command { std: "docker" "create" "-v" "/var/lib/crater-agent-workspace/builds/worker-1-tc1/target:/opt/rustwide/target:rw,Z" "-v" "/var/lib/crater-agent-workspace/builds/worker-1-tc1/source:/opt/rustwide/workdir:ro,Z" "-v" "/var/lib/crater-agent-workspace/cargo-home:/opt/rustwide/cargo-home:ro,Z" "-v" "/var/lib/crater-agent-workspace/rustup-home:/opt/rustwide/rustup-home:ro,Z" "-e" "SOURCE_DIR=/opt/rustwide/workdir" "-e" "CARGO_TARGET_DIR=/opt/rustwide/target" "-e" "CARGO_INCREMENTAL=0" "-e" "RUST_BACKTRACE=full" "-e" "RUSTFLAGS=--cap-lints=forbid" "-e" "RUSTDOCFLAGS=--cap-lints=forbid" "-e" "CARGO_HOME=/opt/rustwide/cargo-home" "-e" "RUSTUP_HOME=/opt/rustwide/rustup-home" "-w" "/opt/rustwide/workdir" "-m" "1610612736" "--user" "0:0" "--network" "none" "ghcr.io/rust-lang/crates-build-env/linux@sha256:819108c5571ea2e421544af4d832f968d213c87fbe3707a016657f43d2f853bc" "/opt/rustwide/cargo-home/bin/cargo" "+nightly-2025-01-18" "build" "--frozen" "--message-format=json", kill_on_drop: false }`
[INFO] [stdout] 286728073b6f82b1ea91934d9308f49b079a5531e681edb01376b1ecb09dacd1
[INFO] running `Command { std: "docker" "start" "-a" "286728073b6f82b1ea91934d9308f49b079a5531e681edb01376b1ecb09dacd1", kill_on_drop: false }`
[INFO] [stderr]    Compiling langscript v0.1.0 (/opt/rustwide/workdir)
[INFO] [stdout] warning: unused variable: `distance`
[INFO] [stdout]   --> src/interpreter.rs:63:25
[INFO] [stdout]    |
[INFO] [stdout] 63 |                     let distance = self.get_distance(&expression);
[INFO] [stdout]    |                         ^^^^^^^^ help: if this is intentional, prefix it with an underscore: `_distance`
[INFO] [stdout]    |
[INFO] [stdout]    = note: `#[warn(unused_variables)]` on by default
[INFO] [stdout] 
[INFO] [stdout] 
[INFO] [stdout] warning: field `0` is never read
[INFO] [stdout]   --> src/lexer.rs:29:16
[INFO] [stdout]    |
[INFO] [stdout] 29 |     Identifier(String)
[INFO] [stdout]    |     ---------- ^^^^^^
[INFO] [stdout]    |     |
[INFO] [stdout]    |     field in this variant
[INFO] [stdout]    |
[INFO] [stdout]    = note: `LiteralValue` has derived impls for the traits `Clone` and `Debug`, but these are intentionally ignored during dead code analysis
[INFO] [stdout]    = note: `#[warn(dead_code)]` on by default
[INFO] [stdout] help: consider changing the field to be of unit type to suppress this warning while preserving the field numbering, or remove the field
[INFO] [stdout]    |
[INFO] [stdout] 29 |     Identifier(())
[INFO] [stdout]    |                ~~
[INFO] [stdout] 
[INFO] [stdout] 
[INFO] [stdout] warning: field `paren` is never read
[INFO] [stdout]    --> src/generate_ast.rs:223:9
[INFO] [stdout]     |
[INFO] [stdout] 221 |     Call {
[INFO] [stdout]     |     ---- field in this variant
[INFO] [stdout] 222 |         callee: Box<Expr>,
[INFO] [stdout] 223 |         paren: Token,
[INFO] [stdout]     |         ^^^^^
[INFO] [stdout]     |
[INFO] [stdout]     = note: `Expr` has a derived impl for the trait `Clone`, but this is intentionally ignored during dead code analysis
[INFO] [stdout] 
[INFO] [stdout] 
[INFO] [stdout] warning: variant `Method` is never constructed
[INFO] [stdout]   --> src/parser.rs:12:5
[INFO] [stdout]    |
[INFO] [stdout] 10 | enum FunctionKind {
[INFO] [stdout]    |      ------------ variant in this enum
[INFO] [stdout] 11 |     Function,
[INFO] [stdout] 12 |     Method
[INFO] [stdout]    |     ^^^^^^
[INFO] [stdout]    |
[INFO] [stdout]    = note: `FunctionKind` has a derived impl for the trait `Debug`, but this is intentionally ignored during dead code analysis
[INFO] [stdout] 
[INFO] [stdout] 
[INFO] [stdout] warning: associated items `for_anon` and `resolve` are never used
[INFO] [stdout]   --> src/interpreter.rs:38:12
[INFO] [stdout]    |
[INFO] [stdout] 17 | impl Interpreter {
[INFO] [stdout]    | ---------------- associated items in this implementation
[INFO] [stdout] ...
[INFO] [stdout] 38 |     pub fn for_anon(parent: Rc<RefCell<Environment>>) -> Self {
[INFO] [stdout]    |            ^^^^^^^^
[INFO] [stdout] ...
[INFO] [stdout] 48 |     pub fn resolve(&mut self, expr: &Expr, steps: usize) -> Result<(), String> {
[INFO] [stdout]    |            ^^^^^^^
[INFO] [stdout] 
[INFO] [stdout] 
[INFO] [stdout] warning: field `keyword` is never read
[INFO] [stdout]   --> src/stmt.rs:18:9
[INFO] [stdout]    |
[INFO] [stdout] 17 |     ReturnStmt {
[INFO] [stdout]    |     ---------- field in this variant
[INFO] [stdout] 18 |         keyword: Token,
[INFO] [stdout]    |         ^^^^^^^
[INFO] [stdout]    |
[INFO] [stdout]    = note: `Stmt` has derived impls for the traits `Clone` and `Debug`, but these are intentionally ignored during dead code analysis
[INFO] [stdout] 
[INFO] [stdout] 
[INFO] [stdout] warning: struct `Resolver` is never constructed
[INFO] [stdout]  --> src/resolver.rs:5:12
[INFO] [stdout]   |
[INFO] [stdout] 5 | pub struct Resolver {
[INFO] [stdout]   |            ^^^^^^^^
[INFO] [stdout] 
[INFO] [stdout] 
[INFO] [stdout] warning: multiple associated items are never used
[INFO] [stdout]    --> src/resolver.rs:12:12
[INFO] [stdout]     |
[INFO] [stdout] 10  | impl Resolver {
[INFO] [stdout]     | ------------- associated items in this implementation
[INFO] [stdout] 11  |     
[INFO] [stdout] 12  |     pub fn new() -> Self {
[INFO] [stdout]     |            ^^^
[INFO] [stdout] ...
[INFO] [stdout] 19  |     pub fn resolve(&mut self, stmt: &Stmt) -> Result<(), String> {
[INFO] [stdout]     |            ^^^^^^^
[INFO] [stdout] ...
[INFO] [stdout] 39  |     fn resolve_block(&mut self, stmt: &Stmt) -> Result<(), String> {
[INFO] [stdout]     |        ^^^^^^^^^^^^^
[INFO] [stdout] ...
[INFO] [stdout] 51  |     fn resolve_if_stmt(&mut self, stmt: &Stmt) -> Result<(), String> {
[INFO] [stdout]     |        ^^^^^^^^^^^^^^^
[INFO] [stdout] ...
[INFO] [stdout] 62  |     fn resolve_function(&mut self, stmt: &Stmt) -> Result<(), String> {
[INFO] [stdout]     |        ^^^^^^^^^^^^^^^^
[INFO] [stdout] ...
[INFO] [stdout] 74  |     fn resolve_function_helper(&mut self, params: &Vec<Token>, body: &Vec<Box<Stmt>>) -> Result<(), String> {
[INFO] [stdout]     |        ^^^^^^^^^^^^^^^^^^^^^^^
[INFO] [stdout] ...
[INFO] [stdout] 89  |     fn resolve_let(&mut self, stmt: &Stmt) -> Result<(), String>  {
[INFO] [stdout]     |        ^^^^^^^^^^^
[INFO] [stdout] ...
[INFO] [stdout] 100 |     fn resolve_expr(&mut self, expr: &Expr) -> Result<(), String> {
[INFO] [stdout]     |        ^^^^^^^^^^^^
[INFO] [stdout] ...
[INFO] [stdout] 134 |     fn resolve_expr_let(&mut self, expr: &Expr) -> Result<(), String> {
[INFO] [stdout]     |        ^^^^^^^^^^^^^^^^
[INFO] [stdout] ...
[INFO] [stdout] 146 |     fn resolve_expr_assign(&mut self, expr: &Expr) -> Result<(), String> {
[INFO] [stdout]     |        ^^^^^^^^^^^^^^^^^^^
[INFO] [stdout] ...
[INFO] [stdout] 156 |     fn resolve_local(&mut self, expr: &Expr) -> Result<(), String> {
[INFO] [stdout]     |        ^^^^^^^^^^^^^
[INFO] [stdout] ...
[INFO] [stdout] 170 |     fn declare(&mut self, name: &Token) {
[INFO] [stdout]     |        ^^^^^^^
[INFO] [stdout] ...
[INFO] [stdout] 177 |     fn define(&mut self, name: &Token) {
[INFO] [stdout]     |        ^^^^^^
[INFO] [stdout] ...
[INFO] [stdout] 184 |     fn begin_scope(&mut self) {
[INFO] [stdout]     |        ^^^^^^^^^^^
[INFO] [stdout] ...
[INFO] [stdout] 188 |     fn resolve_many(&mut self, stmts: &Vec<Box<Stmt>>) {
[INFO] [stdout]     |        ^^^^^^^^^^^^
[INFO] [stdout] ...
[INFO] [stdout] 194 |     fn end_scope(&mut self) {
[INFO] [stdout]     |        ^^^^^^^^^
[INFO] [stdout] 
[INFO] [stdout] 
[INFO] [stderr]     Finished `dev` profile [unoptimized + debuginfo] target(s) in 0.99s
[INFO] running `Command { std: "docker" "inspect" "286728073b6f82b1ea91934d9308f49b079a5531e681edb01376b1ecb09dacd1", kill_on_drop: false }`
[INFO] running `Command { std: "docker" "rm" "-f" "286728073b6f82b1ea91934d9308f49b079a5531e681edb01376b1ecb09dacd1", kill_on_drop: false }`
[INFO] [stdout] 286728073b6f82b1ea91934d9308f49b079a5531e681edb01376b1ecb09dacd1
[INFO] running `Command { std: "docker" "create" "-v" "/var/lib/crater-agent-workspace/builds/worker-1-tc1/target:/opt/rustwide/target:rw,Z" "-v" "/var/lib/crater-agent-workspace/builds/worker-1-tc1/source:/opt/rustwide/workdir:ro,Z" "-v" "/var/lib/crater-agent-workspace/cargo-home:/opt/rustwide/cargo-home:ro,Z" "-v" "/var/lib/crater-agent-workspace/rustup-home:/opt/rustwide/rustup-home:ro,Z" "-e" "SOURCE_DIR=/opt/rustwide/workdir" "-e" "CARGO_TARGET_DIR=/opt/rustwide/target" "-e" "CARGO_INCREMENTAL=0" "-e" "RUST_BACKTRACE=full" "-e" "RUSTFLAGS=--cap-lints=forbid" "-e" "RUSTDOCFLAGS=--cap-lints=forbid" "-e" "CARGO_HOME=/opt/rustwide/cargo-home" "-e" "RUSTUP_HOME=/opt/rustwide/rustup-home" "-w" "/opt/rustwide/workdir" "-m" "1610612736" "--user" "0:0" "--network" "none" "ghcr.io/rust-lang/crates-build-env/linux@sha256:819108c5571ea2e421544af4d832f968d213c87fbe3707a016657f43d2f853bc" "/opt/rustwide/cargo-home/bin/cargo" "+nightly-2025-01-18" "test" "--frozen" "--no-run" "--message-format=json", kill_on_drop: false }`
[INFO] [stdout] 58e27e4b08aef8ab38a3130d27a94e13e8b665534281a1c463ce04ecc2b37b3a
[INFO] running `Command { std: "docker" "start" "-a" "58e27e4b08aef8ab38a3130d27a94e13e8b665534281a1c463ce04ecc2b37b3a", kill_on_drop: false }`
[INFO] [stderr]    Compiling langscript v0.1.0 (/opt/rustwide/workdir)
[INFO] [stdout] warning: unused variable: `distance`
[INFO] [stdout]   --> src/interpreter.rs:63:25
[INFO] [stdout]    |
[INFO] [stdout] 63 |                     let distance = self.get_distance(&expression);
[INFO] [stdout]    |                         ^^^^^^^^ help: if this is intentional, prefix it with an underscore: `_distance`
[INFO] [stdout]    |
[INFO] [stdout]    = note: `#[warn(unused_variables)]` on by default
[INFO] [stdout] 
[INFO] [stdout] 
[INFO] [stdout] warning: field `0` is never read
[INFO] [stdout]   --> src/lexer.rs:29:16
[INFO] [stdout]    |
[INFO] [stdout] 29 |     Identifier(String)
[INFO] [stdout]    |     ---------- ^^^^^^
[INFO] [stdout]    |     |
[INFO] [stdout]    |     field in this variant
[INFO] [stdout]    |
[INFO] [stdout]    = note: `LiteralValue` has derived impls for the traits `Clone` and `Debug`, but these are intentionally ignored during dead code analysis
[INFO] [stdout]    = note: `#[warn(dead_code)]` on by default
[INFO] [stdout] help: consider changing the field to be of unit type to suppress this warning while preserving the field numbering, or remove the field
[INFO] [stdout]    |
[INFO] [stdout] 29 |     Identifier(())
[INFO] [stdout]    |                ~~
[INFO] [stdout] 
[INFO] [stdout] 
[INFO] [stdout] warning: field `paren` is never read
[INFO] [stdout]    --> src/generate_ast.rs:223:9
[INFO] [stdout]     |
[INFO] [stdout] 221 |     Call {
[INFO] [stdout]     |     ---- field in this variant
[INFO] [stdout] 222 |         callee: Box<Expr>,
[INFO] [stdout] 223 |         paren: Token,
[INFO] [stdout]     |         ^^^^^
[INFO] [stdout]     |
[INFO] [stdout]     = note: `Expr` has a derived impl for the trait `Clone`, but this is intentionally ignored during dead code analysis
[INFO] [stdout] 
[INFO] [stdout] 
[INFO] [stdout] warning: variant `Method` is never constructed
[INFO] [stdout]   --> src/parser.rs:12:5
[INFO] [stdout]    |
[INFO] [stdout] 10 | enum FunctionKind {
[INFO] [stdout]    |      ------------ variant in this enum
[INFO] [stdout] 11 |     Function,
[INFO] [stdout] 12 |     Method
[INFO] [stdout]    |     ^^^^^^
[INFO] [stdout]    |
[INFO] [stdout]    = note: `FunctionKind` has a derived impl for the trait `Debug`, but this is intentionally ignored during dead code analysis
[INFO] [stdout] 
[INFO] [stdout] 
[INFO] [stdout] warning: associated items `for_anon` and `resolve` are never used
[INFO] [stdout]   --> src/interpreter.rs:38:12
[INFO] [stdout]    |
[INFO] [stdout] 17 | impl Interpreter {
[INFO] [stdout]    | ---------------- associated items in this implementation
[INFO] [stdout] ...
[INFO] [stdout] 38 |     pub fn for_anon(parent: Rc<RefCell<Environment>>) -> Self {
[INFO] [stdout]    |            ^^^^^^^^
[INFO] [stdout] ...
[INFO] [stdout] 48 |     pub fn resolve(&mut self, expr: &Expr, steps: usize) -> Result<(), String> {
[INFO] [stdout]    |            ^^^^^^^
[INFO] [stdout] 
[INFO] [stdout] 
[INFO] [stdout] warning: field `keyword` is never read
[INFO] [stdout]   --> src/stmt.rs:18:9
[INFO] [stdout]    |
[INFO] [stdout] 17 |     ReturnStmt {
[INFO] [stdout]    |     ---------- field in this variant
[INFO] [stdout] 18 |         keyword: Token,
[INFO] [stdout]    |         ^^^^^^^
[INFO] [stdout]    |
[INFO] [stdout]    = note: `Stmt` has derived impls for the traits `Clone` and `Debug`, but these are intentionally ignored during dead code analysis
[INFO] [stdout] 
[INFO] [stdout] 
[INFO] [stdout] warning: struct `Resolver` is never constructed
[INFO] [stdout]  --> src/resolver.rs:5:12
[INFO] [stdout]   |
[INFO] [stdout] 5 | pub struct Resolver {
[INFO] [stdout]   |            ^^^^^^^^
[INFO] [stdout] 
[INFO] [stdout] 
[INFO] [stdout] warning: multiple associated items are never used
[INFO] [stdout]    --> src/resolver.rs:12:12
[INFO] [stdout]     |
[INFO] [stdout] 10  | impl Resolver {
[INFO] [stdout]     | ------------- associated items in this implementation
[INFO] [stdout] 11  |     
[INFO] [stdout] 12  |     pub fn new() -> Self {
[INFO] [stdout]     |            ^^^
[INFO] [stdout] ...
[INFO] [stdout] 19  |     pub fn resolve(&mut self, stmt: &Stmt) -> Result<(), String> {
[INFO] [stdout]     |            ^^^^^^^
[INFO] [stdout] ...
[INFO] [stdout] 39  |     fn resolve_block(&mut self, stmt: &Stmt) -> Result<(), String> {
[INFO] [stdout]     |        ^^^^^^^^^^^^^
[INFO] [stdout] ...
[INFO] [stdout] 51  |     fn resolve_if_stmt(&mut self, stmt: &Stmt) -> Result<(), String> {
[INFO] [stdout]     |        ^^^^^^^^^^^^^^^
[INFO] [stdout] ...
[INFO] [stdout] 62  |     fn resolve_function(&mut self, stmt: &Stmt) -> Result<(), String> {
[INFO] [stdout]     |        ^^^^^^^^^^^^^^^^
[INFO] [stdout] ...
[INFO] [stdout] 74  |     fn resolve_function_helper(&mut self, params: &Vec<Token>, body: &Vec<Box<Stmt>>) -> Result<(), String> {
[INFO] [stdout]     |        ^^^^^^^^^^^^^^^^^^^^^^^
[INFO] [stdout] ...
[INFO] [stdout] 89  |     fn resolve_let(&mut self, stmt: &Stmt) -> Result<(), String>  {
[INFO] [stdout]     |        ^^^^^^^^^^^
[INFO] [stdout] ...
[INFO] [stdout] 100 |     fn resolve_expr(&mut self, expr: &Expr) -> Result<(), String> {
[INFO] [stdout]     |        ^^^^^^^^^^^^
[INFO] [stdout] ...
[INFO] [stdout] 134 |     fn resolve_expr_let(&mut self, expr: &Expr) -> Result<(), String> {
[INFO] [stdout]     |        ^^^^^^^^^^^^^^^^
[INFO] [stdout] ...
[INFO] [stdout] 146 |     fn resolve_expr_assign(&mut self, expr: &Expr) -> Result<(), String> {
[INFO] [stdout]     |        ^^^^^^^^^^^^^^^^^^^
[INFO] [stdout] ...
[INFO] [stdout] 156 |     fn resolve_local(&mut self, expr: &Expr) -> Result<(), String> {
[INFO] [stdout]     |        ^^^^^^^^^^^^^
[INFO] [stdout] ...
[INFO] [stdout] 170 |     fn declare(&mut self, name: &Token) {
[INFO] [stdout]     |        ^^^^^^^
[INFO] [stdout] ...
[INFO] [stdout] 177 |     fn define(&mut self, name: &Token) {
[INFO] [stdout]     |        ^^^^^^
[INFO] [stdout] ...
[INFO] [stdout] 184 |     fn begin_scope(&mut self) {
[INFO] [stdout]     |        ^^^^^^^^^^^
[INFO] [stdout] ...
[INFO] [stdout] 188 |     fn resolve_many(&mut self, stmts: &Vec<Box<Stmt>>) {
[INFO] [stdout]     |        ^^^^^^^^^^^^
[INFO] [stdout] ...
[INFO] [stdout] 194 |     fn end_scope(&mut self) {
[INFO] [stdout]     |        ^^^^^^^^^
[INFO] [stdout] 
[INFO] [stdout] 
[INFO] [stdout] warning: using `.clone()` on a double reference, which returns `&str` instead of cloning the inner type
[INFO] [stdout]   --> src/tests/mod.rs:47:32
[INFO] [stdout]    |
[INFO] [stdout] 47 |             test_code.push(line.clone());
[INFO] [stdout]    |                                ^^^^^^^^
[INFO] [stdout]    |
[INFO] [stdout]    = note: `#[warn(suspicious_double_ref_op)]` on by default
[INFO] [stdout] 
[INFO] [stdout] 
[INFO] [stderr]     Finished `test` profile [unoptimized + debuginfo] target(s) in 1.16s
[INFO] running `Command { std: "docker" "inspect" "58e27e4b08aef8ab38a3130d27a94e13e8b665534281a1c463ce04ecc2b37b3a", kill_on_drop: false }`
[INFO] running `Command { std: "docker" "rm" "-f" "58e27e4b08aef8ab38a3130d27a94e13e8b665534281a1c463ce04ecc2b37b3a", kill_on_drop: false }`
[INFO] [stdout] 58e27e4b08aef8ab38a3130d27a94e13e8b665534281a1c463ce04ecc2b37b3a
[INFO] running `Command { std: "docker" "create" "-v" "/var/lib/crater-agent-workspace/builds/worker-1-tc1/target:/opt/rustwide/target:rw,Z" "-v" "/var/lib/crater-agent-workspace/builds/worker-1-tc1/source:/opt/rustwide/workdir:ro,Z" "-v" "/var/lib/crater-agent-workspace/cargo-home:/opt/rustwide/cargo-home:ro,Z" "-v" "/var/lib/crater-agent-workspace/rustup-home:/opt/rustwide/rustup-home:ro,Z" "-e" "SOURCE_DIR=/opt/rustwide/workdir" "-e" "CARGO_TARGET_DIR=/opt/rustwide/target" "-e" "CARGO_INCREMENTAL=0" "-e" "RUST_BACKTRACE=full" "-e" "RUSTFLAGS=--cap-lints=forbid" "-e" "RUSTDOCFLAGS=--cap-lints=forbid" "-e" "CARGO_HOME=/opt/rustwide/cargo-home" "-e" "RUSTUP_HOME=/opt/rustwide/rustup-home" "-w" "/opt/rustwide/workdir" "-m" "1610612736" "--user" "0:0" "--network" "none" "ghcr.io/rust-lang/crates-build-env/linux@sha256:819108c5571ea2e421544af4d832f968d213c87fbe3707a016657f43d2f853bc" "/opt/rustwide/cargo-home/bin/cargo" "+nightly-2025-01-18" "test" "--frozen", kill_on_drop: false }`
[INFO] [stdout] 900d2a6c8b6f161b1b93db7fbd84c169b328d567718472790447b4de45f6e2b5
[INFO] running `Command { std: "docker" "start" "-a" "900d2a6c8b6f161b1b93db7fbd84c169b328d567718472790447b4de45f6e2b5", kill_on_drop: false }`
[INFO] [stderr] warning: unused variable: `distance`
[INFO] [stderr]   --> src/interpreter.rs:63:25
[INFO] [stderr]    |
[INFO] [stderr] 63 |                     let distance = self.get_distance(&expression);
[INFO] [stderr]    |                         ^^^^^^^^ help: if this is intentional, prefix it with an underscore: `_distance`
[INFO] [stderr]    |
[INFO] [stderr]    = note: `#[warn(unused_variables)]` on by default
[INFO] [stderr] 
[INFO] [stderr] warning: field `0` is never read
[INFO] [stderr]   --> src/lexer.rs:29:16
[INFO] [stderr]    |
[INFO] [stderr] 29 |     Identifier(String)
[INFO] [stderr]    |     ---------- ^^^^^^
[INFO] [stderr]    |     |
[INFO] [stderr]    |     field in this variant
[INFO] [stderr]    |
[INFO] [stderr]    = note: `LiteralValue` has derived impls for the traits `Clone` and `Debug`, but these are intentionally ignored during dead code analysis
[INFO] [stderr]    = note: `#[warn(dead_code)]` on by default
[INFO] [stderr] help: consider changing the field to be of unit type to suppress this warning while preserving the field numbering, or remove the field
[INFO] [stderr]    |
[INFO] [stderr] 29 |     Identifier(())
[INFO] [stderr]    |                ~~
[INFO] [stderr] 
[INFO] [stderr] warning: field `paren` is never read
[INFO] [stderr]    --> src/generate_ast.rs:223:9
[INFO] [stderr]     |
[INFO] [stderr] 221 |     Call {
[INFO] [stderr]     |     ---- field in this variant
[INFO] [stderr] 222 |         callee: Box<Expr>,
[INFO] [stderr] 223 |         paren: Token,
[INFO] [stderr]     |         ^^^^^
[INFO] [stderr]     |
[INFO] [stderr]     = note: `Expr` has a derived impl for the trait `Clone`, but this is intentionally ignored during dead code analysis
[INFO] [stderr] 
[INFO] [stderr] warning: variant `Method` is never constructed
[INFO] [stderr]   --> src/parser.rs:12:5
[INFO] [stderr]    |
[INFO] [stderr] 10 | enum FunctionKind {
[INFO] [stderr]    |      ------------ variant in this enum
[INFO] [stderr] 11 |     Function,
[INFO] [stderr] 12 |     Method
[INFO] [stderr]    |     ^^^^^^
[INFO] [stderr]    |
[INFO] [stderr]    = note: `FunctionKind` has a derived impl for the trait `Debug`, but this is intentionally ignored during dead code analysis
[INFO] [stderr] 
[INFO] [stderr] warning: associated items `for_anon` and `resolve` are never used
[INFO] [stderr]   --> src/interpreter.rs:38:12
[INFO] [stderr]    |
[INFO] [stderr] 17 | impl Interpreter {
[INFO] [stderr]    | ---------------- associated items in this implementation
[INFO] [stderr] ...
[INFO] [stderr] 38 |     pub fn for_anon(parent: Rc<RefCell<Environment>>) -> Self {
[INFO] [stderr]    |            ^^^^^^^^
[INFO] [stderr] ...
[INFO] [stderr] 48 |     pub fn resolve(&mut self, expr: &Expr, steps: usize) -> Result<(), String> {
[INFO] [stderr]    |            ^^^^^^^
[INFO] [stderr] 
[INFO] [stderr] warning: field `keyword` is never read
[INFO] [stderr]   --> src/stmt.rs:18:9
[INFO] [stderr]    |
[INFO] [stderr] 17 |     ReturnStmt {
[INFO] [stderr]    |     ---------- field in this variant
[INFO] [stderr] 18 |         keyword: Token,
[INFO] [stderr]    |         ^^^^^^^
[INFO] [stderr]    |
[INFO] [stderr]    = note: `Stmt` has derived impls for the traits `Clone` and `Debug`, but these are intentionally ignored during dead code analysis
[INFO] [stderr] 
[INFO] [stderr] warning: struct `Resolver` is never constructed
[INFO] [stderr]  --> src/resolver.rs:5:12
[INFO] [stderr]   |
[INFO] [stderr] 5 | pub struct Resolver {
[INFO] [stderr]   |            ^^^^^^^^
[INFO] [stderr] 
[INFO] [stderr] warning: multiple associated items are never used
[INFO] [stderr]    --> src/resolver.rs:12:12
[INFO] [stderr]     |
[INFO] [stderr] 10  | impl Resolver {
[INFO] [stderr]     | ------------- associated items in this implementation
[INFO] [stderr] 11  |     
[INFO] [stderr] 12  |     pub fn new() -> Self {
[INFO] [stderr]     |            ^^^
[INFO] [stderr] ...
[INFO] [stderr] 19  |     pub fn resolve(&mut self, stmt: &Stmt) -> Result<(), String> {
[INFO] [stderr]     |            ^^^^^^^
[INFO] [stderr] ...
[INFO] [stderr] 39  |     fn resolve_block(&mut self, stmt: &Stmt) -> Result<(), String> {
[INFO] [stderr]     |        ^^^^^^^^^^^^^
[INFO] [stderr] ...
[INFO] [stderr] 51  |     fn resolve_if_stmt(&mut self, stmt: &Stmt) -> Result<(), String> {
[INFO] [stderr]     |        ^^^^^^^^^^^^^^^
[INFO] [stderr] ...
[INFO] [stderr] 62  |     fn resolve_function(&mut self, stmt: &Stmt) -> Result<(), String> {
[INFO] [stderr]     |        ^^^^^^^^^^^^^^^^
[INFO] [stderr] ...
[INFO] [stderr] 74  |     fn resolve_function_helper(&mut self, params: &Vec<Token>, body: &Vec<Box<Stmt>>) -> Result<(), String> {
[INFO] [stderr]     |        ^^^^^^^^^^^^^^^^^^^^^^^
[INFO] [stderr] ...
[INFO] [stderr] 89  |     fn resolve_let(&mut self, stmt: &Stmt) -> Result<(), String>  {
[INFO] [stderr]     |        ^^^^^^^^^^^
[INFO] [stderr] ...
[INFO] [stderr] 100 |     fn resolve_expr(&mut self, expr: &Expr) -> Result<(), String> {
[INFO] [stderr]     |        ^^^^^^^^^^^^
[INFO] [stderr] ...
[INFO] [stderr] 134 |     fn resolve_expr_let(&mut self, expr: &Expr) -> Result<(), String> {
[INFO] [stderr]     |        ^^^^^^^^^^^^^^^^
[INFO] [stderr] ...
[INFO] [stderr] 146 |     fn resolve_expr_assign(&mut self, expr: &Expr) -> Result<(), String> {
[INFO] [stderr]     |        ^^^^^^^^^^^^^^^^^^^
[INFO] [stderr] ...
[INFO] [stderr] 156 |     fn resolve_local(&mut self, expr: &Expr) -> Result<(), String> {
[INFO] [stderr]     |        ^^^^^^^^^^^^^
[INFO] [stderr] ...
[INFO] [stderr] 170 |     fn declare(&mut self, name: &Token) {
[INFO] [stderr]     |        ^^^^^^^
[INFO] [stderr] ...
[INFO] [stderr] 177 |     fn define(&mut self, name: &Token) {
[INFO] [stderr]     |        ^^^^^^
[INFO] [stderr] ...
[INFO] [stderr] 184 |     fn begin_scope(&mut self) {
[INFO] [stderr]     |        ^^^^^^^^^^^
[INFO] [stderr] ...
[INFO] [stderr] 188 |     fn resolve_many(&mut self, stmts: &Vec<Box<Stmt>>) {
[INFO] [stderr]     |        ^^^^^^^^^^^^
[INFO] [stderr] ...
[INFO] [stderr] 194 |     fn end_scope(&mut self) {
[INFO] [stderr]     |        ^^^^^^^^^
[INFO] [stderr] 
[INFO] [stderr] warning: using `.clone()` on a double reference, which returns `&str` instead of cloning the inner type
[INFO] [stderr]   --> src/tests/mod.rs:47:32
[INFO] [stderr]    |
[INFO] [stderr] 47 |             test_code.push(line.clone());
[INFO] [stderr]    |                                ^^^^^^^^
[INFO] [stderr]    |
[INFO] [stderr]    = note: `#[warn(suspicious_double_ref_op)]` on by default
[INFO] [stderr] 
[INFO] [stderr] warning: `langscript` (bin "langscript" test) generated 9 warnings
[INFO] [stderr]     Finished `test` profile [unoptimized + debuginfo] target(s) in 0.02s
[INFO] [stderr]      Running unittests src/main.rs (/opt/rustwide/target/debug/deps/langscript-7de2be7d29d2fe92)
[INFO] [stdout] 
[INFO] [stdout] running 19 tests
[INFO] [stdout] test generate_ast::tests::pretty_ternary_expr ... ok
[INFO] [stdout] test lexer::tests::get_keywords ... ok
[INFO] [stdout] test environment::tests::try_init ... ok
[INFO] [stdout] test lexer::tests::handle_literals ... ok
[INFO] [stdout] test lexer::tests::handle_identifier ... ok
[INFO] [stdout] test generate_ast::tests::pretty_print_ast ... ok
[INFO] [stdout] test generate_ast::tests::expr_is_hashable ... ok
[INFO] [stdout] test lexer::tests::handle_multi_line_comment ... ok
[INFO] [stdout] test lexer::tests::handle_string_lit ... ok
[INFO] [stdout] test parser::tests::test_quality_paren ... ok
[INFO] [stdout] test lexer::tests::handle_two_char_tokens ... ok
[INFO] [stdout] test lexer::tests::handle_string_lit_unterminated ... ok
[INFO] [stdout] test parser::tests::test_ternary_expr ... ok
[INFO] [stdout] test lexer::tests::handle_multi_line_comment_unterminated ... ok
[INFO] [stdout] test parser::tests::test_addition_parser ... ok
[INFO] [stdout] test lexer::tests::handle_one_char_tokens ... ok
[INFO] [stdout] test parser::tests::test_comparison ... ok
[INFO] [stdout] test lexer::tests::handle_string_lit_multiline ... ok
[INFO] [stdout] test tests::tests::execute_tests ... FAILED
[INFO] [stdout] 
[INFO] [stdout] failures:
[INFO] [stdout] 
[INFO] [stdout] ---- tests::tests::execute_tests stdout ----
[INFO] [stdout] 
[INFO] [stdout] thread 'tests::tests::execute_tests' panicked at src/tests/mod.rs:7:118:
[INFO] [stdout] called `Result::unwrap()` on an `Err` value: Os { code: 2, kind: NotFound, message: "No such file or directory" }
[INFO] [stdout] stack backtrace:
[INFO] [stdout]    0:     0x645caa61d6aa - std::backtrace_rs::backtrace::libunwind::trace::hb059275cfc8d6126
[INFO] [stdout]                                at /rustc/6067b36314ab5eb2eb47cecc464545ba58e1ad24/library/std/src/../../backtrace/src/backtrace/libunwind.rs:116:5
[INFO] [stdout]    1:     0x645caa61d6aa - std::backtrace_rs::backtrace::trace_unsynchronized::h2da071e4327ce3ee
[INFO] [stdout]                                at /rustc/6067b36314ab5eb2eb47cecc464545ba58e1ad24/library/std/src/../../backtrace/src/backtrace/mod.rs:66:5
[INFO] [stdout]    2:     0x645caa61d6aa - std::sys::backtrace::_print_fmt::h842a1474e6f8d23f
[INFO] [stdout]                                at /rustc/6067b36314ab5eb2eb47cecc464545ba58e1ad24/library/std/src/sys/backtrace.rs:66:9
[INFO] [stdout]    3:     0x645caa61d6aa - <std::sys::backtrace::BacktraceLock::print::DisplayBacktrace as core::fmt::Display>::fmt::h71a62eb3b9696b12
[INFO] [stdout]                                at /rustc/6067b36314ab5eb2eb47cecc464545ba58e1ad24/library/std/src/sys/backtrace.rs:39:26
[INFO] [stdout]    4:     0x645caa646683 - core::fmt::rt::Argument::fmt::hdb6b616786b41dc1
[INFO] [stdout]                                at /rustc/6067b36314ab5eb2eb47cecc464545ba58e1ad24/library/core/src/fmt/rt.rs:177:76
[INFO] [stdout]    5:     0x645caa646683 - core::fmt::write::h2cc1698af7e2d686
[INFO] [stdout]                                at /rustc/6067b36314ab5eb2eb47cecc464545ba58e1ad24/library/core/src/fmt/mod.rs:1440:21
[INFO] [stdout]    6:     0x645caa619fb3 - std::io::Write::write_fmt::hab1b4cd059a79022
[INFO] [stdout]                                at /rustc/6067b36314ab5eb2eb47cecc464545ba58e1ad24/library/std/src/io/mod.rs:1887:15
[INFO] [stdout]    7:     0x645caa61d4f2 - std::sys::backtrace::BacktraceLock::print::h147fe35b4ea13b08
[INFO] [stdout]                                at /rustc/6067b36314ab5eb2eb47cecc464545ba58e1ad24/library/std/src/sys/backtrace.rs:42:9
[INFO] [stdout]    8:     0x645caa61eacf - std::panicking::default_hook::{{closure}}::hbd44223dbdc0d208
[INFO] [stdout]                                at /rustc/6067b36314ab5eb2eb47cecc464545ba58e1ad24/library/std/src/panicking.rs:298:22
[INFO] [stdout]    9:     0x645caa61e8e8 - std::panicking::default_hook::h20f81eb0576efcec
[INFO] [stdout]                                at /rustc/6067b36314ab5eb2eb47cecc464545ba58e1ad24/library/std/src/panicking.rs:322:9
[INFO] [stdout]   10:     0x645caa5e6b23 - <alloc::boxed::Box<F,A> as core::ops::function::Fn<Args>>::call::hdb53814c496a4d34
[INFO] [stdout]                                at /rustc/6067b36314ab5eb2eb47cecc464545ba58e1ad24/library/alloc/src/boxed.rs:2027:9
[INFO] [stdout]   11:     0x645caa5e6b23 - test::test_main::{{closure}}::hc0a4963c59427c24
[INFO] [stdout]                                at /rustc/6067b36314ab5eb2eb47cecc464545ba58e1ad24/library/test/src/lib.rs:134:21
[INFO] [stdout]   12:     0x645caa61f5c3 - <alloc::boxed::Box<F,A> as core::ops::function::Fn<Args>>::call::h591b2225413a77e9
[INFO] [stdout]                                at /rustc/6067b36314ab5eb2eb47cecc464545ba58e1ad24/library/alloc/src/boxed.rs:2027:9
[INFO] [stdout]   13:     0x645caa61f5c3 - std::panicking::rust_panic_with_hook::h625eea43051b2edc
[INFO] [stdout]                                at /rustc/6067b36314ab5eb2eb47cecc464545ba58e1ad24/library/std/src/panicking.rs:839:13
[INFO] [stdout]   14:     0x645caa61f27a - std::panicking::begin_panic_handler::{{closure}}::h4f9159cfbc3f6bd3
[INFO] [stdout]                                at /rustc/6067b36314ab5eb2eb47cecc464545ba58e1ad24/library/std/src/panicking.rs:704:13
[INFO] [stdout]   15:     0x645caa61dba9 - std::sys::backtrace::__rust_end_short_backtrace::h0390abce48353151
[INFO] [stdout]                                at /rustc/6067b36314ab5eb2eb47cecc464545ba58e1ad24/library/std/src/sys/backtrace.rs:168:18
[INFO] [stdout]   16:     0x645caa61ef0d - rust_begin_unwind
[INFO] [stdout]                                at /rustc/6067b36314ab5eb2eb47cecc464545ba58e1ad24/library/std/src/panicking.rs:695:5
[INFO] [stdout]   17:     0x645caa644cb0 - core::panicking::panic_fmt::h9e7c637e9e5f29c9
[INFO] [stdout]                                at /rustc/6067b36314ab5eb2eb47cecc464545ba58e1ad24/library/core/src/panicking.rs:75:14
[INFO] [stdout]   18:     0x645caa645126 - core::result::unwrap_failed::h7979f09313fe1849
[INFO] [stdout]                                at /rustc/6067b36314ab5eb2eb47cecc464545ba58e1ad24/library/core/src/result.rs:1704:5
[INFO] [stdout]   19:     0x645caa597ec4 - core::result::Result<T,E>::unwrap::hb084e9db99ee3258
[INFO] [stdout]                                at /rustc/6067b36314ab5eb2eb47cecc464545ba58e1ad24/library/core/src/result.rs:1109:23
[INFO] [stdout]   20:     0x645caa597ec4 - langscript::tests::tests::execute_tests::h2f80910af06d5299
[INFO] [stdout]                                at /opt/rustwide/workdir/src/tests/mod.rs:7:39
[INFO] [stdout]   21:     0x645caa597e27 - langscript::tests::tests::execute_tests::{{closure}}::hc878c04849e1d273
[INFO] [stdout]                                at /opt/rustwide/workdir/src/tests/mod.rs:6:23
[INFO] [stdout]   22:     0x645caa5882d6 - core::ops::function::FnOnce::call_once::h7dff218ae83b6b7f
[INFO] [stdout]                                at /rustc/6067b36314ab5eb2eb47cecc464545ba58e1ad24/library/core/src/ops/function.rs:250:5
[INFO] [stdout]   23:     0x645caa5ec27b - core::ops::function::FnOnce::call_once::he27718dfdd183f43
[INFO] [stdout]                                at /rustc/6067b36314ab5eb2eb47cecc464545ba58e1ad24/library/core/src/ops/function.rs:250:5
[INFO] [stdout]   24:     0x645caa5ec27b - test::__rust_begin_short_backtrace::h4e84902998457a5d
[INFO] [stdout]                                at /rustc/6067b36314ab5eb2eb47cecc464545ba58e1ad24/library/test/src/lib.rs:632:18
[INFO] [stdout]   25:     0x645caa5eb1b3 - test::run_test_in_process::{{closure}}::h7176fd18fc1feca0
[INFO] [stdout]                                at /rustc/6067b36314ab5eb2eb47cecc464545ba58e1ad24/library/test/src/lib.rs:655:60
[INFO] [stdout]   26:     0x645caa5eb1b3 - <core::panic::unwind_safe::AssertUnwindSafe<F> as core::ops::function::FnOnce<()>>::call_once::hf79cff2a624d8cf7
[INFO] [stdout]                                at /rustc/6067b36314ab5eb2eb47cecc464545ba58e1ad24/library/core/src/panic/unwind_safe.rs:272:9
[INFO] [stdout]   27:     0x645caa5eb1b3 - std::panicking::try::do_call::h3da0561d9ab99c25
[INFO] [stdout]                                at /rustc/6067b36314ab5eb2eb47cecc464545ba58e1ad24/library/std/src/panicking.rs:587:40
[INFO] [stdout]   28:     0x645caa5eb1b3 - std::panicking::try::h41c9fa508bc61df6
[INFO] [stdout]                                at /rustc/6067b36314ab5eb2eb47cecc464545ba58e1ad24/library/std/src/panicking.rs:550:19
[INFO] [stdout]   29:     0x645caa5eb1b3 - std::panic::catch_unwind::h6b3ff07bb5afad93
[INFO] [stdout]                                at /rustc/6067b36314ab5eb2eb47cecc464545ba58e1ad24/library/std/src/panic.rs:358:14
[INFO] [stdout]   30:     0x645caa5eb1b3 - test::run_test_in_process::hc7253dd11b39b9f4
[INFO] [stdout]                                at /rustc/6067b36314ab5eb2eb47cecc464545ba58e1ad24/library/test/src/lib.rs:655:27
[INFO] [stdout]   31:     0x645caa5eb1b3 - test::run_test::{{closure}}::hfb2007f8649c30bb
[INFO] [stdout]                                at /rustc/6067b36314ab5eb2eb47cecc464545ba58e1ad24/library/test/src/lib.rs:576:43
[INFO] [stdout]   32:     0x645caa5ae295 - test::run_test::{{closure}}::h56a17aa7a282a9f4
[INFO] [stdout]                                at /rustc/6067b36314ab5eb2eb47cecc464545ba58e1ad24/library/test/src/lib.rs:606:41
[INFO] [stdout]   33:     0x645caa5ae295 - std::sys::backtrace::__rust_begin_short_backtrace::hd2d2d2fb8e8c6aac
[INFO] [stdout]                                at /rustc/6067b36314ab5eb2eb47cecc464545ba58e1ad24/library/std/src/sys/backtrace.rs:152:18
[INFO] [stdout]   34:     0x645caa5b1b7a - std::thread::Builder::spawn_unchecked_::{{closure}}::{{closure}}::h4faa3f9db6133423
[INFO] [stdout]                                at /rustc/6067b36314ab5eb2eb47cecc464545ba58e1ad24/library/std/src/thread/mod.rs:559:17
[INFO] [stdout]   35:     0x645caa5b1b7a - <core::panic::unwind_safe::AssertUnwindSafe<F> as core::ops::function::FnOnce<()>>::call_once::hf2e855a36a4ea846
[INFO] [stdout]                                at /rustc/6067b36314ab5eb2eb47cecc464545ba58e1ad24/library/core/src/panic/unwind_safe.rs:272:9
[INFO] [stdout]   36:     0x645caa5b1b7a - std::panicking::try::do_call::h2f73af3616c35465
[INFO] [stdout]                                at /rustc/6067b36314ab5eb2eb47cecc464545ba58e1ad24/library/std/src/panicking.rs:587:40
[INFO] [stdout]   37:     0x645caa5b1b7a - std::panicking::try::hd1660ce9efadef5a
[INFO] [stdout]                                at /rustc/6067b36314ab5eb2eb47cecc464545ba58e1ad24/library/std/src/panicking.rs:550:19
[INFO] [stdout]   38:     0x645caa5b1b7a - std::panic::catch_unwind::h5ee8d7823b8ca744
[INFO] [stdout]                                at /rustc/6067b36314ab5eb2eb47cecc464545ba58e1ad24/library/std/src/panic.rs:358:14
[INFO] [stdout]   39:     0x645caa5b1b7a - std::thread::Builder::spawn_unchecked_::{{closure}}::h53c3a1894dce8407
[INFO] [stdout]                                at /rustc/6067b36314ab5eb2eb47cecc464545ba58e1ad24/library/std/src/thread/mod.rs:557:30
[INFO] [stdout]   40:     0x645caa5b1b7a - core::ops::function::FnOnce::call_once{{vtable.shim}}::h048ce291ad4f62bf
[INFO] [stdout]                                at /rustc/6067b36314ab5eb2eb47cecc464545ba58e1ad24/library/core/src/ops/function.rs:250:5
[INFO] [stdout]   41:     0x645caa623a9b - <alloc::boxed::Box<F,A> as core::ops::function::FnOnce<Args>>::call_once::ha52bedf99a3b4981
[INFO] [stdout]                                at /rustc/6067b36314ab5eb2eb47cecc464545ba58e1ad24/library/alloc/src/boxed.rs:2013:9
[INFO] [stdout]   42:     0x645caa623a9b - <alloc::boxed::Box<F,A> as core::ops::function::FnOnce<Args>>::call_once::h567748934d80ccf8
[INFO] [stdout]                                at /rustc/6067b36314ab5eb2eb47cecc464545ba58e1ad24/library/alloc/src/boxed.rs:2013:9
[INFO] [stdout]   43:     0x645caa623a9b - std::sys::pal::unix::thread::Thread::new::thread_start::h2d970728ae887adc
[INFO] [stdout]                                at /rustc/6067b36314ab5eb2eb47cecc464545ba58e1ad24/library/std/src/sys/pal/unix/thread.rs:106:17
[INFO] [stdout]   44:     0x7101e5a47ac3 - <unknown>
[INFO] [stdout]   45:     0x7101e5ad8a04 - clone
[INFO] [stdout]   46:                0x0 - <unknown>
[INFO] [stdout] 
[INFO] [stdout] 
[INFO] [stdout] failures:
[INFO] [stdout]     tests::tests::execute_tests
[INFO] [stdout] 
[INFO] [stdout] test result: FAILED. 18 passed; 1 failed; 0 ignored; 0 measured; 0 filtered out; finished in 0.09s
[INFO] [stdout] 
[INFO] [stderr] error: test failed, to rerun pass `--bin langscript`
[INFO] running `Command { std: "docker" "inspect" "900d2a6c8b6f161b1b93db7fbd84c169b328d567718472790447b4de45f6e2b5", kill_on_drop: false }`
[INFO] running `Command { std: "docker" "rm" "-f" "900d2a6c8b6f161b1b93db7fbd84c169b328d567718472790447b4de45f6e2b5", kill_on_drop: false }`
[INFO] [stdout] 900d2a6c8b6f161b1b93db7fbd84c169b328d567718472790447b4de45f6e2b5
