[INFO] cloning repository https://github.com/HelloAnner/dir-info
[INFO] running `Command { std: "git" "-c" "credential.helper=" "-c" "credential.helper=/workspace/cargo-home/bin/git-credential-null" "clone" "--bare" "https://github.com/HelloAnner/dir-info" "/workspace/cache/git-repos/https%3A%2F%2Fgithub.com%2FHelloAnner%2Fdir-info", kill_on_drop: false }`
[INFO] [stderr] Cloning into bare repository '/workspace/cache/git-repos/https%3A%2F%2Fgithub.com%2FHelloAnner%2Fdir-info'...
[INFO] running `Command { std: "git" "rev-parse" "HEAD", kill_on_drop: false }`
[INFO] [stdout] aa3fdb7ba6e1f9c20ff99eef02f2a16ad4ad5eef
[INFO] testing HelloAnner/dir-info against nightly-2025-01-18 for randomize-layout-2
[INFO] running `Command { std: "git" "clone" "/workspace/cache/git-repos/https%3A%2F%2Fgithub.com%2FHelloAnner%2Fdir-info" "/workspace/builds/worker-2-tc1/source", kill_on_drop: false }`
[INFO] [stderr] Cloning into '/workspace/builds/worker-2-tc1/source'...
[INFO] [stderr] done.
[INFO] validating manifest of git repo https://github.com/HelloAnner/dir-info on toolchain nightly-2025-01-18
[INFO] running `Command { std: CARGO_HOME="/workspace/cargo-home" RUSTUP_HOME="/workspace/rustup-home" "/workspace/cargo-home/bin/cargo" "+nightly-2025-01-18" "metadata" "--manifest-path" "Cargo.toml" "--no-deps", kill_on_drop: false }`
[INFO] started tweaking git repo https://github.com/HelloAnner/dir-info
[INFO] finished tweaking git repo https://github.com/HelloAnner/dir-info
[INFO] tweaked toml for git repo https://github.com/HelloAnner/dir-info written to /workspace/builds/worker-2-tc1/source/Cargo.toml
[INFO] crate git repo https://github.com/HelloAnner/dir-info already has a lockfile, it will not be regenerated
[INFO] running `Command { std: CARGO_HOME="/workspace/cargo-home" RUSTUP_HOME="/workspace/rustup-home" "/workspace/cargo-home/bin/cargo" "+nightly-2025-01-18" "fetch" "--manifest-path" "Cargo.toml", kill_on_drop: false }`
[INFO] [stderr] warning: unused manifest key: target.aarch64-unknown-linux-musl.linker
[INFO] [stderr] warning: unused manifest key: target.armv7-unknown-linux-musleabihf.linker
[INFO] [stderr] warning: unused manifest key: target.x86_64-unknown-linux-musl.linker
[INFO] running `Command { std: "docker" "create" "-v" "/var/lib/crater-agent-workspace/builds/worker-2-tc1/target:/opt/rustwide/target:rw,Z" "-v" "/var/lib/crater-agent-workspace/builds/worker-2-tc1/source:/opt/rustwide/workdir:ro,Z" "-v" "/var/lib/crater-agent-workspace/cargo-home:/opt/rustwide/cargo-home:ro,Z" "-v" "/var/lib/crater-agent-workspace/rustup-home:/opt/rustwide/rustup-home:ro,Z" "-e" "SOURCE_DIR=/opt/rustwide/workdir" "-e" "CARGO_TARGET_DIR=/opt/rustwide/target" "-e" "CARGO_HOME=/opt/rustwide/cargo-home" "-e" "RUSTUP_HOME=/opt/rustwide/rustup-home" "-w" "/opt/rustwide/workdir" "-m" "1610612736" "--user" "0:0" "--network" "none" "ghcr.io/rust-lang/crates-build-env/linux@sha256:819108c5571ea2e421544af4d832f968d213c87fbe3707a016657f43d2f853bc" "/opt/rustwide/cargo-home/bin/cargo" "+nightly-2025-01-18" "metadata" "--no-deps" "--format-version=1", kill_on_drop: false }`
[INFO] [stdout] 9dc404219e16024ccaf82149cb7b0096b0516ac35f139f5730e356232a706ab3
[INFO] running `Command { std: "docker" "start" "-a" "9dc404219e16024ccaf82149cb7b0096b0516ac35f139f5730e356232a706ab3", kill_on_drop: false }`
[INFO] running `Command { std: "docker" "inspect" "9dc404219e16024ccaf82149cb7b0096b0516ac35f139f5730e356232a706ab3", kill_on_drop: false }`
[INFO] running `Command { std: "docker" "rm" "-f" "9dc404219e16024ccaf82149cb7b0096b0516ac35f139f5730e356232a706ab3", kill_on_drop: false }`
[INFO] [stdout] 9dc404219e16024ccaf82149cb7b0096b0516ac35f139f5730e356232a706ab3
[INFO] running `Command { std: "docker" "create" "-v" "/var/lib/crater-agent-workspace/builds/worker-2-tc1/target:/opt/rustwide/target:rw,Z" "-v" "/var/lib/crater-agent-workspace/builds/worker-2-tc1/source:/opt/rustwide/workdir:ro,Z" "-v" "/var/lib/crater-agent-workspace/cargo-home:/opt/rustwide/cargo-home:ro,Z" "-v" "/var/lib/crater-agent-workspace/rustup-home:/opt/rustwide/rustup-home:ro,Z" "-e" "SOURCE_DIR=/opt/rustwide/workdir" "-e" "CARGO_TARGET_DIR=/opt/rustwide/target" "-e" "CARGO_INCREMENTAL=0" "-e" "RUST_BACKTRACE=full" "-e" "RUSTFLAGS=--cap-lints=forbid" "-e" "RUSTDOCFLAGS=--cap-lints=forbid" "-e" "CARGO_HOME=/opt/rustwide/cargo-home" "-e" "RUSTUP_HOME=/opt/rustwide/rustup-home" "-w" "/opt/rustwide/workdir" "-m" "1610612736" "--user" "0:0" "--network" "none" "ghcr.io/rust-lang/crates-build-env/linux@sha256:819108c5571ea2e421544af4d832f968d213c87fbe3707a016657f43d2f853bc" "/opt/rustwide/cargo-home/bin/cargo" "+nightly-2025-01-18" "build" "--frozen" "--message-format=json", kill_on_drop: false }`
[INFO] [stdout] ae53a7499e0aed836961423c02c73bb85ba5d61f1ac78882961b6896aa39eba5
[INFO] running `Command { std: "docker" "start" "-a" "ae53a7499e0aed836961423c02c73bb85ba5d61f1ac78882961b6896aa39eba5", kill_on_drop: false }`
[INFO] [stderr] warning: unused manifest key: target.aarch64-unknown-linux-musl.linker
[INFO] [stderr] warning: unused manifest key: target.armv7-unknown-linux-musleabihf.linker
[INFO] [stderr] warning: unused manifest key: target.x86_64-unknown-linux-musl.linker
[INFO] [stderr]    Compiling proc-macro2 v1.0.92
[INFO] [stderr]    Compiling unicode-ident v1.0.14
[INFO] [stderr]    Compiling libc v0.2.168
[INFO] [stderr]    Compiling serde v1.0.216
[INFO] [stderr]    Compiling rustix v0.38.42
[INFO] [stderr]    Compiling memchr v2.7.4
[INFO] [stderr]    Compiling unicode-width v0.1.14
[INFO] [stderr]    Compiling linux-raw-sys v0.4.14
[INFO] [stderr]    Compiling bitflags v2.6.0
[INFO] [stderr]    Compiling regex-syntax v0.8.5
[INFO] [stderr]    Compiling strsim v0.8.0
[INFO] [stderr]    Compiling cfg-if v1.0.0
[INFO] [stderr]    Compiling once_cell v1.20.2
[INFO] [stderr]    Compiling bitflags v1.3.2
[INFO] [stderr]    Compiling ansi_term v0.12.1
[INFO] [stderr]    Compiling same-file v1.0.6
[INFO] [stderr]    Compiling fastrand v2.3.0
[INFO] [stderr]    Compiling vec_map v0.8.2
[INFO] [stderr]    Compiling walkdir v2.5.0
[INFO] [stderr]    Compiling textwrap v0.11.0
[INFO] [stderr]    Compiling md5 v0.6.1
[INFO] [stderr]    Compiling aho-corasick v1.1.3
[INFO] [stderr]    Compiling quote v1.0.37
[INFO] [stderr]    Compiling syn v2.0.90
[INFO] [stderr]    Compiling atty v0.2.14
[INFO] [stderr]    Compiling clap v2.34.0
[INFO] [stderr]    Compiling regex-automata v0.4.9
[INFO] [stderr]    Compiling tempfile v3.14.0
[INFO] [stderr]    Compiling serde_derive v1.0.216
[INFO] [stderr]    Compiling regex v1.11.1
[INFO] [stderr]    Compiling bincode v1.3.3
[INFO] [stderr]    Compiling dirinfo v0.1.0 (/opt/rustwide/workdir)
[INFO] [stdout] warning: unused import: `std::fs`
[INFO] [stdout]  --> src/scanner.rs:5:5
[INFO] [stdout]   |
[INFO] [stdout] 5 | use std::fs;
[INFO] [stdout]   |     ^^^^^^^
[INFO] [stdout]   |
[INFO] [stdout]   = note: `#[warn(unused_imports)]` on by default
[INFO] [stdout] 
[INFO] [stdout] 
[INFO] [stdout] warning: unused import: `tempfile::tempdir`
[INFO] [stdout]  --> src/scanner.rs:9:5
[INFO] [stdout]   |
[INFO] [stdout] 9 | use tempfile::tempdir;
[INFO] [stdout]   |     ^^^^^^^^^^^^^^^^^
[INFO] [stdout] 
[INFO] [stdout] 
[INFO] [stdout] warning: unused variable: `child2`
[INFO] [stdout]    --> src/comparator.rs:113:29
[INFO] [stdout]     |
[INFO] [stdout] 113 |                 for (name2, child2) in &children_map2 {
[INFO] [stdout]     |                             ^^^^^^ help: if this is intentional, prefix it with an underscore: `_child2`
[INFO] [stdout]     |
[INFO] [stdout]     = note: `#[warn(unused_variables)]` on by default
[INFO] [stdout] 
[INFO] [stdout] 
[INFO] [stderr]     Finished `dev` profile [unoptimized + debuginfo] target(s) in 11.65s
[INFO] running `Command { std: "docker" "inspect" "ae53a7499e0aed836961423c02c73bb85ba5d61f1ac78882961b6896aa39eba5", kill_on_drop: false }`
[INFO] running `Command { std: "docker" "rm" "-f" "ae53a7499e0aed836961423c02c73bb85ba5d61f1ac78882961b6896aa39eba5", kill_on_drop: false }`
[INFO] [stdout] ae53a7499e0aed836961423c02c73bb85ba5d61f1ac78882961b6896aa39eba5
[INFO] running `Command { std: "docker" "create" "-v" "/var/lib/crater-agent-workspace/builds/worker-2-tc1/target:/opt/rustwide/target:rw,Z" "-v" "/var/lib/crater-agent-workspace/builds/worker-2-tc1/source:/opt/rustwide/workdir:ro,Z" "-v" "/var/lib/crater-agent-workspace/cargo-home:/opt/rustwide/cargo-home:ro,Z" "-v" "/var/lib/crater-agent-workspace/rustup-home:/opt/rustwide/rustup-home:ro,Z" "-e" "SOURCE_DIR=/opt/rustwide/workdir" "-e" "CARGO_TARGET_DIR=/opt/rustwide/target" "-e" "CARGO_INCREMENTAL=0" "-e" "RUST_BACKTRACE=full" "-e" "RUSTFLAGS=--cap-lints=forbid" "-e" "RUSTDOCFLAGS=--cap-lints=forbid" "-e" "CARGO_HOME=/opt/rustwide/cargo-home" "-e" "RUSTUP_HOME=/opt/rustwide/rustup-home" "-w" "/opt/rustwide/workdir" "-m" "1610612736" "--user" "0:0" "--network" "none" "ghcr.io/rust-lang/crates-build-env/linux@sha256:819108c5571ea2e421544af4d832f968d213c87fbe3707a016657f43d2f853bc" "/opt/rustwide/cargo-home/bin/cargo" "+nightly-2025-01-18" "test" "--frozen" "--no-run" "--message-format=json", kill_on_drop: false }`
[INFO] [stdout] f33e23ef08169513d076b83091a75568c93063d84e0490e07d01143753c7d4ad
[INFO] running `Command { std: "docker" "start" "-a" "f33e23ef08169513d076b83091a75568c93063d84e0490e07d01143753c7d4ad", kill_on_drop: false }`
[INFO] [stderr] warning: unused manifest key: target.aarch64-unknown-linux-musl.linker
[INFO] [stderr] warning: unused manifest key: target.armv7-unknown-linux-musleabihf.linker
[INFO] [stderr] warning: unused manifest key: target.x86_64-unknown-linux-musl.linker
[INFO] [stderr]    Compiling dirinfo v0.1.0 (/opt/rustwide/workdir)
[INFO] [stdout] warning: unused variable: `child2`
[INFO] [stdout]    --> src/comparator.rs:113:29
[INFO] [stdout]     |
[INFO] [stdout] 113 |                 for (name2, child2) in &children_map2 {
[INFO] [stdout]     |                             ^^^^^^ help: if this is intentional, prefix it with an underscore: `_child2`
[INFO] [stdout]     |
[INFO] [stdout]     = note: `#[warn(unused_variables)]` on by default
[INFO] [stdout] 
[INFO] [stdout] 
[INFO] [stderr]     Finished `test` profile [unoptimized + debuginfo] target(s) in 0.38s
[INFO] running `Command { std: "docker" "inspect" "f33e23ef08169513d076b83091a75568c93063d84e0490e07d01143753c7d4ad", kill_on_drop: false }`
[INFO] running `Command { std: "docker" "rm" "-f" "f33e23ef08169513d076b83091a75568c93063d84e0490e07d01143753c7d4ad", kill_on_drop: false }`
[INFO] [stdout] f33e23ef08169513d076b83091a75568c93063d84e0490e07d01143753c7d4ad
[INFO] running `Command { std: "docker" "create" "-v" "/var/lib/crater-agent-workspace/builds/worker-2-tc1/target:/opt/rustwide/target:rw,Z" "-v" "/var/lib/crater-agent-workspace/builds/worker-2-tc1/source:/opt/rustwide/workdir:ro,Z" "-v" "/var/lib/crater-agent-workspace/cargo-home:/opt/rustwide/cargo-home:ro,Z" "-v" "/var/lib/crater-agent-workspace/rustup-home:/opt/rustwide/rustup-home:ro,Z" "-e" "SOURCE_DIR=/opt/rustwide/workdir" "-e" "CARGO_TARGET_DIR=/opt/rustwide/target" "-e" "CARGO_INCREMENTAL=0" "-e" "RUST_BACKTRACE=full" "-e" "RUSTFLAGS=--cap-lints=forbid" "-e" "RUSTDOCFLAGS=--cap-lints=forbid" "-e" "CARGO_HOME=/opt/rustwide/cargo-home" "-e" "RUSTUP_HOME=/opt/rustwide/rustup-home" "-w" "/opt/rustwide/workdir" "-m" "1610612736" "--user" "0:0" "--network" "none" "ghcr.io/rust-lang/crates-build-env/linux@sha256:819108c5571ea2e421544af4d832f968d213c87fbe3707a016657f43d2f853bc" "/opt/rustwide/cargo-home/bin/cargo" "+nightly-2025-01-18" "test" "--frozen", kill_on_drop: false }`
[INFO] [stdout] 76d1f5c04175a6284ce383c22b848b2f4c9e4679cfb1e6f8cf1e23f1c243f3bd
[INFO] running `Command { std: "docker" "start" "-a" "76d1f5c04175a6284ce383c22b848b2f4c9e4679cfb1e6f8cf1e23f1c243f3bd", kill_on_drop: false }`
[INFO] [stderr] warning: unused manifest key: target.aarch64-unknown-linux-musl.linker
[INFO] [stderr] warning: unused manifest key: target.armv7-unknown-linux-musleabihf.linker
[INFO] [stderr] warning: unused manifest key: target.x86_64-unknown-linux-musl.linker
[INFO] [stderr] warning: unused variable: `child2`
[INFO] [stderr]    --> src/comparator.rs:113:29
[INFO] [stderr]     |
[INFO] [stderr] 113 |                 for (name2, child2) in &children_map2 {
[INFO] [stderr]     |                             ^^^^^^ help: if this is intentional, prefix it with an underscore: `_child2`
[INFO] [stderr]     |
[INFO] [stderr]     = note: `#[warn(unused_variables)]` on by default
[INFO] [stderr] 
[INFO] [stderr] warning: `dirinfo` (bin "dirinfo" test) generated 1 warning
[INFO] [stderr]     Finished `test` profile [unoptimized + debuginfo] target(s) in 0.05s
[INFO] [stderr]      Running unittests src/main.rs (/opt/rustwide/target/debug/deps/dirinfo-0d786a9ca7d8845e)
[INFO] [stdout] 
[INFO] [stdout] running 1 test
[INFO] [stdout] test scanner::test_scan_directory ... FAILED
[INFO] [stdout] 
[INFO] [stdout] failures:
[INFO] [stdout] 
[INFO] [stdout] ---- scanner::test_scan_directory stdout ----
[INFO] [stdout] 
[INFO] [stdout] thread 'scanner::test_scan_directory' panicked at src/scanner.rs:179:5:
[INFO] [stdout] assertion `left == right` failed
[INFO] [stdout]   left: Directory { name: ".tmpPCDx4a", children: {"dir2": Directory { name: "dir2", children: {"file3.txt": File { name: "file3.txt", md5: "c96310e55d9677b978eae0dada47642c" }} }, "file2.txt": File { name: "file2.txt", md5: "eea670f4ac941df71a3b5f268ebe3eac" }, "dir1": Directory { name: "dir1", children: {"dir2": Directory { name: "dir2", children: {"file3.txt": File { name: "file3.txt", md5: "c96310e55d9677b978eae0dada47642c" }} }, "file2.txt": File { name: "file2.txt", md5: "eea670f4ac941df71a3b5f268ebe3eac" }, "file3.txt": File { name: "file3.txt", md5: "c96310e55d9677b978eae0dada47642c" }} }, "file1.txt": File { name: "file1.txt", md5: "7e55db001d319a94b0b713529a756623" }, "file3.txt": File { name: "file3.txt", md5: "c96310e55d9677b978eae0dada47642c" }} }
[INFO] [stdout]  right: Directory { name: ".tmpPCDx4a", children: {"dir1": Directory { name: "dir1", children: {"file2.txt": File { name: "file2.txt", md5: "eea670f4ac941df71a3b5f268ebe3eac" }, "dir2": Directory { name: "dir2", children: {"file3.txt": File { name: "file3.txt", md5: "c96310e55d9677b978eae0dada47642c" }} }} }, "file1.txt": File { name: "file1.txt", md5: "7e55db001d319a94b0b713529a756623" }} }
[INFO] [stdout] stack backtrace:
[INFO] [stdout]    0:     0x5be6d94caa2a - std::backtrace_rs::backtrace::libunwind::trace::hb059275cfc8d6126
[INFO] [stdout]                                at /rustc/6067b36314ab5eb2eb47cecc464545ba58e1ad24/library/std/src/../../backtrace/src/backtrace/libunwind.rs:116:5
[INFO] [stdout]    1:     0x5be6d94caa2a - std::backtrace_rs::backtrace::trace_unsynchronized::h2da071e4327ce3ee
[INFO] [stdout]                                at /rustc/6067b36314ab5eb2eb47cecc464545ba58e1ad24/library/std/src/../../backtrace/src/backtrace/mod.rs:66:5
[INFO] [stdout]    2:     0x5be6d94caa2a - std::sys::backtrace::_print_fmt::h842a1474e6f8d23f
[INFO] [stdout]                                at /rustc/6067b36314ab5eb2eb47cecc464545ba58e1ad24/library/std/src/sys/backtrace.rs:66:9
[INFO] [stdout]    3:     0x5be6d94caa2a - <std::sys::backtrace::BacktraceLock::print::DisplayBacktrace as core::fmt::Display>::fmt::h71a62eb3b9696b12
[INFO] [stdout]                                at /rustc/6067b36314ab5eb2eb47cecc464545ba58e1ad24/library/std/src/sys/backtrace.rs:39:26
[INFO] [stdout]    4:     0x5be6d94f3be3 - core::fmt::rt::Argument::fmt::hdb6b616786b41dc1
[INFO] [stdout]                                at /rustc/6067b36314ab5eb2eb47cecc464545ba58e1ad24/library/core/src/fmt/rt.rs:177:76
[INFO] [stdout]    5:     0x5be6d94f3be3 - core::fmt::write::h2cc1698af7e2d686
[INFO] [stdout]                                at /rustc/6067b36314ab5eb2eb47cecc464545ba58e1ad24/library/core/src/fmt/mod.rs:1440:21
[INFO] [stdout]    6:     0x5be6d94c7203 - std::io::Write::write_fmt::hab1b4cd059a79022
[INFO] [stdout]                                at /rustc/6067b36314ab5eb2eb47cecc464545ba58e1ad24/library/std/src/io/mod.rs:1887:15
[INFO] [stdout]    7:     0x5be6d94ca872 - std::sys::backtrace::BacktraceLock::print::h147fe35b4ea13b08
[INFO] [stdout]                                at /rustc/6067b36314ab5eb2eb47cecc464545ba58e1ad24/library/std/src/sys/backtrace.rs:42:9
[INFO] [stdout]    8:     0x5be6d94cbe4f - std::panicking::default_hook::{{closure}}::hbd44223dbdc0d208
[INFO] [stdout]                                at /rustc/6067b36314ab5eb2eb47cecc464545ba58e1ad24/library/std/src/panicking.rs:298:22
[INFO] [stdout]    9:     0x5be6d94cbc68 - std::panicking::default_hook::h20f81eb0576efcec
[INFO] [stdout]                                at /rustc/6067b36314ab5eb2eb47cecc464545ba58e1ad24/library/std/src/panicking.rs:322:9
[INFO] [stdout]   10:     0x5be6d91f9f43 - <alloc::boxed::Box<F,A> as core::ops::function::Fn<Args>>::call::hdb53814c496a4d34
[INFO] [stdout]                                at /rustc/6067b36314ab5eb2eb47cecc464545ba58e1ad24/library/alloc/src/boxed.rs:2027:9
[INFO] [stdout]   11:     0x5be6d91f9f43 - test::test_main::{{closure}}::hc0a4963c59427c24
[INFO] [stdout]                                at /rustc/6067b36314ab5eb2eb47cecc464545ba58e1ad24/library/test/src/lib.rs:134:21
[INFO] [stdout]   12:     0x5be6d94cc943 - <alloc::boxed::Box<F,A> as core::ops::function::Fn<Args>>::call::h591b2225413a77e9
[INFO] [stdout]                                at /rustc/6067b36314ab5eb2eb47cecc464545ba58e1ad24/library/alloc/src/boxed.rs:2027:9
[INFO] [stdout]   13:     0x5be6d94cc943 - std::panicking::rust_panic_with_hook::h625eea43051b2edc
[INFO] [stdout]                                at /rustc/6067b36314ab5eb2eb47cecc464545ba58e1ad24/library/std/src/panicking.rs:839:13
[INFO] [stdout]   14:     0x5be6d94cc5fa - std::panicking::begin_panic_handler::{{closure}}::h4f9159cfbc3f6bd3
[INFO] [stdout]                                at /rustc/6067b36314ab5eb2eb47cecc464545ba58e1ad24/library/std/src/panicking.rs:704:13
[INFO] [stdout]   15:     0x5be6d94caf29 - std::sys::backtrace::__rust_end_short_backtrace::h0390abce48353151
[INFO] [stdout]                                at /rustc/6067b36314ab5eb2eb47cecc464545ba58e1ad24/library/std/src/sys/backtrace.rs:168:18
[INFO] [stdout]   16:     0x5be6d94cc28d - rust_begin_unwind
[INFO] [stdout]                                at /rustc/6067b36314ab5eb2eb47cecc464545ba58e1ad24/library/std/src/panicking.rs:695:5
[INFO] [stdout]   17:     0x5be6d94f2270 - core::panicking::panic_fmt::h9e7c637e9e5f29c9
[INFO] [stdout]                                at /rustc/6067b36314ab5eb2eb47cecc464545ba58e1ad24/library/core/src/panicking.rs:75:14
[INFO] [stdout]   18:     0x5be6d94f2662 - core::panicking::assert_failed_inner::h538bec7c1374cd9c
[INFO] [stdout]   19:     0x5be6d91bcd91 - core::panicking::assert_failed::h0b4ad3eeb2e72864
[INFO] [stdout]                                at /rustc/6067b36314ab5eb2eb47cecc464545ba58e1ad24/library/core/src/panicking.rs:364:5
[INFO] [stdout]   20:     0x5be6d91bfd75 - dirinfo::scanner::test_scan_directory::h83968738d6ef6500
[INFO] [stdout]                                at /opt/rustwide/workdir/src/scanner.rs:179:5
[INFO] [stdout]   21:     0x5be6d91beed7 - dirinfo::scanner::test_scan_directory::{{closure}}::hd40a868c0e887ea9
[INFO] [stdout]                                at /opt/rustwide/workdir/src/scanner.rs:113:25
[INFO] [stdout]   22:     0x5be6d91b7866 - core::ops::function::FnOnce::call_once::h5a20ad1f8a4c765c
[INFO] [stdout]                                at /rustc/6067b36314ab5eb2eb47cecc464545ba58e1ad24/library/core/src/ops/function.rs:250:5
[INFO] [stdout]   23:     0x5be6d91ff69b - core::ops::function::FnOnce::call_once::he27718dfdd183f43
[INFO] [stdout]                                at /rustc/6067b36314ab5eb2eb47cecc464545ba58e1ad24/library/core/src/ops/function.rs:250:5
[INFO] [stdout]   24:     0x5be6d91ff69b - test::__rust_begin_short_backtrace::h4e84902998457a5d
[INFO] [stdout]                                at /rustc/6067b36314ab5eb2eb47cecc464545ba58e1ad24/library/test/src/lib.rs:632:18
[INFO] [stdout]   25:     0x5be6d91fe5d3 - test::run_test_in_process::{{closure}}::h7176fd18fc1feca0
[INFO] [stdout]                                at /rustc/6067b36314ab5eb2eb47cecc464545ba58e1ad24/library/test/src/lib.rs:655:60
[INFO] [stdout]   26:     0x5be6d91fe5d3 - <core::panic::unwind_safe::AssertUnwindSafe<F> as core::ops::function::FnOnce<()>>::call_once::hf79cff2a624d8cf7
[INFO] [stdout]                                at /rustc/6067b36314ab5eb2eb47cecc464545ba58e1ad24/library/core/src/panic/unwind_safe.rs:272:9
[INFO] [stdout]   27:     0x5be6d91fe5d3 - std::panicking::try::do_call::h3da0561d9ab99c25
[INFO] [stdout]                                at /rustc/6067b36314ab5eb2eb47cecc464545ba58e1ad24/library/std/src/panicking.rs:587:40
[INFO] [stdout]   28:     0x5be6d91fe5d3 - std::panicking::try::h41c9fa508bc61df6
[INFO] [stdout]                                at /rustc/6067b36314ab5eb2eb47cecc464545ba58e1ad24/library/std/src/panicking.rs:550:19
[INFO] [stdout]   29:     0x5be6d91fe5d3 - std::panic::catch_unwind::h6b3ff07bb5afad93
[INFO] [stdout]                                at /rustc/6067b36314ab5eb2eb47cecc464545ba58e1ad24/library/std/src/panic.rs:358:14
[INFO] [stdout]   30:     0x5be6d91fe5d3 - test::run_test_in_process::hc7253dd11b39b9f4
[INFO] [stdout]                                at /rustc/6067b36314ab5eb2eb47cecc464545ba58e1ad24/library/test/src/lib.rs:655:27
[INFO] [stdout]   31:     0x5be6d91fe5d3 - test::run_test::{{closure}}::hfb2007f8649c30bb
[INFO] [stdout]                                at /rustc/6067b36314ab5eb2eb47cecc464545ba58e1ad24/library/test/src/lib.rs:576:43
[INFO] [stdout]   32:     0x5be6d91c16b5 - test::run_test::{{closure}}::h56a17aa7a282a9f4
[INFO] [stdout]                                at /rustc/6067b36314ab5eb2eb47cecc464545ba58e1ad24/library/test/src/lib.rs:606:41
[INFO] [stdout]   33:     0x5be6d91c16b5 - std::sys::backtrace::__rust_begin_short_backtrace::hd2d2d2fb8e8c6aac
[INFO] [stdout]                                at /rustc/6067b36314ab5eb2eb47cecc464545ba58e1ad24/library/std/src/sys/backtrace.rs:152:18
[INFO] [stdout]   34:     0x5be6d91c4f9a - std::thread::Builder::spawn_unchecked_::{{closure}}::{{closure}}::h4faa3f9db6133423
[INFO] [stdout]                                at /rustc/6067b36314ab5eb2eb47cecc464545ba58e1ad24/library/std/src/thread/mod.rs:559:17
[INFO] [stdout]   35:     0x5be6d91c4f9a - <core::panic::unwind_safe::AssertUnwindSafe<F> as core::ops::function::FnOnce<()>>::call_once::hf2e855a36a4ea846
[INFO] [stdout]                                at /rustc/6067b36314ab5eb2eb47cecc464545ba58e1ad24/library/core/src/panic/unwind_safe.rs:272:9
[INFO] [stdout]   36:     0x5be6d91c4f9a - std::panicking::try::do_call::h2f73af3616c35465
[INFO] [stdout]                                at /rustc/6067b36314ab5eb2eb47cecc464545ba58e1ad24/library/std/src/panicking.rs:587:40
[INFO] [stdout]   37:     0x5be6d91c4f9a - std::panicking::try::hd1660ce9efadef5a
[INFO] [stdout]                                at /rustc/6067b36314ab5eb2eb47cecc464545ba58e1ad24/library/std/src/panicking.rs:550:19
[INFO] [stdout]   38:     0x5be6d91c4f9a - std::panic::catch_unwind::h5ee8d7823b8ca744
[INFO] [stdout]                                at /rustc/6067b36314ab5eb2eb47cecc464545ba58e1ad24/library/std/src/panic.rs:358:14
[INFO] [stdout]   39:     0x5be6d91c4f9a - std::thread::Builder::spawn_unchecked_::{{closure}}::h53c3a1894dce8407
[INFO] [stdout]                                at /rustc/6067b36314ab5eb2eb47cecc464545ba58e1ad24/library/std/src/thread/mod.rs:557:30
[INFO] [stdout]   40:     0x5be6d91c4f9a - core::ops::function::FnOnce::call_once{{vtable.shim}}::h048ce291ad4f62bf
[INFO] [stdout]                                at /rustc/6067b36314ab5eb2eb47cecc464545ba58e1ad24/library/core/src/ops/function.rs:250:5
[INFO] [stdout]   41:     0x5be6d94d163b - <alloc::boxed::Box<F,A> as core::ops::function::FnOnce<Args>>::call_once::ha52bedf99a3b4981
[INFO] [stdout]                                at /rustc/6067b36314ab5eb2eb47cecc464545ba58e1ad24/library/alloc/src/boxed.rs:2013:9
[INFO] [stdout]   42:     0x5be6d94d163b - <alloc::boxed::Box<F,A> as core::ops::function::FnOnce<Args>>::call_once::h567748934d80ccf8
[INFO] [stdout]                                at /rustc/6067b36314ab5eb2eb47cecc464545ba58e1ad24/library/alloc/src/boxed.rs:2013:9
[INFO] [stdout]   43:     0x5be6d94d163b - std::sys::pal::unix::thread::Thread::new::thread_start::h2d970728ae887adc
[INFO] [stdout]                                at /rustc/6067b36314ab5eb2eb47cecc464545ba58e1ad24/library/std/src/sys/pal/unix/thread.rs:106:17
[INFO] [stdout]   44:     0x75bf4229cac3 - <unknown>
[INFO] [stdout]   45:     0x75bf4232da04 - clone
[INFO] [stdout]   46:                0x0 - <unknown>
[INFO] [stdout] 
[INFO] [stdout] 
[INFO] [stdout] failures:
[INFO] [stdout]     scanner::test_scan_directory
[INFO] [stdout] 
[INFO] [stdout] test result: FAILED. 0 passed; 1 failed; 0 ignored; 0 measured; 0 filtered out; finished in 0.04s
[INFO] [stdout] 
[INFO] [stderr] error: test failed, to rerun pass `--bin dirinfo`
[INFO] running `Command { std: "docker" "inspect" "76d1f5c04175a6284ce383c22b848b2f4c9e4679cfb1e6f8cf1e23f1c243f3bd", kill_on_drop: false }`
[INFO] running `Command { std: "docker" "rm" "-f" "76d1f5c04175a6284ce383c22b848b2f4c9e4679cfb1e6f8cf1e23f1c243f3bd", kill_on_drop: false }`
[INFO] [stdout] 76d1f5c04175a6284ce383c22b848b2f4c9e4679cfb1e6f8cf1e23f1c243f3bd
