[INFO] cloning repository https://github.com/HOI-Devices/InfaredMotionDetector
[INFO] running `Command { std: "git" "-c" "credential.helper=" "-c" "credential.helper=/workspace/cargo-home/bin/git-credential-null" "clone" "--bare" "https://github.com/HOI-Devices/InfaredMotionDetector" "/workspace/cache/git-repos/https%3A%2F%2Fgithub.com%2FHOI-Devices%2FInfaredMotionDetector", kill_on_drop: false }`
[INFO] [stderr] Cloning into bare repository '/workspace/cache/git-repos/https%3A%2F%2Fgithub.com%2FHOI-Devices%2FInfaredMotionDetector'...
[INFO] running `Command { std: "git" "rev-parse" "HEAD", kill_on_drop: false }`
[INFO] [stdout] 54dab1424a91e2249016156d8a6b076c9e27dbb3
[INFO] testing HOI-Devices/InfaredMotionDetector against nightly-2025-01-18+rustflags=-Zrandomize-layout for randomize-layout-2
[INFO] running `Command { std: "git" "clone" "/workspace/cache/git-repos/https%3A%2F%2Fgithub.com%2FHOI-Devices%2FInfaredMotionDetector" "/workspace/builds/worker-4-tc2/source", kill_on_drop: false }`
[INFO] [stderr] Cloning into '/workspace/builds/worker-4-tc2/source'...
[INFO] [stderr] done.
[INFO] validating manifest of git repo https://github.com/HOI-Devices/InfaredMotionDetector on toolchain nightly-2025-01-18
[INFO] running `Command { std: CARGO_HOME="/workspace/cargo-home" RUSTUP_HOME="/workspace/rustup-home" "/workspace/cargo-home/bin/cargo" "+nightly-2025-01-18" "metadata" "--manifest-path" "Cargo.toml" "--no-deps", kill_on_drop: false }`
[INFO] started tweaking git repo https://github.com/HOI-Devices/InfaredMotionDetector
[INFO] finished tweaking git repo https://github.com/HOI-Devices/InfaredMotionDetector
[INFO] tweaked toml for git repo https://github.com/HOI-Devices/InfaredMotionDetector written to /workspace/builds/worker-4-tc2/source/Cargo.toml
[INFO] crate git repo https://github.com/HOI-Devices/InfaredMotionDetector already has a lockfile, it will not be regenerated
[INFO] running `Command { std: CARGO_HOME="/workspace/cargo-home" RUSTUP_HOME="/workspace/rustup-home" "/workspace/cargo-home/bin/cargo" "+nightly-2025-01-18" "fetch" "--manifest-path" "Cargo.toml", kill_on_drop: false }`
[INFO] [stderr] warning: no edition set: defaulting to the 2015 edition while the latest is 2024
[INFO] running `Command { std: "docker" "create" "-v" "/var/lib/crater-agent-workspace/builds/worker-4-tc2/target:/opt/rustwide/target:rw,Z" "-v" "/var/lib/crater-agent-workspace/builds/worker-4-tc2/source:/opt/rustwide/workdir:ro,Z" "-v" "/var/lib/crater-agent-workspace/cargo-home:/opt/rustwide/cargo-home:ro,Z" "-v" "/var/lib/crater-agent-workspace/rustup-home:/opt/rustwide/rustup-home:ro,Z" "-e" "SOURCE_DIR=/opt/rustwide/workdir" "-e" "CARGO_TARGET_DIR=/opt/rustwide/target" "-e" "CARGO_HOME=/opt/rustwide/cargo-home" "-e" "RUSTUP_HOME=/opt/rustwide/rustup-home" "-w" "/opt/rustwide/workdir" "-m" "1610612736" "--user" "0:0" "--network" "none" "ghcr.io/rust-lang/crates-build-env/linux@sha256:819108c5571ea2e421544af4d832f968d213c87fbe3707a016657f43d2f853bc" "/opt/rustwide/cargo-home/bin/cargo" "+nightly-2025-01-18" "metadata" "--no-deps" "--format-version=1", kill_on_drop: false }`
[INFO] [stdout] c8cd1f698a5fb44a0b60be67729c5785c8c20e412471475256ff897bc82cb72c
[INFO] running `Command { std: "docker" "start" "-a" "c8cd1f698a5fb44a0b60be67729c5785c8c20e412471475256ff897bc82cb72c", kill_on_drop: false }`
[INFO] running `Command { std: "docker" "inspect" "c8cd1f698a5fb44a0b60be67729c5785c8c20e412471475256ff897bc82cb72c", kill_on_drop: false }`
[INFO] running `Command { std: "docker" "rm" "-f" "c8cd1f698a5fb44a0b60be67729c5785c8c20e412471475256ff897bc82cb72c", kill_on_drop: false }`
[INFO] [stdout] c8cd1f698a5fb44a0b60be67729c5785c8c20e412471475256ff897bc82cb72c
[INFO] running `Command { std: "docker" "create" "-v" "/var/lib/crater-agent-workspace/builds/worker-4-tc2/target:/opt/rustwide/target:rw,Z" "-v" "/var/lib/crater-agent-workspace/builds/worker-4-tc2/source:/opt/rustwide/workdir:ro,Z" "-v" "/var/lib/crater-agent-workspace/cargo-home:/opt/rustwide/cargo-home:ro,Z" "-v" "/var/lib/crater-agent-workspace/rustup-home:/opt/rustwide/rustup-home:ro,Z" "-e" "SOURCE_DIR=/opt/rustwide/workdir" "-e" "CARGO_TARGET_DIR=/opt/rustwide/target" "-e" "CARGO_INCREMENTAL=0" "-e" "RUST_BACKTRACE=full" "-e" "RUSTFLAGS=--cap-lints=forbid -Zrandomize-layout" "-e" "RUSTDOCFLAGS=--cap-lints=forbid" "-e" "CARGO_HOME=/opt/rustwide/cargo-home" "-e" "RUSTUP_HOME=/opt/rustwide/rustup-home" "-w" "/opt/rustwide/workdir" "-m" "1610612736" "--user" "0:0" "--network" "none" "ghcr.io/rust-lang/crates-build-env/linux@sha256:819108c5571ea2e421544af4d832f968d213c87fbe3707a016657f43d2f853bc" "/opt/rustwide/cargo-home/bin/cargo" "+nightly-2025-01-18" "build" "--frozen" "--message-format=json", kill_on_drop: false }`
[INFO] [stdout] fd418beffc9efb68d1a2ad1374ae77bdbb804ce44fc34794caea1290bd43b76d
[INFO] running `Command { std: "docker" "start" "-a" "fd418beffc9efb68d1a2ad1374ae77bdbb804ce44fc34794caea1290bd43b76d", kill_on_drop: false }`
[INFO] [stderr] warning: no edition set: defaulting to the 2015 edition while the latest is 2024
[INFO] [stderr]    Compiling libc v0.2.98
[INFO] [stderr]    Compiling cc v1.0.68
[INFO] [stderr]    Compiling typenum v1.13.0
[INFO] [stderr]    Compiling version_check v0.9.3
[INFO] [stderr]    Compiling proc-macro2 v1.0.27
[INFO] [stderr]    Compiling num-traits v0.2.14
[INFO] [stderr]    Compiling syn v1.0.73
[INFO] [stderr]    Compiling openssl v0.10.35
[INFO] [stderr]    Compiling tinyvec v1.2.0
[INFO] [stderr]    Compiling unicode-bidi v0.3.5
[INFO] [stderr]    Compiling ppv-lite86 v0.2.10
[INFO] [stderr]    Compiling httparse v1.4.1
[INFO] [stderr]    Compiling once_cell v1.8.0
[INFO] [stderr]    Compiling cpufeatures v0.1.5
[INFO] [stderr]    Compiling http v0.2.4
[INFO] [stderr]    Compiling input_buffer v0.4.0
[INFO] [stderr]    Compiling itoa v0.3.4
[INFO] [stderr]    Compiling dtoa v0.4.8
[INFO] [stderr]    Compiling serde v0.9.15
[INFO] [stderr]    Compiling ansi_term v0.12.1
[INFO] [stderr]    Compiling gpio v0.4.1
[INFO] [stderr]    Compiling generic-array v0.14.4
[INFO] [stderr]    Compiling unicode-normalization v0.1.19
[INFO] [stderr]    Compiling openssl-sys v0.9.65
[INFO] [stderr]    Compiling getrandom v0.2.3
[INFO] [stderr]    Compiling time v0.1.43
[INFO] [stderr]    Compiling rand_core v0.6.3
[INFO] [stderr]    Compiling quote v1.0.9
[INFO] [stderr]    Compiling rand_chacha v0.3.1
[INFO] [stderr]    Compiling native-tls v0.2.7
[INFO] [stderr]    Compiling num-integer v0.1.44
[INFO] [stderr]    Compiling num-traits v0.1.43
[INFO] [stderr]    Compiling rand v0.8.4
[INFO] [stderr]    Compiling chrono v0.4.19
[INFO] [stderr]    Compiling idna v0.2.3
[INFO] [stderr]    Compiling block-buffer v0.9.0
[INFO] [stderr]    Compiling digest v0.9.0
[INFO] [stderr]    Compiling sha-1 v0.9.6
[INFO] [stderr]    Compiling url v2.2.2
[INFO] [stderr]    Compiling serde_json v0.9.10
[INFO] [stderr]    Compiling thiserror-impl v1.0.26
[INFO] [stderr]    Compiling thiserror v1.0.26
[INFO] [stderr]    Compiling tungstenite v0.13.0
[INFO] [stderr]    Compiling InfaredMotionDetector v0.1.0 (/opt/rustwide/workdir)
[INFO] [stdout] warning: unused imports: `NaiveDateTime` and `TimeZone`
[INFO] [stdout]  --> src/client.rs:4:24
[INFO] [stdout]   |
[INFO] [stdout] 4 | use chrono::{DateTime, TimeZone, NaiveDateTime, Utc};
[INFO] [stdout]   |                        ^^^^^^^^  ^^^^^^^^^^^^^
[INFO] [stdout]   |
[INFO] [stdout]   = note: `#[warn(unused_imports)]` on by default
[INFO] [stdout] 
[INFO] [stdout] 
[INFO] [stdout] warning: unused import: `std::env`
[INFO] [stdout]  --> src/client.rs:5:5
[INFO] [stdout]   |
[INFO] [stdout] 5 | use std::env;
[INFO] [stdout]   |     ^^^^^^^^
[INFO] [stdout] 
[INFO] [stdout] 
[INFO] [stdout] warning: unused import: `serde_json::Value`
[INFO] [stdout]  --> src/client.rs:6:5
[INFO] [stdout]   |
[INFO] [stdout] 6 | use serde_json::Value;
[INFO] [stdout]   |     ^^^^^^^^^^^^^^^^^
[INFO] [stdout] 
[INFO] [stdout] 
[INFO] [stdout] warning: unused import: `std::fs`
[INFO] [stdout]  --> src/client.rs:7:5
[INFO] [stdout]   |
[INFO] [stdout] 7 | use std::fs;
[INFO] [stdout]   |     ^^^^^^^
[INFO] [stdout] 
[INFO] [stdout] 
[INFO] [stdout] warning: unused import: `std::thread`
[INFO] [stdout]  --> src/client.rs:9:5
[INFO] [stdout]   |
[INFO] [stdout] 9 | use std::thread;
[INFO] [stdout]   |     ^^^^^^^^^^^
[INFO] [stdout] 
[INFO] [stdout] 
[INFO] [stdout] warning: unused import: `GpioOut`
[INFO] [stdout]  --> src/gpio_handler.rs:1:20
[INFO] [stdout]   |
[INFO] [stdout] 1 | use gpio::{GpioIn, GpioOut,GpioValue};
[INFO] [stdout]   |                    ^^^^^^^
[INFO] [stdout] 
[INFO] [stdout] 
[INFO] [stdout] warning: unused import: `client::Client`
[INFO] [stdout]  --> src/gpio_handler.rs:2:5
[INFO] [stdout]   |
[INFO] [stdout] 2 | use client::Client;
[INFO] [stdout]   |     ^^^^^^^^^^^^^^
[INFO] [stdout] 
[INFO] [stdout] 
[INFO] [stdout] warning: unused import: `std::thread`
[INFO] [stdout]  --> src/gpio_handler.rs:4:5
[INFO] [stdout]   |
[INFO] [stdout] 4 | use std::thread;
[INFO] [stdout]   |     ^^^^^^^^^^^
[INFO] [stdout] 
[INFO] [stdout] 
[INFO] [stdout] warning: unused imports: `NaiveDateTime` and `TimeZone`
[INFO] [stdout]  --> src/gpio_handler.rs:6:24
[INFO] [stdout]   |
[INFO] [stdout] 6 | use chrono::{DateTime, TimeZone, NaiveDateTime, Utc};
[INFO] [stdout]   |                        ^^^^^^^^  ^^^^^^^^^^^^^
[INFO] [stdout] 
[INFO] [stdout] 
[INFO] [stdout] warning: denote infinite loops with `loop { ... }`
[INFO] [stdout]   --> src/gpio_handler.rs:27:9
[INFO] [stdout]    |
[INFO] [stdout] 27 |         while true{
[INFO] [stdout]    |         ^^^^^^^^^^ help: use `loop`
[INFO] [stdout]    |
[INFO] [stdout]    = note: `#[warn(while_true)]` on by default
[INFO] [stdout] 
[INFO] [stdout] 
[INFO] [stdout] warning: unused imports: `NaiveDateTime` and `TimeZone`
[INFO] [stdout]   --> src/main.rs:14:24
[INFO] [stdout]    |
[INFO] [stdout] 14 | use chrono::{DateTime, TimeZone, NaiveDateTime, Utc};
[INFO] [stdout]    |                        ^^^^^^^^  ^^^^^^^^^^^^^
[INFO] [stdout] 
[INFO] [stdout] 
[INFO] [stdout] warning: unused import: `std::thread::sleep`
[INFO] [stdout]   --> src/main.rs:20:5
[INFO] [stdout]    |
[INFO] [stdout] 20 | use std::thread::sleep;
[INFO] [stdout]    |     ^^^^^^^^^^^^^^^^^^
[INFO] [stdout] 
[INFO] [stdout] 
[INFO] [stdout] warning: denote infinite loops with `loop { ... }`
[INFO] [stdout]   --> src/main.rs:57:5
[INFO] [stdout]    |
[INFO] [stdout] 57 |     while true{
[INFO] [stdout]    |     ^^^^^^^^^^ help: use `loop`
[INFO] [stdout] 
[INFO] [stdout] 
[INFO] [stdout] warning: unused variable: `response`
[INFO] [stdout]    --> src/client.rs:123:30
[INFO] [stdout]     |
[INFO] [stdout] 123 |             let (mut socket, response) = attempt.unwrap();
[INFO] [stdout]     |                              ^^^^^^^^ help: if this is intentional, prefix it with an underscore: `_response`
[INFO] [stdout]     |
[INFO] [stdout]     = note: `#[warn(unused_variables)]` on by default
[INFO] [stdout] 
[INFO] [stdout] 
[INFO] [stdout] warning: unused variable: `number_of_times_sensed`
[INFO] [stdout]    --> src/client.rs:217:24
[INFO] [stdout]     |
[INFO] [stdout] 217 |     fn alert(&mut self,number_of_times_sensed:&Arc<Mutex<i8>>,motion_last_sensed:&Arc<Mutex<DateTime<Utc>>>)->String{
[INFO] [stdout]     |                        ^^^^^^^^^^^^^^^^^^^^^^ help: if this is intentional, prefix it with an underscore: `_number_of_times_sensed`
[INFO] [stdout] 
[INFO] [stdout] 
[INFO] [stdout] warning: unused variable: `motion_last_sensed`
[INFO] [stdout]    --> src/client.rs:217:63
[INFO] [stdout]     |
[INFO] [stdout] 217 |     fn alert(&mut self,number_of_times_sensed:&Arc<Mutex<i8>>,motion_last_sensed:&Arc<Mutex<DateTime<Utc>>>)->String{
[INFO] [stdout]     |                                                               ^^^^^^^^^^^^^^^^^^ help: if this is intentional, prefix it with an underscore: `_motion_last_sensed`
[INFO] [stdout] 
[INFO] [stdout] 
[INFO] [stdout] warning: variable does not need to be mutable
[INFO] [stdout]   --> src/main.rs:31:9
[INFO] [stdout]    |
[INFO] [stdout] 31 |     let mut gpio_handler = GpioHandler::new(pin);
[INFO] [stdout]    |         ----^^^^^^^^^^^^
[INFO] [stdout]    |         |
[INFO] [stdout]    |         help: remove this `mut`
[INFO] [stdout]    |
[INFO] [stdout]    = note: `#[warn(unused_mut)]` on by default
[INFO] [stdout] 
[INFO] [stdout] 
[INFO] [stdout] warning: variable does not need to be mutable
[INFO] [stdout]   --> src/main.rs:51:9
[INFO] [stdout]    |
[INFO] [stdout] 51 |     let mut running = Arc::new(Mutex::new(true));
[INFO] [stdout]    |         ----^^^^^^^
[INFO] [stdout]    |         |
[INFO] [stdout]    |         help: remove this `mut`
[INFO] [stdout] 
[INFO] [stdout] 
[INFO] [stdout] warning: methods `log_disconnection_info` and `log_no_config` are never used
[INFO] [stdout]   --> src/console_logger.rs:28:12
[INFO] [stdout]    |
[INFO] [stdout] 7  | impl ConsoleLogger{
[INFO] [stdout]    | ------------------ methods in this implementation
[INFO] [stdout] ...
[INFO] [stdout] 28 |     pub fn log_disconnection_info(&mut self){
[INFO] [stdout]    |            ^^^^^^^^^^^^^^^^^^^^^^
[INFO] [stdout] ...
[INFO] [stdout] 34 |     pub fn log_no_config(&mut self){
[INFO] [stdout]    |            ^^^^^^^^^^^^^
[INFO] [stdout]    |
[INFO] [stdout]    = note: `#[warn(dead_code)]` on by default
[INFO] [stdout] 
[INFO] [stdout] 
[INFO] [stdout] warning: unused `Result` that must be used
[INFO] [stdout]    --> src/client.rs:159:13
[INFO] [stdout]     |
[INFO] [stdout] 159 | /             socket.write_message(
[INFO] [stdout] 160 | |                 Message::Text(
[INFO] [stdout] 161 | |                     self.formatted_basic_data(&times_sensed_data,&last_time_data)));
[INFO] [stdout]     | |___________________________________________________________________________________^
[INFO] [stdout]     |
[INFO] [stdout]     = note: this `Result` may be an `Err` variant, which should be handled
[INFO] [stdout]     = note: `#[warn(unused_must_use)]` on by default
[INFO] [stdout] help: use `let _ = ...` to ignore the resulting value
[INFO] [stdout]     |
[INFO] [stdout] 159 |             let _ = socket.write_message(
[INFO] [stdout]     |             +++++++
[INFO] [stdout] 
[INFO] [stdout] 
[INFO] [stdout] warning: unused `Result` that must be used
[INFO] [stdout]    --> src/client.rs:202:13
[INFO] [stdout]     |
[INFO] [stdout] 202 |             socket.write_message(Message::Text(self.alert(number_of_times_sensed,motion_last_sensed)));
[INFO] [stdout]     |             ^^^^^^^^^^^^^^^^^^^^^^^^^^^^^^^^^^^^^^^^^^^^^^^^^^^^^^^^^^^^^^^^^^^^^^^^^^^^^^^^^^^^^^^^^^
[INFO] [stdout]     |
[INFO] [stdout]     = note: this `Result` may be an `Err` variant, which should be handled
[INFO] [stdout] help: use `let _ = ...` to ignore the resulting value
[INFO] [stdout]     |
[INFO] [stdout] 202 |             let _ = socket.write_message(Message::Text(self.alert(number_of_times_sensed,motion_last_sensed)));
[INFO] [stdout]     |             +++++++
[INFO] [stdout] 
[INFO] [stdout] 
[INFO] [stdout] warning: unused `Result` that must be used
[INFO] [stdout]    --> src/client.rs:205:13
[INFO] [stdout]     |
[INFO] [stdout] 205 |             socket.write_message(Message::Text(self.no_alert()));
[INFO] [stdout]     |             ^^^^^^^^^^^^^^^^^^^^^^^^^^^^^^^^^^^^^^^^^^^^^^^^^^^^
[INFO] [stdout]     |
[INFO] [stdout]     = note: this `Result` may be an `Err` variant, which should be handled
[INFO] [stdout] help: use `let _ = ...` to ignore the resulting value
[INFO] [stdout]     |
[INFO] [stdout] 205 |             let _ = socket.write_message(Message::Text(self.no_alert()));
[INFO] [stdout]     |             +++++++
[INFO] [stdout] 
[INFO] [stdout] 
[INFO] [stderr]     Finished `dev` profile [unoptimized + debuginfo] target(s) in 15.46s
[INFO] running `Command { std: "docker" "inspect" "fd418beffc9efb68d1a2ad1374ae77bdbb804ce44fc34794caea1290bd43b76d", kill_on_drop: false }`
[INFO] running `Command { std: "docker" "rm" "-f" "fd418beffc9efb68d1a2ad1374ae77bdbb804ce44fc34794caea1290bd43b76d", kill_on_drop: false }`
[INFO] [stdout] fd418beffc9efb68d1a2ad1374ae77bdbb804ce44fc34794caea1290bd43b76d
[INFO] running `Command { std: "docker" "create" "-v" "/var/lib/crater-agent-workspace/builds/worker-4-tc2/target:/opt/rustwide/target:rw,Z" "-v" "/var/lib/crater-agent-workspace/builds/worker-4-tc2/source:/opt/rustwide/workdir:ro,Z" "-v" "/var/lib/crater-agent-workspace/cargo-home:/opt/rustwide/cargo-home:ro,Z" "-v" "/var/lib/crater-agent-workspace/rustup-home:/opt/rustwide/rustup-home:ro,Z" "-e" "SOURCE_DIR=/opt/rustwide/workdir" "-e" "CARGO_TARGET_DIR=/opt/rustwide/target" "-e" "CARGO_INCREMENTAL=0" "-e" "RUST_BACKTRACE=full" "-e" "RUSTFLAGS=--cap-lints=forbid -Zrandomize-layout" "-e" "RUSTDOCFLAGS=--cap-lints=forbid" "-e" "CARGO_HOME=/opt/rustwide/cargo-home" "-e" "RUSTUP_HOME=/opt/rustwide/rustup-home" "-w" "/opt/rustwide/workdir" "-m" "1610612736" "--user" "0:0" "--network" "none" "ghcr.io/rust-lang/crates-build-env/linux@sha256:819108c5571ea2e421544af4d832f968d213c87fbe3707a016657f43d2f853bc" "/opt/rustwide/cargo-home/bin/cargo" "+nightly-2025-01-18" "test" "--frozen" "--no-run" "--message-format=json", kill_on_drop: false }`
[INFO] [stdout] 91e43453ff7ee5acc6d2cf3d640f939acc3288d1dd961105ee361e667a28efa2
[INFO] running `Command { std: "docker" "start" "-a" "91e43453ff7ee5acc6d2cf3d640f939acc3288d1dd961105ee361e667a28efa2", kill_on_drop: false }`
[INFO] [stderr] warning: no edition set: defaulting to the 2015 edition while the latest is 2024
[INFO] [stderr]    Compiling InfaredMotionDetector v0.1.0 (/opt/rustwide/workdir)
[INFO] [stdout] warning: unused imports: `NaiveDateTime` and `TimeZone`
[INFO] [stdout]  --> src/client.rs:4:24
[INFO] [stdout]   |
[INFO] [stdout] 4 | use chrono::{DateTime, TimeZone, NaiveDateTime, Utc};
[INFO] [stdout]   |                        ^^^^^^^^  ^^^^^^^^^^^^^
[INFO] [stdout]   |
[INFO] [stdout]   = note: `#[warn(unused_imports)]` on by default
[INFO] [stdout] 
[INFO] [stdout] 
[INFO] [stdout] warning: unused import: `std::env`
[INFO] [stdout]  --> src/client.rs:5:5
[INFO] [stdout]   |
[INFO] [stdout] 5 | use std::env;
[INFO] [stdout]   |     ^^^^^^^^
[INFO] [stdout] 
[INFO] [stdout] 
[INFO] [stdout] warning: unused import: `serde_json::Value`
[INFO] [stdout]  --> src/client.rs:6:5
[INFO] [stdout]   |
[INFO] [stdout] 6 | use serde_json::Value;
[INFO] [stdout]   |     ^^^^^^^^^^^^^^^^^
[INFO] [stdout] 
[INFO] [stdout] 
[INFO] [stdout] warning: unused import: `std::fs`
[INFO] [stdout]  --> src/client.rs:7:5
[INFO] [stdout]   |
[INFO] [stdout] 7 | use std::fs;
[INFO] [stdout]   |     ^^^^^^^
[INFO] [stdout] 
[INFO] [stdout] 
[INFO] [stdout] warning: unused import: `std::thread`
[INFO] [stdout]  --> src/client.rs:9:5
[INFO] [stdout]   |
[INFO] [stdout] 9 | use std::thread;
[INFO] [stdout]   |     ^^^^^^^^^^^
[INFO] [stdout] 
[INFO] [stdout] 
[INFO] [stdout] warning: unused import: `GpioOut`
[INFO] [stdout]  --> src/gpio_handler.rs:1:20
[INFO] [stdout]   |
[INFO] [stdout] 1 | use gpio::{GpioIn, GpioOut,GpioValue};
[INFO] [stdout]   |                    ^^^^^^^
[INFO] [stdout] 
[INFO] [stdout] 
[INFO] [stdout] warning: unused import: `client::Client`
[INFO] [stdout]  --> src/gpio_handler.rs:2:5
[INFO] [stdout]   |
[INFO] [stdout] 2 | use client::Client;
[INFO] [stdout]   |     ^^^^^^^^^^^^^^
[INFO] [stdout] 
[INFO] [stdout] 
[INFO] [stdout] warning: unused import: `std::thread`
[INFO] [stdout]  --> src/gpio_handler.rs:4:5
[INFO] [stdout]   |
[INFO] [stdout] 4 | use std::thread;
[INFO] [stdout]   |     ^^^^^^^^^^^
[INFO] [stdout] 
[INFO] [stdout] 
[INFO] [stdout] warning: unused imports: `NaiveDateTime` and `TimeZone`
[INFO] [stdout]  --> src/gpio_handler.rs:6:24
[INFO] [stdout]   |
[INFO] [stdout] 6 | use chrono::{DateTime, TimeZone, NaiveDateTime, Utc};
[INFO] [stdout]   |                        ^^^^^^^^  ^^^^^^^^^^^^^
[INFO] [stdout] 
[INFO] [stdout] 
[INFO] [stdout] warning: denote infinite loops with `loop { ... }`
[INFO] [stdout]   --> src/gpio_handler.rs:27:9
[INFO] [stdout]    |
[INFO] [stdout] 27 |         while true{
[INFO] [stdout]    |         ^^^^^^^^^^ help: use `loop`
[INFO] [stdout]    |
[INFO] [stdout]    = note: `#[warn(while_true)]` on by default
[INFO] [stdout] 
[INFO] [stdout] 
[INFO] [stdout] warning: unused import: `std::thread::sleep`
[INFO] [stdout]   --> src/tests.rs:11:5
[INFO] [stdout]    |
[INFO] [stdout] 11 | use std::thread::sleep;
[INFO] [stdout]    |     ^^^^^^^^^^^^^^^^^^
[INFO] [stdout] 
[INFO] [stdout] 
[INFO] [stdout] warning: unused import: `std::time::Duration`
[INFO] [stdout]   --> src/tests.rs:12:5
[INFO] [stdout]    |
[INFO] [stdout] 12 | use std::time::Duration;
[INFO] [stdout]    |     ^^^^^^^^^^^^^^^^^^^
[INFO] [stdout] 
[INFO] [stdout] 
[INFO] [stdout] warning: unused imports: `Message` and `WebSocket`
[INFO] [stdout]   --> src/tests.rs:13:28
[INFO] [stdout]    |
[INFO] [stdout] 13 | use tungstenite::{connect, Message,WebSocket};
[INFO] [stdout]    |                            ^^^^^^^ ^^^^^^^^^
[INFO] [stdout] 
[INFO] [stdout] 
[INFO] [stdout] warning: unused import: `tungstenite::client::AutoStream`
[INFO] [stdout]   --> src/tests.rs:14:5
[INFO] [stdout]    |
[INFO] [stdout] 14 | use tungstenite::client::AutoStream;
[INFO] [stdout]    |     ^^^^^^^^^^^^^^^^^^^^^^^^^^^^^^^
[INFO] [stdout] 
[INFO] [stdout] 
[INFO] [stdout] warning: unused imports: `NaiveDateTime` and `TimeZone`
[INFO] [stdout]   --> src/tests.rs:16:24
[INFO] [stdout]    |
[INFO] [stdout] 16 | use chrono::{DateTime, TimeZone, NaiveDateTime, Utc};
[INFO] [stdout]    |                        ^^^^^^^^  ^^^^^^^^^^^^^
[INFO] [stdout] 
[INFO] [stdout] 
[INFO] [stdout] warning: unused import: `std::env`
[INFO] [stdout]   --> src/tests.rs:17:5
[INFO] [stdout]    |
[INFO] [stdout] 17 | use std::env;
[INFO] [stdout]    |     ^^^^^^^^
[INFO] [stdout] 
[INFO] [stdout] 
[INFO] [stdout] warning: unused import: `serde_json::Value`
[INFO] [stdout]   --> src/tests.rs:18:5
[INFO] [stdout]    |
[INFO] [stdout] 18 | use serde_json::Value;
[INFO] [stdout]    |     ^^^^^^^^^^^^^^^^^
[INFO] [stdout] 
[INFO] [stdout] 
[INFO] [stdout] warning: unused import: `std::fs`
[INFO] [stdout]   --> src/tests.rs:19:5
[INFO] [stdout]    |
[INFO] [stdout] 19 | use std::fs;
[INFO] [stdout]    |     ^^^^^^^
[INFO] [stdout] 
[INFO] [stdout] 
[INFO] [stdout] warning: unused import: `std::thread`
[INFO] [stdout]   --> src/tests.rs:21:5
[INFO] [stdout]    |
[INFO] [stdout] 21 | use std::thread;
[INFO] [stdout]    |     ^^^^^^^^^^^
[INFO] [stdout] 
[INFO] [stdout] 
[INFO] [stdout] warning: unused imports: `NaiveDateTime` and `TimeZone`
[INFO] [stdout]   --> src/main.rs:14:24
[INFO] [stdout]    |
[INFO] [stdout] 14 | use chrono::{DateTime, TimeZone, NaiveDateTime, Utc};
[INFO] [stdout]    |                        ^^^^^^^^  ^^^^^^^^^^^^^
[INFO] [stdout] 
[INFO] [stdout] 
[INFO] [stdout] warning: unused import: `std::thread::sleep`
[INFO] [stdout]   --> src/main.rs:20:5
[INFO] [stdout]    |
[INFO] [stdout] 20 | use std::thread::sleep;
[INFO] [stdout]    |     ^^^^^^^^^^^^^^^^^^
[INFO] [stdout] 
[INFO] [stdout] 
[INFO] [stdout] warning: denote infinite loops with `loop { ... }`
[INFO] [stdout]   --> src/main.rs:57:5
[INFO] [stdout]    |
[INFO] [stdout] 57 |     while true{
[INFO] [stdout]    |     ^^^^^^^^^^ help: use `loop`
[INFO] [stdout] 
[INFO] [stdout] 
[INFO] [stdout] warning: unused variable: `response`
[INFO] [stdout]    --> src/client.rs:123:30
[INFO] [stdout]     |
[INFO] [stdout] 123 |             let (mut socket, response) = attempt.unwrap();
[INFO] [stdout]     |                              ^^^^^^^^ help: if this is intentional, prefix it with an underscore: `_response`
[INFO] [stdout]     |
[INFO] [stdout]     = note: `#[warn(unused_variables)]` on by default
[INFO] [stdout] 
[INFO] [stdout] 
[INFO] [stdout] warning: unused variable: `number_of_times_sensed`
[INFO] [stdout]    --> src/client.rs:217:24
[INFO] [stdout]     |
[INFO] [stdout] 217 |     fn alert(&mut self,number_of_times_sensed:&Arc<Mutex<i8>>,motion_last_sensed:&Arc<Mutex<DateTime<Utc>>>)->String{
[INFO] [stdout]     |                        ^^^^^^^^^^^^^^^^^^^^^^ help: if this is intentional, prefix it with an underscore: `_number_of_times_sensed`
[INFO] [stdout] 
[INFO] [stdout] 
[INFO] [stdout] warning: unused variable: `motion_last_sensed`
[INFO] [stdout]    --> src/client.rs:217:63
[INFO] [stdout]     |
[INFO] [stdout] 217 |     fn alert(&mut self,number_of_times_sensed:&Arc<Mutex<i8>>,motion_last_sensed:&Arc<Mutex<DateTime<Utc>>>)->String{
[INFO] [stdout]     |                                                               ^^^^^^^^^^^^^^^^^^ help: if this is intentional, prefix it with an underscore: `_motion_last_sensed`
[INFO] [stdout] 
[INFO] [stdout] 
[INFO] [stdout] warning: unused variable: `response`
[INFO] [stdout]   --> src/tests.rs:34:26
[INFO] [stdout]    |
[INFO] [stdout] 34 |         let (mut socket, response) =connect(Url::parse(&url).unwrap()).unwrap();
[INFO] [stdout]    |                          ^^^^^^^^ help: if this is intentional, prefix it with an underscore: `_response`
[INFO] [stdout] 
[INFO] [stdout] 
[INFO] [stdout] warning: unused variable: `response`
[INFO] [stdout]   --> src/tests.rs:48:26
[INFO] [stdout]    |
[INFO] [stdout] 48 |         let (mut socket, response) =connect(Url::parse(&url).unwrap()).unwrap();
[INFO] [stdout]    |                          ^^^^^^^^ help: if this is intentional, prefix it with an underscore: `_response`
[INFO] [stdout] 
[INFO] [stdout] 
[INFO] [stdout] warning: variable does not need to be mutable
[INFO] [stdout]   --> src/main.rs:31:9
[INFO] [stdout]    |
[INFO] [stdout] 31 |     let mut gpio_handler = GpioHandler::new(pin);
[INFO] [stdout]    |         ----^^^^^^^^^^^^
[INFO] [stdout]    |         |
[INFO] [stdout]    |         help: remove this `mut`
[INFO] [stdout]    |
[INFO] [stdout]    = note: `#[warn(unused_mut)]` on by default
[INFO] [stdout] 
[INFO] [stdout] 
[INFO] [stdout] warning: variable does not need to be mutable
[INFO] [stdout]   --> src/main.rs:51:9
[INFO] [stdout]    |
[INFO] [stdout] 51 |     let mut running = Arc::new(Mutex::new(true));
[INFO] [stdout]    |         ----^^^^^^^
[INFO] [stdout]    |         |
[INFO] [stdout]    |         help: remove this `mut`
[INFO] [stdout] 
[INFO] [stdout] 
[INFO] [stdout] warning: methods `log_disconnection_info` and `log_no_config` are never used
[INFO] [stdout]   --> src/console_logger.rs:28:12
[INFO] [stdout]    |
[INFO] [stdout] 7  | impl ConsoleLogger{
[INFO] [stdout]    | ------------------ methods in this implementation
[INFO] [stdout] ...
[INFO] [stdout] 28 |     pub fn log_disconnection_info(&mut self){
[INFO] [stdout]    |            ^^^^^^^^^^^^^^^^^^^^^^
[INFO] [stdout] ...
[INFO] [stdout] 34 |     pub fn log_no_config(&mut self){
[INFO] [stdout]    |            ^^^^^^^^^^^^^
[INFO] [stdout]    |
[INFO] [stdout]    = note: `#[warn(dead_code)]` on by default
[INFO] [stdout] 
[INFO] [stdout] 
[INFO] [stdout] warning: unused `Result` that must be used
[INFO] [stdout]    --> src/client.rs:159:13
[INFO] [stdout]     |
[INFO] [stdout] 159 | /             socket.write_message(
[INFO] [stdout] 160 | |                 Message::Text(
[INFO] [stdout] 161 | |                     self.formatted_basic_data(&times_sensed_data,&last_time_data)));
[INFO] [stdout]     | |___________________________________________________________________________________^
[INFO] [stdout]     |
[INFO] [stdout]     = note: this `Result` may be an `Err` variant, which should be handled
[INFO] [stdout]     = note: `#[warn(unused_must_use)]` on by default
[INFO] [stdout] help: use `let _ = ...` to ignore the resulting value
[INFO] [stdout]     |
[INFO] [stdout] 159 |             let _ = socket.write_message(
[INFO] [stdout]     |             +++++++
[INFO] [stdout] 
[INFO] [stdout] 
[INFO] [stdout] warning: unused `Result` that must be used
[INFO] [stdout]    --> src/client.rs:202:13
[INFO] [stdout]     |
[INFO] [stdout] 202 |             socket.write_message(Message::Text(self.alert(number_of_times_sensed,motion_last_sensed)));
[INFO] [stdout]     |             ^^^^^^^^^^^^^^^^^^^^^^^^^^^^^^^^^^^^^^^^^^^^^^^^^^^^^^^^^^^^^^^^^^^^^^^^^^^^^^^^^^^^^^^^^^
[INFO] [stdout]     |
[INFO] [stdout]     = note: this `Result` may be an `Err` variant, which should be handled
[INFO] [stdout] help: use `let _ = ...` to ignore the resulting value
[INFO] [stdout]     |
[INFO] [stdout] 202 |             let _ = socket.write_message(Message::Text(self.alert(number_of_times_sensed,motion_last_sensed)));
[INFO] [stdout]     |             +++++++
[INFO] [stdout] 
[INFO] [stdout] 
[INFO] [stdout] warning: unused `Result` that must be used
[INFO] [stdout]    --> src/client.rs:205:13
[INFO] [stdout]     |
[INFO] [stdout] 205 |             socket.write_message(Message::Text(self.no_alert()));
[INFO] [stdout]     |             ^^^^^^^^^^^^^^^^^^^^^^^^^^^^^^^^^^^^^^^^^^^^^^^^^^^^
[INFO] [stdout]     |
[INFO] [stdout]     = note: this `Result` may be an `Err` variant, which should be handled
[INFO] [stdout] help: use `let _ = ...` to ignore the resulting value
[INFO] [stdout]     |
[INFO] [stdout] 205 |             let _ = socket.write_message(Message::Text(self.no_alert()));
[INFO] [stdout]     |             +++++++
[INFO] [stdout] 
[INFO] [stdout] 
[INFO] [stderr]     Finished `test` profile [unoptimized + debuginfo] target(s) in 1.42s
[INFO] running `Command { std: "docker" "inspect" "91e43453ff7ee5acc6d2cf3d640f939acc3288d1dd961105ee361e667a28efa2", kill_on_drop: false }`
[INFO] running `Command { std: "docker" "rm" "-f" "91e43453ff7ee5acc6d2cf3d640f939acc3288d1dd961105ee361e667a28efa2", kill_on_drop: false }`
[INFO] [stdout] 91e43453ff7ee5acc6d2cf3d640f939acc3288d1dd961105ee361e667a28efa2
[INFO] running `Command { std: "docker" "create" "-v" "/var/lib/crater-agent-workspace/builds/worker-4-tc2/target:/opt/rustwide/target:rw,Z" "-v" "/var/lib/crater-agent-workspace/builds/worker-4-tc2/source:/opt/rustwide/workdir:ro,Z" "-v" "/var/lib/crater-agent-workspace/cargo-home:/opt/rustwide/cargo-home:ro,Z" "-v" "/var/lib/crater-agent-workspace/rustup-home:/opt/rustwide/rustup-home:ro,Z" "-e" "SOURCE_DIR=/opt/rustwide/workdir" "-e" "CARGO_TARGET_DIR=/opt/rustwide/target" "-e" "CARGO_INCREMENTAL=0" "-e" "RUST_BACKTRACE=full" "-e" "RUSTFLAGS=--cap-lints=forbid -Zrandomize-layout" "-e" "RUSTDOCFLAGS=--cap-lints=forbid" "-e" "CARGO_HOME=/opt/rustwide/cargo-home" "-e" "RUSTUP_HOME=/opt/rustwide/rustup-home" "-w" "/opt/rustwide/workdir" "-m" "1610612736" "--user" "0:0" "--network" "none" "ghcr.io/rust-lang/crates-build-env/linux@sha256:819108c5571ea2e421544af4d832f968d213c87fbe3707a016657f43d2f853bc" "/opt/rustwide/cargo-home/bin/cargo" "+nightly-2025-01-18" "test" "--frozen", kill_on_drop: false }`
[INFO] [stdout] cfac65fbad09d9fa0bb0e8f75c4edee86440f61132ea0a94e30c48f19ac00767
[INFO] running `Command { std: "docker" "start" "-a" "cfac65fbad09d9fa0bb0e8f75c4edee86440f61132ea0a94e30c48f19ac00767", kill_on_drop: false }`
[INFO] [stderr] warning: no edition set: defaulting to the 2015 edition while the latest is 2024
[INFO] [stderr] warning: unused imports: `NaiveDateTime` and `TimeZone`
[INFO] [stderr]  --> src/client.rs:4:24
[INFO] [stderr]   |
[INFO] [stderr] 4 | use chrono::{DateTime, TimeZone, NaiveDateTime, Utc};
[INFO] [stderr]   |                        ^^^^^^^^  ^^^^^^^^^^^^^
[INFO] [stderr]   |
[INFO] [stderr]   = note: `#[warn(unused_imports)]` on by default
[INFO] [stderr] 
[INFO] [stderr] warning: unused import: `std::env`
[INFO] [stderr]  --> src/client.rs:5:5
[INFO] [stderr]   |
[INFO] [stderr] 5 | use std::env;
[INFO] [stderr]   |     ^^^^^^^^
[INFO] [stderr] 
[INFO] [stderr] warning: unused import: `serde_json::Value`
[INFO] [stderr]  --> src/client.rs:6:5
[INFO] [stderr]   |
[INFO] [stderr] 6 | use serde_json::Value;
[INFO] [stderr]   |     ^^^^^^^^^^^^^^^^^
[INFO] [stderr] 
[INFO] [stderr] warning: unused import: `std::fs`
[INFO] [stderr]  --> src/client.rs:7:5
[INFO] [stderr]   |
[INFO] [stderr] 7 | use std::fs;
[INFO] [stderr]   |     ^^^^^^^
[INFO] [stderr] 
[INFO] [stderr] warning: unused import: `std::thread`
[INFO] [stderr]  --> src/client.rs:9:5
[INFO] [stderr]   |
[INFO] [stderr] 9 | use std::thread;
[INFO] [stderr]   |     ^^^^^^^^^^^
[INFO] [stderr] 
[INFO] [stderr] warning: unused import: `GpioOut`
[INFO] [stderr]  --> src/gpio_handler.rs:1:20
[INFO] [stderr]   |
[INFO] [stderr] 1 | use gpio::{GpioIn, GpioOut,GpioValue};
[INFO] [stderr]   |                    ^^^^^^^
[INFO] [stderr] 
[INFO] [stderr] warning: unused import: `client::Client`
[INFO] [stderr]  --> src/gpio_handler.rs:2:5
[INFO] [stderr]   |
[INFO] [stderr] 2 | use client::Client;
[INFO] [stderr]   |     ^^^^^^^^^^^^^^
[INFO] [stderr] 
[INFO] [stderr] warning: unused import: `std::thread`
[INFO] [stderr]  --> src/gpio_handler.rs:4:5
[INFO] [stderr]   |
[INFO] [stderr] 4 | use std::thread;
[INFO] [stderr]   |     ^^^^^^^^^^^
[INFO] [stderr] 
[INFO] [stderr] warning: unused imports: `NaiveDateTime` and `TimeZone`
[INFO] [stderr]  --> src/gpio_handler.rs:6:24
[INFO] [stderr]   |
[INFO] [stderr] 6 | use chrono::{DateTime, TimeZone, NaiveDateTime, Utc};
[INFO] [stderr]   |                        ^^^^^^^^  ^^^^^^^^^^^^^
[INFO] [stderr] 
[INFO] [stderr] warning: denote infinite loops with `loop { ... }`
[INFO] [stderr]   --> src/gpio_handler.rs:27:9
[INFO] [stderr]    |
[INFO] [stderr] 27 |         while true{
[INFO] [stderr]    |         ^^^^^^^^^^ help: use `loop`
[INFO] [stderr]    |
[INFO] [stderr]    = note: `#[warn(while_true)]` on by default
[INFO] [stderr] 
[INFO] [stderr] warning: unused import: `std::thread::sleep`
[INFO] [stderr]   --> src/tests.rs:11:5
[INFO] [stderr]    |
[INFO] [stderr] 11 | use std::thread::sleep;
[INFO] [stderr]    |     ^^^^^^^^^^^^^^^^^^
[INFO] [stderr] 
[INFO] [stderr] warning: unused import: `std::time::Duration`
[INFO] [stderr]   --> src/tests.rs:12:5
[INFO] [stderr]    |
[INFO] [stderr] 12 | use std::time::Duration;
[INFO] [stderr]    |     ^^^^^^^^^^^^^^^^^^^
[INFO] [stderr] 
[INFO] [stderr] warning: unused imports: `Message` and `WebSocket`
[INFO] [stderr]   --> src/tests.rs:13:28
[INFO] [stderr]    |
[INFO] [stderr] 13 | use tungstenite::{connect, Message,WebSocket};
[INFO] [stderr]    |                            ^^^^^^^ ^^^^^^^^^
[INFO] [stderr] 
[INFO] [stderr] warning: unused import: `tungstenite::client::AutoStream`
[INFO] [stderr]   --> src/tests.rs:14:5
[INFO] [stderr]    |
[INFO] [stderr] 14 | use tungstenite::client::AutoStream;
[INFO] [stderr]    |     ^^^^^^^^^^^^^^^^^^^^^^^^^^^^^^^
[INFO] [stderr] 
[INFO] [stderr] warning: unused imports: `NaiveDateTime` and `TimeZone`
[INFO] [stderr]   --> src/tests.rs:16:24
[INFO] [stderr]    |
[INFO] [stderr] 16 | use chrono::{DateTime, TimeZone, NaiveDateTime, Utc};
[INFO] [stderr]    |                        ^^^^^^^^  ^^^^^^^^^^^^^
[INFO] [stderr] 
[INFO] [stderr] warning: unused import: `std::env`
[INFO] [stderr]   --> src/tests.rs:17:5
[INFO] [stderr]    |
[INFO] [stderr] 17 | use std::env;
[INFO] [stderr]    |     ^^^^^^^^
[INFO] [stderr] 
[INFO] [stderr] warning: unused import: `serde_json::Value`
[INFO] [stderr]   --> src/tests.rs:18:5
[INFO] [stderr]    |
[INFO] [stderr] 18 | use serde_json::Value;
[INFO] [stderr]    |     ^^^^^^^^^^^^^^^^^
[INFO] [stderr] 
[INFO] [stderr] warning: unused import: `std::fs`
[INFO] [stderr]   --> src/tests.rs:19:5
[INFO] [stderr]    |
[INFO] [stderr] 19 | use std::fs;
[INFO] [stderr]    |     ^^^^^^^
[INFO] [stderr] 
[INFO] [stderr] warning: unused import: `std::thread`
[INFO] [stderr]   --> src/tests.rs:21:5
[INFO] [stderr]    |
[INFO] [stderr] 21 | use std::thread;
[INFO] [stderr]    |     ^^^^^^^^^^^
[INFO] [stderr] 
[INFO] [stderr] warning: unused imports: `NaiveDateTime` and `TimeZone`
[INFO] [stderr]   --> src/main.rs:14:24
[INFO] [stderr]    |
[INFO] [stderr] 14 | use chrono::{DateTime, TimeZone, NaiveDateTime, Utc};
[INFO] [stderr]    |                        ^^^^^^^^  ^^^^^^^^^^^^^
[INFO] [stderr] 
[INFO] [stderr] warning: unused import: `std::thread::sleep`
[INFO] [stderr]   --> src/main.rs:20:5
[INFO] [stderr]    |
[INFO] [stderr] 20 | use std::thread::sleep;
[INFO] [stderr]    |     ^^^^^^^^^^^^^^^^^^
[INFO] [stderr] 
[INFO] [stderr] warning: denote infinite loops with `loop { ... }`
[INFO] [stderr]   --> src/main.rs:57:5
[INFO] [stderr]    |
[INFO] [stderr] 57 |     while true{
[INFO] [stderr]    |     ^^^^^^^^^^ help: use `loop`
[INFO] [stderr] 
[INFO] [stderr] warning: unused variable: `response`
[INFO] [stderr]    --> src/client.rs:123:30
[INFO] [stderr]     |
[INFO] [stderr] 123 |             let (mut socket, response) = attempt.unwrap();
[INFO] [stderr]     |                              ^^^^^^^^ help: if this is intentional, prefix it with an underscore: `_response`
[INFO] [stderr]     |
[INFO] [stderr]     = note: `#[warn(unused_variables)]` on by default
[INFO] [stderr] 
[INFO] [stderr] warning: unused variable: `number_of_times_sensed`
[INFO] [stderr]    --> src/client.rs:217:24
[INFO] [stderr]     |
[INFO] [stderr] 217 |     fn alert(&mut self,number_of_times_sensed:&Arc<Mutex<i8>>,motion_last_sensed:&Arc<Mutex<DateTime<Utc>>>)->String{
[INFO] [stderr]     |                        ^^^^^^^^^^^^^^^^^^^^^^ help: if this is intentional, prefix it with an underscore: `_number_of_times_sensed`
[INFO] [stderr] 
[INFO] [stderr] warning: unused variable: `motion_last_sensed`
[INFO] [stderr]    --> src/client.rs:217:63
[INFO] [stderr]     |
[INFO] [stderr] 217 |     fn alert(&mut self,number_of_times_sensed:&Arc<Mutex<i8>>,motion_last_sensed:&Arc<Mutex<DateTime<Utc>>>)->String{
[INFO] [stderr]     |                                                               ^^^^^^^^^^^^^^^^^^ help: if this is intentional, prefix it with an underscore: `_motion_last_sensed`
[INFO] [stderr] 
[INFO] [stderr] warning: unused variable: `response`
[INFO] [stderr]   --> src/tests.rs:34:26
[INFO] [stderr]    |
[INFO] [stderr] 34 |         let (mut socket, response) =connect(Url::parse(&url).unwrap()).unwrap();
[INFO] [stderr]    |                          ^^^^^^^^ help: if this is intentional, prefix it with an underscore: `_response`
[INFO] [stderr] 
[INFO] [stderr] warning: unused variable: `response`
[INFO] [stderr]   --> src/tests.rs:48:26
[INFO] [stderr]    |
[INFO] [stderr] 48 |         let (mut socket, response) =connect(Url::parse(&url).unwrap()).unwrap();
[INFO] [stderr]    |                          ^^^^^^^^ help: if this is intentional, prefix it with an underscore: `_response`
[INFO] [stderr] 
[INFO] [stderr] warning: variable does not need to be mutable
[INFO] [stderr]   --> src/main.rs:31:9
[INFO] [stderr]    |
[INFO] [stderr] 31 |     let mut gpio_handler = GpioHandler::new(pin);
[INFO] [stderr]    |         ----^^^^^^^^^^^^
[INFO] [stderr]    |         |
[INFO] [stderr]    |         help: remove this `mut`
[INFO] [stderr]    |
[INFO] [stderr]    = note: `#[warn(unused_mut)]` on by default
[INFO] [stderr] 
[INFO] [stderr] warning: variable does not need to be mutable
[INFO] [stderr]   --> src/main.rs:51:9
[INFO] [stderr]    |
[INFO] [stderr] 51 |     let mut running = Arc::new(Mutex::new(true));
[INFO] [stderr]    |         ----^^^^^^^
[INFO] [stderr]    |         |
[INFO] [stderr]    |         help: remove this `mut`
[INFO] [stderr] 
[INFO] [stderr] warning: methods `log_disconnection_info` and `log_no_config` are never used
[INFO] [stderr]   --> src/console_logger.rs:28:12
[INFO] [stderr]    |
[INFO] [stderr] 7  | impl ConsoleLogger{
[INFO] [stderr]    | ------------------ methods in this implementation
[INFO] [stderr] ...
[INFO] [stderr] 28 |     pub fn log_disconnection_info(&mut self){
[INFO] [stderr]    |            ^^^^^^^^^^^^^^^^^^^^^^
[INFO] [stderr] ...
[INFO] [stderr] 34 |     pub fn log_no_config(&mut self){
[INFO] [stderr]    |            ^^^^^^^^^^^^^
[INFO] [stderr]    |
[INFO] [stderr]    = note: `#[warn(dead_code)]` on by default
[INFO] [stderr] 
[INFO] [stderr] warning: unused `Result` that must be used
[INFO] [stderr]    --> src/client.rs:159:13
[INFO] [stderr]     |
[INFO] [stderr] 159 | /             socket.write_message(
[INFO] [stderr] 160 | |                 Message::Text(
[INFO] [stderr] 161 | |                     self.formatted_basic_data(&times_sensed_data,&last_time_data)));
[INFO] [stderr]     | |___________________________________________________________________________________^
[INFO] [stderr]     |
[INFO] [stderr]     = note: this `Result` may be an `Err` variant, which should be handled
[INFO] [stderr]     = note: `#[warn(unused_must_use)]` on by default
[INFO] [stderr] help: use `let _ = ...` to ignore the resulting value
[INFO] [stderr]     |
[INFO] [stderr] 159 |             let _ = socket.write_message(
[INFO] [stderr]     |             +++++++
[INFO] [stderr] 
[INFO] [stderr] warning: unused `Result` that must be used
[INFO] [stderr]    --> src/client.rs:202:13
[INFO] [stderr]     |
[INFO] [stderr] 202 |             socket.write_message(Message::Text(self.alert(number_of_times_sensed,motion_last_sensed)));
[INFO] [stderr]     |             ^^^^^^^^^^^^^^^^^^^^^^^^^^^^^^^^^^^^^^^^^^^^^^^^^^^^^^^^^^^^^^^^^^^^^^^^^^^^^^^^^^^^^^^^^^
[INFO] [stderr]     |
[INFO] [stderr]     = note: this `Result` may be an `Err` variant, which should be handled
[INFO] [stderr] help: use `let _ = ...` to ignore the resulting value
[INFO] [stderr]     |
[INFO] [stderr] 202 |             let _ = socket.write_message(Message::Text(self.alert(number_of_times_sensed,motion_last_sensed)));
[INFO] [stderr]     |             +++++++
[INFO] [stderr] 
[INFO] [stderr] warning: unused `Result` that must be used
[INFO] [stderr]    --> src/client.rs:205:13
[INFO] [stderr]     |
[INFO] [stderr] 205 |             socket.write_message(Message::Text(self.no_alert()));
[INFO] [stderr]     |             ^^^^^^^^^^^^^^^^^^^^^^^^^^^^^^^^^^^^^^^^^^^^^^^^^^^^
[INFO] [stderr]     |
[INFO] [stderr]     = note: this `Result` may be an `Err` variant, which should be handled
[INFO] [stderr] help: use `let _ = ...` to ignore the resulting value
[INFO] [stderr]     |
[INFO] [stderr] 205 |             let _ = socket.write_message(Message::Text(self.no_alert()));
[INFO] [stderr]     |             +++++++
[INFO] [stderr] 
[INFO] [stderr] warning: `InfaredMotionDetector` (bin "InfaredMotionDetector" test) generated 33 warnings (run `cargo fix --bin "InfaredMotionDetector" --tests` to apply 24 suggestions)
[INFO] [stderr]     Finished `test` profile [unoptimized + debuginfo] target(s) in 0.09s
[INFO] [stderr]      Running unittests src/main.rs (/opt/rustwide/target/debug/deps/InfaredMotionDetector-b19d4a8f69fe8e08)
[INFO] [stdout] 
[INFO] [stdout] running 3 tests
[INFO] [stdout] test tests::tests::test_encountered_error ... ok
[INFO] [stdout] test tests::tests::test_failed_auth ... FAILED
[INFO] [stdout] test tests::tests::test_successful_auth ... FAILED
[INFO] [stdout] 
[INFO] [stdout] failures:
[INFO] [stdout] 
[INFO] [stdout] ---- tests::tests::test_failed_auth stdout ----
[INFO] [stdout] 
[INFO] [stdout] thread 'tests::tests::test_failed_auth' panicked at src/tests.rs:48:72:
[INFO] [stdout] called `Result::unwrap()` on an `Err` value: Url(UnableToConnect("ws://192.168.1.109:50223/"))
[INFO] [stdout] stack backtrace:
[INFO] [stdout]    0:     0x563fb66db80a - std::backtrace_rs::backtrace::libunwind::trace::hb059275cfc8d6126
[INFO] [stdout]                                at /rustc/6067b36314ab5eb2eb47cecc464545ba58e1ad24/library/std/src/../../backtrace/src/backtrace/libunwind.rs:116:5
[INFO] [stdout]    1:     0x563fb66db80a - std::backtrace_rs::backtrace::trace_unsynchronized::h2da071e4327ce3ee
[INFO] [stdout]                                at /rustc/6067b36314ab5eb2eb47cecc464545ba58e1ad24/library/std/src/../../backtrace/src/backtrace/mod.rs:66:5
[INFO] [stdout]    2:     0x563fb66db80a - std::sys::backtrace::_print_fmt::h842a1474e6f8d23f
[INFO] [stdout]                                at /rustc/6067b36314ab5eb2eb47cecc464545ba58e1ad24/library/std/src/sys/backtrace.rs:66:9
[INFO] [stdout]    3:     0x563fb66db80a - <std::sys::backtrace::BacktraceLock::print::DisplayBacktrace as core::fmt::Display>::fmt::h71a62eb3b9696b12
[INFO] [stdout]                                at /rustc/6067b36314ab5eb2eb47cecc464545ba58e1ad24/library/std/src/sys/backtrace.rs:39:26
[INFO] [stdout]    4:     0x563fb67061c3 - core::fmt::rt::Argument::fmt::hdb6b616786b41dc1
[INFO] [stdout]                                at /rustc/6067b36314ab5eb2eb47cecc464545ba58e1ad24/library/core/src/fmt/rt.rs:177:76
[INFO] [stdout]    5:     0x563fb67061c3 - core::fmt::write::h2cc1698af7e2d686
[INFO] [stdout]                                at /rustc/6067b36314ab5eb2eb47cecc464545ba58e1ad24/library/core/src/fmt/mod.rs:1440:21
[INFO] [stdout]    6:     0x563fb66d79d3 - std::io::Write::write_fmt::hab1b4cd059a79022
[INFO] [stdout]                                at /rustc/6067b36314ab5eb2eb47cecc464545ba58e1ad24/library/std/src/io/mod.rs:1887:15
[INFO] [stdout]    7:     0x563fb66db652 - std::sys::backtrace::BacktraceLock::print::h147fe35b4ea13b08
[INFO] [stdout]                                at /rustc/6067b36314ab5eb2eb47cecc464545ba58e1ad24/library/std/src/sys/backtrace.rs:42:9
[INFO] [stdout]    8:     0x563fb66dcc2f - std::panicking::default_hook::{{closure}}::hbd44223dbdc0d208
[INFO] [stdout]                                at /rustc/6067b36314ab5eb2eb47cecc464545ba58e1ad24/library/std/src/panicking.rs:298:22
[INFO] [stdout]    9:     0x563fb66dca48 - std::panicking::default_hook::h20f81eb0576efcec
[INFO] [stdout]                                at /rustc/6067b36314ab5eb2eb47cecc464545ba58e1ad24/library/std/src/panicking.rs:322:9
[INFO] [stdout]   10:     0x563fb65309d3 - <alloc::boxed::Box<F,A> as core::ops::function::Fn<Args>>::call::hdb53814c496a4d34
[INFO] [stdout]                                at /rustc/6067b36314ab5eb2eb47cecc464545ba58e1ad24/library/alloc/src/boxed.rs:2027:9
[INFO] [stdout]   11:     0x563fb65309d3 - test::test_main::{{closure}}::hc0a4963c59427c24
[INFO] [stdout]                                at /rustc/6067b36314ab5eb2eb47cecc464545ba58e1ad24/library/test/src/lib.rs:134:21
[INFO] [stdout]   12:     0x563fb66dd723 - <alloc::boxed::Box<F,A> as core::ops::function::Fn<Args>>::call::h591b2225413a77e9
[INFO] [stdout]                                at /rustc/6067b36314ab5eb2eb47cecc464545ba58e1ad24/library/alloc/src/boxed.rs:2027:9
[INFO] [stdout]   13:     0x563fb66dd723 - std::panicking::rust_panic_with_hook::h625eea43051b2edc
[INFO] [stdout]                                at /rustc/6067b36314ab5eb2eb47cecc464545ba58e1ad24/library/std/src/panicking.rs:839:13
[INFO] [stdout]   14:     0x563fb66dd3da - std::panicking::begin_panic_handler::{{closure}}::h4f9159cfbc3f6bd3
[INFO] [stdout]                                at /rustc/6067b36314ab5eb2eb47cecc464545ba58e1ad24/library/std/src/panicking.rs:704:13
[INFO] [stdout]   15:     0x563fb66dbd09 - std::sys::backtrace::__rust_end_short_backtrace::h0390abce48353151
[INFO] [stdout]                                at /rustc/6067b36314ab5eb2eb47cecc464545ba58e1ad24/library/std/src/sys/backtrace.rs:168:18
[INFO] [stdout]   16:     0x563fb66dd06d - rust_begin_unwind
[INFO] [stdout]                                at /rustc/6067b36314ab5eb2eb47cecc464545ba58e1ad24/library/std/src/panicking.rs:695:5
[INFO] [stdout]   17:     0x563fb6704450 - core::panicking::panic_fmt::h9e7c637e9e5f29c9
[INFO] [stdout]                                at /rustc/6067b36314ab5eb2eb47cecc464545ba58e1ad24/library/core/src/panicking.rs:75:14
[INFO] [stdout]   18:     0x563fb67048c6 - core::result::unwrap_failed::h7979f09313fe1849
[INFO] [stdout]                                at /rustc/6067b36314ab5eb2eb47cecc464545ba58e1ad24/library/core/src/result.rs:1704:5
[INFO] [stdout]   19:     0x563fb64e64a5 - core::result::Result<T,E>::unwrap::h72d371287a4571cd
[INFO] [stdout]                                at /rustc/6067b36314ab5eb2eb47cecc464545ba58e1ad24/library/core/src/result.rs:1109:23
[INFO] [stdout]   20:     0x563fb64e64a5 - InfaredMotionDetector::tests::tests::test_failed_auth::h57988ea1ede2ec3f
[INFO] [stdout]                                at /opt/rustwide/workdir/src/tests.rs:48:37
[INFO] [stdout]   21:     0x563fb64e5e57 - InfaredMotionDetector::tests::tests::test_failed_auth::{{closure}}::hee9d06d1b30905e7
[INFO] [stdout]                                at /opt/rustwide/workdir/src/tests.rs:39:26
[INFO] [stdout]   22:     0x563fb64f4126 - core::ops::function::FnOnce::call_once::ha53c710ed9e554aa
[INFO] [stdout]                                at /rustc/6067b36314ab5eb2eb47cecc464545ba58e1ad24/library/core/src/ops/function.rs:250:5
[INFO] [stdout]   23:     0x563fb653612b - core::ops::function::FnOnce::call_once::he27718dfdd183f43
[INFO] [stdout]                                at /rustc/6067b36314ab5eb2eb47cecc464545ba58e1ad24/library/core/src/ops/function.rs:250:5
[INFO] [stdout]   24:     0x563fb653612b - test::__rust_begin_short_backtrace::h4e84902998457a5d
[INFO] [stdout]                                at /rustc/6067b36314ab5eb2eb47cecc464545ba58e1ad24/library/test/src/lib.rs:632:18
[INFO] [stdout]   25:     0x563fb6535063 - test::run_test_in_process::{{closure}}::h7176fd18fc1feca0
[INFO] [stdout]                                at /rustc/6067b36314ab5eb2eb47cecc464545ba58e1ad24/library/test/src/lib.rs:655:60
[INFO] [stdout]   26:     0x563fb6535063 - <core::panic::unwind_safe::AssertUnwindSafe<F> as core::ops::function::FnOnce<()>>::call_once::hf79cff2a624d8cf7
[INFO] [stdout]                                at /rustc/6067b36314ab5eb2eb47cecc464545ba58e1ad24/library/core/src/panic/unwind_safe.rs:272:9
[INFO] [stdout]   27:     0x563fb6535063 - std::panicking::try::do_call::h3da0561d9ab99c25
[INFO] [stdout]                                at /rustc/6067b36314ab5eb2eb47cecc464545ba58e1ad24/library/std/src/panicking.rs:587:40
[INFO] [stdout]   28:     0x563fb6535063 - std::panicking::try::h41c9fa508bc61df6
[INFO] [stdout]                                at /rustc/6067b36314ab5eb2eb47cecc464545ba58e1ad24/library/std/src/panicking.rs:550:19
[INFO] [stdout]   29:     0x563fb6535063 - std::panic::catch_unwind::h6b3ff07bb5afad93
[INFO] [stdout]                                at /rustc/6067b36314ab5eb2eb47cecc464545ba58e1ad24/library/std/src/panic.rs:358:14
[INFO] [stdout]   30:     0x563fb6535063 - test::run_test_in_process::hc7253dd11b39b9f4
[INFO] [stdout]                                at /rustc/6067b36314ab5eb2eb47cecc464545ba58e1ad24/library/test/src/lib.rs:655:27
[INFO] [stdout]   31:     0x563fb6535063 - test::run_test::{{closure}}::hfb2007f8649c30bb
[INFO] [stdout]                                at /rustc/6067b36314ab5eb2eb47cecc464545ba58e1ad24/library/test/src/lib.rs:576:43
[INFO] [stdout]   32:     0x563fb64f8145 - test::run_test::{{closure}}::h56a17aa7a282a9f4
[INFO] [stdout]                                at /rustc/6067b36314ab5eb2eb47cecc464545ba58e1ad24/library/test/src/lib.rs:606:41
[INFO] [stdout]   33:     0x563fb64f8145 - std::sys::backtrace::__rust_begin_short_backtrace::hd2d2d2fb8e8c6aac
[INFO] [stdout]                                at /rustc/6067b36314ab5eb2eb47cecc464545ba58e1ad24/library/std/src/sys/backtrace.rs:152:18
[INFO] [stdout]   34:     0x563fb64fba2a - std::thread::Builder::spawn_unchecked_::{{closure}}::{{closure}}::h4faa3f9db6133423
[INFO] [stdout]                                at /rustc/6067b36314ab5eb2eb47cecc464545ba58e1ad24/library/std/src/thread/mod.rs:559:17
[INFO] [stdout]   35:     0x563fb64fba2a - <core::panic::unwind_safe::AssertUnwindSafe<F> as core::ops::function::FnOnce<()>>::call_once::hf2e855a36a4ea846
[INFO] [stdout]                                at /rustc/6067b36314ab5eb2eb47cecc464545ba58e1ad24/library/core/src/panic/unwind_safe.rs:272:9
[INFO] [stdout]   36:     0x563fb64fba2a - std::panicking::try::do_call::h2f73af3616c35465
[INFO] [stdout]                                at /rustc/6067b36314ab5eb2eb47cecc464545ba58e1ad24/library/std/src/panicking.rs:587:40
[INFO] [stdout]   37:     0x563fb64fba2a - std::panicking::try::hd1660ce9efadef5a
[INFO] [stdout]                                at /rustc/6067b36314ab5eb2eb47cecc464545ba58e1ad24/library/std/src/panicking.rs:550:19
[INFO] [stdout]   38:     0x563fb64fba2a - std::panic::catch_unwind::h5ee8d7823b8ca744
[INFO] [stdout]                                at /rustc/6067b36314ab5eb2eb47cecc464545ba58e1ad24/library/std/src/panic.rs:358:14
[INFO] [stdout]   39:     0x563fb64fba2a - std::thread::Builder::spawn_unchecked_::{{closure}}::h53c3a1894dce8407
[INFO] [stdout]                                at /rustc/6067b36314ab5eb2eb47cecc464545ba58e1ad24/library/std/src/thread/mod.rs:557:30
[INFO] [stdout]   40:     0x563fb64fba2a - core::ops::function::FnOnce::call_once{{vtable.shim}}::h048ce291ad4f62bf
[INFO] [stdout]                                at /rustc/6067b36314ab5eb2eb47cecc464545ba58e1ad24/library/core/src/ops/function.rs:250:5
[INFO] [stdout]   41:     0x563fb66e1a4b - <alloc::boxed::Box<F,A> as core::ops::function::FnOnce<Args>>::call_once::ha52bedf99a3b4981
[INFO] [stdout]                                at /rustc/6067b36314ab5eb2eb47cecc464545ba58e1ad24/library/alloc/src/boxed.rs:2013:9
[INFO] [stdout]   42:     0x563fb66e1a4b - <alloc::boxed::Box<F,A> as core::ops::function::FnOnce<Args>>::call_once::h567748934d80ccf8
[INFO] [stdout]                                at /rustc/6067b36314ab5eb2eb47cecc464545ba58e1ad24/library/alloc/src/boxed.rs:2013:9
[INFO] [stdout]   43:     0x563fb66e1a4b - std::sys::pal::unix::thread::Thread::new::thread_start::h2d970728ae887adc
[INFO] [stdout]                                at /rustc/6067b36314ab5eb2eb47cecc464545ba58e1ad24/library/std/src/sys/pal/unix/thread.rs:106:17
[INFO] [stdout]   44:     0x7bc9909b1ac3 - <unknown>
[INFO] [stdout]   45:     0x7bc990a42a04 - clone
[INFO] [stdout]   46:                0x0 - <unknown>
[INFO] [stdout] 
[INFO] [stdout] ---- tests::tests::test_successful_auth stdout ----
[INFO] [stdout] 
[INFO] [stdout] thread 'tests::tests::test_successful_auth' panicked at src/tests.rs:34:72:
[INFO] [stdout] called `Result::unwrap()` on an `Err` value: Url(UnableToConnect("ws://192.168.1.109:50223/"))
[INFO] [stdout] stack backtrace:
[INFO] [stdout]    0:     0x563fb66db80a - std::backtrace_rs::backtrace::libunwind::trace::hb059275cfc8d6126
[INFO] [stdout]                                at /rustc/6067b36314ab5eb2eb47cecc464545ba58e1ad24/library/std/src/../../backtrace/src/backtrace/libunwind.rs:116:5
[INFO] [stdout]    1:     0x563fb66db80a - std::backtrace_rs::backtrace::trace_unsynchronized::h2da071e4327ce3ee
[INFO] [stdout]                                at /rustc/6067b36314ab5eb2eb47cecc464545ba58e1ad24/library/std/src/../../backtrace/src/backtrace/mod.rs:66:5
[INFO] [stdout]    2:     0x563fb66db80a - std::sys::backtrace::_print_fmt::h842a1474e6f8d23f
[INFO] [stdout]                                at /rustc/6067b36314ab5eb2eb47cecc464545ba58e1ad24/library/std/src/sys/backtrace.rs:66:9
[INFO] [stdout]    3:     0x563fb66db80a - <std::sys::backtrace::BacktraceLock::print::DisplayBacktrace as core::fmt::Display>::fmt::h71a62eb3b9696b12
[INFO] [stdout]                                at /rustc/6067b36314ab5eb2eb47cecc464545ba58e1ad24/library/std/src/sys/backtrace.rs:39:26
[INFO] [stdout]    4:     0x563fb67061c3 - core::fmt::rt::Argument::fmt::hdb6b616786b41dc1
[INFO] [stdout]                                at /rustc/6067b36314ab5eb2eb47cecc464545ba58e1ad24/library/core/src/fmt/rt.rs:177:76
[INFO] [stdout]    5:     0x563fb67061c3 - core::fmt::write::h2cc1698af7e2d686
[INFO] [stdout]                                at /rustc/6067b36314ab5eb2eb47cecc464545ba58e1ad24/library/core/src/fmt/mod.rs:1440:21
[INFO] [stdout]    6:     0x563fb66d79d3 - std::io::Write::write_fmt::hab1b4cd059a79022
[INFO] [stdout]                                at /rustc/6067b36314ab5eb2eb47cecc464545ba58e1ad24/library/std/src/io/mod.rs:1887:15
[INFO] [stdout]    7:     0x563fb66db652 - std::sys::backtrace::BacktraceLock::print::h147fe35b4ea13b08
[INFO] [stdout]                                at /rustc/6067b36314ab5eb2eb47cecc464545ba58e1ad24/library/std/src/sys/backtrace.rs:42:9
[INFO] [stdout]    8:     0x563fb66dcc2f - std::panicking::default_hook::{{closure}}::hbd44223dbdc0d208
[INFO] [stdout]                                at /rustc/6067b36314ab5eb2eb47cecc464545ba58e1ad24/library/std/src/panicking.rs:298:22
[INFO] [stdout]    9:     0x563fb66dca48 - std::panicking::default_hook::h20f81eb0576efcec
[INFO] [stdout]                                at /rustc/6067b36314ab5eb2eb47cecc464545ba58e1ad24/library/std/src/panicking.rs:322:9
[INFO] [stdout]   10:     0x563fb65309d3 - <alloc::boxed::Box<F,A> as core::ops::function::Fn<Args>>::call::hdb53814c496a4d34
[INFO] [stdout]                                at /rustc/6067b36314ab5eb2eb47cecc464545ba58e1ad24/library/alloc/src/boxed.rs:2027:9
[INFO] [stdout]   11:     0x563fb65309d3 - test::test_main::{{closure}}::hc0a4963c59427c24
[INFO] [stdout]                                at /rustc/6067b36314ab5eb2eb47cecc464545ba58e1ad24/library/test/src/lib.rs:134:21
[INFO] [stdout]   12:     0x563fb66dd723 - <alloc::boxed::Box<F,A> as core::ops::function::Fn<Args>>::call::h591b2225413a77e9
[INFO] [stdout]                                at /rustc/6067b36314ab5eb2eb47cecc464545ba58e1ad24/library/alloc/src/boxed.rs:2027:9
[INFO] [stdout]   13:     0x563fb66dd723 - std::panicking::rust_panic_with_hook::h625eea43051b2edc
[INFO] [stdout]                                at /rustc/6067b36314ab5eb2eb47cecc464545ba58e1ad24/library/std/src/panicking.rs:839:13
[INFO] [stdout]   14:     0x563fb66dd3da - std::panicking::begin_panic_handler::{{closure}}::h4f9159cfbc3f6bd3
[INFO] [stdout]                                at /rustc/6067b36314ab5eb2eb47cecc464545ba58e1ad24/library/std/src/panicking.rs:704:13
[INFO] [stdout]   15:     0x563fb66dbd09 - std::sys::backtrace::__rust_end_short_backtrace::h0390abce48353151
[INFO] [stdout]                                at /rustc/6067b36314ab5eb2eb47cecc464545ba58e1ad24/library/std/src/sys/backtrace.rs:168:18
[INFO] [stdout]   16:     0x563fb66dd06d - rust_begin_unwind
[INFO] [stdout]                                at /rustc/6067b36314ab5eb2eb47cecc464545ba58e1ad24/library/std/src/panicking.rs:695:5
[INFO] [stdout]   17:     0x563fb6704450 - core::panicking::panic_fmt::h9e7c637e9e5f29c9
[INFO] [stdout]                                at /rustc/6067b36314ab5eb2eb47cecc464545ba58e1ad24/library/core/src/panicking.rs:75:14
[INFO] [stdout]   18:     0x563fb67048c6 - core::result::unwrap_failed::h7979f09313fe1849
[INFO] [stdout]                                at /rustc/6067b36314ab5eb2eb47cecc464545ba58e1ad24/library/core/src/result.rs:1704:5
[INFO] [stdout]   19:     0x563fb64e5b72 - core::result::Result<T,E>::unwrap::h72d371287a4571cd
[INFO] [stdout]                                at /rustc/6067b36314ab5eb2eb47cecc464545ba58e1ad24/library/core/src/result.rs:1109:23
[INFO] [stdout]   20:     0x563fb64e5b72 - InfaredMotionDetector::tests::tests::test_successful_auth::hdd8b9766253e1419
[INFO] [stdout]                                at /opt/rustwide/workdir/src/tests.rs:34:37
[INFO] [stdout]   21:     0x563fb64e5527 - InfaredMotionDetector::tests::tests::test_successful_auth::{{closure}}::hce84b4d1e37edfec
[INFO] [stdout]                                at /opt/rustwide/workdir/src/tests.rs:25:30
[INFO] [stdout]   22:     0x563fb64f40c6 - core::ops::function::FnOnce::call_once::h6c9fe68ed1223a83
[INFO] [stdout]                                at /rustc/6067b36314ab5eb2eb47cecc464545ba58e1ad24/library/core/src/ops/function.rs:250:5
[INFO] [stdout]   23:     0x563fb653612b - core::ops::function::FnOnce::call_once::he27718dfdd183f43
[INFO] [stdout]                                at /rustc/6067b36314ab5eb2eb47cecc464545ba58e1ad24/library/core/src/ops/function.rs:250:5
[INFO] [stdout]   24:     0x563fb653612b - test::__rust_begin_short_backtrace::h4e84902998457a5d
[INFO] [stdout]                                at /rustc/6067b36314ab5eb2eb47cecc464545ba58e1ad24/library/test/src/lib.rs:632:18
[INFO] [stdout]   25:     0x563fb6535063 - test::run_test_in_process::{{closure}}::h7176fd18fc1feca0
[INFO] [stdout]                                at /rustc/6067b36314ab5eb2eb47cecc464545ba58e1ad24/library/test/src/lib.rs:655:60
[INFO] [stdout]   26:     0x563fb6535063 - <core::panic::unwind_safe::AssertUnwindSafe<F> as core::ops::function::FnOnce<()>>::call_once::hf79cff2a624d8cf7
[INFO] [stdout]                                at /rustc/6067b36314ab5eb2eb47cecc464545ba58e1ad24/library/core/src/panic/unwind_safe.rs:272:9
[INFO] [stdout]   27:     0x563fb6535063 - std::panicking::try::do_call::h3da0561d9ab99c25
[INFO] [stdout]                                at /rustc/6067b36314ab5eb2eb47cecc464545ba58e1ad24/library/std/src/panicking.rs:587:40
[INFO] [stdout]   28:     0x563fb6535063 - std::panicking::try::h41c9fa508bc61df6
[INFO] [stdout]                                at /rustc/6067b36314ab5eb2eb47cecc464545ba58e1ad24/library/std/src/panicking.rs:550:19
[INFO] [stdout]   29:     0x563fb6535063 - std::panic::catch_unwind::h6b3ff07bb5afad93
[INFO] [stdout]                                at /rustc/6067b36314ab5eb2eb47cecc464545ba58e1ad24/library/std/src/panic.rs:358:14
[INFO] [stdout]   30:     0x563fb6535063 - test::run_test_in_process::hc7253dd11b39b9f4
[INFO] [stdout]                                at /rustc/6067b36314ab5eb2eb47cecc464545ba58e1ad24/library/test/src/lib.rs:655:27
[INFO] [stdout]   31:     0x563fb6535063 - test::run_test::{{closure}}::hfb2007f8649c30bb
[INFO] [stdout]                                at /rustc/6067b36314ab5eb2eb47cecc464545ba58e1ad24/library/test/src/lib.rs:576:43
[INFO] [stdout]   32:     0x563fb64f8145 - test::run_test::{{closure}}::h56a17aa7a282a9f4
[INFO] [stdout]                                at /rustc/6067b36314ab5eb2eb47cecc464545ba58e1ad24/library/test/src/lib.rs:606:41
[INFO] [stdout]   33:     0x563fb64f8145 - std::sys::backtrace::__rust_begin_short_backtrace::hd2d2d2fb8e8c6aac
[INFO] [stdout]                                at /rustc/6067b36314ab5eb2eb47cecc464545ba58e1ad24/library/std/src/sys/backtrace.rs:152:18
[INFO] [stdout]   34:     0x563fb64fba2a - std::thread::Builder::spawn_unchecked_::{{closure}}::{{closure}}::h4faa3f9db6133423
[INFO] [stdout]                                at /rustc/6067b36314ab5eb2eb47cecc464545ba58e1ad24/library/std/src/thread/mod.rs:559:17
[INFO] [stdout]   35:     0x563fb64fba2a - <core::panic::unwind_safe::AssertUnwindSafe<F> as core::ops::function::FnOnce<()>>::call_once::hf2e855a36a4ea846
[INFO] [stdout]                                at /rustc/6067b36314ab5eb2eb47cecc464545ba58e1ad24/library/core/src/panic/unwind_safe.rs:272:9
[INFO] [stdout]   36:     0x563fb64fba2a - std::panicking::try::do_call::h2f73af3616c35465
[INFO] [stdout]                                at /rustc/6067b36314ab5eb2eb47cecc464545ba58e1ad24/library/std/src/panicking.rs:587:40
[INFO] [stdout]   37:     0x563fb64fba2a - std::panicking::try::hd1660ce9efadef5a
[INFO] [stdout]                                at /rustc/6067b36314ab5eb2eb47cecc464545ba58e1ad24/library/std/src/panicking.rs:550:19
[INFO] [stdout]   38:     0x563fb64fba2a - std::panic::catch_unwind::h5ee8d7823b8ca744
[INFO] [stdout]                                at /rustc/6067b36314ab5eb2eb47cecc464545ba58e1ad24/library/std/src/panic.rs:358:14
[INFO] [stdout]   39:     0x563fb64fba2a - std::thread::Builder::spawn_unchecked_::{{closure}}::h53c3a1894dce8407
[INFO] [stdout]                                at /rustc/6067b36314ab5eb2eb47cecc464545ba58e1ad24/library/std/src/thread/mod.rs:557:30
[INFO] [stdout]   40:     0x563fb64fba2a - core::ops::function::FnOnce::call_once{{vtable.shim}}::h048ce291ad4f62bf
[INFO] [stdout]                                at /rustc/6067b36314ab5eb2eb47cecc464545ba58e1ad24/library/core/src/ops/function.rs:250:5
[INFO] [stdout]   41:     0x563fb66e1a4b - <alloc::boxed::Box<F,A> as core::ops::function::FnOnce<Args>>::call_once::ha52bedf99a3b4981
[INFO] [stdout]                                at /rustc/6067b36314ab5eb2eb47cecc464545ba58e1ad24/library/alloc/src/boxed.rs:2013:9
[INFO] [stdout]   42:     0x563fb66e1a4b - <alloc::boxed::Box<F,A> as core::ops::function::FnOnce<Args>>::call_once::h567748934d80ccf8
[INFO] [stdout]                                at /rustc/6067b36314ab5eb2eb47cecc464545ba58e1ad24/library/alloc/src/boxed.rs:2013:9
[INFO] [stdout]   43:     0x563fb66e1a4b - std::sys::pal::unix::thread::Thread::new::thread_start::h2d970728ae887adc
[INFO] [stdout]                                at /rustc/6067b36314ab5eb2eb47cecc464545ba58e1ad24/library/std/src/sys/pal/unix/thread.rs:106:17
[INFO] [stdout]   44:     0x7bc9909b1ac3 - <unknown>
[INFO] [stdout]   45:     0x7bc990a42a04 - clone
[INFO] [stdout]   46:                0x0 - <unknown>
[INFO] [stdout] 
[INFO] [stdout] 
[INFO] [stdout] failures:
[INFO] [stdout]     tests::tests::test_failed_auth
[INFO] [stdout]     tests::tests::test_successful_auth
[INFO] [stdout] 
[INFO] [stdout] test result: FAILED. 1 passed; 2 failed; 0 ignored; 0 measured; 0 filtered out; finished in 0.05s
[INFO] [stdout] 
[INFO] [stderr] error: test failed, to rerun pass `--bin InfaredMotionDetector`
[INFO] running `Command { std: "docker" "inspect" "cfac65fbad09d9fa0bb0e8f75c4edee86440f61132ea0a94e30c48f19ac00767", kill_on_drop: false }`
[INFO] running `Command { std: "docker" "rm" "-f" "cfac65fbad09d9fa0bb0e8f75c4edee86440f61132ea0a94e30c48f19ac00767", kill_on_drop: false }`
[INFO] [stdout] cfac65fbad09d9fa0bb0e8f75c4edee86440f61132ea0a94e30c48f19ac00767
