[INFO] cloning repository https://github.com/GregePorter/DvorakTrainer
[INFO] running `Command { std: "git" "-c" "credential.helper=" "-c" "credential.helper=/workspace/cargo-home/bin/git-credential-null" "clone" "--bare" "https://github.com/GregePorter/DvorakTrainer" "/workspace/cache/git-repos/https%3A%2F%2Fgithub.com%2FGregePorter%2FDvorakTrainer", kill_on_drop: false }`
[INFO] [stderr] Cloning into bare repository '/workspace/cache/git-repos/https%3A%2F%2Fgithub.com%2FGregePorter%2FDvorakTrainer'...
[INFO] running `Command { std: "git" "rev-parse" "HEAD", kill_on_drop: false }`
[INFO] [stdout] 5c79d52aa24a63d622ed5b196f8bf0c7ce9c9a5a
[INFO] testing GregePorter/DvorakTrainer against nightly-2025-01-18 for randomize-layout-2
[INFO] running `Command { std: "git" "clone" "/workspace/cache/git-repos/https%3A%2F%2Fgithub.com%2FGregePorter%2FDvorakTrainer" "/workspace/builds/worker-4-tc1/source", kill_on_drop: false }`
[INFO] [stderr] Cloning into '/workspace/builds/worker-4-tc1/source'...
[INFO] [stderr] done.
[INFO] validating manifest of git repo https://github.com/GregePorter/DvorakTrainer on toolchain nightly-2025-01-18
[INFO] running `Command { std: CARGO_HOME="/workspace/cargo-home" RUSTUP_HOME="/workspace/rustup-home" "/workspace/cargo-home/bin/cargo" "+nightly-2025-01-18" "metadata" "--manifest-path" "Cargo.toml" "--no-deps", kill_on_drop: false }`
[INFO] started tweaking git repo https://github.com/GregePorter/DvorakTrainer
[INFO] finished tweaking git repo https://github.com/GregePorter/DvorakTrainer
[INFO] tweaked toml for git repo https://github.com/GregePorter/DvorakTrainer written to /workspace/builds/worker-4-tc1/source/Cargo.toml
[INFO] crate git repo https://github.com/GregePorter/DvorakTrainer already has a lockfile, it will not be regenerated
[INFO] running `Command { std: CARGO_HOME="/workspace/cargo-home" RUSTUP_HOME="/workspace/rustup-home" "/workspace/cargo-home/bin/cargo" "+nightly-2025-01-18" "fetch" "--manifest-path" "Cargo.toml", kill_on_drop: false }`
[INFO] [stderr]  Downloading crates ...
[INFO] [stderr]   Downloaded ratatui v0.28.1
[INFO] running `Command { std: "docker" "create" "-v" "/var/lib/crater-agent-workspace/builds/worker-4-tc1/target:/opt/rustwide/target:rw,Z" "-v" "/var/lib/crater-agent-workspace/builds/worker-4-tc1/source:/opt/rustwide/workdir:ro,Z" "-v" "/var/lib/crater-agent-workspace/cargo-home:/opt/rustwide/cargo-home:ro,Z" "-v" "/var/lib/crater-agent-workspace/rustup-home:/opt/rustwide/rustup-home:ro,Z" "-e" "SOURCE_DIR=/opt/rustwide/workdir" "-e" "CARGO_TARGET_DIR=/opt/rustwide/target" "-e" "CARGO_HOME=/opt/rustwide/cargo-home" "-e" "RUSTUP_HOME=/opt/rustwide/rustup-home" "-w" "/opt/rustwide/workdir" "-m" "1610612736" "--user" "0:0" "--network" "none" "ghcr.io/rust-lang/crates-build-env/linux@sha256:819108c5571ea2e421544af4d832f968d213c87fbe3707a016657f43d2f853bc" "/opt/rustwide/cargo-home/bin/cargo" "+nightly-2025-01-18" "metadata" "--no-deps" "--format-version=1", kill_on_drop: false }`
[INFO] [stdout] dc4a199d7ec4726d05e72ff10e46402365fa79c46069d4b6ba34278439a1e660
[INFO] running `Command { std: "docker" "start" "-a" "dc4a199d7ec4726d05e72ff10e46402365fa79c46069d4b6ba34278439a1e660", kill_on_drop: false }`
[INFO] running `Command { std: "docker" "inspect" "dc4a199d7ec4726d05e72ff10e46402365fa79c46069d4b6ba34278439a1e660", kill_on_drop: false }`
[INFO] running `Command { std: "docker" "rm" "-f" "dc4a199d7ec4726d05e72ff10e46402365fa79c46069d4b6ba34278439a1e660", kill_on_drop: false }`
[INFO] [stdout] dc4a199d7ec4726d05e72ff10e46402365fa79c46069d4b6ba34278439a1e660
[INFO] running `Command { std: "docker" "create" "-v" "/var/lib/crater-agent-workspace/builds/worker-4-tc1/target:/opt/rustwide/target:rw,Z" "-v" "/var/lib/crater-agent-workspace/builds/worker-4-tc1/source:/opt/rustwide/workdir:ro,Z" "-v" "/var/lib/crater-agent-workspace/cargo-home:/opt/rustwide/cargo-home:ro,Z" "-v" "/var/lib/crater-agent-workspace/rustup-home:/opt/rustwide/rustup-home:ro,Z" "-e" "SOURCE_DIR=/opt/rustwide/workdir" "-e" "CARGO_TARGET_DIR=/opt/rustwide/target" "-e" "CARGO_INCREMENTAL=0" "-e" "RUST_BACKTRACE=full" "-e" "RUSTFLAGS=--cap-lints=forbid" "-e" "RUSTDOCFLAGS=--cap-lints=forbid" "-e" "CARGO_HOME=/opt/rustwide/cargo-home" "-e" "RUSTUP_HOME=/opt/rustwide/rustup-home" "-w" "/opt/rustwide/workdir" "-m" "1610612736" "--user" "0:0" "--network" "none" "ghcr.io/rust-lang/crates-build-env/linux@sha256:819108c5571ea2e421544af4d832f968d213c87fbe3707a016657f43d2f853bc" "/opt/rustwide/cargo-home/bin/cargo" "+nightly-2025-01-18" "build" "--frozen" "--message-format=json", kill_on_drop: false }`
[INFO] [stdout] 935a66507cae41b1d6214d44a7b07098b504bc89392dd6d1224b746d26add073
[INFO] running `Command { std: "docker" "start" "-a" "935a66507cae41b1d6214d44a7b07098b504bc89392dd6d1224b746d26add073", kill_on_drop: false }`
[INFO] [stderr]    Compiling proc-macro2 v1.0.89
[INFO] [stderr]    Compiling unicode-ident v1.0.13
[INFO] [stderr]    Compiling libc v0.2.164
[INFO] [stderr]    Compiling rustversion v1.0.18
[INFO] [stderr]    Compiling strsim v0.11.1
[INFO] [stderr]    Compiling lock_api v0.4.12
[INFO] [stderr]    Compiling parking_lot_core v0.9.10
[INFO] [stderr]    Compiling ident_case v1.0.1
[INFO] [stderr]    Compiling signal-hook v0.3.17
[INFO] [stderr]    Compiling fnv v1.0.7
[INFO] [stderr]    Compiling smallvec v1.13.2
[INFO] [stderr]    Compiling rustix v0.38.41
[INFO] [stderr]    Compiling log v0.4.22
[INFO] [stderr]    Compiling foldhash v0.1.3
[INFO] [stderr]    Compiling yansi v1.0.1
[INFO] [stderr]    Compiling bitflags v2.6.0
[INFO] [stderr]    Compiling allocator-api2 v0.2.20
[INFO] [stderr]    Compiling either v1.13.0
[INFO] [stderr]    Compiling heck v0.5.0
[INFO] [stderr]    Compiling diff v0.1.13
[INFO] [stderr]    Compiling linux-raw-sys v0.4.14
[INFO] [stderr]    Compiling paste v1.0.15
[INFO] [stderr]    Compiling unicode-width v0.1.14
[INFO] [stderr]    Compiling itoa v1.0.11
[INFO] [stderr]    Compiling unicode-segmentation v1.12.0
[INFO] [stderr]    Compiling itertools v0.13.0
[INFO] [stderr]    Compiling indoc v2.0.5
[INFO] [stderr]    Compiling pretty_assertions v1.4.1
[INFO] [stderr]    Compiling ryu v1.0.18
[INFO] [stderr]    Compiling hashbrown v0.15.1
[INFO] [stderr]    Compiling castaway v0.2.3
[INFO] [stderr]    Compiling compact_str v0.8.0
[INFO] [stderr]    Compiling quote v1.0.37
[INFO] [stderr]    Compiling signal-hook-registry v1.4.2
[INFO] [stderr]    Compiling mio v1.0.2
[INFO] [stderr]    Compiling syn v2.0.87
[INFO] [stderr]    Compiling lru v0.12.5
[INFO] [stderr]    Compiling parking_lot v0.12.3
[INFO] [stderr]    Compiling signal-hook-mio v0.2.4
[INFO] [stderr]    Compiling crossterm v0.28.1
[INFO] [stderr]    Compiling unicode-truncate v1.1.0
[INFO] [stderr]    Compiling darling_core v0.20.10
[INFO] [stderr]    Compiling strum_macros v0.26.4
[INFO] [stderr]    Compiling darling_macro v0.20.10
[INFO] [stderr]    Compiling strum v0.26.3
[INFO] [stderr]    Compiling darling v0.20.10
[INFO] [stderr]    Compiling instability v0.3.3
[INFO] [stderr]    Compiling ratatui v0.28.1
[INFO] [stderr]    Compiling typing v0.1.0 (/opt/rustwide/workdir)
[INFO] [stdout] warning: associated constants `ROUND_ONE_WORDS`, `ROUND_TWO_WORDS`, `ROUND_THREE_WORDS`, `ROUND_FOUR_WORDS`, and `ROUND_FIVE_WORDS` are never used
[INFO] [stdout]    --> src/main.rs:31:11
[INFO] [stdout]     |
[INFO] [stdout] 21  | impl App {
[INFO] [stdout]     | -------- associated constants in this implementation
[INFO] [stdout] ...
[INFO] [stdout] 31  |     const ROUND_ONE_WORDS: [&'static str; 100] = [
[INFO] [stdout]     |           ^^^^^^^^^^^^^^^
[INFO] [stdout] ...
[INFO] [stdout] 43  |     const ROUND_TWO_WORDS: [&'static str; 100] = [
[INFO] [stdout]     |           ^^^^^^^^^^^^^^^
[INFO] [stdout] ...
[INFO] [stdout] 145 |     const ROUND_THREE_WORDS: [&'static str; 100] = [
[INFO] [stdout]     |           ^^^^^^^^^^^^^^^^^
[INFO] [stdout] ...
[INFO] [stdout] 247 |     const ROUND_FOUR_WORDS: [&'static str; 100] = [
[INFO] [stdout]     |           ^^^^^^^^^^^^^^^^
[INFO] [stdout] ...
[INFO] [stdout] 349 |     const ROUND_FIVE_WORDS: [&'static str; 100] = [
[INFO] [stdout]     |           ^^^^^^^^^^^^^^^^
[INFO] [stdout]     |
[INFO] [stdout]     = note: `#[warn(dead_code)]` on by default
[INFO] [stdout] 
[INFO] [stdout] 
[INFO] [stderr]     Finished `dev` profile [unoptimized + debuginfo] target(s) in 6.89s
[INFO] running `Command { std: "docker" "inspect" "935a66507cae41b1d6214d44a7b07098b504bc89392dd6d1224b746d26add073", kill_on_drop: false }`
[INFO] running `Command { std: "docker" "rm" "-f" "935a66507cae41b1d6214d44a7b07098b504bc89392dd6d1224b746d26add073", kill_on_drop: false }`
[INFO] [stdout] 935a66507cae41b1d6214d44a7b07098b504bc89392dd6d1224b746d26add073
[INFO] running `Command { std: "docker" "create" "-v" "/var/lib/crater-agent-workspace/builds/worker-4-tc1/target:/opt/rustwide/target:rw,Z" "-v" "/var/lib/crater-agent-workspace/builds/worker-4-tc1/source:/opt/rustwide/workdir:ro,Z" "-v" "/var/lib/crater-agent-workspace/cargo-home:/opt/rustwide/cargo-home:ro,Z" "-v" "/var/lib/crater-agent-workspace/rustup-home:/opt/rustwide/rustup-home:ro,Z" "-e" "SOURCE_DIR=/opt/rustwide/workdir" "-e" "CARGO_TARGET_DIR=/opt/rustwide/target" "-e" "CARGO_INCREMENTAL=0" "-e" "RUST_BACKTRACE=full" "-e" "RUSTFLAGS=--cap-lints=forbid" "-e" "RUSTDOCFLAGS=--cap-lints=forbid" "-e" "CARGO_HOME=/opt/rustwide/cargo-home" "-e" "RUSTUP_HOME=/opt/rustwide/rustup-home" "-w" "/opt/rustwide/workdir" "-m" "1610612736" "--user" "0:0" "--network" "none" "ghcr.io/rust-lang/crates-build-env/linux@sha256:819108c5571ea2e421544af4d832f968d213c87fbe3707a016657f43d2f853bc" "/opt/rustwide/cargo-home/bin/cargo" "+nightly-2025-01-18" "test" "--frozen" "--no-run" "--message-format=json", kill_on_drop: false }`
[INFO] [stdout] bfe8dc4b99aba8ca676af5ad41193131a28439af43bf1331e555ae4008b9ea18
[INFO] running `Command { std: "docker" "start" "-a" "bfe8dc4b99aba8ca676af5ad41193131a28439af43bf1331e555ae4008b9ea18", kill_on_drop: false }`
[INFO] [stderr]    Compiling typing v0.1.0 (/opt/rustwide/workdir)
[INFO] [stdout] warning: associated constants `ROUND_ONE_WORDS`, `ROUND_TWO_WORDS`, `ROUND_THREE_WORDS`, `ROUND_FOUR_WORDS`, and `ROUND_FIVE_WORDS` are never used
[INFO] [stdout]    --> src/main.rs:31:11
[INFO] [stdout]     |
[INFO] [stdout] 21  | impl App {
[INFO] [stdout]     | -------- associated constants in this implementation
[INFO] [stdout] ...
[INFO] [stdout] 31  |     const ROUND_ONE_WORDS: [&'static str; 100] = [
[INFO] [stdout]     |           ^^^^^^^^^^^^^^^
[INFO] [stdout] ...
[INFO] [stdout] 43  |     const ROUND_TWO_WORDS: [&'static str; 100] = [
[INFO] [stdout]     |           ^^^^^^^^^^^^^^^
[INFO] [stdout] ...
[INFO] [stdout] 145 |     const ROUND_THREE_WORDS: [&'static str; 100] = [
[INFO] [stdout]     |           ^^^^^^^^^^^^^^^^^
[INFO] [stdout] ...
[INFO] [stdout] 247 |     const ROUND_FOUR_WORDS: [&'static str; 100] = [
[INFO] [stdout]     |           ^^^^^^^^^^^^^^^^
[INFO] [stdout] ...
[INFO] [stdout] 349 |     const ROUND_FIVE_WORDS: [&'static str; 100] = [
[INFO] [stdout]     |           ^^^^^^^^^^^^^^^^
[INFO] [stdout]     |
[INFO] [stdout]     = note: `#[warn(dead_code)]` on by default
[INFO] [stdout] 
[INFO] [stdout] 
[INFO] [stderr]     Finished `test` profile [unoptimized + debuginfo] target(s) in 0.25s
[INFO] running `Command { std: "docker" "inspect" "bfe8dc4b99aba8ca676af5ad41193131a28439af43bf1331e555ae4008b9ea18", kill_on_drop: false }`
[INFO] running `Command { std: "docker" "rm" "-f" "bfe8dc4b99aba8ca676af5ad41193131a28439af43bf1331e555ae4008b9ea18", kill_on_drop: false }`
[INFO] [stdout] bfe8dc4b99aba8ca676af5ad41193131a28439af43bf1331e555ae4008b9ea18
[INFO] running `Command { std: "docker" "create" "-v" "/var/lib/crater-agent-workspace/builds/worker-4-tc1/target:/opt/rustwide/target:rw,Z" "-v" "/var/lib/crater-agent-workspace/builds/worker-4-tc1/source:/opt/rustwide/workdir:ro,Z" "-v" "/var/lib/crater-agent-workspace/cargo-home:/opt/rustwide/cargo-home:ro,Z" "-v" "/var/lib/crater-agent-workspace/rustup-home:/opt/rustwide/rustup-home:ro,Z" "-e" "SOURCE_DIR=/opt/rustwide/workdir" "-e" "CARGO_TARGET_DIR=/opt/rustwide/target" "-e" "CARGO_INCREMENTAL=0" "-e" "RUST_BACKTRACE=full" "-e" "RUSTFLAGS=--cap-lints=forbid" "-e" "RUSTDOCFLAGS=--cap-lints=forbid" "-e" "CARGO_HOME=/opt/rustwide/cargo-home" "-e" "RUSTUP_HOME=/opt/rustwide/rustup-home" "-w" "/opt/rustwide/workdir" "-m" "1610612736" "--user" "0:0" "--network" "none" "ghcr.io/rust-lang/crates-build-env/linux@sha256:819108c5571ea2e421544af4d832f968d213c87fbe3707a016657f43d2f853bc" "/opt/rustwide/cargo-home/bin/cargo" "+nightly-2025-01-18" "test" "--frozen", kill_on_drop: false }`
[INFO] [stdout] 2488afc0196f6d7fbab080d3c7aad47740293e687c5df22bcf0d2c2cd1313739
[INFO] running `Command { std: "docker" "start" "-a" "2488afc0196f6d7fbab080d3c7aad47740293e687c5df22bcf0d2c2cd1313739", kill_on_drop: false }`
[INFO] [stderr] warning: associated constants `ROUND_ONE_WORDS`, `ROUND_TWO_WORDS`, `ROUND_THREE_WORDS`, `ROUND_FOUR_WORDS`, and `ROUND_FIVE_WORDS` are never used
[INFO] [stderr]    --> src/main.rs:31:11
[INFO] [stderr]     |
[INFO] [stderr] 21  | impl App {
[INFO] [stderr]     | -------- associated constants in this implementation
[INFO] [stderr] ...
[INFO] [stderr] 31  |     const ROUND_ONE_WORDS: [&'static str; 100] = [
[INFO] [stderr]     |           ^^^^^^^^^^^^^^^
[INFO] [stderr] ...
[INFO] [stderr] 43  |     const ROUND_TWO_WORDS: [&'static str; 100] = [
[INFO] [stderr]     |           ^^^^^^^^^^^^^^^
[INFO] [stderr] ...
[INFO] [stderr] 145 |     const ROUND_THREE_WORDS: [&'static str; 100] = [
[INFO] [stderr]     |           ^^^^^^^^^^^^^^^^^
[INFO] [stderr] ...
[INFO] [stderr] 247 |     const ROUND_FOUR_WORDS: [&'static str; 100] = [
[INFO] [stderr]     |           ^^^^^^^^^^^^^^^^
[INFO] [stderr] ...
[INFO] [stderr] 349 |     const ROUND_FIVE_WORDS: [&'static str; 100] = [
[INFO] [stderr]     |           ^^^^^^^^^^^^^^^^
[INFO] [stderr]     |
[INFO] [stderr]     = note: `#[warn(dead_code)]` on by default
[INFO] [stderr] 
[INFO] [stderr] warning: `typing` (bin "typing" test) generated 1 warning
[INFO] [stderr]     Finished `test` profile [unoptimized + debuginfo] target(s) in 0.04s
[INFO] [stderr]      Running unittests src/main.rs (/opt/rustwide/target/debug/deps/typing-9c1edc9a8e703066)
[INFO] [stdout] 
[INFO] [stdout] running 2 tests
[INFO] [stdout] test tests::handle_key_event ... ok
[INFO] [stdout] test tests::render ... FAILED
[INFO] [stdout] 
[INFO] [stdout] failures:
[INFO] [stdout] 
[INFO] [stdout] ---- tests::render stdout ----
[INFO] [stdout] 
[INFO] [stdout] thread 'tests::render' panicked at src/main.rs:561:9:
[INFO] [stdout] assertion `left == right` failed
[INFO] [stdout]   left: Buffer {
[INFO] [stdout]     area: Rect { x: 0, y: 0, width: 50, height: 4 },
[INFO] [stdout]     content: [
[INFO] [stdout]         "┏━━━━━━━━━━━━━ Counter App Tutorial ━━━━━━━━━━━━━┓",
[INFO] [stdout]         "┃                     Value:                     ┃",
[INFO] [stdout]         "┃                                                ┃",
[INFO] [stdout]         "┗━ Decrement <Left> Increment <Right> Quit <Q> ━━┛",
[INFO] [stdout]     ],
[INFO] [stdout]     styles: [
[INFO] [stdout]         x: 0, y: 0, fg: Reset, bg: Reset, underline: Reset, modifier: NONE,
[INFO] [stdout]         x: 14, y: 0, fg: Reset, bg: Reset, underline: Reset, modifier: BOLD,
[INFO] [stdout]         x: 36, y: 0, fg: Reset, bg: Reset, underline: Reset, modifier: NONE,
[INFO] [stdout]         x: 13, y: 3, fg: Blue, bg: Reset, underline: Reset, modifier: BOLD,
[INFO] [stdout]         x: 19, y: 3, fg: Reset, bg: Reset, underline: Reset, modifier: NONE,
[INFO] [stdout]         x: 30, y: 3, fg: Blue, bg: Reset, underline: Reset, modifier: BOLD,
[INFO] [stdout]         x: 37, y: 3, fg: Reset, bg: Reset, underline: Reset, modifier: NONE,
[INFO] [stdout]         x: 43, y: 3, fg: Blue, bg: Reset, underline: Reset, modifier: BOLD,
[INFO] [stdout]         x: 47, y: 3, fg: Reset, bg: Reset, underline: Reset, modifier: NONE,
[INFO] [stdout]     ]
[INFO] [stdout] }
[INFO] [stdout]  right: Buffer {
[INFO] [stdout]     area: Rect { x: 0, y: 0, width: 50, height: 4 },
[INFO] [stdout]     content: [
[INFO] [stdout]         "┏━━━━━━━━━━━━━ Counter App Tutorial ━━━━━━━━━━━━━┓",
[INFO] [stdout]         "┃                    Value: 0                    ┃",
[INFO] [stdout]         "┃                                                ┃",
[INFO] [stdout]         "┗━ Decrement <Left> Increment <Right> Quit <Q> ━━┛",
[INFO] [stdout]     ],
[INFO] [stdout]     styles: [
[INFO] [stdout]         x: 0, y: 0, fg: Reset, bg: Reset, underline: Reset, modifier: NONE,
[INFO] [stdout]         x: 14, y: 0, fg: Reset, bg: Reset, underline: Reset, modifier: BOLD,
[INFO] [stdout]         x: 36, y: 0, fg: Reset, bg: Reset, underline: Reset, modifier: NONE,
[INFO] [stdout]         x: 28, y: 1, fg: Yellow, bg: Reset, underline: Reset, modifier: NONE,
[INFO] [stdout]         x: 29, y: 1, fg: Reset, bg: Reset, underline: Reset, modifier: NONE,
[INFO] [stdout]         x: 13, y: 3, fg: Blue, bg: Reset, underline: Reset, modifier: BOLD,
[INFO] [stdout]         x: 19, y: 3, fg: Reset, bg: Reset, underline: Reset, modifier: NONE,
[INFO] [stdout]         x: 30, y: 3, fg: Blue, bg: Reset, underline: Reset, modifier: BOLD,
[INFO] [stdout]         x: 37, y: 3, fg: Reset, bg: Reset, underline: Reset, modifier: NONE,
[INFO] [stdout]         x: 43, y: 3, fg: Blue, bg: Reset, underline: Reset, modifier: BOLD,
[INFO] [stdout]         x: 47, y: 3, fg: Reset, bg: Reset, underline: Reset, modifier: NONE,
[INFO] [stdout]     ]
[INFO] [stdout] }
[INFO] [stdout] stack backtrace:
[INFO] [stdout]    0:     0x645552afbc4a - std::backtrace_rs::backtrace::libunwind::trace::hb059275cfc8d6126
[INFO] [stdout]                                at /rustc/6067b36314ab5eb2eb47cecc464545ba58e1ad24/library/std/src/../../backtrace/src/backtrace/libunwind.rs:116:5
[INFO] [stdout]    1:     0x645552afbc4a - std::backtrace_rs::backtrace::trace_unsynchronized::h2da071e4327ce3ee
[INFO] [stdout]                                at /rustc/6067b36314ab5eb2eb47cecc464545ba58e1ad24/library/std/src/../../backtrace/src/backtrace/mod.rs:66:5
[INFO] [stdout]    2:     0x645552afbc4a - std::sys::backtrace::_print_fmt::h842a1474e6f8d23f
[INFO] [stdout]                                at /rustc/6067b36314ab5eb2eb47cecc464545ba58e1ad24/library/std/src/sys/backtrace.rs:66:9
[INFO] [stdout]    3:     0x645552afbc4a - <std::sys::backtrace::BacktraceLock::print::DisplayBacktrace as core::fmt::Display>::fmt::h71a62eb3b9696b12
[INFO] [stdout]                                at /rustc/6067b36314ab5eb2eb47cecc464545ba58e1ad24/library/std/src/sys/backtrace.rs:39:26
[INFO] [stdout]    4:     0x645552b233b3 - core::fmt::rt::Argument::fmt::hdb6b616786b41dc1
[INFO] [stdout]                                at /rustc/6067b36314ab5eb2eb47cecc464545ba58e1ad24/library/core/src/fmt/rt.rs:177:76
[INFO] [stdout]    5:     0x645552b233b3 - core::fmt::write::h2cc1698af7e2d686
[INFO] [stdout]                                at /rustc/6067b36314ab5eb2eb47cecc464545ba58e1ad24/library/core/src/fmt/mod.rs:1440:21
[INFO] [stdout]    6:     0x645552af87a3 - std::io::Write::write_fmt::hab1b4cd059a79022
[INFO] [stdout]                                at /rustc/6067b36314ab5eb2eb47cecc464545ba58e1ad24/library/std/src/io/mod.rs:1887:15
[INFO] [stdout]    7:     0x645552afba92 - std::sys::backtrace::BacktraceLock::print::h147fe35b4ea13b08
[INFO] [stdout]                                at /rustc/6067b36314ab5eb2eb47cecc464545ba58e1ad24/library/std/src/sys/backtrace.rs:42:9
[INFO] [stdout]    8:     0x645552afd06f - std::panicking::default_hook::{{closure}}::hbd44223dbdc0d208
[INFO] [stdout]                                at /rustc/6067b36314ab5eb2eb47cecc464545ba58e1ad24/library/std/src/panicking.rs:298:22
[INFO] [stdout]    9:     0x645552afce88 - std::panicking::default_hook::h20f81eb0576efcec
[INFO] [stdout]                                at /rustc/6067b36314ab5eb2eb47cecc464545ba58e1ad24/library/std/src/panicking.rs:322:9
[INFO] [stdout]   10:     0x645552a95b13 - <alloc::boxed::Box<F,A> as core::ops::function::Fn<Args>>::call::hdb53814c496a4d34
[INFO] [stdout]                                at /rustc/6067b36314ab5eb2eb47cecc464545ba58e1ad24/library/alloc/src/boxed.rs:2027:9
[INFO] [stdout]   11:     0x645552a95b13 - test::test_main::{{closure}}::hc0a4963c59427c24
[INFO] [stdout]                                at /rustc/6067b36314ab5eb2eb47cecc464545ba58e1ad24/library/test/src/lib.rs:134:21
[INFO] [stdout]   12:     0x645552afdb63 - <alloc::boxed::Box<F,A> as core::ops::function::Fn<Args>>::call::h591b2225413a77e9
[INFO] [stdout]                                at /rustc/6067b36314ab5eb2eb47cecc464545ba58e1ad24/library/alloc/src/boxed.rs:2027:9
[INFO] [stdout]   13:     0x645552afdb63 - std::panicking::rust_panic_with_hook::h625eea43051b2edc
[INFO] [stdout]                                at /rustc/6067b36314ab5eb2eb47cecc464545ba58e1ad24/library/std/src/panicking.rs:839:13
[INFO] [stdout]   14:     0x645552afd81a - std::panicking::begin_panic_handler::{{closure}}::h4f9159cfbc3f6bd3
[INFO] [stdout]                                at /rustc/6067b36314ab5eb2eb47cecc464545ba58e1ad24/library/std/src/panicking.rs:704:13
[INFO] [stdout]   15:     0x645552afc149 - std::sys::backtrace::__rust_end_short_backtrace::h0390abce48353151
[INFO] [stdout]                                at /rustc/6067b36314ab5eb2eb47cecc464545ba58e1ad24/library/std/src/sys/backtrace.rs:168:18
[INFO] [stdout]   16:     0x645552afd4ad - rust_begin_unwind
[INFO] [stdout]                                at /rustc/6067b36314ab5eb2eb47cecc464545ba58e1ad24/library/std/src/panicking.rs:695:5
[INFO] [stdout]   17:     0x645552b21d90 - core::panicking::panic_fmt::h9e7c637e9e5f29c9
[INFO] [stdout]                                at /rustc/6067b36314ab5eb2eb47cecc464545ba58e1ad24/library/core/src/panicking.rs:75:14
[INFO] [stdout]   18:     0x645552b22182 - core::panicking::assert_failed_inner::h538bec7c1374cd9c
[INFO] [stdout]   19:     0x645552a57ce1 - core::panicking::assert_failed::h1201962c56fc5b57
[INFO] [stdout]                                at /rustc/6067b36314ab5eb2eb47cecc464545ba58e1ad24/library/core/src/panicking.rs:364:5
[INFO] [stdout]   20:     0x645552a5b6ed - typing::tests::render::h18d60566e7ddcb9e
[INFO] [stdout]                                at /opt/rustwide/workdir/src/main.rs:561:9
[INFO] [stdout]   21:     0x645552a5b167 - typing::tests::render::{{closure}}::h5232a0f0cb2cea45
[INFO] [stdout]                                at /opt/rustwide/workdir/src/main.rs:540:16
[INFO] [stdout]   22:     0x645552a57136 - core::ops::function::FnOnce::call_once::ha35dc4ae4232bec8
[INFO] [stdout]                                at /rustc/6067b36314ab5eb2eb47cecc464545ba58e1ad24/library/core/src/ops/function.rs:250:5
[INFO] [stdout]   23:     0x645552a9b26b - core::ops::function::FnOnce::call_once::he27718dfdd183f43
[INFO] [stdout]                                at /rustc/6067b36314ab5eb2eb47cecc464545ba58e1ad24/library/core/src/ops/function.rs:250:5
[INFO] [stdout]   24:     0x645552a9b26b - test::__rust_begin_short_backtrace::h4e84902998457a5d
[INFO] [stdout]                                at /rustc/6067b36314ab5eb2eb47cecc464545ba58e1ad24/library/test/src/lib.rs:632:18
[INFO] [stdout]   25:     0x645552a9a1a3 - test::run_test_in_process::{{closure}}::h7176fd18fc1feca0
[INFO] [stdout]                                at /rustc/6067b36314ab5eb2eb47cecc464545ba58e1ad24/library/test/src/lib.rs:655:60
[INFO] [stdout]   26:     0x645552a9a1a3 - <core::panic::unwind_safe::AssertUnwindSafe<F> as core::ops::function::FnOnce<()>>::call_once::hf79cff2a624d8cf7
[INFO] [stdout]                                at /rustc/6067b36314ab5eb2eb47cecc464545ba58e1ad24/library/core/src/panic/unwind_safe.rs:272:9
[INFO] [stdout]   27:     0x645552a9a1a3 - std::panicking::try::do_call::h3da0561d9ab99c25
[INFO] [stdout]                                at /rustc/6067b36314ab5eb2eb47cecc464545ba58e1ad24/library/std/src/panicking.rs:587:40
[INFO] [stdout]   28:     0x645552a9a1a3 - std::panicking::try::h41c9fa508bc61df6
[INFO] [stdout]                                at /rustc/6067b36314ab5eb2eb47cecc464545ba58e1ad24/library/std/src/panicking.rs:550:19
[INFO] [stdout]   29:     0x645552a9a1a3 - std::panic::catch_unwind::h6b3ff07bb5afad93
[INFO] [stdout]                                at /rustc/6067b36314ab5eb2eb47cecc464545ba58e1ad24/library/std/src/panic.rs:358:14
[INFO] [stdout]   30:     0x645552a9a1a3 - test::run_test_in_process::hc7253dd11b39b9f4
[INFO] [stdout]                                at /rustc/6067b36314ab5eb2eb47cecc464545ba58e1ad24/library/test/src/lib.rs:655:27
[INFO] [stdout]   31:     0x645552a9a1a3 - test::run_test::{{closure}}::hfb2007f8649c30bb
[INFO] [stdout]                                at /rustc/6067b36314ab5eb2eb47cecc464545ba58e1ad24/library/test/src/lib.rs:576:43
[INFO] [stdout]   32:     0x645552a5d285 - test::run_test::{{closure}}::h56a17aa7a282a9f4
[INFO] [stdout]                                at /rustc/6067b36314ab5eb2eb47cecc464545ba58e1ad24/library/test/src/lib.rs:606:41
[INFO] [stdout]   33:     0x645552a5d285 - std::sys::backtrace::__rust_begin_short_backtrace::hd2d2d2fb8e8c6aac
[INFO] [stdout]                                at /rustc/6067b36314ab5eb2eb47cecc464545ba58e1ad24/library/std/src/sys/backtrace.rs:152:18
[INFO] [stdout]   34:     0x645552a60b6a - std::thread::Builder::spawn_unchecked_::{{closure}}::{{closure}}::h4faa3f9db6133423
[INFO] [stdout]                                at /rustc/6067b36314ab5eb2eb47cecc464545ba58e1ad24/library/std/src/thread/mod.rs:559:17
[INFO] [stdout]   35:     0x645552a60b6a - <core::panic::unwind_safe::AssertUnwindSafe<F> as core::ops::function::FnOnce<()>>::call_once::hf2e855a36a4ea846
[INFO] [stdout]                                at /rustc/6067b36314ab5eb2eb47cecc464545ba58e1ad24/library/core/src/panic/unwind_safe.rs:272:9
[INFO] [stdout]   36:     0x645552a60b6a - std::panicking::try::do_call::h2f73af3616c35465
[INFO] [stdout]                                at /rustc/6067b36314ab5eb2eb47cecc464545ba58e1ad24/library/std/src/panicking.rs:587:40
[INFO] [stdout]   37:     0x645552a60b6a - std::panicking::try::hd1660ce9efadef5a
[INFO] [stdout]                                at /rustc/6067b36314ab5eb2eb47cecc464545ba58e1ad24/library/std/src/panicking.rs:550:19
[INFO] [stdout]   38:     0x645552a60b6a - std::panic::catch_unwind::h5ee8d7823b8ca744
[INFO] [stdout]                                at /rustc/6067b36314ab5eb2eb47cecc464545ba58e1ad24/library/std/src/panic.rs:358:14
[INFO] [stdout]   39:     0x645552a60b6a - std::thread::Builder::spawn_unchecked_::{{closure}}::h53c3a1894dce8407
[INFO] [stdout]                                at /rustc/6067b36314ab5eb2eb47cecc464545ba58e1ad24/library/std/src/thread/mod.rs:557:30
[INFO] [stdout]   40:     0x645552a60b6a - core::ops::function::FnOnce::call_once{{vtable.shim}}::h048ce291ad4f62bf
[INFO] [stdout]                                at /rustc/6067b36314ab5eb2eb47cecc464545ba58e1ad24/library/core/src/ops/function.rs:250:5
[INFO] [stdout]   41:     0x645552b01a9b - <alloc::boxed::Box<F,A> as core::ops::function::FnOnce<Args>>::call_once::ha52bedf99a3b4981
[INFO] [stdout]                                at /rustc/6067b36314ab5eb2eb47cecc464545ba58e1ad24/library/alloc/src/boxed.rs:2013:9
[INFO] [stdout]   42:     0x645552b01a9b - <alloc::boxed::Box<F,A> as core::ops::function::FnOnce<Args>>::call_once::h567748934d80ccf8
[INFO] [stdout]                                at /rustc/6067b36314ab5eb2eb47cecc464545ba58e1ad24/library/alloc/src/boxed.rs:2013:9
[INFO] [stdout]   43:     0x645552b01a9b - std::sys::pal::unix::thread::Thread::new::thread_start::h2d970728ae887adc
[INFO] [stdout]                                at /rustc/6067b36314ab5eb2eb47cecc464545ba58e1ad24/library/std/src/sys/pal/unix/thread.rs:106:17
[INFO] [stdout]   44:     0x7a68abca2ac3 - <unknown>
[INFO] [stdout]   45:     0x7a68abd33a04 - clone
[INFO] [stdout]   46:                0x0 - <unknown>
[INFO] [stdout] 
[INFO] [stdout] 
[INFO] [stdout] failures:
[INFO] [stdout]     tests::render
[INFO] [stdout] 
[INFO] [stdout] test result: FAILED. 1 passed; 1 failed; 0 ignored; 0 measured; 0 filtered out; finished in 0.02s
[INFO] [stdout] 
[INFO] [stderr] error: test failed, to rerun pass `--bin typing`
[INFO] running `Command { std: "docker" "inspect" "2488afc0196f6d7fbab080d3c7aad47740293e687c5df22bcf0d2c2cd1313739", kill_on_drop: false }`
[INFO] running `Command { std: "docker" "rm" "-f" "2488afc0196f6d7fbab080d3c7aad47740293e687c5df22bcf0d2c2cd1313739", kill_on_drop: false }`
[INFO] [stdout] 2488afc0196f6d7fbab080d3c7aad47740293e687c5df22bcf0d2c2cd1313739
