[INFO] cloning repository https://github.com/GrayJack/bitflag-attr
[INFO] running `Command { std: "git" "-c" "credential.helper=" "-c" "credential.helper=/workspace/cargo-home/bin/git-credential-null" "clone" "--bare" "https://github.com/GrayJack/bitflag-attr" "/workspace/cache/git-repos/https%3A%2F%2Fgithub.com%2FGrayJack%2Fbitflag-attr", kill_on_drop: false }`
[INFO] [stderr] Cloning into bare repository '/workspace/cache/git-repos/https%3A%2F%2Fgithub.com%2FGrayJack%2Fbitflag-attr'...
[INFO] running `Command { std: "git" "rev-parse" "HEAD", kill_on_drop: false }`
[INFO] [stdout] e62c4ddbb979fa452db3380c3fa738cba92b299d
[INFO] testing GrayJack/bitflag-attr against nightly-2025-01-18 for randomize-layout-2
[INFO] running `Command { std: "git" "clone" "/workspace/cache/git-repos/https%3A%2F%2Fgithub.com%2FGrayJack%2Fbitflag-attr" "/workspace/builds/worker-1-tc1/source", kill_on_drop: false }`
[INFO] [stderr] Cloning into '/workspace/builds/worker-1-tc1/source'...
[INFO] [stderr] done.
[INFO] validating manifest of git repo https://github.com/GrayJack/bitflag-attr on toolchain nightly-2025-01-18
[INFO] running `Command { std: CARGO_HOME="/workspace/cargo-home" RUSTUP_HOME="/workspace/rustup-home" "/workspace/cargo-home/bin/cargo" "+nightly-2025-01-18" "metadata" "--manifest-path" "Cargo.toml" "--no-deps", kill_on_drop: false }`
[INFO] started tweaking git repo https://github.com/GrayJack/bitflag-attr
[INFO] removed 0 missing examples
[INFO] removed 0 missing tests
[INFO] finished tweaking git repo https://github.com/GrayJack/bitflag-attr
[INFO] tweaked toml for git repo https://github.com/GrayJack/bitflag-attr written to /workspace/builds/worker-1-tc1/source/Cargo.toml
[INFO] crate git repo https://github.com/GrayJack/bitflag-attr already has a lockfile, it will not be regenerated
[INFO] running `Command { std: CARGO_HOME="/workspace/cargo-home" RUSTUP_HOME="/workspace/rustup-home" "/workspace/cargo-home/bin/cargo" "+nightly-2025-01-18" "fetch" "--manifest-path" "Cargo.toml", kill_on_drop: false }`
[INFO] [stderr]     Updating crates.io index
[INFO] [stderr]  Downloading crates ...
[INFO] [stderr]   Downloaded target-triple v0.1.3
[INFO] [stderr]   Downloaded trybuild v1.0.101
[INFO] running `Command { std: "docker" "create" "-v" "/var/lib/crater-agent-workspace/builds/worker-1-tc1/target:/opt/rustwide/target:rw,Z" "-v" "/var/lib/crater-agent-workspace/builds/worker-1-tc1/source:/opt/rustwide/workdir:ro,Z" "-v" "/var/lib/crater-agent-workspace/cargo-home:/opt/rustwide/cargo-home:ro,Z" "-v" "/var/lib/crater-agent-workspace/rustup-home:/opt/rustwide/rustup-home:ro,Z" "-e" "SOURCE_DIR=/opt/rustwide/workdir" "-e" "CARGO_TARGET_DIR=/opt/rustwide/target" "-e" "CARGO_HOME=/opt/rustwide/cargo-home" "-e" "RUSTUP_HOME=/opt/rustwide/rustup-home" "-w" "/opt/rustwide/workdir" "-m" "1610612736" "--user" "0:0" "--network" "none" "ghcr.io/rust-lang/crates-build-env/linux@sha256:819108c5571ea2e421544af4d832f968d213c87fbe3707a016657f43d2f853bc" "/opt/rustwide/cargo-home/bin/cargo" "+nightly-2025-01-18" "metadata" "--no-deps" "--format-version=1", kill_on_drop: false }`
[INFO] [stdout] 292de2d9663a5ca956744dadad75c6f77edbbf0fd00770cf2dfb36e7df2395a5
[INFO] running `Command { std: "docker" "start" "-a" "292de2d9663a5ca956744dadad75c6f77edbbf0fd00770cf2dfb36e7df2395a5", kill_on_drop: false }`
[INFO] running `Command { std: "docker" "inspect" "292de2d9663a5ca956744dadad75c6f77edbbf0fd00770cf2dfb36e7df2395a5", kill_on_drop: false }`
[INFO] running `Command { std: "docker" "rm" "-f" "292de2d9663a5ca956744dadad75c6f77edbbf0fd00770cf2dfb36e7df2395a5", kill_on_drop: false }`
[INFO] [stdout] 292de2d9663a5ca956744dadad75c6f77edbbf0fd00770cf2dfb36e7df2395a5
[INFO] running `Command { std: "docker" "create" "-v" "/var/lib/crater-agent-workspace/builds/worker-1-tc1/target:/opt/rustwide/target:rw,Z" "-v" "/var/lib/crater-agent-workspace/builds/worker-1-tc1/source:/opt/rustwide/workdir:ro,Z" "-v" "/var/lib/crater-agent-workspace/cargo-home:/opt/rustwide/cargo-home:ro,Z" "-v" "/var/lib/crater-agent-workspace/rustup-home:/opt/rustwide/rustup-home:ro,Z" "-e" "SOURCE_DIR=/opt/rustwide/workdir" "-e" "CARGO_TARGET_DIR=/opt/rustwide/target" "-e" "CARGO_INCREMENTAL=0" "-e" "RUST_BACKTRACE=full" "-e" "RUSTFLAGS=--cap-lints=forbid" "-e" "RUSTDOCFLAGS=--cap-lints=forbid" "-e" "CARGO_HOME=/opt/rustwide/cargo-home" "-e" "RUSTUP_HOME=/opt/rustwide/rustup-home" "-w" "/opt/rustwide/workdir" "-m" "1610612736" "--user" "0:0" "--network" "none" "ghcr.io/rust-lang/crates-build-env/linux@sha256:819108c5571ea2e421544af4d832f968d213c87fbe3707a016657f43d2f853bc" "/opt/rustwide/cargo-home/bin/cargo" "+nightly-2025-01-18" "build" "--frozen" "--message-format=json", kill_on_drop: false }`
[INFO] [stdout] 5b983aa40e0adfc57ccca1dfa0c37154df71da90982a4fc9d15c242c0e438221
[INFO] running `Command { std: "docker" "start" "-a" "5b983aa40e0adfc57ccca1dfa0c37154df71da90982a4fc9d15c242c0e438221", kill_on_drop: false }`
[INFO] [stderr]    Compiling proc-macro2 v1.0.93
[INFO] [stderr]    Compiling unicode-ident v1.0.14
[INFO] [stderr]    Compiling quote v1.0.38
[INFO] [stderr]    Compiling syn v2.0.96
[INFO] [stderr]    Compiling bitflags-attr-macros v0.9.0 (/opt/rustwide/workdir/bitflags-attr-macros)
[INFO] [stderr]    Compiling bitflag-attr v0.9.0 (/opt/rustwide/workdir)
[INFO] [stderr]     Finished `dev` profile [unoptimized + debuginfo] target(s) in 4.90s
[INFO] running `Command { std: "docker" "inspect" "5b983aa40e0adfc57ccca1dfa0c37154df71da90982a4fc9d15c242c0e438221", kill_on_drop: false }`
[INFO] running `Command { std: "docker" "rm" "-f" "5b983aa40e0adfc57ccca1dfa0c37154df71da90982a4fc9d15c242c0e438221", kill_on_drop: false }`
[INFO] [stdout] 5b983aa40e0adfc57ccca1dfa0c37154df71da90982a4fc9d15c242c0e438221
[INFO] running `Command { std: "docker" "create" "-v" "/var/lib/crater-agent-workspace/builds/worker-1-tc1/target:/opt/rustwide/target:rw,Z" "-v" "/var/lib/crater-agent-workspace/builds/worker-1-tc1/source:/opt/rustwide/workdir:ro,Z" "-v" "/var/lib/crater-agent-workspace/cargo-home:/opt/rustwide/cargo-home:ro,Z" "-v" "/var/lib/crater-agent-workspace/rustup-home:/opt/rustwide/rustup-home:ro,Z" "-e" "SOURCE_DIR=/opt/rustwide/workdir" "-e" "CARGO_TARGET_DIR=/opt/rustwide/target" "-e" "CARGO_INCREMENTAL=0" "-e" "RUST_BACKTRACE=full" "-e" "RUSTFLAGS=--cap-lints=forbid" "-e" "RUSTDOCFLAGS=--cap-lints=forbid" "-e" "CARGO_HOME=/opt/rustwide/cargo-home" "-e" "RUSTUP_HOME=/opt/rustwide/rustup-home" "-w" "/opt/rustwide/workdir" "-m" "1610612736" "--user" "0:0" "--network" "none" "ghcr.io/rust-lang/crates-build-env/linux@sha256:819108c5571ea2e421544af4d832f968d213c87fbe3707a016657f43d2f853bc" "/opt/rustwide/cargo-home/bin/cargo" "+nightly-2025-01-18" "test" "--frozen" "--no-run" "--message-format=json", kill_on_drop: false }`
[INFO] [stdout] 08e00e9f0cf5ef6586ee363de21ac5a875055be65d7bcbdb1c3ae1d80ce07193
[INFO] running `Command { std: "docker" "start" "-a" "08e00e9f0cf5ef6586ee363de21ac5a875055be65d7bcbdb1c3ae1d80ce07193", kill_on_drop: false }`
[INFO] [stderr]    Compiling serde v1.0.217
[INFO] [stderr]    Compiling hashbrown v0.15.2
[INFO] [stderr]    Compiling winnow v0.6.24
[INFO] [stderr]    Compiling target-triple v0.1.3
[INFO] [stderr]    Compiling serde_json v1.0.135
[INFO] [stderr]    Compiling memchr v2.7.4
[INFO] [stderr]    Compiling itoa v1.0.14
[INFO] [stderr]    Compiling syn v2.0.96
[INFO] [stderr]    Compiling glob v0.3.2
[INFO] [stderr]    Compiling termcolor v1.4.1
[INFO] [stderr]    Compiling bytemuck v1.21.0
[INFO] [stderr]    Compiling arbitrary v1.4.1
[INFO] [stderr]    Compiling indexmap v2.7.0
[INFO] [stderr]    Compiling serde_derive v1.0.217
[INFO] [stderr]    Compiling bitflags-attr-macros v0.9.0 (/opt/rustwide/workdir/bitflags-attr-macros)
[INFO] [stderr]    Compiling serde_spanned v0.6.8
[INFO] [stderr]    Compiling toml_datetime v0.6.8
[INFO] [stderr]    Compiling toml_edit v0.22.22
[INFO] [stderr]    Compiling bitflag-attr v0.9.0 (/opt/rustwide/workdir)
[INFO] [stderr]    Compiling toml v0.8.19
[INFO] [stderr]    Compiling trybuild v1.0.101
[INFO] [stderr]     Finished `test` profile [unoptimized + debuginfo] target(s) in 11.56s
[INFO] running `Command { std: "docker" "inspect" "08e00e9f0cf5ef6586ee363de21ac5a875055be65d7bcbdb1c3ae1d80ce07193", kill_on_drop: false }`
[INFO] running `Command { std: "docker" "rm" "-f" "08e00e9f0cf5ef6586ee363de21ac5a875055be65d7bcbdb1c3ae1d80ce07193", kill_on_drop: false }`
[INFO] [stdout] 08e00e9f0cf5ef6586ee363de21ac5a875055be65d7bcbdb1c3ae1d80ce07193
[INFO] running `Command { std: "docker" "create" "-v" "/var/lib/crater-agent-workspace/builds/worker-1-tc1/target:/opt/rustwide/target:rw,Z" "-v" "/var/lib/crater-agent-workspace/builds/worker-1-tc1/source:/opt/rustwide/workdir:ro,Z" "-v" "/var/lib/crater-agent-workspace/cargo-home:/opt/rustwide/cargo-home:ro,Z" "-v" "/var/lib/crater-agent-workspace/rustup-home:/opt/rustwide/rustup-home:ro,Z" "-e" "SOURCE_DIR=/opt/rustwide/workdir" "-e" "CARGO_TARGET_DIR=/opt/rustwide/target" "-e" "CARGO_INCREMENTAL=0" "-e" "RUST_BACKTRACE=full" "-e" "RUSTFLAGS=--cap-lints=forbid" "-e" "RUSTDOCFLAGS=--cap-lints=forbid" "-e" "CARGO_HOME=/opt/rustwide/cargo-home" "-e" "RUSTUP_HOME=/opt/rustwide/rustup-home" "-w" "/opt/rustwide/workdir" "-m" "1610612736" "--user" "0:0" "--network" "none" "ghcr.io/rust-lang/crates-build-env/linux@sha256:819108c5571ea2e421544af4d832f968d213c87fbe3707a016657f43d2f853bc" "/opt/rustwide/cargo-home/bin/cargo" "+nightly-2025-01-18" "test" "--frozen", kill_on_drop: false }`
[INFO] [stdout] 1760761919a212effb67e751188ebf759fb3878f14d669a3007691d554087c5d
[INFO] running `Command { std: "docker" "start" "-a" "1760761919a212effb67e751188ebf759fb3878f14d669a3007691d554087c5d", kill_on_drop: false }`
[INFO] [stderr]     Finished `test` profile [unoptimized + debuginfo] target(s) in 0.11s
[INFO] [stderr]      Running unittests src/lib.rs (/opt/rustwide/target/debug/deps/bitflag_attr-4705cf9d4e18ff17)
[INFO] [stdout] 
[INFO] [stdout] running 0 tests
[INFO] [stdout] 
[INFO] [stdout] test result: ok. 0 passed; 0 failed; 0 ignored; 0 measured; 0 filtered out; finished in 0.00s
[INFO] [stdout] 
[INFO] [stderr]      Running tests/bitflags.rs (/opt/rustwide/target/debug/deps/bitflags_imported_tests-5287503cd4dbf4de)
[INFO] [stdout] 
[INFO] [stdout] running 45 tests
[INFO] [stdout] test all::cases ... ok
[INFO] [stdout] test bitflag_match::test_and_operations ... ok
[INFO] [stdout] test bitflag_match::test_complex_operations ... ok
[INFO] [stdout] test bitflag_match::test_or_operations ... ok
[INFO] [stdout] test bitflag_match::test_empty_and_full_flags ... ok
[INFO] [stdout] test bitflag_match::test_single_flags ... ok
[INFO] [stdout] test bitflag_match::test_xor_operations ... ok
[INFO] [stdout] test bits::cases ... ok
[INFO] [stdout] test complement::cases ... ok
[INFO] [stdout] test difference::cases ... ok
[INFO] [stdout] test contains::cases ... ok
[INFO] [stdout] test empty::cases ... ok
[INFO] [stdout] test eq::cases ... ok
[INFO] [stdout] test flags::cases ... ok
[INFO] [stdout] test extend::external::cases ... ok
[INFO] [stdout] test from_bits_truncate::cases ... ok
[INFO] [stdout] test flags::external::cases ... ok
[INFO] [stdout] test extend::cases ... ok
[INFO] [stdout] test from_bits_retain::cases ... ok
[INFO] [stdout] test from_name::cases ... ok
[INFO] [stdout] test intersection::cases ... ok
[INFO] [stdout] test intersects::cases ... ok
[INFO] [stdout] test is_all::cases ... ok
[INFO] [stdout] test is_empty::cases ... ok
[INFO] [stdout] test iter::collect::cases ... ok
[INFO] [stdout] test iter::iter_names::cases ... ok
[INFO] [stdout] test iter::iter::cases ... ok
[INFO] [stdout] test parser::from_text::invalid ... ok
[INFO] [stdout] test parser::from_text_strict::invalid ... ok
[INFO] [stdout] test parser::from_text::valid ... ok
[INFO] [stdout] test parser::from_text_strict::valid ... ok
[INFO] [stdout] test parser::from_text_truncate::valid ... ok
[INFO] [stdout] test fmt::cases ... ok
[INFO] [stdout] test parser::to_writer::cases ... ok
[INFO] [stdout] test parser::to_writer_strict::cases ... ok
[INFO] [stdout] test symmetric_difference::cases ... ok
[INFO] [stdout] test parser::to_writer_truncate::cases ... ok
[INFO] [stdout] test truncate::cases ... ok
[INFO] [stdout] test union::cases ... ok
[INFO] [stdout] test unknown::cases ... ok
[INFO] [stdout] test from_bits::cases ... ok
[INFO] [stdout] test iter::roundtrip ... ok
[INFO] [stdout] test parser::roundtrip_truncate ... ok
[INFO] [stdout] test parser::roundtrip_strict ... ok
[INFO] [stdout] test parser::roundtrip ... ok
[INFO] [stdout] 
[INFO] [stdout] test result: ok. 45 passed; 0 failed; 0 ignored; 0 measured; 0 filtered out; finished in 0.36s
[INFO] [stdout] 
[INFO] [stderr]      Running tests/api.rs (/opt/rustwide/target/debug/deps/generated_api_tests-cd3dccae580ea23a)
[INFO] [stdout] 
[INFO] [stdout] running 13 tests
[INFO] [stdout] test complement_works ... ok
[INFO] [stderr]      Running tests/progress.rs (/opt/rustwide/target/debug/deps/tests-07133fad18ab6aeb)
[INFO] [stdout] test constructors_works ... ok
[INFO] [stdout] test contains_works ... ok
[INFO] [stdout] test difference_works ... ok
[INFO] [stdout] test intersection_works ... ok
[INFO] [stdout] test intersects_works ... ok
[INFO] [stdout] test derived_default ... ok
[INFO] [stdout] test set_works ... ok
[INFO] [stdout] test symmetric_difference_works ... ok
[INFO] [stdout] test truncated_works ... ok
[INFO] [stdout] test union_works ... ok
[INFO] [stdout] test unset_works ... ok
[INFO] [stdout] test toggle_works ... ok
[INFO] [stdout] 
[INFO] [stdout] test result: ok. 13 passed; 0 failed; 0 ignored; 0 measured; 0 filtered out; finished in 0.01s
[INFO] [stdout] 
[INFO] [stdout] 
[INFO] [stdout] running 1 test
[INFO] [stderr]    Compiling proc-macro2 v1.0.93
[INFO] [stderr]    Compiling unicode-ident v1.0.14
[INFO] [stderr]    Compiling serde v1.0.217
[INFO] [stderr]    Compiling bytemuck v1.21.0
[INFO] [stderr]    Compiling arbitrary v1.4.1
[INFO] [stderr]    Compiling quote v1.0.38
[INFO] [stderr]    Compiling syn v2.0.96
[INFO] [stderr]    Compiling bitflags-attr-macros v0.9.0 (/opt/rustwide/workdir/bitflags-attr-macros)
[INFO] [stderr]    Compiling bitflag-attr v0.9.0 (/opt/rustwide/workdir)
[INFO] [stderr]    Compiling bitflag-attr-tests v0.0.0 (/opt/rustwide/target/tests/trybuild/bitflag-attr)
[INFO] [stderr]     Finished `dev` profile [unoptimized + debuginfo] target(s) in 7.52s
[INFO] [stderr] 
[INFO] [stderr] 
[INFO] [stderr] test tests/00-smoke [should pass] ... ok
[INFO] [stderr] test tests/01-invalid_type [should fail to compile] ... ok
[INFO] [stderr] test tests/02-no_value [should fail to compile] ... ok
[INFO] [stderr] test tests/03-too_many_args [should fail to compile] ... ok
[INFO] [stderr] test tests/04-repetitive_args [should fail to compile] ... ok
[INFO] [stderr] test tests/05-no_std [should pass] ... error
[INFO] [stderr] ┈┈┈┈┈┈┈┈┈┈┈┈┈┈┈┈┈┈┈┈┈┈┈┈┈┈┈┈┈┈┈┈┈┈┈┈┈┈┈┈┈┈┈┈┈┈┈┈┈┈┈┈┈┈┈┈┈┈┈┈
[INFO] [stderr] error: `#[panic_handler]` function required, but not found
[INFO] [stderr] 
[INFO] [stderr] error: unwinding panics are not supported without std
[INFO] [stderr]   |
[INFO] [stderr]   = help: using nightly cargo, use -Zbuild-std with panic="abort" to avoid unwinding
[INFO] [stderr]   = note: since the core library is usually precompiled with panic="unwind", rebuilding your crate with panic="abort" may not be enough to fix the problem
[INFO] [stderr] ┈┈┈┈┈┈┈┈┈┈┈┈┈┈┈┈┈┈┈┈┈┈┈┈┈┈┈┈┈┈┈┈┈┈┈┈┈┈┈┈┈┈┈┈┈┈┈┈┈┈┈┈┈┈┈┈┈┈┈┈
[INFO] [stderr] 
[INFO] [stderr] test tests/06-invalid_repr [should fail to compile] ... ok
[INFO] [stderr] 
[INFO] [stderr] 
[INFO] [stdout] test tests ... FAILED
[INFO] [stdout] 
[INFO] [stdout] failures:
[INFO] [stdout] 
[INFO] [stdout] ---- tests stdout ----
[INFO] [stdout] 
[INFO] [stdout] thread 'tests' panicked at /opt/rustwide/cargo-home/registry/src/index.crates.io-1949cf8c6b5b557f/trybuild-1.0.101/src/run.rs:101:13:
[INFO] [stdout] 1 of 7 tests failed
[INFO] [stdout] stack backtrace:
[INFO] [stdout]    0:     0x558f06011a9a - std::backtrace_rs::backtrace::libunwind::trace::hb059275cfc8d6126
[INFO] [stdout]                                at /rustc/6067b36314ab5eb2eb47cecc464545ba58e1ad24/library/std/src/../../backtrace/src/backtrace/libunwind.rs:116:5
[INFO] [stdout]    1:     0x558f06011a9a - std::backtrace_rs::backtrace::trace_unsynchronized::h2da071e4327ce3ee
[INFO] [stdout]                                at /rustc/6067b36314ab5eb2eb47cecc464545ba58e1ad24/library/std/src/../../backtrace/src/backtrace/mod.rs:66:5
[INFO] [stdout]    2:     0x558f06011a9a - std::sys::backtrace::_print_fmt::h842a1474e6f8d23f
[INFO] [stdout]                                at /rustc/6067b36314ab5eb2eb47cecc464545ba58e1ad24/library/std/src/sys/backtrace.rs:66:9
[INFO] [stdout]    3:     0x558f06011a9a - <std::sys::backtrace::BacktraceLock::print::DisplayBacktrace as core::fmt::Display>::fmt::h71a62eb3b9696b12
[INFO] [stdout]                                at /rustc/6067b36314ab5eb2eb47cecc464545ba58e1ad24/library/std/src/sys/backtrace.rs:39:26
[INFO] [stdout]    4:     0x558f0603d5c3 - core::fmt::rt::Argument::fmt::hdb6b616786b41dc1
[INFO] [stdout]                                at /rustc/6067b36314ab5eb2eb47cecc464545ba58e1ad24/library/core/src/fmt/rt.rs:177:76
[INFO] [stdout]    5:     0x558f0603d5c3 - core::fmt::write::h2cc1698af7e2d686
[INFO] [stdout]                                at /rustc/6067b36314ab5eb2eb47cecc464545ba58e1ad24/library/core/src/fmt/mod.rs:1440:21
[INFO] [stdout]    6:     0x558f0600d9c3 - std::io::Write::write_fmt::hab1b4cd059a79022
[INFO] [stdout]                                at /rustc/6067b36314ab5eb2eb47cecc464545ba58e1ad24/library/std/src/io/mod.rs:1887:15
[INFO] [stdout]    7:     0x558f060118e2 - std::sys::backtrace::BacktraceLock::print::h147fe35b4ea13b08
[INFO] [stdout]                                at /rustc/6067b36314ab5eb2eb47cecc464545ba58e1ad24/library/std/src/sys/backtrace.rs:42:9
[INFO] [stdout]    8:     0x558f060134bf - std::panicking::default_hook::{{closure}}::hbd44223dbdc0d208
[INFO] [stdout]                                at /rustc/6067b36314ab5eb2eb47cecc464545ba58e1ad24/library/std/src/panicking.rs:298:22
[INFO] [stdout]    9:     0x558f060132d8 - std::panicking::default_hook::h20f81eb0576efcec
[INFO] [stdout]                                at /rustc/6067b36314ab5eb2eb47cecc464545ba58e1ad24/library/std/src/panicking.rs:322:9
[INFO] [stdout]   10:     0x558f05fd8e83 - <alloc::boxed::Box<F,A> as core::ops::function::Fn<Args>>::call::hdb53814c496a4d34
[INFO] [stdout]                                at /rustc/6067b36314ab5eb2eb47cecc464545ba58e1ad24/library/alloc/src/boxed.rs:2027:9
[INFO] [stdout]   11:     0x558f05fd8e83 - test::test_main::{{closure}}::hc0a4963c59427c24
[INFO] [stdout]                                at /rustc/6067b36314ab5eb2eb47cecc464545ba58e1ad24/library/test/src/lib.rs:134:21
[INFO] [stdout]   12:     0x558f06013fb3 - <alloc::boxed::Box<F,A> as core::ops::function::Fn<Args>>::call::h591b2225413a77e9
[INFO] [stdout]                                at /rustc/6067b36314ab5eb2eb47cecc464545ba58e1ad24/library/alloc/src/boxed.rs:2027:9
[INFO] [stdout]   13:     0x558f06013fb3 - std::panicking::rust_panic_with_hook::h625eea43051b2edc
[INFO] [stdout]                                at /rustc/6067b36314ab5eb2eb47cecc464545ba58e1ad24/library/std/src/panicking.rs:839:13
[INFO] [stdout]   14:     0x558f06013c6a - std::panicking::begin_panic_handler::{{closure}}::h4f9159cfbc3f6bd3
[INFO] [stdout]                                at /rustc/6067b36314ab5eb2eb47cecc464545ba58e1ad24/library/std/src/panicking.rs:704:13
[INFO] [stdout]   15:     0x558f06011f99 - std::sys::backtrace::__rust_end_short_backtrace::h0390abce48353151
[INFO] [stdout]                                at /rustc/6067b36314ab5eb2eb47cecc464545ba58e1ad24/library/std/src/sys/backtrace.rs:168:18
[INFO] [stdout]   16:     0x558f060138fd - rust_begin_unwind
[INFO] [stdout]                                at /rustc/6067b36314ab5eb2eb47cecc464545ba58e1ad24/library/std/src/panicking.rs:695:5
[INFO] [stdout]   17:     0x558f0603b8e0 - core::panicking::panic_fmt::h9e7c637e9e5f29c9
[INFO] [stdout]                                at /rustc/6067b36314ab5eb2eb47cecc464545ba58e1ad24/library/core/src/panicking.rs:75:14
[INFO] [stdout]   18:     0x558f05d01364 - trybuild::run::<impl trybuild::Runner>::run::h6c0ee9fd103262a0
[INFO] [stdout]                                at /opt/rustwide/cargo-home/registry/src/index.crates.io-1949cf8c6b5b557f/trybuild-1.0.101/src/run.rs:101:13
[INFO] [stdout]   19:     0x558f05d06938 - <trybuild::TestCases as core::ops::drop::Drop>::drop::h1df3311125fd8168
[INFO] [stdout]                                at /opt/rustwide/cargo-home/registry/src/index.crates.io-1949cf8c6b5b557f/trybuild-1.0.101/src/lib.rs:340:13
[INFO] [stdout]   20:     0x558f05cf1967 - core::ptr::drop_in_place<trybuild::TestCases>::h2d438018a629e77c
[INFO] [stdout]                                at /rustc/6067b36314ab5eb2eb47cecc464545ba58e1ad24/library/core/src/ptr/mod.rs:523:1
[INFO] [stdout]   21:     0x558f05cf2246 - tests::tests::h1b715bd7a5a9810c
[INFO] [stdout]                                at /opt/rustwide/workdir/tests/progress.rs:14:1
[INFO] [stdout]   22:     0x558f05cf2147 - tests::tests::{{closure}}::ha1171a90b37eb4a6
[INFO] [stdout]                                at /opt/rustwide/workdir/tests/progress.rs:2:11
[INFO] [stdout]   23:     0x558f05cf18c6 - core::ops::function::FnOnce::call_once::h7e20be3fe8fd9964
[INFO] [stdout]                                at /rustc/6067b36314ab5eb2eb47cecc464545ba58e1ad24/library/core/src/ops/function.rs:250:5
[INFO] [stdout]   24:     0x558f05fde5db - core::ops::function::FnOnce::call_once::he27718dfdd183f43
[INFO] [stdout]                                at /rustc/6067b36314ab5eb2eb47cecc464545ba58e1ad24/library/core/src/ops/function.rs:250:5
[INFO] [stdout]   25:     0x558f05fde5db - test::__rust_begin_short_backtrace::h4e84902998457a5d
[INFO] [stdout]                                at /rustc/6067b36314ab5eb2eb47cecc464545ba58e1ad24/library/test/src/lib.rs:632:18
[INFO] [stdout]   26:     0x558f05fdd513 - test::run_test_in_process::{{closure}}::h7176fd18fc1feca0
[INFO] [stdout]                                at /rustc/6067b36314ab5eb2eb47cecc464545ba58e1ad24/library/test/src/lib.rs:655:60
[INFO] [stdout]   27:     0x558f05fdd513 - <core::panic::unwind_safe::AssertUnwindSafe<F> as core::ops::function::FnOnce<()>>::call_once::hf79cff2a624d8cf7
[INFO] [stdout]                                at /rustc/6067b36314ab5eb2eb47cecc464545ba58e1ad24/library/core/src/panic/unwind_safe.rs:272:9
[INFO] [stdout]   28:     0x558f05fdd513 - std::panicking::try::do_call::h3da0561d9ab99c25
[INFO] [stdout]                                at /rustc/6067b36314ab5eb2eb47cecc464545ba58e1ad24/library/std/src/panicking.rs:587:40
[INFO] [stdout]   29:     0x558f05fdd513 - std::panicking::try::h41c9fa508bc61df6
[INFO] [stdout]                                at /rustc/6067b36314ab5eb2eb47cecc464545ba58e1ad24/library/std/src/panicking.rs:550:19
[INFO] [stdout]   30:     0x558f05fdd513 - std::panic::catch_unwind::h6b3ff07bb5afad93
[INFO] [stdout]                                at /rustc/6067b36314ab5eb2eb47cecc464545ba58e1ad24/library/std/src/panic.rs:358:14
[INFO] [stdout]   31:     0x558f05fdd513 - test::run_test_in_process::hc7253dd11b39b9f4
[INFO] [stdout]                                at /rustc/6067b36314ab5eb2eb47cecc464545ba58e1ad24/library/test/src/lib.rs:655:27
[INFO] [stdout]   32:     0x558f05fdd513 - test::run_test::{{closure}}::hfb2007f8649c30bb
[INFO] [stdout]                                at /rustc/6067b36314ab5eb2eb47cecc464545ba58e1ad24/library/test/src/lib.rs:576:43
[INFO] [stdout]   33:     0x558f05fa05f5 - test::run_test::{{closure}}::h56a17aa7a282a9f4
[INFO] [stdout]                                at /rustc/6067b36314ab5eb2eb47cecc464545ba58e1ad24/library/test/src/lib.rs:606:41
[INFO] [stdout]   34:     0x558f05fa05f5 - std::sys::backtrace::__rust_begin_short_backtrace::hd2d2d2fb8e8c6aac
[INFO] [stdout]                                at /rustc/6067b36314ab5eb2eb47cecc464545ba58e1ad24/library/std/src/sys/backtrace.rs:152:18
[INFO] [stdout]   35:     0x558f05fa3eda - std::thread::Builder::spawn_unchecked_::{{closure}}::{{closure}}::h4faa3f9db6133423
[INFO] [stdout]                                at /rustc/6067b36314ab5eb2eb47cecc464545ba58e1ad24/library/std/src/thread/mod.rs:559:17
[INFO] [stdout]   36:     0x558f05fa3eda - <core::panic::unwind_safe::AssertUnwindSafe<F> as core::ops::function::FnOnce<()>>::call_once::hf2e855a36a4ea846
[INFO] [stdout]                                at /rustc/6067b36314ab5eb2eb47cecc464545ba58e1ad24/library/core/src/panic/unwind_safe.rs:272:9
[INFO] [stdout]   37:     0x558f05fa3eda - std::panicking::try::do_call::h2f73af3616c35465
[INFO] [stdout]                                at /rustc/6067b36314ab5eb2eb47cecc464545ba58e1ad24/library/std/src/panicking.rs:587:40
[INFO] [stdout]   38:     0x558f05fa3eda - std::panicking::try::hd1660ce9efadef5a
[INFO] [stdout]                                at /rustc/6067b36314ab5eb2eb47cecc464545ba58e1ad24/library/std/src/panicking.rs:550:19
[INFO] [stdout]   39:     0x558f05fa3eda - std::panic::catch_unwind::h5ee8d7823b8ca744
[INFO] [stdout]                                at /rustc/6067b36314ab5eb2eb47cecc464545ba58e1ad24/library/std/src/panic.rs:358:14
[INFO] [stdout]   40:     0x558f05fa3eda - std::thread::Builder::spawn_unchecked_::{{closure}}::h53c3a1894dce8407
[INFO] [stdout]                                at /rustc/6067b36314ab5eb2eb47cecc464545ba58e1ad24/library/std/src/thread/mod.rs:557:30
[INFO] [stdout]   41:     0x558f05fa3eda - core::ops::function::FnOnce::call_once{{vtable.shim}}::h048ce291ad4f62bf
[INFO] [stdout]                                at /rustc/6067b36314ab5eb2eb47cecc464545ba58e1ad24/library/core/src/ops/function.rs:250:5
[INFO] [stdout]   42:     0x558f060194bb - <alloc::boxed::Box<F,A> as core::ops::function::FnOnce<Args>>::call_once::ha52bedf99a3b4981
[INFO] [stdout]                                at /rustc/6067b36314ab5eb2eb47cecc464545ba58e1ad24/library/alloc/src/boxed.rs:2013:9
[INFO] [stdout]   43:     0x558f060194bb - <alloc::boxed::Box<F,A> as core::ops::function::FnOnce<Args>>::call_once::h567748934d80ccf8
[INFO] [stdout]                                at /rustc/6067b36314ab5eb2eb47cecc464545ba58e1ad24/library/alloc/src/boxed.rs:2013:9
[INFO] [stdout]   44:     0x558f060194bb - std::sys::pal::unix::thread::Thread::new::thread_start::h2d970728ae887adc
[INFO] [stdout]                                at /rustc/6067b36314ab5eb2eb47cecc464545ba58e1ad24/library/std/src/sys/pal/unix/thread.rs:106:17
[INFO] [stdout]   45:     0x7f74b5fceac3 - <unknown>
[INFO] [stdout]   46:     0x7f74b605fa04 - clone
[INFO] [stdout]   47:                0x0 - <unknown>
[INFO] [stdout] 
[INFO] [stdout] 
[INFO] [stdout] failures:
[INFO] [stdout]     tests
[INFO] [stdout] 
[INFO] [stdout] test result: FAILED. 0 passed; 1 failed; 0 ignored; 0 measured; 0 filtered out; finished in 9.16s
[INFO] [stdout] 
[INFO] [stderr] error: test failed, to rerun pass `--test tests`
[INFO] running `Command { std: "docker" "inspect" "1760761919a212effb67e751188ebf759fb3878f14d669a3007691d554087c5d", kill_on_drop: false }`
[INFO] running `Command { std: "docker" "rm" "-f" "1760761919a212effb67e751188ebf759fb3878f14d669a3007691d554087c5d", kill_on_drop: false }`
[INFO] [stdout] 1760761919a212effb67e751188ebf759fb3878f14d669a3007691d554087c5d
