[INFO] cloning repository https://github.com/GonzaBena/Atlas_lang
[INFO] running `Command { std: "git" "-c" "credential.helper=" "-c" "credential.helper=/workspace/cargo-home/bin/git-credential-null" "clone" "--bare" "https://github.com/GonzaBena/Atlas_lang" "/workspace/cache/git-repos/https%3A%2F%2Fgithub.com%2FGonzaBena%2FAtlas_lang", kill_on_drop: false }`
[INFO] [stderr] Cloning into bare repository '/workspace/cache/git-repos/https%3A%2F%2Fgithub.com%2FGonzaBena%2FAtlas_lang'...
[INFO] running `Command { std: "git" "rev-parse" "HEAD", kill_on_drop: false }`
[INFO] [stdout] 719109934362ae87dff7a1b7b73a9e68057fd837
[INFO] testing GonzaBena/Atlas_lang against nightly-2025-01-18 for randomize-layout-2
[INFO] running `Command { std: "git" "clone" "/workspace/cache/git-repos/https%3A%2F%2Fgithub.com%2FGonzaBena%2FAtlas_lang" "/workspace/builds/worker-7-tc1/source", kill_on_drop: false }`
[INFO] [stderr] Cloning into '/workspace/builds/worker-7-tc1/source'...
[INFO] [stderr] done.
[INFO] validating manifest of git repo https://github.com/GonzaBena/Atlas_lang on toolchain nightly-2025-01-18
[INFO] running `Command { std: CARGO_HOME="/workspace/cargo-home" RUSTUP_HOME="/workspace/rustup-home" "/workspace/cargo-home/bin/cargo" "+nightly-2025-01-18" "metadata" "--manifest-path" "Cargo.toml" "--no-deps", kill_on_drop: false }`
[INFO] started tweaking git repo https://github.com/GonzaBena/Atlas_lang
[INFO] finished tweaking git repo https://github.com/GonzaBena/Atlas_lang
[INFO] tweaked toml for git repo https://github.com/GonzaBena/Atlas_lang written to /workspace/builds/worker-7-tc1/source/Cargo.toml
[INFO] crate git repo https://github.com/GonzaBena/Atlas_lang already has a lockfile, it will not be regenerated
[INFO] running `Command { std: CARGO_HOME="/workspace/cargo-home" RUSTUP_HOME="/workspace/rustup-home" "/workspace/cargo-home/bin/cargo" "+nightly-2025-01-18" "fetch" "--manifest-path" "Cargo.toml", kill_on_drop: false }`
[INFO] running `Command { std: "docker" "create" "-v" "/var/lib/crater-agent-workspace/builds/worker-7-tc1/target:/opt/rustwide/target:rw,Z" "-v" "/var/lib/crater-agent-workspace/builds/worker-7-tc1/source:/opt/rustwide/workdir:ro,Z" "-v" "/var/lib/crater-agent-workspace/cargo-home:/opt/rustwide/cargo-home:ro,Z" "-v" "/var/lib/crater-agent-workspace/rustup-home:/opt/rustwide/rustup-home:ro,Z" "-e" "SOURCE_DIR=/opt/rustwide/workdir" "-e" "CARGO_TARGET_DIR=/opt/rustwide/target" "-e" "CARGO_HOME=/opt/rustwide/cargo-home" "-e" "RUSTUP_HOME=/opt/rustwide/rustup-home" "-w" "/opt/rustwide/workdir" "-m" "1610612736" "--user" "0:0" "--network" "none" "ghcr.io/rust-lang/crates-build-env/linux@sha256:819108c5571ea2e421544af4d832f968d213c87fbe3707a016657f43d2f853bc" "/opt/rustwide/cargo-home/bin/cargo" "+nightly-2025-01-18" "metadata" "--no-deps" "--format-version=1", kill_on_drop: false }`
[INFO] [stdout] b742dba80edc8b33133605e075ca95dee0f4cf955b343fcd0c9e5ea411d3c6dc
[INFO] running `Command { std: "docker" "start" "-a" "b742dba80edc8b33133605e075ca95dee0f4cf955b343fcd0c9e5ea411d3c6dc", kill_on_drop: false }`
[INFO] running `Command { std: "docker" "inspect" "b742dba80edc8b33133605e075ca95dee0f4cf955b343fcd0c9e5ea411d3c6dc", kill_on_drop: false }`
[INFO] running `Command { std: "docker" "rm" "-f" "b742dba80edc8b33133605e075ca95dee0f4cf955b343fcd0c9e5ea411d3c6dc", kill_on_drop: false }`
[INFO] [stdout] b742dba80edc8b33133605e075ca95dee0f4cf955b343fcd0c9e5ea411d3c6dc
[INFO] running `Command { std: "docker" "create" "-v" "/var/lib/crater-agent-workspace/builds/worker-7-tc1/target:/opt/rustwide/target:rw,Z" "-v" "/var/lib/crater-agent-workspace/builds/worker-7-tc1/source:/opt/rustwide/workdir:ro,Z" "-v" "/var/lib/crater-agent-workspace/cargo-home:/opt/rustwide/cargo-home:ro,Z" "-v" "/var/lib/crater-agent-workspace/rustup-home:/opt/rustwide/rustup-home:ro,Z" "-e" "SOURCE_DIR=/opt/rustwide/workdir" "-e" "CARGO_TARGET_DIR=/opt/rustwide/target" "-e" "CARGO_INCREMENTAL=0" "-e" "RUST_BACKTRACE=full" "-e" "RUSTFLAGS=--cap-lints=forbid" "-e" "RUSTDOCFLAGS=--cap-lints=forbid" "-e" "CARGO_HOME=/opt/rustwide/cargo-home" "-e" "RUSTUP_HOME=/opt/rustwide/rustup-home" "-w" "/opt/rustwide/workdir" "-m" "1610612736" "--user" "0:0" "--network" "none" "ghcr.io/rust-lang/crates-build-env/linux@sha256:819108c5571ea2e421544af4d832f968d213c87fbe3707a016657f43d2f853bc" "/opt/rustwide/cargo-home/bin/cargo" "+nightly-2025-01-18" "build" "--frozen" "--message-format=json", kill_on_drop: false }`
[INFO] [stdout] e3c7a7565b75bb85ab678198ea6895a53ccfd620e3851dd2287c6a2665c4cac2
[INFO] running `Command { std: "docker" "start" "-a" "e3c7a7565b75bb85ab678198ea6895a53ccfd620e3851dd2287c6a2665c4cac2", kill_on_drop: false }`
[INFO] [stderr]    Compiling proc-macro2 v1.0.88
[INFO] [stderr]    Compiling unicode-ident v1.0.13
[INFO] [stderr]    Compiling libc v0.2.159
[INFO] [stderr]    Compiling serde v1.0.210
[INFO] [stderr]    Compiling anstyle-query v1.1.1
[INFO] [stderr]    Compiling is_terminal_polyfill v1.70.1
[INFO] [stderr]    Compiling anstyle v1.0.8
[INFO] [stderr]    Compiling anstyle-parse v0.2.5
[INFO] [stderr]    Compiling colorchoice v1.0.2
[INFO] [stderr]    Compiling serde_json v1.0.128
[INFO] [stderr]    Compiling clap_lex v0.7.2
[INFO] [stderr]    Compiling memchr v2.7.4
[INFO] [stderr]    Compiling anstream v0.6.15
[INFO] [stderr]    Compiling clap_builder v4.5.20
[INFO] [stderr]    Compiling quote v1.0.37
[INFO] [stderr]    Compiling syn v2.0.79
[INFO] [stderr]    Compiling dirs-sys v0.3.7
[INFO] [stderr]    Compiling dirs v4.0.0
[INFO] [stderr]    Compiling serde_derive v1.0.210
[INFO] [stderr]    Compiling clap_derive v4.5.18
[INFO] [stderr]    Compiling clap v4.5.20
[INFO] [stderr]    Compiling atlas_language v0.1.0 (/opt/rustwide/workdir)
[INFO] [stdout] warning: method `get_comments` is never used
[INFO] [stdout]   --> src/compiler/parser.rs:34:12
[INFO] [stdout]    |
[INFO] [stdout] 26 | impl<'a> Parser<'a> {
[INFO] [stdout]    | ------------------- method in this implementation
[INFO] [stdout] ...
[INFO] [stdout] 34 |     pub fn get_comments(&self) -> Vec<String> {
[INFO] [stdout]    |            ^^^^^^^^^^^^
[INFO] [stdout]    |
[INFO] [stdout]    = note: `#[warn(dead_code)]` on by default
[INFO] [stdout] 
[INFO] [stdout] 
[INFO] [stdout] warning: associated function `is_valid` is never used
[INFO] [stdout]   --> src/compiler/tokens/keywords.rs:46:12
[INFO] [stdout]    |
[INFO] [stdout] 26 | impl Keyword {
[INFO] [stdout]    | ------------ associated function in this implementation
[INFO] [stdout] ...
[INFO] [stdout] 46 |     pub fn is_valid(s: &str) -> bool {
[INFO] [stdout]    |            ^^^^^^^^
[INFO] [stdout] 
[INFO] [stdout] 
[INFO] [stdout] warning: associated items `new`, `powf`, `floor`, and `value_float` are never used
[INFO] [stdout]    --> src/compiler/tokens/token.rs:57:12
[INFO] [stdout]     |
[INFO] [stdout] 56  | impl Number {
[INFO] [stdout]     | ----------- associated items in this implementation
[INFO] [stdout] 57  |     pub fn new<T>(value: T) -> Number
[INFO] [stdout]     |            ^^^
[INFO] [stdout] ...
[INFO] [stdout] 85  |     fn powf(&self, power: f64) -> Number {
[INFO] [stdout]     |        ^^^^
[INFO] [stdout] ...
[INFO] [stdout] 93  |     pub fn floor(&self) -> Number {
[INFO] [stdout]     |            ^^^^^
[INFO] [stdout] ...
[INFO] [stdout] 107 |     pub fn value_float(&self) -> f64 {
[INFO] [stdout]     |            ^^^^^^^^^^^
[INFO] [stdout] 
[INFO] [stdout] 
[INFO] [stdout] warning: methods `pow` and `floor` are never used
[INFO] [stdout]    --> src/compiler/tokens/token.rs:436:12
[INFO] [stdout]     |
[INFO] [stdout] 411 | impl<'a> Token<'a> {
[INFO] [stdout]     | ------------------ methods in this implementation
[INFO] [stdout] ...
[INFO] [stdout] 436 |     pub fn pow(&self, power: Token<'a>) -> Token<'a> {
[INFO] [stdout]     |            ^^^
[INFO] [stdout] ...
[INFO] [stdout] 449 |     pub fn floor(&self) -> Token<'a> {
[INFO] [stdout]     |            ^^^^^
[INFO] [stdout] 
[INFO] [stdout] 
[INFO] [stdout] warning: associated function `new` is never used
[INFO] [stdout]   --> src/std/collections/enumerate.rs:14:12
[INFO] [stdout]    |
[INFO] [stdout] 13 | impl<I> Enumerate<I> {
[INFO] [stdout]    | -------------------- associated function in this implementation
[INFO] [stdout] 14 |     pub fn new(iter: I) -> Enumerate<I>
[INFO] [stdout]    |            ^^^
[INFO] [stdout] 
[INFO] [stdout] 
[INFO] [stdout] warning: method `into_inner` is never used
[INFO] [stdout]   --> src/std/collections/map.rs:13:12
[INFO] [stdout]    |
[INFO] [stdout] 8  | impl<I, F> Map<I, F> {
[INFO] [stdout]    | -------------------- method in this implementation
[INFO] [stdout] ...
[INFO] [stdout] 13 |     pub fn into_inner(self) -> I {
[INFO] [stdout]    |            ^^^^^^^^^^
[INFO] [stdout] 
[INFO] [stdout] 
[INFO] [stdout] warning: struct `Color` is never constructed
[INFO] [stdout]  --> src/utils/colors.rs:1:12
[INFO] [stdout]   |
[INFO] [stdout] 1 | pub struct Color(pub &'static str);
[INFO] [stdout]   |            ^^^^^
[INFO] [stdout] 
[INFO] [stdout] 
[INFO] [stdout] warning: multiple associated items are never used
[INFO] [stdout]   --> src/utils/colors.rs:4:15
[INFO] [stdout]    |
[INFO] [stdout] 3  | impl Color {
[INFO] [stdout]    | ---------- associated items in this implementation
[INFO] [stdout] 4  |     pub const DEFAULT: &'static str = "\x1B[0m";
[INFO] [stdout]    |               ^^^^^^^
[INFO] [stdout] 5  |     pub const BLACK: &'static str = "\x1B[30m";
[INFO] [stdout]    |               ^^^^^
[INFO] [stdout] 6  |     pub const RED: &'static str = "\x1B[31m";
[INFO] [stdout]    |               ^^^
[INFO] [stdout] 7  |     pub const GREEN: &'static str = "\x1B[32m";
[INFO] [stdout]    |               ^^^^^
[INFO] [stdout] 8  |     pub const YELLOW: &'static str = "\x1B[33m";
[INFO] [stdout]    |               ^^^^^^
[INFO] [stdout] 9  |     pub const BLUE: &'static str = "\x1B[34m";
[INFO] [stdout]    |               ^^^^
[INFO] [stdout] 10 |     pub const MAGENTA: &'static str = "\x1B[35m";
[INFO] [stdout]    |               ^^^^^^^
[INFO] [stdout] 11 |     pub const CYAN: &'static str = "\x1B[36m";
[INFO] [stdout]    |               ^^^^
[INFO] [stdout] 12 |     pub const WHITE: &'static str = "\x1B[37m";
[INFO] [stdout]    |               ^^^^^
[INFO] [stdout] ...
[INFO] [stdout] 15 |     pub fn colorize(&self, text: &str) -> String {
[INFO] [stdout]    |            ^^^^^^^^
[INFO] [stdout] 
[INFO] [stdout] 
[INFO] [stdout] warning: fields `name`, `path`, `size`, and `extension` are never read
[INFO] [stdout]   --> src/utils/file_handling.rs:8:5
[INFO] [stdout]    |
[INFO] [stdout] 7  | pub struct File {
[INFO] [stdout]    |            ---- fields in this struct
[INFO] [stdout] 8  |     name: String,
[INFO] [stdout]    |     ^^^^
[INFO] [stdout] 9  |     path: String,
[INFO] [stdout]    |     ^^^^
[INFO] [stdout] 10 |     size: u64,
[INFO] [stdout]    |     ^^^^
[INFO] [stdout] 11 |     extension: String,
[INFO] [stdout]    |     ^^^^^^^^^
[INFO] [stdout] 
[INFO] [stdout] 
[INFO] [stdout] warning: methods `get_name`, `get_path`, `get_size`, and `get_extension` are never used
[INFO] [stdout]   --> src/utils/file_handling.rs:29:12
[INFO] [stdout]    |
[INFO] [stdout] 15 | impl File {
[INFO] [stdout]    | --------- methods in this implementation
[INFO] [stdout] ...
[INFO] [stdout] 29 |     pub fn get_name(&self) -> &str {
[INFO] [stdout]    |            ^^^^^^^^
[INFO] [stdout] ...
[INFO] [stdout] 40 |     pub fn get_path(&self) -> &str {
[INFO] [stdout]    |            ^^^^^^^^
[INFO] [stdout] ...
[INFO] [stdout] 44 |     pub fn get_size(&self) -> u64 {
[INFO] [stdout]    |            ^^^^^^^^
[INFO] [stdout] ...
[INFO] [stdout] 48 |     pub fn get_extension(&self) -> &str {
[INFO] [stdout]    |            ^^^^^^^^^^^^^
[INFO] [stdout] 
[INFO] [stdout] 
[INFO] [stderr]     Finished `dev` profile [unoptimized + debuginfo] target(s) in 11.23s
[INFO] running `Command { std: "docker" "inspect" "e3c7a7565b75bb85ab678198ea6895a53ccfd620e3851dd2287c6a2665c4cac2", kill_on_drop: false }`
[INFO] running `Command { std: "docker" "rm" "-f" "e3c7a7565b75bb85ab678198ea6895a53ccfd620e3851dd2287c6a2665c4cac2", kill_on_drop: false }`
[INFO] [stdout] e3c7a7565b75bb85ab678198ea6895a53ccfd620e3851dd2287c6a2665c4cac2
[INFO] running `Command { std: "docker" "create" "-v" "/var/lib/crater-agent-workspace/builds/worker-7-tc1/target:/opt/rustwide/target:rw,Z" "-v" "/var/lib/crater-agent-workspace/builds/worker-7-tc1/source:/opt/rustwide/workdir:ro,Z" "-v" "/var/lib/crater-agent-workspace/cargo-home:/opt/rustwide/cargo-home:ro,Z" "-v" "/var/lib/crater-agent-workspace/rustup-home:/opt/rustwide/rustup-home:ro,Z" "-e" "SOURCE_DIR=/opt/rustwide/workdir" "-e" "CARGO_TARGET_DIR=/opt/rustwide/target" "-e" "CARGO_INCREMENTAL=0" "-e" "RUST_BACKTRACE=full" "-e" "RUSTFLAGS=--cap-lints=forbid" "-e" "RUSTDOCFLAGS=--cap-lints=forbid" "-e" "CARGO_HOME=/opt/rustwide/cargo-home" "-e" "RUSTUP_HOME=/opt/rustwide/rustup-home" "-w" "/opt/rustwide/workdir" "-m" "1610612736" "--user" "0:0" "--network" "none" "ghcr.io/rust-lang/crates-build-env/linux@sha256:819108c5571ea2e421544af4d832f968d213c87fbe3707a016657f43d2f853bc" "/opt/rustwide/cargo-home/bin/cargo" "+nightly-2025-01-18" "test" "--frozen" "--no-run" "--message-format=json", kill_on_drop: false }`
[INFO] [stdout] 0c9be1da21b6ea605153200905ef42146c9b00f783bd42d994b481bcf4a7d7c3
[INFO] running `Command { std: "docker" "start" "-a" "0c9be1da21b6ea605153200905ef42146c9b00f783bd42d994b481bcf4a7d7c3", kill_on_drop: false }`
[INFO] [stderr]    Compiling atlas_language v0.1.0 (/opt/rustwide/workdir)
[INFO] [stdout] warning: method `get_comments` is never used
[INFO] [stdout]   --> src/compiler/parser.rs:34:12
[INFO] [stdout]    |
[INFO] [stdout] 26 | impl<'a> Parser<'a> {
[INFO] [stdout]    | ------------------- method in this implementation
[INFO] [stdout] ...
[INFO] [stdout] 34 |     pub fn get_comments(&self) -> Vec<String> {
[INFO] [stdout]    |            ^^^^^^^^^^^^
[INFO] [stdout]    |
[INFO] [stdout]    = note: `#[warn(dead_code)]` on by default
[INFO] [stdout] 
[INFO] [stdout] 
[INFO] [stdout] warning: associated function `is_valid` is never used
[INFO] [stdout]   --> src/compiler/tokens/keywords.rs:46:12
[INFO] [stdout]    |
[INFO] [stdout] 26 | impl Keyword {
[INFO] [stdout]    | ------------ associated function in this implementation
[INFO] [stdout] ...
[INFO] [stdout] 46 |     pub fn is_valid(s: &str) -> bool {
[INFO] [stdout]    |            ^^^^^^^^
[INFO] [stdout] 
[INFO] [stdout] 
[INFO] [stdout] warning: associated items `new`, `powf`, `floor`, and `value_float` are never used
[INFO] [stdout]    --> src/compiler/tokens/token.rs:57:12
[INFO] [stdout]     |
[INFO] [stdout] 56  | impl Number {
[INFO] [stdout]     | ----------- associated items in this implementation
[INFO] [stdout] 57  |     pub fn new<T>(value: T) -> Number
[INFO] [stdout]     |            ^^^
[INFO] [stdout] ...
[INFO] [stdout] 85  |     fn powf(&self, power: f64) -> Number {
[INFO] [stdout]     |        ^^^^
[INFO] [stdout] ...
[INFO] [stdout] 93  |     pub fn floor(&self) -> Number {
[INFO] [stdout]     |            ^^^^^
[INFO] [stdout] ...
[INFO] [stdout] 107 |     pub fn value_float(&self) -> f64 {
[INFO] [stdout]     |            ^^^^^^^^^^^
[INFO] [stdout] 
[INFO] [stdout] 
[INFO] [stdout] warning: methods `pow` and `floor` are never used
[INFO] [stdout]    --> src/compiler/tokens/token.rs:436:12
[INFO] [stdout]     |
[INFO] [stdout] 411 | impl<'a> Token<'a> {
[INFO] [stdout]     | ------------------ methods in this implementation
[INFO] [stdout] ...
[INFO] [stdout] 436 |     pub fn pow(&self, power: Token<'a>) -> Token<'a> {
[INFO] [stdout]     |            ^^^
[INFO] [stdout] ...
[INFO] [stdout] 449 |     pub fn floor(&self) -> Token<'a> {
[INFO] [stdout]     |            ^^^^^
[INFO] [stdout] 
[INFO] [stdout] 
[INFO] [stdout] warning: associated function `new` is never used
[INFO] [stdout]   --> src/std/collections/enumerate.rs:14:12
[INFO] [stdout]    |
[INFO] [stdout] 13 | impl<I> Enumerate<I> {
[INFO] [stdout]    | -------------------- associated function in this implementation
[INFO] [stdout] 14 |     pub fn new(iter: I) -> Enumerate<I>
[INFO] [stdout]    |            ^^^
[INFO] [stdout] 
[INFO] [stdout] 
[INFO] [stdout] warning: method `into_inner` is never used
[INFO] [stdout]   --> src/std/collections/map.rs:13:12
[INFO] [stdout]    |
[INFO] [stdout] 8  | impl<I, F> Map<I, F> {
[INFO] [stdout]    | -------------------- method in this implementation
[INFO] [stdout] ...
[INFO] [stdout] 13 |     pub fn into_inner(self) -> I {
[INFO] [stdout]    |            ^^^^^^^^^^
[INFO] [stdout] 
[INFO] [stdout] 
[INFO] [stdout] warning: struct `Color` is never constructed
[INFO] [stdout]  --> src/utils/colors.rs:1:12
[INFO] [stdout]   |
[INFO] [stdout] 1 | pub struct Color(pub &'static str);
[INFO] [stdout]   |            ^^^^^
[INFO] [stdout] 
[INFO] [stdout] 
[INFO] [stdout] warning: multiple associated items are never used
[INFO] [stdout]   --> src/utils/colors.rs:4:15
[INFO] [stdout]    |
[INFO] [stdout] 3  | impl Color {
[INFO] [stdout]    | ---------- associated items in this implementation
[INFO] [stdout] 4  |     pub const DEFAULT: &'static str = "\x1B[0m";
[INFO] [stdout]    |               ^^^^^^^
[INFO] [stdout] 5  |     pub const BLACK: &'static str = "\x1B[30m";
[INFO] [stdout]    |               ^^^^^
[INFO] [stdout] 6  |     pub const RED: &'static str = "\x1B[31m";
[INFO] [stdout]    |               ^^^
[INFO] [stdout] 7  |     pub const GREEN: &'static str = "\x1B[32m";
[INFO] [stdout]    |               ^^^^^
[INFO] [stdout] 8  |     pub const YELLOW: &'static str = "\x1B[33m";
[INFO] [stdout]    |               ^^^^^^
[INFO] [stdout] 9  |     pub const BLUE: &'static str = "\x1B[34m";
[INFO] [stdout]    |               ^^^^
[INFO] [stdout] 10 |     pub const MAGENTA: &'static str = "\x1B[35m";
[INFO] [stdout]    |               ^^^^^^^
[INFO] [stdout] 11 |     pub const CYAN: &'static str = "\x1B[36m";
[INFO] [stdout]    |               ^^^^
[INFO] [stdout] 12 |     pub const WHITE: &'static str = "\x1B[37m";
[INFO] [stdout]    |               ^^^^^
[INFO] [stdout] ...
[INFO] [stdout] 15 |     pub fn colorize(&self, text: &str) -> String {
[INFO] [stdout]    |            ^^^^^^^^
[INFO] [stdout] 
[INFO] [stdout] 
[INFO] [stdout] warning: fields `name`, `path`, `size`, and `extension` are never read
[INFO] [stdout]   --> src/utils/file_handling.rs:8:5
[INFO] [stdout]    |
[INFO] [stdout] 7  | pub struct File {
[INFO] [stdout]    |            ---- fields in this struct
[INFO] [stdout] 8  |     name: String,
[INFO] [stdout]    |     ^^^^
[INFO] [stdout] 9  |     path: String,
[INFO] [stdout]    |     ^^^^
[INFO] [stdout] 10 |     size: u64,
[INFO] [stdout]    |     ^^^^
[INFO] [stdout] 11 |     extension: String,
[INFO] [stdout]    |     ^^^^^^^^^
[INFO] [stdout] 
[INFO] [stdout] 
[INFO] [stdout] warning: methods `get_name`, `get_path`, `get_size`, and `get_extension` are never used
[INFO] [stdout]   --> src/utils/file_handling.rs:29:12
[INFO] [stdout]    |
[INFO] [stdout] 15 | impl File {
[INFO] [stdout]    | --------- methods in this implementation
[INFO] [stdout] ...
[INFO] [stdout] 29 |     pub fn get_name(&self) -> &str {
[INFO] [stdout]    |            ^^^^^^^^
[INFO] [stdout] ...
[INFO] [stdout] 40 |     pub fn get_path(&self) -> &str {
[INFO] [stdout]    |            ^^^^^^^^
[INFO] [stdout] ...
[INFO] [stdout] 44 |     pub fn get_size(&self) -> u64 {
[INFO] [stdout]    |            ^^^^^^^^
[INFO] [stdout] ...
[INFO] [stdout] 48 |     pub fn get_extension(&self) -> &str {
[INFO] [stdout]    |            ^^^^^^^^^^^^^
[INFO] [stdout] 
[INFO] [stdout] 
[INFO] [stdout] warning: method `get_comments` is never used
[INFO] [stdout]   --> src/compiler/parser.rs:34:12
[INFO] [stdout]    |
[INFO] [stdout] 26 | impl<'a> Parser<'a> {
[INFO] [stdout]    | ------------------- method in this implementation
[INFO] [stdout] ...
[INFO] [stdout] 34 |     pub fn get_comments(&self) -> Vec<String> {
[INFO] [stdout]    |            ^^^^^^^^^^^^
[INFO] [stdout]    |
[INFO] [stdout]    = note: `#[warn(dead_code)]` on by default
[INFO] [stdout] 
[INFO] [stdout] 
[INFO] [stdout] warning: associated function `is_valid` is never used
[INFO] [stdout]   --> src/compiler/tokens/keywords.rs:46:12
[INFO] [stdout]    |
[INFO] [stdout] 26 | impl Keyword {
[INFO] [stdout]    | ------------ associated function in this implementation
[INFO] [stdout] ...
[INFO] [stdout] 46 |     pub fn is_valid(s: &str) -> bool {
[INFO] [stdout]    |            ^^^^^^^^
[INFO] [stdout] 
[INFO] [stdout] 
[INFO] [stdout] warning: associated items `new`, `powf`, `floor`, and `value_float` are never used
[INFO] [stdout]    --> src/compiler/tokens/token.rs:57:12
[INFO] [stdout]     |
[INFO] [stdout] 56  | impl Number {
[INFO] [stdout]     | ----------- associated items in this implementation
[INFO] [stdout] 57  |     pub fn new<T>(value: T) -> Number
[INFO] [stdout]     |            ^^^
[INFO] [stdout] ...
[INFO] [stdout] 85  |     fn powf(&self, power: f64) -> Number {
[INFO] [stdout]     |        ^^^^
[INFO] [stdout] ...
[INFO] [stdout] 93  |     pub fn floor(&self) -> Number {
[INFO] [stdout]     |            ^^^^^
[INFO] [stdout] ...
[INFO] [stdout] 107 |     pub fn value_float(&self) -> f64 {
[INFO] [stdout]     |            ^^^^^^^^^^^
[INFO] [stdout] 
[INFO] [stdout] 
[INFO] [stdout] warning: methods `pow` and `floor` are never used
[INFO] [stdout]    --> src/compiler/tokens/token.rs:436:12
[INFO] [stdout]     |
[INFO] [stdout] 411 | impl<'a> Token<'a> {
[INFO] [stdout]     | ------------------ methods in this implementation
[INFO] [stdout] ...
[INFO] [stdout] 436 |     pub fn pow(&self, power: Token<'a>) -> Token<'a> {
[INFO] [stdout]     |            ^^^
[INFO] [stdout] ...
[INFO] [stdout] 449 |     pub fn floor(&self) -> Token<'a> {
[INFO] [stdout]     |            ^^^^^
[INFO] [stdout] 
[INFO] [stdout] 
[INFO] [stdout] warning: associated function `new` is never used
[INFO] [stdout]   --> src/std/collections/enumerate.rs:14:12
[INFO] [stdout]    |
[INFO] [stdout] 13 | impl<I> Enumerate<I> {
[INFO] [stdout]    | -------------------- associated function in this implementation
[INFO] [stdout] 14 |     pub fn new(iter: I) -> Enumerate<I>
[INFO] [stdout]    |            ^^^
[INFO] [stdout] 
[INFO] [stdout] 
[INFO] [stdout] warning: method `into_inner` is never used
[INFO] [stdout]   --> src/std/collections/map.rs:13:12
[INFO] [stdout]    |
[INFO] [stdout] 8  | impl<I, F> Map<I, F> {
[INFO] [stdout]    | -------------------- method in this implementation
[INFO] [stdout] ...
[INFO] [stdout] 13 |     pub fn into_inner(self) -> I {
[INFO] [stdout]    |            ^^^^^^^^^^
[INFO] [stdout] 
[INFO] [stdout] 
[INFO] [stdout] warning: struct `Color` is never constructed
[INFO] [stdout]  --> src/utils/colors.rs:1:12
[INFO] [stdout]   |
[INFO] [stdout] 1 | pub struct Color(pub &'static str);
[INFO] [stdout]   |            ^^^^^
[INFO] [stdout] 
[INFO] [stdout] 
[INFO] [stdout] warning: multiple associated items are never used
[INFO] [stdout]   --> src/utils/colors.rs:4:15
[INFO] [stdout]    |
[INFO] [stdout] 3  | impl Color {
[INFO] [stdout]    | ---------- associated items in this implementation
[INFO] [stdout] 4  |     pub const DEFAULT: &'static str = "\x1B[0m";
[INFO] [stdout]    |               ^^^^^^^
[INFO] [stdout] 5  |     pub const BLACK: &'static str = "\x1B[30m";
[INFO] [stdout]    |               ^^^^^
[INFO] [stdout] 6  |     pub const RED: &'static str = "\x1B[31m";
[INFO] [stdout]    |               ^^^
[INFO] [stdout] 7  |     pub const GREEN: &'static str = "\x1B[32m";
[INFO] [stdout]    |               ^^^^^
[INFO] [stdout] 8  |     pub const YELLOW: &'static str = "\x1B[33m";
[INFO] [stdout]    |               ^^^^^^
[INFO] [stdout] 9  |     pub const BLUE: &'static str = "\x1B[34m";
[INFO] [stdout]    |               ^^^^
[INFO] [stdout] 10 |     pub const MAGENTA: &'static str = "\x1B[35m";
[INFO] [stdout]    |               ^^^^^^^
[INFO] [stdout] 11 |     pub const CYAN: &'static str = "\x1B[36m";
[INFO] [stdout]    |               ^^^^
[INFO] [stdout] 12 |     pub const WHITE: &'static str = "\x1B[37m";
[INFO] [stdout]    |               ^^^^^
[INFO] [stdout] ...
[INFO] [stdout] 15 |     pub fn colorize(&self, text: &str) -> String {
[INFO] [stdout]    |            ^^^^^^^^
[INFO] [stdout] 
[INFO] [stdout] 
[INFO] [stdout] warning: fields `name`, `path`, `size`, and `extension` are never read
[INFO] [stdout]   --> src/utils/file_handling.rs:8:5
[INFO] [stdout]    |
[INFO] [stdout] 7  | pub struct File {
[INFO] [stdout]    |            ---- fields in this struct
[INFO] [stdout] 8  |     name: String,
[INFO] [stdout]    |     ^^^^
[INFO] [stdout] 9  |     path: String,
[INFO] [stdout]    |     ^^^^
[INFO] [stdout] 10 |     size: u64,
[INFO] [stdout]    |     ^^^^
[INFO] [stdout] 11 |     extension: String,
[INFO] [stdout]    |     ^^^^^^^^^
[INFO] [stdout] 
[INFO] [stdout] 
[INFO] [stdout] warning: methods `get_name`, `get_path`, `get_size`, and `get_extension` are never used
[INFO] [stdout]   --> src/utils/file_handling.rs:29:12
[INFO] [stdout]    |
[INFO] [stdout] 15 | impl File {
[INFO] [stdout]    | --------- methods in this implementation
[INFO] [stdout] ...
[INFO] [stdout] 29 |     pub fn get_name(&self) -> &str {
[INFO] [stdout]    |            ^^^^^^^^
[INFO] [stdout] ...
[INFO] [stdout] 40 |     pub fn get_path(&self) -> &str {
[INFO] [stdout]    |            ^^^^^^^^
[INFO] [stdout] ...
[INFO] [stdout] 44 |     pub fn get_size(&self) -> u64 {
[INFO] [stdout]    |            ^^^^^^^^
[INFO] [stdout] ...
[INFO] [stdout] 48 |     pub fn get_extension(&self) -> &str {
[INFO] [stdout]    |            ^^^^^^^^^^^^^
[INFO] [stdout] 
[INFO] [stdout] 
[INFO] [stderr]     Finished `test` profile [unoptimized + debuginfo] target(s) in 1.05s
[INFO] running `Command { std: "docker" "inspect" "0c9be1da21b6ea605153200905ef42146c9b00f783bd42d994b481bcf4a7d7c3", kill_on_drop: false }`
[INFO] running `Command { std: "docker" "rm" "-f" "0c9be1da21b6ea605153200905ef42146c9b00f783bd42d994b481bcf4a7d7c3", kill_on_drop: false }`
[INFO] [stdout] 0c9be1da21b6ea605153200905ef42146c9b00f783bd42d994b481bcf4a7d7c3
[INFO] running `Command { std: "docker" "create" "-v" "/var/lib/crater-agent-workspace/builds/worker-7-tc1/target:/opt/rustwide/target:rw,Z" "-v" "/var/lib/crater-agent-workspace/builds/worker-7-tc1/source:/opt/rustwide/workdir:ro,Z" "-v" "/var/lib/crater-agent-workspace/cargo-home:/opt/rustwide/cargo-home:ro,Z" "-v" "/var/lib/crater-agent-workspace/rustup-home:/opt/rustwide/rustup-home:ro,Z" "-e" "SOURCE_DIR=/opt/rustwide/workdir" "-e" "CARGO_TARGET_DIR=/opt/rustwide/target" "-e" "CARGO_INCREMENTAL=0" "-e" "RUST_BACKTRACE=full" "-e" "RUSTFLAGS=--cap-lints=forbid" "-e" "RUSTDOCFLAGS=--cap-lints=forbid" "-e" "CARGO_HOME=/opt/rustwide/cargo-home" "-e" "RUSTUP_HOME=/opt/rustwide/rustup-home" "-w" "/opt/rustwide/workdir" "-m" "1610612736" "--user" "0:0" "--network" "none" "ghcr.io/rust-lang/crates-build-env/linux@sha256:819108c5571ea2e421544af4d832f968d213c87fbe3707a016657f43d2f853bc" "/opt/rustwide/cargo-home/bin/cargo" "+nightly-2025-01-18" "test" "--frozen", kill_on_drop: false }`
[INFO] [stdout] b9b60d9c90ee494b7c03231d032b9f79dfaf6ed6a7cbbf7124653a1de74ace66
[INFO] running `Command { std: "docker" "start" "-a" "b9b60d9c90ee494b7c03231d032b9f79dfaf6ed6a7cbbf7124653a1de74ace66", kill_on_drop: false }`
[INFO] [stderr] warning: method `get_comments` is never used
[INFO] [stderr]   --> src/compiler/parser.rs:34:12
[INFO] [stderr]    |
[INFO] [stderr] 26 | impl<'a> Parser<'a> {
[INFO] [stderr]    | ------------------- method in this implementation
[INFO] [stderr] ...
[INFO] [stderr] 34 |     pub fn get_comments(&self) -> Vec<String> {
[INFO] [stderr]    |            ^^^^^^^^^^^^
[INFO] [stderr]    |
[INFO] [stderr]    = note: `#[warn(dead_code)]` on by default
[INFO] [stderr] 
[INFO] [stderr] warning: associated function `is_valid` is never used
[INFO] [stderr]   --> src/compiler/tokens/keywords.rs:46:12
[INFO] [stderr]    |
[INFO] [stderr] 26 | impl Keyword {
[INFO] [stderr]    | ------------ associated function in this implementation
[INFO] [stderr] ...
[INFO] [stderr] 46 |     pub fn is_valid(s: &str) -> bool {
[INFO] [stderr]    |            ^^^^^^^^
[INFO] [stderr] 
[INFO] [stderr] warning: associated items `new`, `powf`, `floor`, and `value_float` are never used
[INFO] [stderr]    --> src/compiler/tokens/token.rs:57:12
[INFO] [stderr]     |
[INFO] [stderr] 56  | impl Number {
[INFO] [stderr]     | ----------- associated items in this implementation
[INFO] [stderr] 57  |     pub fn new<T>(value: T) -> Number
[INFO] [stderr]     |            ^^^
[INFO] [stderr] ...
[INFO] [stderr] 85  |     fn powf(&self, power: f64) -> Number {
[INFO] [stderr]     |        ^^^^
[INFO] [stderr] ...
[INFO] [stderr] 93  |     pub fn floor(&self) -> Number {
[INFO] [stderr]     |            ^^^^^
[INFO] [stderr] ...
[INFO] [stderr] 107 |     pub fn value_float(&self) -> f64 {
[INFO] [stderr]     |            ^^^^^^^^^^^
[INFO] [stderr] 
[INFO] [stderr] warning: methods `pow` and `floor` are never used
[INFO] [stderr]    --> src/compiler/tokens/token.rs:436:12
[INFO] [stderr]     |
[INFO] [stderr] 411 | impl<'a> Token<'a> {
[INFO] [stderr]     | ------------------ methods in this implementation
[INFO] [stderr] ...
[INFO] [stderr] 436 |     pub fn pow(&self, power: Token<'a>) -> Token<'a> {
[INFO] [stderr]     |            ^^^
[INFO] [stderr] ...
[INFO] [stderr] 449 |     pub fn floor(&self) -> Token<'a> {
[INFO] [stderr]     |            ^^^^^
[INFO] [stderr] 
[INFO] [stderr] warning: associated function `new` is never used
[INFO] [stderr]   --> src/std/collections/enumerate.rs:14:12
[INFO] [stderr]    |
[INFO] [stderr] 13 | impl<I> Enumerate<I> {
[INFO] [stderr]    | -------------------- associated function in this implementation
[INFO] [stderr] 14 |     pub fn new(iter: I) -> Enumerate<I>
[INFO] [stderr]    |            ^^^
[INFO] [stderr] 
[INFO] [stderr] warning: method `into_inner` is never used
[INFO] [stderr]   --> src/std/collections/map.rs:13:12
[INFO] [stderr]    |
[INFO] [stderr] 8  | impl<I, F> Map<I, F> {
[INFO] [stderr]    | -------------------- method in this implementation
[INFO] [stderr] ...
[INFO] [stderr] 13 |     pub fn into_inner(self) -> I {
[INFO] [stderr]    |            ^^^^^^^^^^
[INFO] [stderr] 
[INFO] [stderr] warning: struct `Color` is never constructed
[INFO] [stderr]  --> src/utils/colors.rs:1:12
[INFO] [stderr]   |
[INFO] [stderr] 1 | pub struct Color(pub &'static str);
[INFO] [stderr]   |            ^^^^^
[INFO] [stderr] 
[INFO] [stderr] warning: multiple associated items are never used
[INFO] [stderr]   --> src/utils/colors.rs:4:15
[INFO] [stderr]    |
[INFO] [stderr] 3  | impl Color {
[INFO] [stderr]    | ---------- associated items in this implementation
[INFO] [stderr] 4  |     pub const DEFAULT: &'static str = "\x1B[0m";
[INFO] [stderr]    |               ^^^^^^^
[INFO] [stderr] 5  |     pub const BLACK: &'static str = "\x1B[30m";
[INFO] [stderr]    |               ^^^^^
[INFO] [stderr] 6  |     pub const RED: &'static str = "\x1B[31m";
[INFO] [stderr]    |               ^^^
[INFO] [stderr] 7  |     pub const GREEN: &'static str = "\x1B[32m";
[INFO] [stderr]    |               ^^^^^
[INFO] [stderr] 8  |     pub const YELLOW: &'static str = "\x1B[33m";
[INFO] [stderr]    |               ^^^^^^
[INFO] [stderr] 9  |     pub const BLUE: &'static str = "\x1B[34m";
[INFO] [stderr]    |               ^^^^
[INFO] [stderr] 10 |     pub const MAGENTA: &'static str = "\x1B[35m";
[INFO] [stderr]    |               ^^^^^^^
[INFO] [stderr] 11 |     pub const CYAN: &'static str = "\x1B[36m";
[INFO] [stderr]    |               ^^^^
[INFO] [stderr] 12 |     pub const WHITE: &'static str = "\x1B[37m";
[INFO] [stderr]    |               ^^^^^
[INFO] [stderr] ...
[INFO] [stderr] 15 |     pub fn colorize(&self, text: &str) -> String {
[INFO] [stderr]    |            ^^^^^^^^
[INFO] [stderr] 
[INFO] [stderr] warning: fields `name`, `path`, `size`, and `extension` are never read
[INFO] [stderr]   --> src/utils/file_handling.rs:8:5
[INFO] [stderr]    |
[INFO] [stderr] 7  | pub struct File {
[INFO] [stderr]    |            ---- fields in this struct
[INFO] [stderr] 8  |     name: String,
[INFO] [stderr]    |     ^^^^
[INFO] [stderr] 9  |     path: String,
[INFO] [stderr]    |     ^^^^
[INFO] [stderr] 10 |     size: u64,
[INFO] [stderr]    |     ^^^^
[INFO] [stderr] 11 |     extension: String,
[INFO] [stderr]    |     ^^^^^^^^^
[INFO] [stderr] 
[INFO] [stderr] warning: methods `get_name`, `get_path`, `get_size`, and `get_extension` are never used
[INFO] [stderr]   --> src/utils/file_handling.rs:29:12
[INFO] [stderr]    |
[INFO] [stderr] 15 | impl File {
[INFO] [stderr]    | --------- methods in this implementation
[INFO] [stderr] ...
[INFO] [stderr] 29 |     pub fn get_name(&self) -> &str {
[INFO] [stderr]    |            ^^^^^^^^
[INFO] [stderr] ...
[INFO] [stderr] 40 |     pub fn get_path(&self) -> &str {
[INFO] [stderr]    |            ^^^^^^^^
[INFO] [stderr] ...
[INFO] [stderr] 44 |     pub fn get_size(&self) -> u64 {
[INFO] [stderr]    |            ^^^^^^^^
[INFO] [stderr] ...
[INFO] [stderr] 48 |     pub fn get_extension(&self) -> &str {
[INFO] [stderr]    |            ^^^^^^^^^^^^^
[INFO] [stderr] 
[INFO] [stderr] warning: `atlas_language` (bin "atlas_language" test) generated 10 warnings
[INFO] [stderr] warning: `atlas_language` (bin "atlas_language") generated 10 warnings (10 duplicates)
[INFO] [stderr]     Finished `test` profile [unoptimized + debuginfo] target(s) in 0.03s
[INFO] [stderr]      Running unittests src/lib.rs (/opt/rustwide/target/debug/deps/atlas_language-320e3370838021c8)
[INFO] [stdout] 
[INFO] [stdout] running 40 tests
[INFO] [stdout] test std::collections::array::array_tests::test_array_clone ... ok
[INFO] [stdout] test std::collections::array::array_tests::test_array_from ... ok
[INFO] [stdout] test std::collections::array::array_tests::test_array_get ... ok
[INFO] [stdout] test std::collections::array::array_tests::test_array_join ... ok
[INFO] [stdout] test std::collections::array::array_tests::test_array_new ... ok
[INFO] [stdout] test std::collections::array::array_tests::test_array_set ... ok
[INFO] [stdout] test std::collections::array::array_tests::test_array_to_vec ... ok
[INFO] [stdout] test std::collections::vector::vector_tests::test_get ... ok
[INFO] [stdout] test std::collections::vector::vector_tests::test_new ... ok
[INFO] [stdout] test std::collections::vector::vector_tests::test_pop ... ok
[INFO] [stdout] test std::math::basic::basics_math_tests::test_add ... ok
[INFO] [stdout] test std::collections::vector::vector_tests::test_set ... ok
[INFO] [stdout] test std::math::basic::basics_math_tests::test_div ... ok
[INFO] [stdout] test std::math::basic::basics_math_tests::test_pow ... ok
[INFO] [stdout] test std::math::basic::basics_math_tests::test_mul ... ok
[INFO] [stdout] test std::math::basic::basics_math_tests::test_sub ... ok
[INFO] [stdout] test std::types::char::char_tests::test_char_default ... ok
[INFO] [stdout] test std::types::char::char_tests::test_char_display ... ok
[INFO] [stdout] test std::types::char::char_tests::test_char_from ... ok
[INFO] [stdout] test std::types::char::char_tests::test_char_deref_mut ... ok
[INFO] [stdout] test std::collections::vector::vector_tests::test_push ... ok
[INFO] [stdout] test std::types::string::string_tests::test_string_add ... ok
[INFO] [stdout] test std::types::char::char_tests::test_char_to_string ... ok
[INFO] [stdout] test std::types::string::string_tests::test_string_clear ... ok
[INFO] [stdout] test std::types::string::string_tests::test_string_eq ... ok
[INFO] [stdout] test std::types::string::string_tests::test_string_chars ... ok
[INFO] [stdout] test std::types::string::string_tests::test_string_from_iter ... ok
[INFO] [stdout] test std::types::string::string_tests::test_string_len ... ok
[INFO] [stdout] test std::types::string::string_tests::test_string_mul ... ok
[INFO] [stdout] test std::types::string::string_tests::test_string_new ... ok
[INFO] [stdout] test std::types::string::string_tests::test_string_parse ... ok
[INFO] [stdout] test std::types::char::char_tests::test_char_deref ... ok
[INFO] [stdout] test std::types::string::string_tests::test_string_push ... ok
[INFO] [stdout] test std::types::string::string_tests::test_string_is_empty ... ok
[INFO] [stdout] test std::types::string::string_tests::test_string_pop ... ok
[INFO] [stdout] test std::types::string::string_tests::test_string_push_str ... ok
[INFO] [stdout] test std::types::string::string_tests::test_string_sub ... ok
[INFO] [stdout] test std::types::string::string_tests::test_string_to_string ... ok
[INFO] [stdout] test std::types::string::string_tests::test_string_to_std_string ... ok
[INFO] [stdout] test std::collections::vector::vector_tests::test_display ... FAILED
[INFO] [stdout] 
[INFO] [stdout] failures:
[INFO] [stdout] 
[INFO] [stdout] ---- std::collections::vector::vector_tests::test_display stdout ----
[INFO] [stdout] 
[INFO] [stdout] thread 'std::collections::vector::vector_tests::test_display' panicked at src/std/collections/vector.rs:306:9:
[INFO] [stdout] assertion `left == right` failed
[INFO] [stdout]   left: String { data: Vec { data: [Char { data: 49 }, Char { data: 44 }, Char { data: 32 }, Char { data: 50 }, Char { data: 44 }, Char { data: 32 }, Char { data: 51 }] } }
[INFO] [stdout]  right: "[1, 2, 3]"
[INFO] [stdout] stack backtrace:
[INFO] [stdout]    0:     0x634b414ccf7a - std::backtrace_rs::backtrace::libunwind::trace::hb059275cfc8d6126
[INFO] [stdout]                                at /rustc/6067b36314ab5eb2eb47cecc464545ba58e1ad24/library/std/src/../../backtrace/src/backtrace/libunwind.rs:116:5
[INFO] [stdout]    1:     0x634b414ccf7a - std::backtrace_rs::backtrace::trace_unsynchronized::h2da071e4327ce3ee
[INFO] [stdout]                                at /rustc/6067b36314ab5eb2eb47cecc464545ba58e1ad24/library/std/src/../../backtrace/src/backtrace/mod.rs:66:5
[INFO] [stdout]    2:     0x634b414ccf7a - std::sys::backtrace::_print_fmt::h842a1474e6f8d23f
[INFO] [stdout]                                at /rustc/6067b36314ab5eb2eb47cecc464545ba58e1ad24/library/std/src/sys/backtrace.rs:66:9
[INFO] [stdout]    3:     0x634b414ccf7a - <std::sys::backtrace::BacktraceLock::print::DisplayBacktrace as core::fmt::Display>::fmt::h71a62eb3b9696b12
[INFO] [stdout]                                at /rustc/6067b36314ab5eb2eb47cecc464545ba58e1ad24/library/std/src/sys/backtrace.rs:39:26
[INFO] [stdout]    4:     0x634b414f46a3 - core::fmt::rt::Argument::fmt::hdb6b616786b41dc1
[INFO] [stdout]                                at /rustc/6067b36314ab5eb2eb47cecc464545ba58e1ad24/library/core/src/fmt/rt.rs:177:76
[INFO] [stdout]    5:     0x634b414f46a3 - core::fmt::write::h2cc1698af7e2d686
[INFO] [stdout]                                at /rustc/6067b36314ab5eb2eb47cecc464545ba58e1ad24/library/core/src/fmt/mod.rs:1440:21
[INFO] [stdout]    6:     0x634b414c9ad3 - std::io::Write::write_fmt::hab1b4cd059a79022
[INFO] [stdout]                                at /rustc/6067b36314ab5eb2eb47cecc464545ba58e1ad24/library/std/src/io/mod.rs:1887:15
[INFO] [stdout]    7:     0x634b414ccdc2 - std::sys::backtrace::BacktraceLock::print::h147fe35b4ea13b08
[INFO] [stdout]                                at /rustc/6067b36314ab5eb2eb47cecc464545ba58e1ad24/library/std/src/sys/backtrace.rs:42:9
[INFO] [stdout]    8:     0x634b414ce39f - std::panicking::default_hook::{{closure}}::hbd44223dbdc0d208
[INFO] [stdout]                                at /rustc/6067b36314ab5eb2eb47cecc464545ba58e1ad24/library/std/src/panicking.rs:298:22
[INFO] [stdout]    9:     0x634b414ce1b8 - std::panicking::default_hook::h20f81eb0576efcec
[INFO] [stdout]                                at /rustc/6067b36314ab5eb2eb47cecc464545ba58e1ad24/library/std/src/panicking.rs:322:9
[INFO] [stdout]   10:     0x634b41493313 - <alloc::boxed::Box<F,A> as core::ops::function::Fn<Args>>::call::hdb53814c496a4d34
[INFO] [stdout]                                at /rustc/6067b36314ab5eb2eb47cecc464545ba58e1ad24/library/alloc/src/boxed.rs:2027:9
[INFO] [stdout]   11:     0x634b41493313 - test::test_main::{{closure}}::hc0a4963c59427c24
[INFO] [stdout]                                at /rustc/6067b36314ab5eb2eb47cecc464545ba58e1ad24/library/test/src/lib.rs:134:21
[INFO] [stdout]   12:     0x634b414cee93 - <alloc::boxed::Box<F,A> as core::ops::function::Fn<Args>>::call::h591b2225413a77e9
[INFO] [stdout]                                at /rustc/6067b36314ab5eb2eb47cecc464545ba58e1ad24/library/alloc/src/boxed.rs:2027:9
[INFO] [stdout]   13:     0x634b414cee93 - std::panicking::rust_panic_with_hook::h625eea43051b2edc
[INFO] [stdout]                                at /rustc/6067b36314ab5eb2eb47cecc464545ba58e1ad24/library/std/src/panicking.rs:839:13
[INFO] [stdout]   14:     0x634b414ceb4a - std::panicking::begin_panic_handler::{{closure}}::h4f9159cfbc3f6bd3
[INFO] [stdout]                                at /rustc/6067b36314ab5eb2eb47cecc464545ba58e1ad24/library/std/src/panicking.rs:704:13
[INFO] [stdout]   15:     0x634b414cd479 - std::sys::backtrace::__rust_end_short_backtrace::h0390abce48353151
[INFO] [stdout]                                at /rustc/6067b36314ab5eb2eb47cecc464545ba58e1ad24/library/std/src/sys/backtrace.rs:168:18
[INFO] [stdout]   16:     0x634b414ce7dd - rust_begin_unwind
[INFO] [stdout]                                at /rustc/6067b36314ab5eb2eb47cecc464545ba58e1ad24/library/std/src/panicking.rs:695:5
[INFO] [stdout]   17:     0x634b414f3080 - core::panicking::panic_fmt::h9e7c637e9e5f29c9
[INFO] [stdout]                                at /rustc/6067b36314ab5eb2eb47cecc464545ba58e1ad24/library/core/src/panicking.rs:75:14
[INFO] [stdout]   18:     0x634b414f3472 - core::panicking::assert_failed_inner::h538bec7c1374cd9c
[INFO] [stdout]   19:     0x634b4144e4c5 - core::panicking::assert_failed::h9602bca0c9d604d4
[INFO] [stdout]                                at /rustc/6067b36314ab5eb2eb47cecc464545ba58e1ad24/library/core/src/panicking.rs:364:5
[INFO] [stdout]   20:     0x634b41458bb2 - atlas_language::std::collections::vector::vector_tests::test_display::h0e3148c08a47d2f9
[INFO] [stdout]                                at /opt/rustwide/workdir/src/std/collections/vector.rs:306:9
[INFO] [stdout]   21:     0x634b41458a77 - atlas_language::std::collections::vector::vector_tests::test_display::{{closure}}::h75f493afe3ace7bc
[INFO] [stdout]                                at /opt/rustwide/workdir/src/std/collections/vector.rs:301:22
[INFO] [stdout]   22:     0x634b41454816 - core::ops::function::FnOnce::call_once::he388d9a8c0aaf54a
[INFO] [stdout]                                at /rustc/6067b36314ab5eb2eb47cecc464545ba58e1ad24/library/core/src/ops/function.rs:250:5
[INFO] [stdout]   23:     0x634b41498a6b - core::ops::function::FnOnce::call_once::he27718dfdd183f43
[INFO] [stdout]                                at /rustc/6067b36314ab5eb2eb47cecc464545ba58e1ad24/library/core/src/ops/function.rs:250:5
[INFO] [stdout]   24:     0x634b41498a6b - test::__rust_begin_short_backtrace::h4e84902998457a5d
[INFO] [stdout]                                at /rustc/6067b36314ab5eb2eb47cecc464545ba58e1ad24/library/test/src/lib.rs:632:18
[INFO] [stdout]   25:     0x634b414979a3 - test::run_test_in_process::{{closure}}::h7176fd18fc1feca0
[INFO] [stdout]                                at /rustc/6067b36314ab5eb2eb47cecc464545ba58e1ad24/library/test/src/lib.rs:655:60
[INFO] [stdout]   26:     0x634b414979a3 - <core::panic::unwind_safe::AssertUnwindSafe<F> as core::ops::function::FnOnce<()>>::call_once::hf79cff2a624d8cf7
[INFO] [stdout]                                at /rustc/6067b36314ab5eb2eb47cecc464545ba58e1ad24/library/core/src/panic/unwind_safe.rs:272:9
[INFO] [stdout]   27:     0x634b414979a3 - std::panicking::try::do_call::h3da0561d9ab99c25
[INFO] [stdout]                                at /rustc/6067b36314ab5eb2eb47cecc464545ba58e1ad24/library/std/src/panicking.rs:587:40
[INFO] [stdout]   28:     0x634b414979a3 - std::panicking::try::h41c9fa508bc61df6
[INFO] [stdout]                                at /rustc/6067b36314ab5eb2eb47cecc464545ba58e1ad24/library/std/src/panicking.rs:550:19
[INFO] [stdout]   29:     0x634b414979a3 - std::panic::catch_unwind::h6b3ff07bb5afad93
[INFO] [stdout]                                at /rustc/6067b36314ab5eb2eb47cecc464545ba58e1ad24/library/std/src/panic.rs:358:14
[INFO] [stdout]   30:     0x634b414979a3 - test::run_test_in_process::hc7253dd11b39b9f4
[INFO] [stdout]                                at /rustc/6067b36314ab5eb2eb47cecc464545ba58e1ad24/library/test/src/lib.rs:655:27
[INFO] [stdout]   31:     0x634b414979a3 - test::run_test::{{closure}}::hfb2007f8649c30bb
[INFO] [stdout]                                at /rustc/6067b36314ab5eb2eb47cecc464545ba58e1ad24/library/test/src/lib.rs:576:43
[INFO] [stdout]   32:     0x634b4145aa85 - test::run_test::{{closure}}::h56a17aa7a282a9f4
[INFO] [stdout]                                at /rustc/6067b36314ab5eb2eb47cecc464545ba58e1ad24/library/test/src/lib.rs:606:41
[INFO] [stdout]   33:     0x634b4145aa85 - std::sys::backtrace::__rust_begin_short_backtrace::hd2d2d2fb8e8c6aac
[INFO] [stdout]                                at /rustc/6067b36314ab5eb2eb47cecc464545ba58e1ad24/library/std/src/sys/backtrace.rs:152:18
[INFO] [stdout]   34:     0x634b4145e36a - std::thread::Builder::spawn_unchecked_::{{closure}}::{{closure}}::h4faa3f9db6133423
[INFO] [stdout]                                at /rustc/6067b36314ab5eb2eb47cecc464545ba58e1ad24/library/std/src/thread/mod.rs:559:17
[INFO] [stdout]   35:     0x634b4145e36a - <core::panic::unwind_safe::AssertUnwindSafe<F> as core::ops::function::FnOnce<()>>::call_once::hf2e855a36a4ea846
[INFO] [stdout]                                at /rustc/6067b36314ab5eb2eb47cecc464545ba58e1ad24/library/core/src/panic/unwind_safe.rs:272:9
[INFO] [stdout]   36:     0x634b4145e36a - std::panicking::try::do_call::h2f73af3616c35465
[INFO] [stdout]                                at /rustc/6067b36314ab5eb2eb47cecc464545ba58e1ad24/library/std/src/panicking.rs:587:40
[INFO] [stdout]   37:     0x634b4145e36a - std::panicking::try::hd1660ce9efadef5a
[INFO] [stdout]                                at /rustc/6067b36314ab5eb2eb47cecc464545ba58e1ad24/library/std/src/panicking.rs:550:19
[INFO] [stdout]   38:     0x634b4145e36a - std::panic::catch_unwind::h5ee8d7823b8ca744
[INFO] [stdout]                                at /rustc/6067b36314ab5eb2eb47cecc464545ba58e1ad24/library/std/src/panic.rs:358:14
[INFO] [stdout]   39:     0x634b4145e36a - std::thread::Builder::spawn_unchecked_::{{closure}}::h53c3a1894dce8407
[INFO] [stdout]                                at /rustc/6067b36314ab5eb2eb47cecc464545ba58e1ad24/library/std/src/thread/mod.rs:557:30
[INFO] [stdout]   40:     0x634b4145e36a - core::ops::function::FnOnce::call_once{{vtable.shim}}::h048ce291ad4f62bf
[INFO] [stdout]                                at /rustc/6067b36314ab5eb2eb47cecc464545ba58e1ad24/library/core/src/ops/function.rs:250:5
[INFO] [stdout]   41:     0x634b414d2dcb - <alloc::boxed::Box<F,A> as core::ops::function::FnOnce<Args>>::call_once::ha52bedf99a3b4981
[INFO] [stdout]                                at /rustc/6067b36314ab5eb2eb47cecc464545ba58e1ad24/library/alloc/src/boxed.rs:2013:9
[INFO] [stdout]   42:     0x634b414d2dcb - <alloc::boxed::Box<F,A> as core::ops::function::FnOnce<Args>>::call_once::h567748934d80ccf8
[INFO] [stdout]                                at /rustc/6067b36314ab5eb2eb47cecc464545ba58e1ad24/library/alloc/src/boxed.rs:2013:9
[INFO] [stdout]   43:     0x634b414d2dcb - std::sys::pal::unix::thread::Thread::new::thread_start::h2d970728ae887adc
[INFO] [stdout]                                at /rustc/6067b36314ab5eb2eb47cecc464545ba58e1ad24/library/std/src/sys/pal/unix/thread.rs:106:17
[INFO] [stdout]   44:     0x7208c8c26ac3 - <unknown>
[INFO] [stdout]   45:     0x7208c8cb7a04 - clone
[INFO] [stdout]   46:                0x0 - <unknown>
[INFO] [stdout] 
[INFO] [stdout] 
[INFO] [stdout] failures:
[INFO] [stdout]     std::collections::vector::vector_tests::test_display
[INFO] [stdout] 
[INFO] [stdout] test result: FAILED. 39 passed; 1 failed; 0 ignored; 0 measured; 0 filtered out; finished in 0.02s
[INFO] [stdout] 
[INFO] [stderr] error: test failed, to rerun pass `--lib`
[INFO] running `Command { std: "docker" "inspect" "b9b60d9c90ee494b7c03231d032b9f79dfaf6ed6a7cbbf7124653a1de74ace66", kill_on_drop: false }`
[INFO] running `Command { std: "docker" "rm" "-f" "b9b60d9c90ee494b7c03231d032b9f79dfaf6ed6a7cbbf7124653a1de74ace66", kill_on_drop: false }`
[INFO] [stdout] b9b60d9c90ee494b7c03231d032b9f79dfaf6ed6a7cbbf7124653a1de74ace66
