[INFO] cloning repository https://github.com/GlennWSo/halfedge
[INFO] running `Command { std: "git" "-c" "credential.helper=" "-c" "credential.helper=/workspace/cargo-home/bin/git-credential-null" "clone" "--bare" "https://github.com/GlennWSo/halfedge" "/workspace/cache/git-repos/https%3A%2F%2Fgithub.com%2FGlennWSo%2Fhalfedge", kill_on_drop: false }`
[INFO] [stderr] Cloning into bare repository '/workspace/cache/git-repos/https%3A%2F%2Fgithub.com%2FGlennWSo%2Fhalfedge'...
[INFO] running `Command { std: "git" "rev-parse" "HEAD", kill_on_drop: false }`
[INFO] [stdout] 9f8b699b42e0acfda458ba5fec2ce19f5c4ba644
[INFO] testing GlennWSo/halfedge against nightly-2025-01-18 for randomize-layout-2
[INFO] running `Command { std: "git" "clone" "/workspace/cache/git-repos/https%3A%2F%2Fgithub.com%2FGlennWSo%2Fhalfedge" "/workspace/builds/worker-1-tc1/source", kill_on_drop: false }`
[INFO] [stderr] Cloning into '/workspace/builds/worker-1-tc1/source'...
[INFO] [stderr] done.
[INFO] validating manifest of git repo https://github.com/GlennWSo/halfedge on toolchain nightly-2025-01-18
[INFO] running `Command { std: CARGO_HOME="/workspace/cargo-home" RUSTUP_HOME="/workspace/rustup-home" "/workspace/cargo-home/bin/cargo" "+nightly-2025-01-18" "metadata" "--manifest-path" "Cargo.toml" "--no-deps", kill_on_drop: false }`
[INFO] started tweaking git repo https://github.com/GlennWSo/halfedge
[INFO] finished tweaking git repo https://github.com/GlennWSo/halfedge
[INFO] tweaked toml for git repo https://github.com/GlennWSo/halfedge written to /workspace/builds/worker-1-tc1/source/Cargo.toml
[INFO] crate git repo https://github.com/GlennWSo/halfedge already has a lockfile, it will not be regenerated
[INFO] running `Command { std: CARGO_HOME="/workspace/cargo-home" RUSTUP_HOME="/workspace/rustup-home" "/workspace/cargo-home/bin/cargo" "+nightly-2025-01-18" "fetch" "--manifest-path" "Cargo.toml", kill_on_drop: false }`
[INFO] [stderr]     Updating crates.io index
[INFO] [stderr]  Downloading crates ...
[INFO] [stderr]   Downloaded glutin v0.30.10
[INFO] [stderr]   Downloaded three-d-asset v0.6.0
[INFO] [stderr]   Downloaded glutin_egl_sys v0.5.1
[INFO] [stderr]   Downloaded zerocopy v0.6.3
[INFO] [stderr]   Downloaded three-d v0.16.0
[INFO] [stderr]   Downloaded winnow v0.5.9
[INFO] [stderr]   Downloaded zerocopy-derive v0.6.3
[INFO] running `Command { std: "docker" "create" "-v" "/var/lib/crater-agent-workspace/builds/worker-1-tc1/target:/opt/rustwide/target:rw,Z" "-v" "/var/lib/crater-agent-workspace/builds/worker-1-tc1/source:/opt/rustwide/workdir:ro,Z" "-v" "/var/lib/crater-agent-workspace/cargo-home:/opt/rustwide/cargo-home:ro,Z" "-v" "/var/lib/crater-agent-workspace/rustup-home:/opt/rustwide/rustup-home:ro,Z" "-e" "SOURCE_DIR=/opt/rustwide/workdir" "-e" "CARGO_TARGET_DIR=/opt/rustwide/target" "-e" "CARGO_HOME=/opt/rustwide/cargo-home" "-e" "RUSTUP_HOME=/opt/rustwide/rustup-home" "-w" "/opt/rustwide/workdir" "-m" "1610612736" "--user" "0:0" "--network" "none" "ghcr.io/rust-lang/crates-build-env/linux@sha256:819108c5571ea2e421544af4d832f968d213c87fbe3707a016657f43d2f853bc" "/opt/rustwide/cargo-home/bin/cargo" "+nightly-2025-01-18" "metadata" "--no-deps" "--format-version=1", kill_on_drop: false }`
[INFO] [stdout] b36922615a1d3d9b0d0b84dc93cb20c1eb1c053aa8cb8a136773a43a8d0a05a0
[INFO] running `Command { std: "docker" "start" "-a" "b36922615a1d3d9b0d0b84dc93cb20c1eb1c053aa8cb8a136773a43a8d0a05a0", kill_on_drop: false }`
[INFO] running `Command { std: "docker" "inspect" "b36922615a1d3d9b0d0b84dc93cb20c1eb1c053aa8cb8a136773a43a8d0a05a0", kill_on_drop: false }`
[INFO] running `Command { std: "docker" "rm" "-f" "b36922615a1d3d9b0d0b84dc93cb20c1eb1c053aa8cb8a136773a43a8d0a05a0", kill_on_drop: false }`
[INFO] [stdout] b36922615a1d3d9b0d0b84dc93cb20c1eb1c053aa8cb8a136773a43a8d0a05a0
[INFO] running `Command { std: "docker" "create" "-v" "/var/lib/crater-agent-workspace/builds/worker-1-tc1/target:/opt/rustwide/target:rw,Z" "-v" "/var/lib/crater-agent-workspace/builds/worker-1-tc1/source:/opt/rustwide/workdir:ro,Z" "-v" "/var/lib/crater-agent-workspace/cargo-home:/opt/rustwide/cargo-home:ro,Z" "-v" "/var/lib/crater-agent-workspace/rustup-home:/opt/rustwide/rustup-home:ro,Z" "-e" "SOURCE_DIR=/opt/rustwide/workdir" "-e" "CARGO_TARGET_DIR=/opt/rustwide/target" "-e" "CARGO_INCREMENTAL=0" "-e" "RUST_BACKTRACE=full" "-e" "RUSTFLAGS=--cap-lints=forbid" "-e" "RUSTDOCFLAGS=--cap-lints=forbid" "-e" "CARGO_HOME=/opt/rustwide/cargo-home" "-e" "RUSTUP_HOME=/opt/rustwide/rustup-home" "-w" "/opt/rustwide/workdir" "-m" "1610612736" "--user" "0:0" "--network" "none" "ghcr.io/rust-lang/crates-build-env/linux@sha256:819108c5571ea2e421544af4d832f968d213c87fbe3707a016657f43d2f853bc" "/opt/rustwide/cargo-home/bin/cargo" "+nightly-2025-01-18" "build" "--frozen" "--message-format=json", kill_on_drop: false }`
[INFO] [stdout] 93f8cac390162657bb9ca292dc3b89f7022d90f2816a1c4fa267af3c2476ef9f
[INFO] running `Command { std: "docker" "start" "-a" "93f8cac390162657bb9ca292dc3b89f7022d90f2816a1c4fa267af3c2476ef9f", kill_on_drop: false }`
[INFO] [stderr]    Compiling cfg-if v1.0.0
[INFO] [stderr]    Compiling xml-rs v0.8.16
[INFO] [stderr]    Compiling autocfg v1.1.0
[INFO] [stderr]    Compiling pkg-config v0.3.27
[INFO] [stderr]    Compiling libc v0.2.147
[INFO] [stderr]    Compiling log v0.4.19
[INFO] [stderr]    Compiling bitflags v1.3.2
[INFO] [stderr]    Compiling lazy_static v1.4.0
[INFO] [stderr]    Compiling once_cell v1.18.0
[INFO] [stderr]    Compiling khronos_api v3.1.0
[INFO] [stderr]    Compiling memchr v2.5.0
[INFO] [stderr]    Compiling version_check v0.9.4
[INFO] [stderr]    Compiling crc32fast v1.3.2
[INFO] [stderr]    Compiling simd-adler32 v0.3.7
[INFO] [stderr]    Compiling libm v0.2.7
[INFO] [stderr]    Compiling quote v1.0.32
[INFO] [stderr]    Compiling libloading v0.8.0
[INFO] [stderr]    Compiling smallvec v1.11.0
[INFO] [stderr]    Compiling thiserror v1.0.44
[INFO] [stderr]    Compiling dlib v0.5.2
[INFO] [stderr]    Compiling syn v2.0.28
[INFO] [stderr]    Compiling cfg_aliases v0.1.1
[INFO] [stderr]    Compiling scoped-tls v1.0.1
[INFO] [stderr]    Compiling slotmap v1.0.6
[INFO] [stderr]    Compiling downcast-rs v1.2.0
[INFO] [stderr]    Compiling adler v1.0.2
[INFO] [stderr]    Compiling fdeflate v0.3.0
[INFO] [stderr]    Compiling arrayref v0.3.7
[INFO] [stderr]    Compiling strict-num v0.1.1
[INFO] [stderr]    Compiling miniz_oxide v0.7.1
[INFO] [stderr]    Compiling bytemuck v1.13.1
[INFO] [stderr]    Compiling ttf-parser v0.19.1
[INFO] [stderr]    Compiling vec_map v0.8.2
[INFO] [stderr]    Compiling ab_glyph_rasterizer v0.1.8
[INFO] [stderr]    Compiling byteorder v1.4.3
[INFO] [stderr]    Compiling memoffset v0.6.5
[INFO] [stderr]    Compiling num-traits v0.2.16
[INFO] [stderr]    Compiling tiny-skia-path v0.8.4
[INFO] [stderr]    Compiling arrayvec v0.7.4
[INFO] [stderr]    Compiling flate2 v1.0.26
[INFO] [stderr]    Compiling nom v7.1.3
[INFO] [stderr]    Compiling wayland-sys v0.29.5
[INFO] [stderr]    Compiling x11-dl v2.21.0
[INFO] [stderr]    Compiling wayland-scanner v0.29.5
[INFO] [stderr]    Compiling gl_generator v0.14.0
[INFO] [stderr]    Compiling smithay-client-toolkit v0.16.0
[INFO] [stderr]    Compiling png v0.17.9
[INFO] [stderr]    Compiling wayland-sys v0.30.1
[INFO] [stderr]    Compiling cgmath v0.18.0
[INFO] [stderr]    Compiling glutin v0.30.10
[INFO] [stderr]    Compiling raw-window-handle v0.5.2
[INFO] [stderr]    Compiling instant v0.1.12
[INFO] [stderr]    Compiling libloading v0.7.4
[INFO] [stderr]    Compiling percent-encoding v2.3.0
[INFO] [stderr]    Compiling glow v0.12.3
[INFO] [stderr]    Compiling pin-project-lite v0.2.12
[INFO] [stderr]    Compiling glutin_egl_sys v0.5.1
[INFO] [stderr]    Compiling glutin_glx_sys v0.4.0
[INFO] [stderr]    Compiling tiny-skia v0.8.4
[INFO] [stderr]    Compiling wayland-client v0.29.5
[INFO] [stderr]    Compiling wayland-protocols v0.29.5
[INFO] [stderr]    Compiling owned_ttf_parser v0.19.0
[INFO] [stderr]    Compiling winit v0.28.6
[INFO] [stderr]    Compiling ab_glyph v0.2.21
[INFO] [stderr]    Compiling nix v0.24.3
[INFO] [stderr]    Compiling nix v0.25.1
[INFO] [stderr]    Compiling memmap2 v0.5.10
[INFO] [stderr]    Compiling mio v0.8.8
[INFO] [stderr]    Compiling approx v0.4.0
[INFO] [stderr]    Compiling num_cpus v1.16.0
[INFO] [stderr]    Compiling xcursor v0.3.4
[INFO] [stderr]    Compiling thiserror-impl v1.0.44
[INFO] [stderr]    Compiling zerocopy-derive v0.6.3
[INFO] [stderr]    Compiling tokio-macros v2.1.0
[INFO] [stderr]    Compiling wayland-commons v0.29.5
[INFO] [stderr]    Compiling zerocopy v0.6.3
[INFO] [stderr]    Compiling tokio v1.30.0
[INFO] [stderr]    Compiling calloop v0.10.6
[INFO] [stderr]    Compiling half v2.3.1
[INFO] [stderr]    Compiling three-d-asset v0.6.0
[INFO] [stderr]    Compiling wayland-cursor v0.29.5
[INFO] [stderr]    Compiling sctk-adwaita v0.5.4
[INFO] [stderr]    Compiling three-d v0.16.0
[INFO] [stderr]    Compiling halfedge v0.0.1 (/opt/rustwide/workdir)
[INFO] [stdout] warning: function `star` is never used
[INFO] [stdout]  --> src/bin/tri.rs:4:4
[INFO] [stdout]   |
[INFO] [stdout] 4 | fn star() -> Mesh {
[INFO] [stdout]   |    ^^^^
[INFO] [stdout]   |
[INFO] [stdout]   = note: `#[warn(dead_code)]` on by default
[INFO] [stdout] 
[INFO] [stdout] 
[INFO] [stdout] warning: function `banana` is never used
[INFO] [stdout]   --> src/bin/tri.rs:24:4
[INFO] [stdout]    |
[INFO] [stdout] 24 | fn banana() -> Mesh {
[INFO] [stdout]    |    ^^^^^^
[INFO] [stdout] 
[INFO] [stdout] 
[INFO] [stderr]     Finished `dev` profile [unoptimized + debuginfo] target(s) in 1m 37s
[INFO] running `Command { std: "docker" "inspect" "93f8cac390162657bb9ca292dc3b89f7022d90f2816a1c4fa267af3c2476ef9f", kill_on_drop: false }`
[INFO] running `Command { std: "docker" "rm" "-f" "93f8cac390162657bb9ca292dc3b89f7022d90f2816a1c4fa267af3c2476ef9f", kill_on_drop: false }`
[INFO] [stdout] 93f8cac390162657bb9ca292dc3b89f7022d90f2816a1c4fa267af3c2476ef9f
[INFO] running `Command { std: "docker" "create" "-v" "/var/lib/crater-agent-workspace/builds/worker-1-tc1/target:/opt/rustwide/target:rw,Z" "-v" "/var/lib/crater-agent-workspace/builds/worker-1-tc1/source:/opt/rustwide/workdir:ro,Z" "-v" "/var/lib/crater-agent-workspace/cargo-home:/opt/rustwide/cargo-home:ro,Z" "-v" "/var/lib/crater-agent-workspace/rustup-home:/opt/rustwide/rustup-home:ro,Z" "-e" "SOURCE_DIR=/opt/rustwide/workdir" "-e" "CARGO_TARGET_DIR=/opt/rustwide/target" "-e" "CARGO_INCREMENTAL=0" "-e" "RUST_BACKTRACE=full" "-e" "RUSTFLAGS=--cap-lints=forbid" "-e" "RUSTDOCFLAGS=--cap-lints=forbid" "-e" "CARGO_HOME=/opt/rustwide/cargo-home" "-e" "RUSTUP_HOME=/opt/rustwide/rustup-home" "-w" "/opt/rustwide/workdir" "-m" "1610612736" "--user" "0:0" "--network" "none" "ghcr.io/rust-lang/crates-build-env/linux@sha256:819108c5571ea2e421544af4d832f968d213c87fbe3707a016657f43d2f853bc" "/opt/rustwide/cargo-home/bin/cargo" "+nightly-2025-01-18" "test" "--frozen" "--no-run" "--message-format=json", kill_on_drop: false }`
[INFO] [stdout] 896669b15cf9a0639c25ca94eb11420c5d2b516c73f7ac3e142fe842da15b9a1
[INFO] running `Command { std: "docker" "start" "-a" "896669b15cf9a0639c25ca94eb11420c5d2b516c73f7ac3e142fe842da15b9a1", kill_on_drop: false }`
[INFO] [stderr]    Compiling halfedge v0.0.1 (/opt/rustwide/workdir)
[INFO] [stdout] warning: function `star` is never used
[INFO] [stdout]  --> src/bin/tri.rs:4:4
[INFO] [stdout]   |
[INFO] [stdout] 4 | fn star() -> Mesh {
[INFO] [stdout]   |    ^^^^
[INFO] [stdout]   |
[INFO] [stdout]   = note: `#[warn(dead_code)]` on by default
[INFO] [stdout] 
[INFO] [stdout] 
[INFO] [stdout] warning: function `banana` is never used
[INFO] [stdout]   --> src/bin/tri.rs:24:4
[INFO] [stdout]    |
[INFO] [stdout] 24 | fn banana() -> Mesh {
[INFO] [stdout]    |    ^^^^^^
[INFO] [stdout] 
[INFO] [stdout] 
[INFO] [stdout] warning: unused variable: `mesh`
[INFO] [stdout]    --> src/mesh/tri.rs:244:13
[INFO] [stdout]     |
[INFO] [stdout] 244 |         let mesh = Mesh::from_verts_faces(points, faces);
[INFO] [stdout]     |             ^^^^ help: if this is intentional, prefix it with an underscore: `_mesh`
[INFO] [stdout]     |
[INFO] [stdout]     = note: `#[warn(unused_variables)]` on by default
[INFO] [stdout] 
[INFO] [stdout] 
[INFO] [stdout] warning: function `star` is never used
[INFO] [stdout]    --> src/mesh/tri.rs:180:8
[INFO] [stdout]     |
[INFO] [stdout] 180 |     fn star() -> Mesh {
[INFO] [stdout]     |        ^^^^
[INFO] [stdout]     |
[INFO] [stdout]     = note: `#[warn(dead_code)]` on by default
[INFO] [stdout] 
[INFO] [stdout] 
[INFO] [stderr]     Finished `test` profile [unoptimized + debuginfo] target(s) in 1.60s
[INFO] running `Command { std: "docker" "inspect" "896669b15cf9a0639c25ca94eb11420c5d2b516c73f7ac3e142fe842da15b9a1", kill_on_drop: false }`
[INFO] running `Command { std: "docker" "rm" "-f" "896669b15cf9a0639c25ca94eb11420c5d2b516c73f7ac3e142fe842da15b9a1", kill_on_drop: false }`
[INFO] [stdout] 896669b15cf9a0639c25ca94eb11420c5d2b516c73f7ac3e142fe842da15b9a1
[INFO] running `Command { std: "docker" "create" "-v" "/var/lib/crater-agent-workspace/builds/worker-1-tc1/target:/opt/rustwide/target:rw,Z" "-v" "/var/lib/crater-agent-workspace/builds/worker-1-tc1/source:/opt/rustwide/workdir:ro,Z" "-v" "/var/lib/crater-agent-workspace/cargo-home:/opt/rustwide/cargo-home:ro,Z" "-v" "/var/lib/crater-agent-workspace/rustup-home:/opt/rustwide/rustup-home:ro,Z" "-e" "SOURCE_DIR=/opt/rustwide/workdir" "-e" "CARGO_TARGET_DIR=/opt/rustwide/target" "-e" "CARGO_INCREMENTAL=0" "-e" "RUST_BACKTRACE=full" "-e" "RUSTFLAGS=--cap-lints=forbid" "-e" "RUSTDOCFLAGS=--cap-lints=forbid" "-e" "CARGO_HOME=/opt/rustwide/cargo-home" "-e" "RUSTUP_HOME=/opt/rustwide/rustup-home" "-w" "/opt/rustwide/workdir" "-m" "1610612736" "--user" "0:0" "--network" "none" "ghcr.io/rust-lang/crates-build-env/linux@sha256:819108c5571ea2e421544af4d832f968d213c87fbe3707a016657f43d2f853bc" "/opt/rustwide/cargo-home/bin/cargo" "+nightly-2025-01-18" "test" "--frozen", kill_on_drop: false }`
[INFO] [stdout] f4f23bda3c7c0a0aa6aba1c3f9891c6984e157c7af474528467b4dbd2c7fd20c
[INFO] running `Command { std: "docker" "start" "-a" "f4f23bda3c7c0a0aa6aba1c3f9891c6984e157c7af474528467b4dbd2c7fd20c", kill_on_drop: false }`
[INFO] [stderr] warning: function `star` is never used
[INFO] [stderr]  --> src/bin/tri.rs:4:4
[INFO] [stderr]   |
[INFO] [stderr] 4 | fn star() -> Mesh {
[INFO] [stderr]   |    ^^^^
[INFO] [stderr]   |
[INFO] [stderr]   = note: `#[warn(dead_code)]` on by default
[INFO] [stderr] 
[INFO] [stderr] warning: function `banana` is never used
[INFO] [stderr]   --> src/bin/tri.rs:24:4
[INFO] [stderr]    |
[INFO] [stderr] 24 | fn banana() -> Mesh {
[INFO] [stderr]    |    ^^^^^^
[INFO] [stderr] 
[INFO] [stderr] warning: unused variable: `mesh`
[INFO] [stderr]    --> src/mesh/tri.rs:244:13
[INFO] [stderr]     |
[INFO] [stderr] 244 |         let mesh = Mesh::from_verts_faces(points, faces);
[INFO] [stderr]     |             ^^^^ help: if this is intentional, prefix it with an underscore: `_mesh`
[INFO] [stderr]     |
[INFO] [stderr]     = note: `#[warn(unused_variables)]` on by default
[INFO] [stderr] 
[INFO] [stderr] warning: function `star` is never used
[INFO] [stderr]    --> src/mesh/tri.rs:180:8
[INFO] [stderr]     |
[INFO] [stderr] 180 |     fn star() -> Mesh {
[INFO] [stderr]     |        ^^^^
[INFO] [stderr]     |
[INFO] [stderr]     = note: `#[warn(dead_code)]` on by default
[INFO] [stderr] 
[INFO] [stderr] warning: `halfedge` (bin "tri" test) generated 2 warnings
[INFO] [stderr] warning: `halfedge` (lib test) generated 2 warnings
[INFO] [stderr]     Finished `test` profile [unoptimized + debuginfo] target(s) in 0.13s
[INFO] [stderr]      Running unittests src/lib.rs (/opt/rustwide/target/debug/deps/halfedge-c9e79b6742bd4044)
[INFO] [stdout] 
[INFO] [stdout] running 7 tests
[INFO] [stdout] test mesh::tests::flip_square ... ok
[INFO] [stdout] test mesh::tri::test_mesh_triangulation::test_concave_triangulate_pentagon ... ok
[INFO] [stdout] test mesh::tri::test_helpers::test_inside ... ok
[INFO] [stdout] test mesh::tests::from_verts_faces ... ok
[INFO] [stdout] test mesh::plane::tests::test_tri_intersect ... ok
[INFO] [stdout] test mesh::plane::tests::test_dist ... ok
[INFO] [stdout] test mesh::tri::test_mesh_triangulation::test_ear_clip ... FAILED
[INFO] [stdout] 
[INFO] [stdout] failures:
[INFO] [stdout] 
[INFO] [stdout] ---- mesh::tri::test_mesh_triangulation::test_ear_clip stdout ----
[INFO] [stdout] 
[INFO] [stdout] thread 'mesh::tri::test_mesh_triangulation::test_ear_clip' panicked at src/mesh/mod.rs:147:18:
[INFO] [stdout] index out of bounds: the len is 4 but the index is 4
[INFO] [stdout] stack backtrace:
[INFO] [stdout]    0:     0x595734d3fdfa - std::backtrace_rs::backtrace::libunwind::trace::hb059275cfc8d6126
[INFO] [stdout]                                at /rustc/6067b36314ab5eb2eb47cecc464545ba58e1ad24/library/std/src/../../backtrace/src/backtrace/libunwind.rs:116:5
[INFO] [stdout]    1:     0x595734d3fdfa - std::backtrace_rs::backtrace::trace_unsynchronized::h2da071e4327ce3ee
[INFO] [stdout]                                at /rustc/6067b36314ab5eb2eb47cecc464545ba58e1ad24/library/std/src/../../backtrace/src/backtrace/mod.rs:66:5
[INFO] [stdout]    2:     0x595734d3fdfa - std::sys::backtrace::_print_fmt::h842a1474e6f8d23f
[INFO] [stdout]                                at /rustc/6067b36314ab5eb2eb47cecc464545ba58e1ad24/library/std/src/sys/backtrace.rs:66:9
[INFO] [stdout]    3:     0x595734d3fdfa - <std::sys::backtrace::BacktraceLock::print::DisplayBacktrace as core::fmt::Display>::fmt::h71a62eb3b9696b12
[INFO] [stdout]                                at /rustc/6067b36314ab5eb2eb47cecc464545ba58e1ad24/library/std/src/sys/backtrace.rs:39:26
[INFO] [stdout]    4:     0x595734d678c3 - core::fmt::rt::Argument::fmt::hdb6b616786b41dc1
[INFO] [stdout]                                at /rustc/6067b36314ab5eb2eb47cecc464545ba58e1ad24/library/core/src/fmt/rt.rs:177:76
[INFO] [stdout]    5:     0x595734d678c3 - core::fmt::write::h2cc1698af7e2d686
[INFO] [stdout]                                at /rustc/6067b36314ab5eb2eb47cecc464545ba58e1ad24/library/core/src/fmt/mod.rs:1440:21
[INFO] [stdout]    6:     0x595734d3c953 - std::io::Write::write_fmt::hab1b4cd059a79022
[INFO] [stdout]                                at /rustc/6067b36314ab5eb2eb47cecc464545ba58e1ad24/library/std/src/io/mod.rs:1887:15
[INFO] [stdout]    7:     0x595734d3fc42 - std::sys::backtrace::BacktraceLock::print::h147fe35b4ea13b08
[INFO] [stdout]                                at /rustc/6067b36314ab5eb2eb47cecc464545ba58e1ad24/library/std/src/sys/backtrace.rs:42:9
[INFO] [stdout]    8:     0x595734d4121f - std::panicking::default_hook::{{closure}}::hbd44223dbdc0d208
[INFO] [stdout]                                at /rustc/6067b36314ab5eb2eb47cecc464545ba58e1ad24/library/std/src/panicking.rs:298:22
[INFO] [stdout]    9:     0x595734d41038 - std::panicking::default_hook::h20f81eb0576efcec
[INFO] [stdout]                                at /rustc/6067b36314ab5eb2eb47cecc464545ba58e1ad24/library/std/src/panicking.rs:322:9
[INFO] [stdout]   10:     0x595734d057f3 - <alloc::boxed::Box<F,A> as core::ops::function::Fn<Args>>::call::hdb53814c496a4d34
[INFO] [stdout]                                at /rustc/6067b36314ab5eb2eb47cecc464545ba58e1ad24/library/alloc/src/boxed.rs:2027:9
[INFO] [stdout]   11:     0x595734d057f3 - test::test_main::{{closure}}::hc0a4963c59427c24
[INFO] [stdout]                                at /rustc/6067b36314ab5eb2eb47cecc464545ba58e1ad24/library/test/src/lib.rs:134:21
[INFO] [stdout]   12:     0x595734d41d13 - <alloc::boxed::Box<F,A> as core::ops::function::Fn<Args>>::call::h591b2225413a77e9
[INFO] [stdout]                                at /rustc/6067b36314ab5eb2eb47cecc464545ba58e1ad24/library/alloc/src/boxed.rs:2027:9
[INFO] [stdout]   13:     0x595734d41d13 - std::panicking::rust_panic_with_hook::h625eea43051b2edc
[INFO] [stdout]                                at /rustc/6067b36314ab5eb2eb47cecc464545ba58e1ad24/library/std/src/panicking.rs:839:13
[INFO] [stdout]   14:     0x595734d419ca - std::panicking::begin_panic_handler::{{closure}}::h4f9159cfbc3f6bd3
[INFO] [stdout]                                at /rustc/6067b36314ab5eb2eb47cecc464545ba58e1ad24/library/std/src/panicking.rs:704:13
[INFO] [stdout]   15:     0x595734d402f9 - std::sys::backtrace::__rust_end_short_backtrace::h0390abce48353151
[INFO] [stdout]                                at /rustc/6067b36314ab5eb2eb47cecc464545ba58e1ad24/library/std/src/sys/backtrace.rs:168:18
[INFO] [stdout]   16:     0x595734d4165d - rust_begin_unwind
[INFO] [stdout]                                at /rustc/6067b36314ab5eb2eb47cecc464545ba58e1ad24/library/std/src/panicking.rs:695:5
[INFO] [stdout]   17:     0x595734d65ef0 - core::panicking::panic_fmt::h9e7c637e9e5f29c9
[INFO] [stdout]                                at /rustc/6067b36314ab5eb2eb47cecc464545ba58e1ad24/library/core/src/panicking.rs:75:14
[INFO] [stdout]   18:     0x595734d66071 - core::panicking::panic_bounds_check::hab62625bddb22ea0
[INFO] [stdout]                                at /rustc/6067b36314ab5eb2eb47cecc464545ba58e1ad24/library/core/src/panicking.rs:273:5
[INFO] [stdout]   19:     0x595734cbb8c7 - <usize as core::slice::index::SliceIndex<[T]>>::index_mut::h16a6fadc998528dc
[INFO] [stdout]                                at /rustc/6067b36314ab5eb2eb47cecc464545ba58e1ad24/library/core/src/slice/index.rs:280:14
[INFO] [stdout]   20:     0x595734cc5660 - core::slice::index::<impl core::ops::index::IndexMut<I> for [T]>::index_mut::hd5d080d28156a13e
[INFO] [stdout]                                at /rustc/6067b36314ab5eb2eb47cecc464545ba58e1ad24/library/core/src/slice/index.rs:27:9
[INFO] [stdout]   21:     0x595734cc5660 - <alloc::vec::Vec<T,A> as core::ops::index::IndexMut<I>>::index_mut::h149af6630f83e6a6
[INFO] [stdout]                                at /rustc/6067b36314ab5eb2eb47cecc464545ba58e1ad24/library/alloc/src/vec/mod.rs:3373:9
[INFO] [stdout]   22:     0x595734cc9eba - halfedge::mesh::Mesh::from_verts_faces::hb91f715319736e2f
[INFO] [stdout]                                at /opt/rustwide/workdir/src/mesh/mod.rs:147:18
[INFO] [stdout]   23:     0x595734cc28c8 - halfedge::mesh::tri::test_mesh_triangulation::test_ear_clip::h0bf653b5c9de11dc
[INFO] [stdout]                                at /opt/rustwide/workdir/src/mesh/tri.rs:244:20
[INFO] [stdout]   24:     0x595734cc2527 - halfedge::mesh::tri::test_mesh_triangulation::test_ear_clip::{{closure}}::h5d6cba98a018b0a3
[INFO] [stdout]                                at /opt/rustwide/workdir/src/mesh/tri.rs:236:23
[INFO] [stdout]   25:     0x595734cb9a26 - core::ops::function::FnOnce::call_once::hc8d493ab779e5b55
[INFO] [stdout]                                at /rustc/6067b36314ab5eb2eb47cecc464545ba58e1ad24/library/core/src/ops/function.rs:250:5
[INFO] [stdout]   26:     0x595734d0af4b - core::ops::function::FnOnce::call_once::he27718dfdd183f43
[INFO] [stdout]                                at /rustc/6067b36314ab5eb2eb47cecc464545ba58e1ad24/library/core/src/ops/function.rs:250:5
[INFO] [stdout]   27:     0x595734d0af4b - test::__rust_begin_short_backtrace::h4e84902998457a5d
[INFO] [stdout]                                at /rustc/6067b36314ab5eb2eb47cecc464545ba58e1ad24/library/test/src/lib.rs:632:18
[INFO] [stdout]   28:     0x595734d09e83 - test::run_test_in_process::{{closure}}::h7176fd18fc1feca0
[INFO] [stdout]                                at /rustc/6067b36314ab5eb2eb47cecc464545ba58e1ad24/library/test/src/lib.rs:655:60
[INFO] [stdout]   29:     0x595734d09e83 - <core::panic::unwind_safe::AssertUnwindSafe<F> as core::ops::function::FnOnce<()>>::call_once::hf79cff2a624d8cf7
[INFO] [stdout]                                at /rustc/6067b36314ab5eb2eb47cecc464545ba58e1ad24/library/core/src/panic/unwind_safe.rs:272:9
[INFO] [stdout]   30:     0x595734d09e83 - std::panicking::try::do_call::h3da0561d9ab99c25
[INFO] [stdout]                                at /rustc/6067b36314ab5eb2eb47cecc464545ba58e1ad24/library/std/src/panicking.rs:587:40
[INFO] [stdout]   31:     0x595734d09e83 - std::panicking::try::h41c9fa508bc61df6
[INFO] [stdout]                                at /rustc/6067b36314ab5eb2eb47cecc464545ba58e1ad24/library/std/src/panicking.rs:550:19
[INFO] [stdout]   32:     0x595734d09e83 - std::panic::catch_unwind::h6b3ff07bb5afad93
[INFO] [stdout]                                at /rustc/6067b36314ab5eb2eb47cecc464545ba58e1ad24/library/std/src/panic.rs:358:14
[INFO] [stdout]   33:     0x595734d09e83 - test::run_test_in_process::hc7253dd11b39b9f4
[INFO] [stdout]                                at /rustc/6067b36314ab5eb2eb47cecc464545ba58e1ad24/library/test/src/lib.rs:655:27
[INFO] [stdout]   34:     0x595734d09e83 - test::run_test::{{closure}}::hfb2007f8649c30bb
[INFO] [stdout]                                at /rustc/6067b36314ab5eb2eb47cecc464545ba58e1ad24/library/test/src/lib.rs:576:43
[INFO] [stdout]   35:     0x595734cccf65 - test::run_test::{{closure}}::h56a17aa7a282a9f4
[INFO] [stdout]                                at /rustc/6067b36314ab5eb2eb47cecc464545ba58e1ad24/library/test/src/lib.rs:606:41
[INFO] [stdout]   36:     0x595734cccf65 - std::sys::backtrace::__rust_begin_short_backtrace::hd2d2d2fb8e8c6aac
[INFO] [stdout]                                at /rustc/6067b36314ab5eb2eb47cecc464545ba58e1ad24/library/std/src/sys/backtrace.rs:152:18
[INFO] [stdout]   37:     0x595734cd084a - std::thread::Builder::spawn_unchecked_::{{closure}}::{{closure}}::h4faa3f9db6133423
[INFO] [stdout]                                at /rustc/6067b36314ab5eb2eb47cecc464545ba58e1ad24/library/std/src/thread/mod.rs:559:17
[INFO] [stdout]   38:     0x595734cd084a - <core::panic::unwind_safe::AssertUnwindSafe<F> as core::ops::function::FnOnce<()>>::call_once::hf2e855a36a4ea846
[INFO] [stdout]                                at /rustc/6067b36314ab5eb2eb47cecc464545ba58e1ad24/library/core/src/panic/unwind_safe.rs:272:9
[INFO] [stdout]   39:     0x595734cd084a - std::panicking::try::do_call::h2f73af3616c35465
[INFO] [stdout]                                at /rustc/6067b36314ab5eb2eb47cecc464545ba58e1ad24/library/std/src/panicking.rs:587:40
[INFO] [stdout]   40:     0x595734cd084a - std::panicking::try::hd1660ce9efadef5a
[INFO] [stdout]                                at /rustc/6067b36314ab5eb2eb47cecc464545ba58e1ad24/library/std/src/panicking.rs:550:19
[INFO] [stdout]   41:     0x595734cd084a - std::panic::catch_unwind::h5ee8d7823b8ca744
[INFO] [stdout]                                at /rustc/6067b36314ab5eb2eb47cecc464545ba58e1ad24/library/std/src/panic.rs:358:14
[INFO] [stdout]   42:     0x595734cd084a - std::thread::Builder::spawn_unchecked_::{{closure}}::h53c3a1894dce8407
[INFO] [stdout]                                at /rustc/6067b36314ab5eb2eb47cecc464545ba58e1ad24/library/std/src/thread/mod.rs:557:30
[INFO] [stdout]   43:     0x595734cd084a - core::ops::function::FnOnce::call_once{{vtable.shim}}::h048ce291ad4f62bf
[INFO] [stdout]                                at /rustc/6067b36314ab5eb2eb47cecc464545ba58e1ad24/library/core/src/ops/function.rs:250:5
[INFO] [stdout]   44:     0x595734d45c4b - <alloc::boxed::Box<F,A> as core::ops::function::FnOnce<Args>>::call_once::ha52bedf99a3b4981
[INFO] [stdout]                                at /rustc/6067b36314ab5eb2eb47cecc464545ba58e1ad24/library/alloc/src/boxed.rs:2013:9
[INFO] [stdout]   45:     0x595734d45c4b - <alloc::boxed::Box<F,A> as core::ops::function::FnOnce<Args>>::call_once::h567748934d80ccf8
[INFO] [stdout]                                at /rustc/6067b36314ab5eb2eb47cecc464545ba58e1ad24/library/alloc/src/boxed.rs:2013:9
[INFO] [stdout]   46:     0x595734d45c4b - std::sys::pal::unix::thread::Thread::new::thread_start::h2d970728ae887adc
[INFO] [stdout]                                at /rustc/6067b36314ab5eb2eb47cecc464545ba58e1ad24/library/std/src/sys/pal/unix/thread.rs:106:17
[INFO] [stdout]   47:     0x73c3bd1b9ac3 - <unknown>
[INFO] [stdout]   48:     0x73c3bd24aa04 - clone
[INFO] [stdout]   49:                0x0 - <unknown>
[INFO] [stdout] 
[INFO] [stdout] 
[INFO] [stdout] failures:
[INFO] [stdout]     mesh::tri::test_mesh_triangulation::test_ear_clip
[INFO] [stdout] 
[INFO] [stdout] test result: FAILED. 6 passed; 1 failed; 0 ignored; 0 measured; 0 filtered out; finished in 0.11s
[INFO] [stdout] 
[INFO] [stderr] error: test failed, to rerun pass `--lib`
[INFO] running `Command { std: "docker" "inspect" "f4f23bda3c7c0a0aa6aba1c3f9891c6984e157c7af474528467b4dbd2c7fd20c", kill_on_drop: false }`
[INFO] running `Command { std: "docker" "rm" "-f" "f4f23bda3c7c0a0aa6aba1c3f9891c6984e157c7af474528467b4dbd2c7fd20c", kill_on_drop: false }`
[INFO] [stdout] f4f23bda3c7c0a0aa6aba1c3f9891c6984e157c7af474528467b4dbd2c7fd20c
