[INFO] cloning repository https://github.com/Georci/solana_bot
[INFO] running `Command { std: "git" "-c" "credential.helper=" "-c" "credential.helper=/workspace/cargo-home/bin/git-credential-null" "clone" "--bare" "https://github.com/Georci/solana_bot" "/workspace/cache/git-repos/https%3A%2F%2Fgithub.com%2FGeorci%2Fsolana_bot", kill_on_drop: false }`
[INFO] [stderr] Cloning into bare repository '/workspace/cache/git-repos/https%3A%2F%2Fgithub.com%2FGeorci%2Fsolana_bot'...
[INFO] running `Command { std: "git" "rev-parse" "HEAD", kill_on_drop: false }`
[INFO] [stdout] 187b6d57bb5cc834b58da69db3d37d4ed0900a16
[INFO] testing Georci/solana_bot against nightly-2025-01-18+rustflags=-Zrandomize-layout for randomize-layout-2
[INFO] running `Command { std: "git" "clone" "/workspace/cache/git-repos/https%3A%2F%2Fgithub.com%2FGeorci%2Fsolana_bot" "/workspace/builds/worker-2-tc2/source", kill_on_drop: false }`
[INFO] [stderr] Cloning into '/workspace/builds/worker-2-tc2/source'...
[INFO] [stderr] done.
[INFO] validating manifest of git repo https://github.com/Georci/solana_bot on toolchain nightly-2025-01-18
[INFO] running `Command { std: CARGO_HOME="/workspace/cargo-home" RUSTUP_HOME="/workspace/rustup-home" "/workspace/cargo-home/bin/cargo" "+nightly-2025-01-18" "metadata" "--manifest-path" "Cargo.toml" "--no-deps", kill_on_drop: false }`
[INFO] started tweaking git repo https://github.com/Georci/solana_bot
[INFO] finished tweaking git repo https://github.com/Georci/solana_bot
[INFO] tweaked toml for git repo https://github.com/Georci/solana_bot written to /workspace/builds/worker-2-tc2/source/Cargo.toml
[INFO] crate git repo https://github.com/Georci/solana_bot already has a lockfile, it will not be regenerated
[INFO] running `Command { std: CARGO_HOME="/workspace/cargo-home" RUSTUP_HOME="/workspace/rustup-home" "/workspace/cargo-home/bin/cargo" "+nightly-2025-01-18" "fetch" "--manifest-path" "Cargo.toml", kill_on_drop: false }`
[INFO] running `Command { std: "docker" "create" "-v" "/var/lib/crater-agent-workspace/builds/worker-2-tc2/target:/opt/rustwide/target:rw,Z" "-v" "/var/lib/crater-agent-workspace/builds/worker-2-tc2/source:/opt/rustwide/workdir:ro,Z" "-v" "/var/lib/crater-agent-workspace/cargo-home:/opt/rustwide/cargo-home:ro,Z" "-v" "/var/lib/crater-agent-workspace/rustup-home:/opt/rustwide/rustup-home:ro,Z" "-e" "SOURCE_DIR=/opt/rustwide/workdir" "-e" "CARGO_TARGET_DIR=/opt/rustwide/target" "-e" "CARGO_HOME=/opt/rustwide/cargo-home" "-e" "RUSTUP_HOME=/opt/rustwide/rustup-home" "-w" "/opt/rustwide/workdir" "-m" "1610612736" "--user" "0:0" "--network" "none" "ghcr.io/rust-lang/crates-build-env/linux@sha256:819108c5571ea2e421544af4d832f968d213c87fbe3707a016657f43d2f853bc" "/opt/rustwide/cargo-home/bin/cargo" "+nightly-2025-01-18" "metadata" "--no-deps" "--format-version=1", kill_on_drop: false }`
[INFO] [stdout] fd4d453b81a69dc79e400b6d6d35dee9d4e121fff50ecbba67f9420c3906b234
[INFO] running `Command { std: "docker" "start" "-a" "fd4d453b81a69dc79e400b6d6d35dee9d4e121fff50ecbba67f9420c3906b234", kill_on_drop: false }`
[INFO] running `Command { std: "docker" "inspect" "fd4d453b81a69dc79e400b6d6d35dee9d4e121fff50ecbba67f9420c3906b234", kill_on_drop: false }`
[INFO] running `Command { std: "docker" "rm" "-f" "fd4d453b81a69dc79e400b6d6d35dee9d4e121fff50ecbba67f9420c3906b234", kill_on_drop: false }`
[INFO] [stdout] fd4d453b81a69dc79e400b6d6d35dee9d4e121fff50ecbba67f9420c3906b234
[INFO] running `Command { std: "docker" "create" "-v" "/var/lib/crater-agent-workspace/builds/worker-2-tc2/target:/opt/rustwide/target:rw,Z" "-v" "/var/lib/crater-agent-workspace/builds/worker-2-tc2/source:/opt/rustwide/workdir:ro,Z" "-v" "/var/lib/crater-agent-workspace/cargo-home:/opt/rustwide/cargo-home:ro,Z" "-v" "/var/lib/crater-agent-workspace/rustup-home:/opt/rustwide/rustup-home:ro,Z" "-e" "SOURCE_DIR=/opt/rustwide/workdir" "-e" "CARGO_TARGET_DIR=/opt/rustwide/target" "-e" "CARGO_INCREMENTAL=0" "-e" "RUST_BACKTRACE=full" "-e" "RUSTFLAGS=--cap-lints=forbid -Zrandomize-layout" "-e" "RUSTDOCFLAGS=--cap-lints=forbid" "-e" "CARGO_HOME=/opt/rustwide/cargo-home" "-e" "RUSTUP_HOME=/opt/rustwide/rustup-home" "-w" "/opt/rustwide/workdir" "-m" "1610612736" "--user" "0:0" "--network" "none" "ghcr.io/rust-lang/crates-build-env/linux@sha256:819108c5571ea2e421544af4d832f968d213c87fbe3707a016657f43d2f853bc" "/opt/rustwide/cargo-home/bin/cargo" "+nightly-2025-01-18" "build" "--frozen" "--message-format=json", kill_on_drop: false }`
[INFO] [stdout] 5441578657f8ea02822403bea2f187ea85b76bfab17f43409b729e6c5acfeea9
[INFO] running `Command { std: "docker" "start" "-a" "5441578657f8ea02822403bea2f187ea85b76bfab17f43409b729e6c5acfeea9", kill_on_drop: false }`
[INFO] [stderr]    Compiling proc-macro2 v1.0.93
[INFO] [stderr]    Compiling unicode-ident v1.0.14
[INFO] [stderr]    Compiling libc v0.2.169
[INFO] [stderr]    Compiling serde v1.0.217
[INFO] [stderr]    Compiling version_check v0.9.5
[INFO] [stderr]    Compiling typenum v1.17.0
[INFO] [stderr]    Compiling subtle v2.6.1
[INFO] [stderr]    Compiling byteorder v1.5.0
[INFO] [stderr]    Compiling num-traits v0.2.19
[INFO] [stderr]    Compiling syn v1.0.109
[INFO] [stderr]    Compiling hashbrown v0.15.2
[INFO] [stderr]    Compiling generic-array v0.14.7
[INFO] [stderr]    Compiling cpufeatures v0.2.16
[INFO] [stderr]    Compiling cfg_aliases v0.2.1
[INFO] [stderr]    Compiling toml_datetime v0.6.8
[INFO] [stderr]    Compiling winnow v0.6.24
[INFO] [stderr]    Compiling ahash v0.8.11
[INFO] [stderr]    Compiling quote v1.0.38
[INFO] [stderr]    Compiling indexmap v2.7.0
[INFO] [stderr]    Compiling syn v2.0.96
[INFO] [stderr]    Compiling semver v1.0.24
[INFO] [stderr]    Compiling jobserver v0.1.32
[INFO] [stderr]    Compiling borsh v1.5.3
[INFO] [stderr]    Compiling cc v1.2.8
[INFO] [stderr]    Compiling rustc_version v0.4.1
[INFO] [stderr]    Compiling log v0.4.24
[INFO] [stderr]    Compiling getrandom v0.2.15
[INFO] [stderr]    Compiling curve25519-dalek v4.1.3
[INFO] [stderr]    Compiling solana-sanitize v2.1.7
[INFO] [stderr]    Compiling rand_core v0.6.4
[INFO] [stderr]    Compiling bs58 v0.5.1
[INFO] [stderr]    Compiling solana-atomic-u64 v2.1.7
[INFO] [stderr]    Compiling memchr v2.7.4
[INFO] [stderr]    Compiling toml_edit v0.22.22
[INFO] [stderr]    Compiling solana-decode-error v2.1.7
[INFO] [stderr]    Compiling five8_core v0.1.1
[INFO] [stderr]    Compiling itoa v1.0.14
[INFO] [stderr]    Compiling five8_const v0.1.3
[INFO] [stderr]    Compiling thiserror v1.0.69
[INFO] [stderr]    Compiling num-integer v0.1.46
[INFO] [stderr]    Compiling pin-project-lite v0.2.16
[INFO] [stderr]    Compiling getrandom v0.1.16
[INFO] [stderr]    Compiling crunchy v0.2.2
[INFO] [stderr]    Compiling lazy_static v1.5.0
[INFO] [stderr]    Compiling opaque-debug v0.3.1
[INFO] [stderr]    Compiling digest v0.9.0
[INFO] [stderr]    Compiling num-bigint v0.4.6
[INFO] [stderr]    Compiling rand_core v0.5.1
[INFO] [stderr]    Compiling bytes v1.9.0
[INFO] [stderr]    Compiling libsecp256k1-core v0.2.2
[INFO] [stderr]    Compiling solana-msg v2.1.7
[INFO] [stderr]    Compiling feature-probe v0.1.1
[INFO] [stderr]    Compiling bv v0.11.1
[INFO] [stderr]    Compiling openssl-src v300.4.1+3.4.0
[INFO] [stderr]    Compiling proc-macro-crate v3.2.0
[INFO] [stderr]    Compiling solana-program-memory v2.1.7
[INFO] [stderr]    Compiling memoffset v0.9.1
[INFO] [stderr]    Compiling toml v0.5.11
[INFO] [stderr]    Compiling libsecp256k1-gen-genmult v0.2.1
[INFO] [stderr]    Compiling libsecp256k1-gen-ecmult v0.2.1
[INFO] [stderr]    Compiling arrayref v0.3.9
[INFO] [stderr]    Compiling openssl-sys v0.9.104
[INFO] [stderr]    Compiling libsecp256k1 v0.6.0
[INFO] [stderr]    Compiling blake3 v1.5.5
[INFO] [stderr]    Compiling borsh-derive-internal v0.10.4
[INFO] [stderr]    Compiling borsh-schema-derive-internal v0.10.4
[INFO] [stderr]    Compiling keccak v0.1.5
[INFO] [stderr]    Compiling proc-macro-crate v0.1.5
[INFO] [stderr]    Compiling either v1.13.0
[INFO] [stderr]    Compiling base64 v0.12.3
[INFO] [stderr]    Compiling parking_lot_core v0.9.10
[INFO] [stderr]    Compiling constant_time_eq v0.3.1
[INFO] [stderr]    Compiling arrayvec v0.7.6
[INFO] [stderr]    Compiling solana-program-option v2.1.7
[INFO] [stderr]    Compiling solana-native-token v2.1.7
[INFO] [stderr]    Compiling parking_lot v0.12.3
[INFO] [stderr]    Compiling synstructure v0.13.1
[INFO] [stderr]    Compiling socket2 v0.5.8
[INFO] [stderr]    Compiling serde_json v1.0.135
[INFO] [stderr]    Compiling paste v1.0.15
[INFO] [stderr]    Compiling openssl v0.10.68
[INFO] [stderr]    Compiling mio v1.0.3
[INFO] [stderr]    Compiling signal-hook-registry v1.4.2
[INFO] [stderr]    Compiling ident_case v1.0.1
[INFO] [stderr]    Compiling strsim v0.11.1
[INFO] [stderr]    Compiling borsh-derive v0.10.4
[INFO] [stderr]    Compiling ark-serialize-derive v0.4.2
[INFO] [stderr]    Compiling ark-ff-asm v0.4.2
[INFO] [stderr]    Compiling derivative v2.2.0
[INFO] [stderr]    Compiling serde_derive v1.0.217
[INFO] [stderr]    Compiling zerocopy-derive v0.7.35
[INFO] [stderr]    Compiling zeroize_derive v1.4.2
[INFO] [stderr]    Compiling borsh-derive v1.5.3
[INFO] [stderr]    Compiling bytemuck_derive v1.8.1
[INFO] [stderr]    Compiling zeroize v1.8.1
[INFO] [stderr]    Compiling curve25519-dalek-derive v0.1.1
[INFO] [stderr]    Compiling zerocopy v0.7.35
[INFO] [stderr]    Compiling thiserror-impl v1.0.69
[INFO] [stderr]    Compiling solana-sdk-macro v2.1.7
[INFO] [stderr]    Compiling ppv-lite86 v0.2.20
[INFO] [stderr]    Compiling rand_chacha v0.3.1
[INFO] [stderr]    Compiling bytemuck v1.21.0
[INFO] [stderr]    Compiling hashbrown v0.13.2
[INFO] [stderr]    Compiling rand_chacha v0.2.2
[INFO] [stderr]    Compiling rand v0.8.5
[INFO] [stderr]    Compiling rand v0.7.3
[INFO] [stderr]    Compiling borsh v0.10.4
[INFO] [stderr]    Compiling num-derive v0.4.2
[INFO] [stderr]    Compiling openssl-macros v0.1.1
[INFO] [stderr]    Compiling displaydoc v0.2.5
[INFO] [stderr]    Compiling ark-std v0.4.0
[INFO] [stderr]    Compiling solana-borsh v2.1.7
[INFO] [stderr]    Compiling tokio-macros v2.5.0
[INFO] [stderr]    Compiling ark-ff-macros v0.4.2
[INFO] [stderr]    Compiling zerofrom-derive v0.1.5
[INFO] [stderr]    Compiling darling_core v0.20.10
[INFO] [stderr]    Compiling itertools v0.10.5
[INFO] [stderr]    Compiling ring v0.17.8
[INFO] [stderr]    Compiling tokio v1.43.0
[INFO] [stderr]    Compiling yoke-derive v0.7.5
[INFO] [stderr]    Compiling signature v1.6.4
[INFO] [stderr]    Compiling stable_deref_trait v1.2.0
[INFO] [stderr]    Compiling ed25519 v1.5.3
[INFO] [stderr]    Compiling zerofrom v0.1.5
[INFO] [stderr]    Compiling zerovec-derive v0.10.3
[INFO] [stderr]    Compiling futures-macro v0.3.31
[INFO] [stderr]    Compiling yoke v0.7.5
[INFO] [stderr]    Compiling futures-channel v0.3.31
[INFO] [stderr]    Compiling futures-io v0.3.31
[INFO] [stderr]    Compiling futures-task v0.3.31
[INFO] [stderr]    Compiling num_enum_derive v0.7.3
[INFO] [stderr]    Compiling futures-util v0.3.31
[INFO] [stderr]    Compiling darling_macro v0.20.10
[INFO] [stderr]    Compiling zerovec v0.10.4
[INFO] [stderr]    Compiling solana-hash v2.1.7
[INFO] [stderr]    Compiling bincode v1.3.3
[INFO] [stderr]    Compiling bitflags v2.7.0
[INFO] [stderr]    Compiling crypto-common v0.1.6
[INFO] [stderr]    Compiling block-buffer v0.10.4
[INFO] [stderr]    Compiling digest v0.10.7
[INFO] [stderr]    Compiling block-buffer v0.9.0
[INFO] [stderr]    Compiling sha2 v0.9.9
[INFO] [stderr]    Compiling crypto-mac v0.8.0
[INFO] [stderr]    Compiling hmac v0.8.1
[INFO] [stderr]    Compiling sha2 v0.10.8
[INFO] [stderr]    Compiling hmac-drbg v0.3.0
[INFO] [stderr]    Compiling solana-serde-varint v2.1.7
[INFO] [stderr]    Compiling sha3 v0.10.8
[INFO] [stderr]    Compiling solana-sha256-hasher v2.1.7
[INFO] [stderr]    Compiling solana-fee-calculator v2.1.7
[INFO] [stderr]    Compiling serde_bytes v0.11.15
[INFO] [stderr]    Compiling solana-pubkey v2.1.7
[INFO] [stderr]    Compiling solana-short-vec v2.1.7
[INFO] [stderr]    Compiling ark-serialize v0.4.2
[INFO] [stderr]    Compiling curve25519-dalek v3.2.0
[INFO] [stderr]    Compiling solana-instruction v2.1.7
[INFO] [stderr]    Compiling solana-sysvar-id v2.1.7
[INFO] [stderr]    Compiling solana-program-error v2.1.7
[INFO] [stderr]    Compiling solana-epoch-schedule v2.1.7
[INFO] [stderr]    Compiling solana-clock v2.1.7
[INFO] [stderr]    Compiling solana-account-info v2.1.7
[INFO] [stderr]    Compiling solana-program-pack v2.1.7
[INFO] [stderr]    Compiling solana-slot-hashes v2.1.7
[INFO] [stderr]    Compiling solana-slot-history v2.1.7
[INFO] [stderr]    Compiling solana-cpi v2.1.7
[INFO] [stderr]    Compiling solana-program-entrypoint v2.1.7
[INFO] [stderr]    Compiling solana-last-restart-slot v2.1.7
[INFO] [stderr]    Compiling solana-rent v2.1.7
[INFO] [stderr]    Compiling solana-stable-layout v2.1.7
[INFO] [stderr]    Compiling solana-transaction-error v2.1.7
[INFO] [stderr]    Compiling solana-serialize-utils v2.1.7
[INFO] [stderr]    Compiling solana-bincode v2.1.7
[INFO] [stderr]    Compiling ark-ff v0.4.2
[INFO] [stderr]    Compiling darling v0.20.10
[INFO] [stderr]    Compiling ed25519-dalek v1.0.1
[INFO] [stderr]    Compiling serde_with_macros v3.12.0
[INFO] [stderr]    Compiling solana-feature-set v2.1.7
[INFO] [stderr]    Compiling untrusted v0.9.0
[INFO] [stderr]    Compiling spin v0.9.8
[INFO] [stderr]    Compiling derivation-path v0.2.0
[INFO] [stderr]    Compiling hmac v0.12.1
[INFO] [stderr]    Compiling num_enum v0.7.3
[INFO] [stderr]    Compiling cfg_eval v0.1.2
[INFO] [stderr]    Compiling qstring v0.7.2
[INFO] [stderr]    Compiling uriparse v0.6.4
[INFO] [stderr]    Compiling solana-precompile-error v2.1.7
[INFO] [stderr]    Compiling serde_with v3.12.0
[INFO] [stderr]    Compiling iana-time-zone v0.1.61
[INFO] [stderr]    Compiling solana-secp256k1-recover v2.1.7
[INFO] [stderr]    Compiling chrono v0.4.39
[INFO] [stderr]    Compiling solana-program v2.1.7
[INFO] [stderr]    Compiling ed25519-dalek-bip32 v0.2.0
[INFO] [stderr]    Compiling solana-derivation-path v2.1.7
[INFO] [stderr]    Compiling solana-packet v2.1.7
[INFO] [stderr]    Compiling solana-signature v2.1.7
[INFO] [stderr]    Compiling pbkdf2 v0.11.0
[INFO] [stderr]    Compiling tinystr v0.7.6
[INFO] [stderr]    Compiling solana-inflation v2.1.7
[INFO] [stderr]    Compiling itertools v0.12.1
[INFO] [stderr]    Compiling memmap2 v0.5.10
[INFO] [stderr]    Compiling tracing-core v0.1.33
[INFO] [stderr]    Compiling crossbeam-utils v0.8.21
[INFO] [stderr]    Compiling siphasher v0.3.11
[INFO] [stderr]    Compiling litemap v0.7.4
[INFO] [stderr]    Compiling writeable v0.5.5
[INFO] [stderr]    Compiling icu_provider_macros v1.5.0
[INFO] [stderr]    Compiling icu_locid v1.5.0
[INFO] [stderr]    Compiling tracing v0.1.41
[INFO] [stderr]    Compiling icu_locid_transform_data v1.5.0
[INFO] [stderr]    Compiling icu_collections v1.5.0
[INFO] [stderr]    Compiling icu_properties_data v1.5.0
[INFO] [stderr]    Compiling tokio-util v0.7.13
[INFO] [stderr]    Compiling icu_provider v1.5.0
[INFO] [stderr]    Compiling utf8_iter v1.0.4
[INFO] [stderr]    Compiling utf16_iter v1.0.5
[INFO] [stderr]    Compiling icu_normalizer_data v1.5.0
[INFO] [stderr]    Compiling write16 v1.0.0
[INFO] [stderr]    Compiling rustls-webpki v0.101.7
[INFO] [stderr]    Compiling http v0.2.12
[INFO] [stderr]    Compiling rustls v0.21.12
[INFO] [stderr]    Compiling icu_locid_transform v1.5.0
[INFO] [stderr]    Compiling sct v0.7.1
[INFO] [stderr]    Compiling alloc-no-stdlib v2.0.4
[INFO] [stderr]    Compiling alloc-stdlib v0.2.2
[INFO] [stderr]    Compiling adler2 v2.0.0
[INFO] [stderr]    Compiling unicase v2.8.1
[INFO] [stderr]    Compiling mime_guess v2.0.5
[INFO] [stderr]    Compiling h2 v0.3.26
[INFO] [stderr]    Compiling icu_properties v1.5.1
[INFO] [stderr]    Compiling http-body v0.4.6
[INFO] [stderr]    Compiling miniz_oxide v0.8.2
[INFO] [stderr]    Compiling brotli-decompressor v4.0.1
[INFO] [stderr]    Compiling crc32fast v1.4.2
[INFO] [stderr]    Compiling httpdate v1.0.3
[INFO] [stderr]    Compiling flate2 v1.0.35
[INFO] [stderr]    Compiling tokio-rustls v0.24.1
[INFO] [stderr]    Compiling brotli v7.0.0
[INFO] [stderr]    Compiling serde_urlencoded v0.7.1
[INFO] [stderr]    Compiling ark-poly v0.4.2
[INFO] [stderr]    Compiling icu_normalizer v1.5.0
[INFO] [stderr]    Compiling solana-account v2.1.7
[INFO] [stderr]    Compiling encoding_rs v0.8.35
[INFO] [stderr]    Compiling idna_adapter v1.2.0
[INFO] [stderr]    Compiling ark-ec v0.4.2
[INFO] [stderr]    Compiling idna v1.0.3
[INFO] [stderr]    Compiling base64 v0.21.7
[INFO] [stderr]    Compiling url v2.5.4
[INFO] [stderr]    Compiling hyper v0.14.32
[INFO] [stderr]    Compiling webpki-roots v0.25.4
[INFO] [stderr]    Compiling rustls-pemfile v1.0.4
[INFO] [stderr]    Compiling ark-bn254 v0.4.0
[INFO] [stderr]    Compiling num-bigint v0.2.6
[INFO] [stderr]    Compiling sync_wrapper v0.1.2
[INFO] [stderr]    Compiling num-complex v0.2.4
[INFO] [stderr]    Compiling num-rational v0.2.4
[INFO] [stderr]    Compiling solana-bn254 v2.1.7
[INFO] [stderr]    Compiling async-compression v0.4.18
[INFO] [stderr]    Compiling crossbeam-channel v0.5.14
[INFO] [stderr]    Compiling void v1.0.2
[INFO] [stderr]    Compiling unreachable v1.0.0
[INFO] [stderr]    Compiling enum-iterator-derive v1.4.0
[INFO] [stderr]    Compiling num-iter v0.1.45
[INFO] [stderr]    Compiling gethostname v0.2.3
[INFO] [stderr]    Compiling ascii v0.9.3
[INFO] [stderr]    Compiling combine v3.8.1
[INFO] [stderr]    Compiling num v0.2.1
[INFO] [stderr]    Compiling inout v0.1.3
[INFO] [stderr]    Compiling zstd-sys v2.0.13+zstd.1.5.6
[INFO] [stderr]    Compiling enum-iterator v1.5.0
[INFO] [stderr]    Compiling hash32 v0.2.1
[INFO] [stderr]    Compiling solana-measure v2.1.7
[INFO] [stderr]    Compiling eager v0.1.0
[INFO] [stderr]    Compiling scroll v0.11.0
[INFO] [stderr]    Compiling rustc-demangle v0.1.24
[INFO] [stderr]    Compiling cipher v0.4.4
[INFO] [stderr]    Compiling percentage v0.1.0
[INFO] [stderr]    Compiling solana-type-overrides v2.1.7
[INFO] [stderr]    Compiling solana-log-collector v2.1.7
[INFO] [stderr]    Compiling universal-hash v0.5.1
[INFO] [stderr]    Compiling hyper-rustls v0.24.2
[INFO] [stderr]    Compiling zstd-safe v7.2.1
[INFO] [stderr]    Compiling polyval v0.6.2
[INFO] [stderr]    Compiling reqwest v0.11.27
[INFO] [stderr]    Compiling ctr v0.9.2
[INFO] [stderr]    Compiling aes v0.8.4
[INFO] [stderr]    Compiling futures-executor v0.3.31
[INFO] [stderr]    Compiling aead v0.5.2
[INFO] [stderr]    Compiling aes-gcm-siv v0.11.1
[INFO] [stderr]    Compiling futures v0.3.31
[INFO] [stderr]    Compiling spl-program-error-derive v0.4.1
[INFO] [stderr]    Compiling spl-discriminator-syn v0.2.0
[INFO] [stderr]    Compiling crossbeam-epoch v0.9.18
[INFO] [stderr]    Compiling solana-curve25519 v2.1.7
[INFO] [stderr]    Compiling merlin v3.0.0
[INFO] [stderr]    Compiling rustls-pki-types v1.10.1
[INFO] [stderr]    Compiling portable-atomic v1.10.0
[INFO] [stderr]    Compiling spl-program-error v0.5.0
[INFO] [stderr]    Compiling crossbeam-deque v0.8.6
[INFO] [stderr]    Compiling spl-discriminator-derive v0.2.0
[INFO] [stderr]    Compiling async-trait v0.1.85
[INFO] [stderr]    Compiling anyhow v1.0.95
[INFO] [stderr]    Compiling spl-discriminator v0.3.0
[INFO] [stderr]    Compiling rayon-core v1.12.1
[INFO] [stderr]    Compiling minimal-lexical v0.2.1
[INFO] [stderr]    Compiling solana_rbpf v0.8.5
[INFO] [stderr]    Compiling num-conv v0.1.0
[INFO] [stderr]    Compiling unicode-xid v0.2.6
[INFO] [stderr]    Compiling time-core v0.1.2
[INFO] [stderr]    Compiling powerfmt v0.2.0
[INFO] [stderr]    Compiling time-macros v0.2.19
[INFO] [stderr]    Compiling synstructure v0.12.6
[INFO] [stderr]    Compiling deranged v0.3.11
[INFO] [stderr]    Compiling rayon v1.10.0
[INFO] [stderr]    Compiling nom v7.1.3
[INFO] [stderr]    Compiling rustls-pemfile v2.2.0
[INFO] [stderr]    Compiling task-local-extensions v0.1.4
[INFO] [stderr]    Compiling nix v0.29.0
[INFO] [stderr]    Compiling data-encoding v2.6.0
[INFO] [stderr]    Compiling rustls v0.23.21
[INFO] [stderr]    Compiling reqwest-middleware v0.2.5
[INFO] [stderr]    Compiling rusticata-macros v4.1.0
[INFO] [stderr]    Compiling time v0.3.37
[INFO] [stderr]    Compiling asn1-rs-derive v0.4.0
[INFO] [stderr]    Compiling rustls-webpki v0.102.8
[INFO] [stderr]    Compiling jsonrpc-core v18.0.0
[INFO] [stderr]    Compiling concurrent-queue v2.5.0
[INFO] [stderr]    Compiling solana-version v2.1.7
[INFO] [stderr]    Compiling solana-inline-spl v2.1.7
[INFO] [stderr]    Compiling asn1-rs-impl v0.1.0
[INFO] [stderr]    Compiling thiserror v2.0.11
[INFO] [stderr]    Compiling asn1-rs v0.5.2
[INFO] [stderr]    Compiling rustls-native-certs v0.7.3
[INFO] [stderr]    Compiling dlopen2_derive v0.3.0
[INFO] [stderr]    Compiling thiserror-impl v2.0.11
[INFO] [stderr]    Compiling http v1.2.0
[INFO] [stderr]    Compiling aho-corasick v1.1.3
[INFO] [stderr]    Compiling num_cpus v1.16.0
[INFO] [stderr]    Compiling quinn-udp v0.5.9
[INFO] [stderr]    Compiling unicode-width v0.2.0
[INFO] [stderr]    Compiling regex-syntax v0.8.5
[INFO] [stderr]    Compiling oid-registry v0.6.1
[INFO] [stderr]    Compiling solana-perf v2.1.7
[INFO] [stderr]    Compiling console v0.15.10
[INFO] [stderr]    Compiling tinyvec v1.8.1
[INFO] [stderr]    Compiling solana-rayon-threadlimit v2.1.7
[INFO] [stderr]    Compiling dlopen2 v0.5.0
[INFO] [stderr]    Compiling raw-cpuid v11.2.0
[INFO] [stderr]    Compiling caps v0.5.5
[INFO] [stderr]    Compiling rustc-hash v2.1.0
[INFO] [stderr]    Compiling hashbrown v0.14.5
[INFO] [stderr]    Compiling base64 v0.13.1
[INFO] [stderr]    Compiling number_prefix v0.4.0
[INFO] [stderr]    Compiling regex-automata v0.4.9
[INFO] [stderr]    Compiling dashmap v5.5.3
[INFO] [stderr]    Compiling indicatif v0.17.9
[INFO] [stderr]    Compiling quanta v0.12.5
[INFO] [stderr]    Compiling http-body v1.0.1
[INFO] [stderr]    Compiling der-parser v8.2.0
[INFO] [stderr]    Compiling spl-token v6.0.0
[INFO] [stderr]    Compiling spl-memo v5.0.0
[INFO] [stderr]    Compiling webpki-roots v0.24.0
[INFO] [stderr]    Compiling sha1 v0.10.6
[INFO] [stderr]    Compiling spinning_top v0.3.0
[INFO] [stderr]    Compiling utf-8 v0.7.6
[INFO] [stderr]    Compiling event-listener v2.5.3
[INFO] [stderr]    Compiling nonzero_ext v0.3.0
[INFO] [stderr]    Compiling futures-timer v3.0.3
[INFO] [stderr]    Compiling parking v2.2.1
[INFO] [stderr]    Compiling solana-security-txt v1.1.1
[INFO] [stderr]    Compiling no-std-compat v0.4.1
[INFO] [stderr]    Compiling event-listener v5.4.0
[INFO] [stderr]    Compiling regex v1.11.1
[INFO] [stderr]    Compiling rustls-platform-verifier v0.4.0
[INFO] [stderr]    Compiling governor v0.6.3
[INFO] [stderr]    Compiling h2 v0.4.7
[INFO] [stderr]    Compiling async-channel v1.9.0
[INFO] [stderr]    Compiling Inflector v0.11.4
[INFO] [stderr]    Compiling tungstenite v0.20.1
[INFO] [stderr]    Compiling x509-parser v0.14.0
[INFO] [stderr]    Compiling quinn-proto v0.11.9
[INFO] [stderr]    Compiling pem v1.1.1
[INFO] [stderr]    Compiling histogram v0.6.9
[INFO] [stderr]    Compiling tokio-tungstenite v0.20.1
[INFO] [stderr]    Compiling event-listener-strategy v0.5.3
[INFO] [stderr]    Compiling tokio-stream v0.1.17
[INFO] [stderr]    Compiling async-lock v3.4.0
[INFO] [stderr]    Compiling http-body-util v0.1.2
[INFO] [stderr]    Compiling sync_wrapper v1.0.2
[INFO] [stderr]    Compiling tower-layer v0.3.3
[INFO] [stderr]    Compiling dotenv v0.15.0
[INFO] [stderr]    Compiling tower v0.5.2
[INFO] [stderr]    Compiling zstd v0.13.2
[INFO] [stderr]    Compiling solana-account-decoder-client-types v2.1.7
[INFO] [stderr]    Compiling quinn v0.11.6
[INFO] [stderr]    Compiling hyper v1.5.2
[INFO] [stderr]    Compiling hyper-util v0.1.10
[INFO] [stderr]    Compiling native-tls v0.2.12
[INFO] [stderr]    Compiling solana-secp256r1-program v2.1.7
[INFO] [stderr]    Compiling tokio-native-tls v0.3.1
[INFO] [stderr]    Compiling hyper-tls v0.6.0
[INFO] [stderr]    Compiling reqwest v0.12.12
[INFO] [stderr]    Compiling solana-sdk v2.1.7
[INFO] [stderr]    Compiling solana-metrics v2.1.7
[INFO] [stderr]    Compiling solana-vote v2.1.7
[INFO] [stderr]    Compiling solana-timings v2.1.7
[INFO] [stderr]    Compiling solana-compute-budget v2.1.7
[INFO] [stderr]    Compiling solana-zk-token-sdk v2.1.7
[INFO] [stderr]    Compiling solana-transaction-status-client-types v2.1.7
[INFO] [stderr]    Compiling solana-net-utils v2.1.7
[INFO] [stderr]    Compiling solana-program-runtime v2.1.7
[INFO] [stderr]    Compiling solana-connection-cache v2.1.7
[INFO] [stderr]    Compiling solana-rpc-client-api v2.1.7
[INFO] [stderr]    Compiling solana-vote-program v2.1.7
[INFO] [stderr]    Compiling solana-config-program v2.1.7
[INFO] [stderr]    Compiling solana-transaction-metrics-tracker v2.1.7
[INFO] [stderr]    Compiling solana-streamer v2.1.7
[INFO] [stderr]    Compiling solana-rpc-client v2.1.7
[INFO] [stderr]    Compiling spl-pod v0.3.1
[INFO] [stderr]    Compiling solana-udp-client v2.1.7
[INFO] [stderr]    Compiling solana-quic-client v2.1.7
[INFO] [stderr]    Compiling spl-type-length-value v0.5.0
[INFO] [stderr]    Compiling spl-token-group-interface v0.3.0
[INFO] [stderr]    Compiling spl-tlv-account-resolution v0.7.0
[INFO] [stderr]    Compiling spl-token-metadata-interface v0.4.0
[INFO] [stderr]    Compiling spl-transfer-hook-interface v0.7.0
[INFO] [stderr]    Compiling solana-rpc-client-nonce-utils v2.1.7
[INFO] [stderr]    Compiling solana-thin-client v2.1.7
[INFO] [stderr]    Compiling spl-token-2022 v4.0.0
[INFO] [stderr]    Compiling solana-account-decoder v2.1.7
[INFO] [stderr]    Compiling solana-pubsub-client v2.1.7
[INFO] [stderr]    Compiling solana-tpu-client v2.1.7
[INFO] [stderr]    Compiling solana-client v2.1.7
[INFO] [stderr]    Compiling solana_bot v0.1.0 (/opt/rustwide/workdir)
[INFO] [stdout] warning: unused imports: `PUMP_PROGRAM_ID` and `RAYDIUM_PROGRAM_ID`
[INFO] [stdout]  --> src/addressManage/addressManage.rs:1:23
[INFO] [stdout]   |
[INFO] [stdout] 1 | use crate::constant::{PUMP_PROGRAM_ID, RAYDIUM_PROGRAM_ID};
[INFO] [stdout]   |                       ^^^^^^^^^^^^^^^  ^^^^^^^^^^^^^^^^^^
[INFO] [stdout]   |
[INFO] [stdout]   = note: `#[warn(unused_imports)]` on by default
[INFO] [stdout] 
[INFO] [stdout] 
[INFO] [stdout] warning: unused import: `get_balance_change`
[INFO] [stdout]  --> src/addressManage/addressManage.rs:5:35
[INFO] [stdout]   |
[INFO] [stdout] 5 | use crate::utils::analyze_utils::{get_balance_change, is_target};
[INFO] [stdout]   |                                   ^^^^^^^^^^^^^^^^^^
[INFO] [stdout] 
[INFO] [stdout] 
[INFO] [stdout] warning: unused import: `dotenv::dotenv`
[INFO] [stdout]  --> src/addressManage/addressManage.rs:6:5
[INFO] [stdout]   |
[INFO] [stdout] 6 | use dotenv::dotenv;
[INFO] [stdout]   |     ^^^^^^^^^^^^^^
[INFO] [stdout] 
[INFO] [stdout] 
[INFO] [stdout] warning: unused import: `reqwest::Client`
[INFO] [stdout]  --> src/addressManage/addressManage.rs:7:5
[INFO] [stdout]   |
[INFO] [stdout] 7 | use reqwest::Client;
[INFO] [stdout]   |     ^^^^^^^^^^^^^^^
[INFO] [stdout] 
[INFO] [stdout] 
[INFO] [stdout] warning: unused import: `RpcBlockConfig`
[INFO] [stdout]   --> src/addressManage/addressManage.rs:12:33
[INFO] [stdout]    |
[INFO] [stdout] 12 | use solana_client::rpc_config::{RpcBlockConfig, RpcTransactionConfig};
[INFO] [stdout]    |                                 ^^^^^^^^^^^^^^
[INFO] [stdout] 
[INFO] [stdout] 
[INFO] [stdout] warning: unused imports: `EncodedConfirmedTransactionWithStatusMeta`, `EncodedTransaction`, and `UiAccountsList`
[INFO] [stdout]   --> src/addressManage/addressManage.rs:17:5
[INFO] [stdout]    |
[INFO] [stdout] 17 |     EncodedConfirmedTransactionWithStatusMeta, EncodedTransaction, UiAccountsList,
[INFO] [stdout]    |     ^^^^^^^^^^^^^^^^^^^^^^^^^^^^^^^^^^^^^^^^^  ^^^^^^^^^^^^^^^^^^  ^^^^^^^^^^^^^^
[INFO] [stdout] 
[INFO] [stdout] 
[INFO] [stdout] warning: unused import: `std::collections::HashMap`
[INFO] [stdout]   --> src/addressManage/addressManage.rs:20:5
[INFO] [stdout]    |
[INFO] [stdout] 20 | use std::collections::HashMap;
[INFO] [stdout]    |     ^^^^^^^^^^^^^^^^^^^^^^^^^
[INFO] [stdout] 
[INFO] [stdout] 
[INFO] [stdout] warning: unused import: `tokio::task`
[INFO] [stdout]   --> src/addressManage/addressManage.rs:25:5
[INFO] [stdout]    |
[INFO] [stdout] 25 | use tokio::task;
[INFO] [stdout]    |     ^^^^^^^^^^^
[INFO] [stdout] 
[INFO] [stdout] 
[INFO] [stdout] warning: unused import: `std::ptr::write`
[INFO] [stdout]  --> src/fundManage/strategy.rs:2:5
[INFO] [stdout]   |
[INFO] [stdout] 2 | use std::ptr::write;
[INFO] [stdout]   |     ^^^^^^^^^^^^^^^
[INFO] [stdout] 
[INFO] [stdout] 
[INFO] [stdout] warning: unused imports: `message::v0::MessageAddressTableLookup`, `signer::Signer`, and `transaction::VersionedTransaction`
[INFO] [stdout]  --> src/states/states.rs:4:5
[INFO] [stdout]   |
[INFO] [stdout] 4 |     message::v0::MessageAddressTableLookup, signer::Signer, transaction::VersionedTransaction,
[INFO] [stdout]   |     ^^^^^^^^^^^^^^^^^^^^^^^^^^^^^^^^^^^^^^  ^^^^^^^^^^^^^^  ^^^^^^^^^^^^^^^^^^^^^^^^^^^^^^^^^
[INFO] [stdout] 
[INFO] [stdout] 
[INFO] [stdout] warning: unused imports: `fs` and `str::FromStr`
[INFO] [stdout]  --> src/utils/analyze_utils.rs:1:33
[INFO] [stdout]   |
[INFO] [stdout] 1 | use std::{collections::HashMap, fs, str::FromStr};
[INFO] [stdout]   |                                 ^^  ^^^^^^^^^^^^
[INFO] [stdout] 
[INFO] [stdout] 
[INFO] [stdout] warning: unused imports: `message::v0::MessageAddressTableLookup`, `signer::Signer`, and `transaction::VersionedTransaction`
[INFO] [stdout]  --> src/utils/analyze_utils.rs:5:5
[INFO] [stdout]   |
[INFO] [stdout] 5 |     message::v0::MessageAddressTableLookup, pubkey::Pubkey, signer::Signer,
[INFO] [stdout]   |     ^^^^^^^^^^^^^^^^^^^^^^^^^^^^^^^^^^^^^^                  ^^^^^^^^^^^^^^
[INFO] [stdout] 6 |     transaction::VersionedTransaction,
[INFO] [stdout]   |     ^^^^^^^^^^^^^^^^^^^^^^^^^^^^^^^^^
[INFO] [stdout] 
[INFO] [stdout] 
[INFO] [stdout] warning: unused imports: `EncodedTransactionWithStatusMeta` and `option_serializer::OptionSerializer`
[INFO] [stdout]  --> src/utils/analyze_utils.rs:9:5
[INFO] [stdout]   |
[INFO] [stdout] 9 |     option_serializer::OptionSerializer, EncodedTransactionWithStatusMeta, UiTransactionStatusMeta,
[INFO] [stdout]   |     ^^^^^^^^^^^^^^^^^^^^^^^^^^^^^^^^^^^  ^^^^^^^^^^^^^^^^^^^^^^^^^^^^^^^^
[INFO] [stdout] 
[INFO] [stdout] 
[INFO] [stdout] warning: unused import: `std::str::FromStr`
[INFO] [stdout]  --> src/constant.rs:3:5
[INFO] [stdout]   |
[INFO] [stdout] 3 | use std::str::FromStr;
[INFO] [stdout]   |     ^^^^^^^^^^^^^^^^^
[INFO] [stdout] 
[INFO] [stdout] 
[INFO] [stdout] warning: unused variable: `smart_wallet`
[INFO] [stdout]  --> src/fundManage/trade.rs:5:19
[INFO] [stdout]   |
[INFO] [stdout] 5 | pub fn copy_order(smart_wallet: SmartWallet) -> Result<(), Error> {
[INFO] [stdout]   |                   ^^^^^^^^^^^^ help: if this is intentional, prefix it with an underscore: `_smart_wallet`
[INFO] [stdout]   |
[INFO] [stdout]   = note: `#[warn(unused_variables)]` on by default
[INFO] [stdout] 
[INFO] [stdout] 
[INFO] [stdout] warning: fields `profit_map` and `smart_wallets` are never read
[INFO] [stdout]   --> src/utils/analyze_utils.rs:18:5
[INFO] [stdout]    |
[INFO] [stdout] 16 | pub struct WalletAnalyzer {
[INFO] [stdout]    |            -------------- fields in this struct
[INFO] [stdout] 17 |     // 盈利计算
[INFO] [stdout] 18 |     profit_map: HashMap<String, u64>,
[INFO] [stdout]    |     ^^^^^^^^^^
[INFO] [stdout] ...
[INFO] [stdout] 22 |     smart_wallets: Vec<String>,
[INFO] [stdout]    |     ^^^^^^^^^^^^^
[INFO] [stdout]    |
[INFO] [stdout]    = note: `#[warn(dead_code)]` on by default
[INFO] [stdout] 
[INFO] [stdout] 
[INFO] [stdout] warning: module `addressManage` should have a snake case name
[INFO] [stdout]  --> src/lib.rs:1:9
[INFO] [stdout]   |
[INFO] [stdout] 1 | pub mod addressManage;
[INFO] [stdout]   |         ^^^^^^^^^^^^^ help: convert the identifier to snake case: `address_manage`
[INFO] [stdout]   |
[INFO] [stdout]   = note: `#[warn(non_snake_case)]` on by default
[INFO] [stdout] 
[INFO] [stdout] 
[INFO] [stdout] warning: module `fundManage` should have a snake case name
[INFO] [stdout]  --> src/lib.rs:3:9
[INFO] [stdout]   |
[INFO] [stdout] 3 | pub mod fundManage;
[INFO] [stdout]   |         ^^^^^^^^^^ help: convert the identifier to snake case: `fund_manage`
[INFO] [stdout] 
[INFO] [stdout] 
[INFO] [stdout] warning: module `addressManage` should have a snake case name
[INFO] [stdout]  --> src/addressManage/mod.rs:1:9
[INFO] [stdout]   |
[INFO] [stdout] 1 | pub mod addressManage;
[INFO] [stdout]   |         ^^^^^^^^^^^^^ help: convert the identifier to snake case: `address_manage`
[INFO] [stdout] 
[INFO] [stdout] 
[INFO] [stdout] warning: variable `Vtx` should have a snake case name
[INFO] [stdout]   --> src/addressManage/addressManage.rs:99:17
[INFO] [stdout]    |
[INFO] [stdout] 99 |             let Vtx = transaction_result.transaction.transaction.decode().unwrap();
[INFO] [stdout]    |                 ^^^ help: convert the identifier to snake case (notice the capitalization): `vtx`
[INFO] [stdout] 
[INFO] [stdout] 
[INFO] [stdout] warning: structure field `blockTime` should have a snake case name
[INFO] [stdout]    --> src/addressManage/addressManage.rs:126:9
[INFO] [stdout]     |
[INFO] [stdout] 126 |     pub blockTime: Option<u64>,             // 时间戳
[INFO] [stdout]     |         ^^^^^^^^^ help: convert the identifier to snake case: `block_time`
[INFO] [stdout] 
[INFO] [stdout] 
[INFO] [stdout] warning: structure field `confirmationStatus` should have a snake case name
[INFO] [stdout]    --> src/addressManage/addressManage.rs:127:9
[INFO] [stdout]     |
[INFO] [stdout] 127 |     pub confirmationStatus: Option<String>, // 确认状态
[INFO] [stdout]     |         ^^^^^^^^^^^^^^^^^^ help: convert the identifier to snake case: `confirmation_status`
[INFO] [stdout] 
[INFO] [stdout] 
[INFO] [stdout] warning: module `fundManage` should have a snake case name
[INFO] [stdout]  --> src/fundManage/mod.rs:1:9
[INFO] [stdout]   |
[INFO] [stdout] 1 | pub mod fundManage;
[INFO] [stdout]   |         ^^^^^^^^^^ help: convert the identifier to snake case: `fund_manage`
[INFO] [stdout] 
[INFO] [stdout] 
[INFO] [stdout] warning: unused import: `std::result`
[INFO] [stdout]   --> src/main.rs:12:5
[INFO] [stdout]    |
[INFO] [stdout] 12 | use std::result;
[INFO] [stdout]    |     ^^^^^^^^^^^
[INFO] [stdout]    |
[INFO] [stdout]    = note: `#[warn(unused_imports)]` on by default
[INFO] [stdout] 
[INFO] [stdout] 
[INFO] [stderr]     Finished `dev` profile [unoptimized + debuginfo] target(s) in 4m 35s
[INFO] running `Command { std: "docker" "inspect" "5441578657f8ea02822403bea2f187ea85b76bfab17f43409b729e6c5acfeea9", kill_on_drop: false }`
[INFO] running `Command { std: "docker" "rm" "-f" "5441578657f8ea02822403bea2f187ea85b76bfab17f43409b729e6c5acfeea9", kill_on_drop: false }`
[INFO] [stdout] 5441578657f8ea02822403bea2f187ea85b76bfab17f43409b729e6c5acfeea9
[INFO] running `Command { std: "docker" "create" "-v" "/var/lib/crater-agent-workspace/builds/worker-2-tc2/target:/opt/rustwide/target:rw,Z" "-v" "/var/lib/crater-agent-workspace/builds/worker-2-tc2/source:/opt/rustwide/workdir:ro,Z" "-v" "/var/lib/crater-agent-workspace/cargo-home:/opt/rustwide/cargo-home:ro,Z" "-v" "/var/lib/crater-agent-workspace/rustup-home:/opt/rustwide/rustup-home:ro,Z" "-e" "SOURCE_DIR=/opt/rustwide/workdir" "-e" "CARGO_TARGET_DIR=/opt/rustwide/target" "-e" "CARGO_INCREMENTAL=0" "-e" "RUST_BACKTRACE=full" "-e" "RUSTFLAGS=--cap-lints=forbid -Zrandomize-layout" "-e" "RUSTDOCFLAGS=--cap-lints=forbid" "-e" "CARGO_HOME=/opt/rustwide/cargo-home" "-e" "RUSTUP_HOME=/opt/rustwide/rustup-home" "-w" "/opt/rustwide/workdir" "-m" "1610612736" "--user" "0:0" "--network" "none" "ghcr.io/rust-lang/crates-build-env/linux@sha256:819108c5571ea2e421544af4d832f968d213c87fbe3707a016657f43d2f853bc" "/opt/rustwide/cargo-home/bin/cargo" "+nightly-2025-01-18" "test" "--frozen" "--no-run" "--message-format=json", kill_on_drop: false }`
[INFO] [stdout] 8fbbaffea61c2431ecd8916ad5aeec9f08db000e88a3203b54458c8d0acf0765
[INFO] running `Command { std: "docker" "start" "-a" "8fbbaffea61c2431ecd8916ad5aeec9f08db000e88a3203b54458c8d0acf0765", kill_on_drop: false }`
[INFO] [stdout] warning: unused imports: `PUMP_PROGRAM_ID` and `RAYDIUM_PROGRAM_ID`
[INFO] [stdout]  --> src/addressManage/addressManage.rs:1:23
[INFO] [stdout]   |
[INFO] [stdout] 1 | use crate::constant::{PUMP_PROGRAM_ID, RAYDIUM_PROGRAM_ID};
[INFO] [stdout]   |                       ^^^^^^^^^^^^^^^  ^^^^^^^^^^^^^^^^^^
[INFO] [stdout]   |
[INFO] [stdout]   = note: `#[warn(unused_imports)]` on by default
[INFO] [stdout] 
[INFO] [stdout] 
[INFO] [stdout] warning: unused import: `get_balance_change`
[INFO] [stdout]  --> src/addressManage/addressManage.rs:5:35
[INFO] [stdout]   |
[INFO] [stdout] 5 | use crate::utils::analyze_utils::{get_balance_change, is_target};
[INFO] [stdout]   |                                   ^^^^^^^^^^^^^^^^^^
[INFO] [stdout] 
[INFO] [stdout] 
[INFO] [stdout] warning: unused import: `dotenv::dotenv`
[INFO] [stdout]  --> src/addressManage/addressManage.rs:6:5
[INFO] [stdout]   |
[INFO] [stdout] 6 | use dotenv::dotenv;
[INFO] [stdout]   |     ^^^^^^^^^^^^^^
[INFO] [stdout] 
[INFO] [stdout] 
[INFO] [stdout] warning: unused import: `reqwest::Client`
[INFO] [stdout]  --> src/addressManage/addressManage.rs:7:5
[INFO] [stdout]   |
[INFO] [stdout] 7 | use reqwest::Client;
[INFO] [stdout]   |     ^^^^^^^^^^^^^^^
[INFO] [stdout] 
[INFO] [stdout] 
[INFO] [stdout] warning: unused import: `RpcBlockConfig`
[INFO] [stdout]   --> src/addressManage/addressManage.rs:12:33
[INFO] [stdout]    |
[INFO] [stdout] 12 | use solana_client::rpc_config::{RpcBlockConfig, RpcTransactionConfig};
[INFO] [stdout]    |                                 ^^^^^^^^^^^^^^
[INFO] [stdout] 
[INFO] [stdout] 
[INFO] [stdout] warning: unused imports: `EncodedConfirmedTransactionWithStatusMeta`, `EncodedTransaction`, and `UiAccountsList`
[INFO] [stdout]   --> src/addressManage/addressManage.rs:17:5
[INFO] [stdout]    |
[INFO] [stdout] 17 |     EncodedConfirmedTransactionWithStatusMeta, EncodedTransaction, UiAccountsList,
[INFO] [stdout]    |     ^^^^^^^^^^^^^^^^^^^^^^^^^^^^^^^^^^^^^^^^^  ^^^^^^^^^^^^^^^^^^  ^^^^^^^^^^^^^^
[INFO] [stdout] 
[INFO] [stdout] 
[INFO] [stdout] warning: unused import: `std::collections::HashMap`
[INFO] [stdout]   --> src/addressManage/addressManage.rs:20:5
[INFO] [stdout]    |
[INFO] [stdout] 20 | use std::collections::HashMap;
[INFO] [stdout]    |     ^^^^^^^^^^^^^^^^^^^^^^^^^
[INFO] [stdout] 
[INFO] [stdout] 
[INFO] [stdout] warning: unused import: `tokio::task`
[INFO] [stdout]   --> src/addressManage/addressManage.rs:25:5
[INFO] [stdout]    |
[INFO] [stdout] 25 | use tokio::task;
[INFO] [stdout]    |     ^^^^^^^^^^^
[INFO] [stdout] 
[INFO] [stdout] 
[INFO] [stdout] warning: unused import: `std::ptr::write`
[INFO] [stdout]  --> src/fundManage/strategy.rs:2:5
[INFO] [stdout]   |
[INFO] [stdout] 2 | use std::ptr::write;
[INFO] [stdout]   |     ^^^^^^^^^^^^^^^
[INFO] [stdout] 
[INFO] [stdout] 
[INFO] [stdout] warning: unused imports: `message::v0::MessageAddressTableLookup`, `signer::Signer`, and `transaction::VersionedTransaction`
[INFO] [stdout]  --> src/states/states.rs:4:5
[INFO] [stdout]   |
[INFO] [stdout] 4 |     message::v0::MessageAddressTableLookup, signer::Signer, transaction::VersionedTransaction,
[INFO] [stdout]   |     ^^^^^^^^^^^^^^^^^^^^^^^^^^^^^^^^^^^^^^  ^^^^^^^^^^^^^^  ^^^^^^^^^^^^^^^^^^^^^^^^^^^^^^^^^
[INFO] [stdout] 
[INFO] [stdout] 
[INFO] [stdout] warning: unused imports: `fs` and `str::FromStr`
[INFO] [stdout]  --> src/utils/analyze_utils.rs:1:33
[INFO] [stdout]   |
[INFO] [stdout] 1 | use std::{collections::HashMap, fs, str::FromStr};
[INFO] [stdout]   |                                 ^^  ^^^^^^^^^^^^
[INFO] [stdout] 
[INFO] [stdout] 
[INFO] [stdout] warning: unused imports: `message::v0::MessageAddressTableLookup`, `signer::Signer`, and `transaction::VersionedTransaction`
[INFO] [stdout]  --> src/utils/analyze_utils.rs:5:5
[INFO] [stdout]   |
[INFO] [stdout] 5 |     message::v0::MessageAddressTableLookup, pubkey::Pubkey, signer::Signer,
[INFO] [stdout]   |     ^^^^^^^^^^^^^^^^^^^^^^^^^^^^^^^^^^^^^^                  ^^^^^^^^^^^^^^
[INFO] [stdout] 6 |     transaction::VersionedTransaction,
[INFO] [stdout]   |     ^^^^^^^^^^^^^^^^^^^^^^^^^^^^^^^^^
[INFO] [stdout] 
[INFO] [stdout] 
[INFO] [stdout] warning: unused imports: `EncodedTransactionWithStatusMeta` and `option_serializer::OptionSerializer`
[INFO] [stdout]  --> src/utils/analyze_utils.rs:9:5
[INFO] [stdout]   |
[INFO] [stdout] 9 |     option_serializer::OptionSerializer, EncodedTransactionWithStatusMeta, UiTransactionStatusMeta,
[INFO] [stdout]   |     ^^^^^^^^^^^^^^^^^^^^^^^^^^^^^^^^^^^  ^^^^^^^^^^^^^^^^^^^^^^^^^^^^^^^^
[INFO] [stdout] 
[INFO] [stdout] 
[INFO] [stdout] warning: unused import: `std::str::FromStr`
[INFO] [stdout]  --> src/constant.rs:3:5
[INFO] [stdout]   |
[INFO] [stdout] 3 | use std::str::FromStr;
[INFO] [stdout]   |     ^^^^^^^^^^^^^^^^^
[INFO] [stdout] 
[INFO] [stdout] 
[INFO] [stdout] warning: unused variable: `smart_wallet`
[INFO] [stdout]  --> src/fundManage/trade.rs:5:19
[INFO] [stdout]   |
[INFO] [stdout] 5 | pub fn copy_order(smart_wallet: SmartWallet) -> Result<(), Error> {
[INFO] [stdout]   |                   ^^^^^^^^^^^^ help: if this is intentional, prefix it with an underscore: `_smart_wallet`
[INFO] [stdout]   |
[INFO] [stdout]   = note: `#[warn(unused_variables)]` on by default
[INFO] [stdout] 
[INFO] [stdout] 
[INFO] [stdout] warning: fields `profit_map` and `smart_wallets` are never read
[INFO] [stdout]   --> src/utils/analyze_utils.rs:18:5
[INFO] [stdout]    |
[INFO] [stdout] 16 | pub struct WalletAnalyzer {
[INFO] [stdout]    |            -------------- fields in this struct
[INFO] [stdout] 17 |     // 盈利计算
[INFO] [stdout] 18 |     profit_map: HashMap<String, u64>,
[INFO] [stdout]    |     ^^^^^^^^^^
[INFO] [stdout] ...
[INFO] [stdout] 22 |     smart_wallets: Vec<String>,
[INFO] [stdout]    |     ^^^^^^^^^^^^^
[INFO] [stdout]    |
[INFO] [stdout]    = note: `#[warn(dead_code)]` on by default
[INFO] [stdout] 
[INFO] [stdout] 
[INFO] [stdout] warning: module `addressManage` should have a snake case name
[INFO] [stdout]  --> src/lib.rs:1:9
[INFO] [stdout]   |
[INFO] [stdout] 1 | pub mod addressManage;
[INFO] [stdout]   |         ^^^^^^^^^^^^^ help: convert the identifier to snake case: `address_manage`
[INFO] [stdout]   |
[INFO] [stdout]   = note: `#[warn(non_snake_case)]` on by default
[INFO] [stdout] 
[INFO] [stdout] 
[INFO] [stdout] warning: module `fundManage` should have a snake case name
[INFO] [stdout]  --> src/lib.rs:3:9
[INFO] [stdout]   |
[INFO] [stdout] 3 | pub mod fundManage;
[INFO] [stdout]   |         ^^^^^^^^^^ help: convert the identifier to snake case: `fund_manage`
[INFO] [stdout] 
[INFO] [stdout] 
[INFO] [stdout] warning: module `addressManage` should have a snake case name
[INFO] [stdout]  --> src/addressManage/mod.rs:1:9
[INFO] [stdout]   |
[INFO] [stdout] 1 | pub mod addressManage;
[INFO] [stdout]   |         ^^^^^^^^^^^^^ help: convert the identifier to snake case: `address_manage`
[INFO] [stdout] 
[INFO] [stdout] 
[INFO] [stdout] warning: variable `Vtx` should have a snake case name
[INFO] [stdout]   --> src/addressManage/addressManage.rs:99:17
[INFO] [stdout]    |
[INFO] [stdout] 99 |             let Vtx = transaction_result.transaction.transaction.decode().unwrap();
[INFO] [stdout]    |                 ^^^ help: convert the identifier to snake case (notice the capitalization): `vtx`
[INFO] [stdout] 
[INFO] [stdout] 
[INFO] [stdout] warning: structure field `blockTime` should have a snake case name
[INFO] [stdout]    --> src/addressManage/addressManage.rs:126:9
[INFO] [stdout]     |
[INFO] [stdout] 126 |     pub blockTime: Option<u64>,             // 时间戳
[INFO] [stdout]     |         ^^^^^^^^^ help: convert the identifier to snake case: `block_time`
[INFO] [stdout] 
[INFO] [stdout] 
[INFO] [stdout] warning: structure field `confirmationStatus` should have a snake case name
[INFO] [stdout]    --> src/addressManage/addressManage.rs:127:9
[INFO] [stdout]     |
[INFO] [stdout] 127 |     pub confirmationStatus: Option<String>, // 确认状态
[INFO] [stdout]     |         ^^^^^^^^^^^^^^^^^^ help: convert the identifier to snake case: `confirmation_status`
[INFO] [stdout] 
[INFO] [stdout] 
[INFO] [stdout] warning: module `fundManage` should have a snake case name
[INFO] [stdout]  --> src/fundManage/mod.rs:1:9
[INFO] [stdout]   |
[INFO] [stdout] 1 | pub mod fundManage;
[INFO] [stdout]   |         ^^^^^^^^^^ help: convert the identifier to snake case: `fund_manage`
[INFO] [stdout] 
[INFO] [stdout] 
[INFO] [stderr]    Compiling solana_bot v0.1.0 (/opt/rustwide/workdir)
[INFO] [stdout] warning: unused import: `std::result`
[INFO] [stdout]   --> src/main.rs:12:5
[INFO] [stdout]    |
[INFO] [stdout] 12 | use std::result;
[INFO] [stdout]    |     ^^^^^^^^^^^
[INFO] [stdout]    |
[INFO] [stdout]    = note: `#[warn(unused_imports)]` on by default
[INFO] [stdout] 
[INFO] [stdout] 
[INFO] [stdout] warning: unused imports: `PUMP_PROGRAM_ID` and `RAYDIUM_PROGRAM_ID`
[INFO] [stdout]  --> src/addressManage/addressManage.rs:1:23
[INFO] [stdout]   |
[INFO] [stdout] 1 | use crate::constant::{PUMP_PROGRAM_ID, RAYDIUM_PROGRAM_ID};
[INFO] [stdout]   |                       ^^^^^^^^^^^^^^^  ^^^^^^^^^^^^^^^^^^
[INFO] [stdout]   |
[INFO] [stdout]   = note: `#[warn(unused_imports)]` on by default
[INFO] [stdout] 
[INFO] [stdout] 
[INFO] [stdout] warning: unused import: `get_balance_change`
[INFO] [stdout]  --> src/addressManage/addressManage.rs:5:35
[INFO] [stdout]   |
[INFO] [stdout] 5 | use crate::utils::analyze_utils::{get_balance_change, is_target};
[INFO] [stdout]   |                                   ^^^^^^^^^^^^^^^^^^
[INFO] [stdout] 
[INFO] [stdout] 
[INFO] [stdout] warning: unused import: `reqwest::Client`
[INFO] [stdout]  --> src/addressManage/addressManage.rs:7:5
[INFO] [stdout]   |
[INFO] [stdout] 7 | use reqwest::Client;
[INFO] [stdout]   |     ^^^^^^^^^^^^^^^
[INFO] [stdout] 
[INFO] [stdout] 
[INFO] [stdout] warning: unused import: `RpcBlockConfig`
[INFO] [stdout]   --> src/addressManage/addressManage.rs:12:33
[INFO] [stdout]    |
[INFO] [stdout] 12 | use solana_client::rpc_config::{RpcBlockConfig, RpcTransactionConfig};
[INFO] [stdout]    |                                 ^^^^^^^^^^^^^^
[INFO] [stdout] 
[INFO] [stdout] 
[INFO] [stdout] warning: unused imports: `EncodedConfirmedTransactionWithStatusMeta`, `EncodedTransaction`, and `UiAccountsList`
[INFO] [stdout]   --> src/addressManage/addressManage.rs:17:5
[INFO] [stdout]    |
[INFO] [stdout] 17 |     EncodedConfirmedTransactionWithStatusMeta, EncodedTransaction, UiAccountsList,
[INFO] [stdout]    |     ^^^^^^^^^^^^^^^^^^^^^^^^^^^^^^^^^^^^^^^^^  ^^^^^^^^^^^^^^^^^^  ^^^^^^^^^^^^^^
[INFO] [stdout] 
[INFO] [stdout] 
[INFO] [stdout] warning: unused import: `std::collections::HashMap`
[INFO] [stdout]   --> src/addressManage/addressManage.rs:20:5
[INFO] [stdout]    |
[INFO] [stdout] 20 | use std::collections::HashMap;
[INFO] [stdout]    |     ^^^^^^^^^^^^^^^^^^^^^^^^^
[INFO] [stdout] 
[INFO] [stdout] 
[INFO] [stdout] warning: unused import: `tokio::task`
[INFO] [stdout]   --> src/addressManage/addressManage.rs:25:5
[INFO] [stdout]    |
[INFO] [stdout] 25 | use tokio::task;
[INFO] [stdout]    |     ^^^^^^^^^^^
[INFO] [stdout] 
[INFO] [stdout] 
[INFO] [stdout] warning: unused import: `std::result`
[INFO] [stdout]    --> src/addressManage/addressManage.rs:357:9
[INFO] [stdout]     |
[INFO] [stdout] 357 |     use std::result;
[INFO] [stdout]     |         ^^^^^^^^^^^
[INFO] [stdout] 
[INFO] [stdout] 
[INFO] [stdout] warning: unused import: `super::*`
[INFO] [stdout]    --> src/fundManage/fundManage.rs:183:9
[INFO] [stdout]     |
[INFO] [stdout] 183 |     use super::*;
[INFO] [stdout]     |         ^^^^^^^^
[INFO] [stdout] 
[INFO] [stdout] 
[INFO] [stdout] warning: unused import: `std::ptr::write`
[INFO] [stdout]  --> src/fundManage/strategy.rs:2:5
[INFO] [stdout]   |
[INFO] [stdout] 2 | use std::ptr::write;
[INFO] [stdout]   |     ^^^^^^^^^^^^^^^
[INFO] [stdout] 
[INFO] [stdout] 
[INFO] [stdout] warning: unused imports: `message::v0::MessageAddressTableLookup`, `signer::Signer`, and `transaction::VersionedTransaction`
[INFO] [stdout]  --> src/states/states.rs:4:5
[INFO] [stdout]   |
[INFO] [stdout] 4 |     message::v0::MessageAddressTableLookup, signer::Signer, transaction::VersionedTransaction,
[INFO] [stdout]   |     ^^^^^^^^^^^^^^^^^^^^^^^^^^^^^^^^^^^^^^  ^^^^^^^^^^^^^^  ^^^^^^^^^^^^^^^^^^^^^^^^^^^^^^^^^
[INFO] [stdout] 
[INFO] [stdout] 
[INFO] [stdout] warning: unused imports: `fs` and `str::FromStr`
[INFO] [stdout]  --> src/utils/analyze_utils.rs:1:33
[INFO] [stdout]   |
[INFO] [stdout] 1 | use std::{collections::HashMap, fs, str::FromStr};
[INFO] [stdout]   |                                 ^^  ^^^^^^^^^^^^
[INFO] [stdout] 
[INFO] [stdout] 
[INFO] [stdout] warning: unused imports: `message::v0::MessageAddressTableLookup`, `signer::Signer`, and `transaction::VersionedTransaction`
[INFO] [stdout]  --> src/utils/analyze_utils.rs:5:5
[INFO] [stdout]   |
[INFO] [stdout] 5 |     message::v0::MessageAddressTableLookup, pubkey::Pubkey, signer::Signer,
[INFO] [stdout]   |     ^^^^^^^^^^^^^^^^^^^^^^^^^^^^^^^^^^^^^^                  ^^^^^^^^^^^^^^
[INFO] [stdout] 6 |     transaction::VersionedTransaction,
[INFO] [stdout]   |     ^^^^^^^^^^^^^^^^^^^^^^^^^^^^^^^^^
[INFO] [stdout] 
[INFO] [stdout] 
[INFO] [stdout] warning: unused imports: `EncodedTransactionWithStatusMeta` and `option_serializer::OptionSerializer`
[INFO] [stdout]  --> src/utils/analyze_utils.rs:9:5
[INFO] [stdout]   |
[INFO] [stdout] 9 |     option_serializer::OptionSerializer, EncodedTransactionWithStatusMeta, UiTransactionStatusMeta,
[INFO] [stdout]   |     ^^^^^^^^^^^^^^^^^^^^^^^^^^^^^^^^^^^  ^^^^^^^^^^^^^^^^^^^^^^^^^^^^^^^^
[INFO] [stdout] 
[INFO] [stdout] 
[INFO] [stdout] warning: unused import: `std::str::FromStr`
[INFO] [stdout]  --> src/constant.rs:3:5
[INFO] [stdout]   |
[INFO] [stdout] 3 | use std::str::FromStr;
[INFO] [stdout]   |     ^^^^^^^^^^^^^^^^^
[INFO] [stdout] 
[INFO] [stdout] 
[INFO] [stdout] warning: unused variable: `result`
[INFO] [stdout]    --> src/addressManage/addressManage.rs:379:13
[INFO] [stdout]     |
[INFO] [stdout] 379 |         let result = collector.get_token_txs(&mut user).await.unwrap();
[INFO] [stdout]     |             ^^^^^^ help: if this is intentional, prefix it with an underscore: `_result`
[INFO] [stdout]     |
[INFO] [stdout]     = note: `#[warn(unused_variables)]` on by default
[INFO] [stdout] 
[INFO] [stdout] 
[INFO] [stdout] warning: unused variable: `result`
[INFO] [stdout]    --> src/addressManage/addressManage.rs:388:13
[INFO] [stdout]     |
[INFO] [stdout] 388 |         let result = load_user_info(&mut user).unwrap();
[INFO] [stdout]     |             ^^^^^^ help: if this is intentional, prefix it with an underscore: `_result`
[INFO] [stdout] 
[INFO] [stdout] 
[INFO] [stdout] warning: unused variable: `smart_wallet`
[INFO] [stdout]  --> src/fundManage/trade.rs:5:19
[INFO] [stdout]   |
[INFO] [stdout] 5 | pub fn copy_order(smart_wallet: SmartWallet) -> Result<(), Error> {
[INFO] [stdout]   |                   ^^^^^^^^^^^^ help: if this is intentional, prefix it with an underscore: `_smart_wallet`
[INFO] [stdout] 
[INFO] [stdout] 
[INFO] [stdout] warning: fields `profit_map` and `smart_wallets` are never read
[INFO] [stdout]   --> src/utils/analyze_utils.rs:18:5
[INFO] [stdout]    |
[INFO] [stdout] 16 | pub struct WalletAnalyzer {
[INFO] [stdout]    |            -------------- fields in this struct
[INFO] [stdout] 17 |     // 盈利计算
[INFO] [stdout] 18 |     profit_map: HashMap<String, u64>,
[INFO] [stdout]    |     ^^^^^^^^^^
[INFO] [stdout] ...
[INFO] [stdout] 22 |     smart_wallets: Vec<String>,
[INFO] [stdout]    |     ^^^^^^^^^^^^^
[INFO] [stdout]    |
[INFO] [stdout]    = note: `#[warn(dead_code)]` on by default
[INFO] [stdout] 
[INFO] [stdout] 
[INFO] [stdout] warning: module `addressManage` should have a snake case name
[INFO] [stdout]  --> src/lib.rs:1:9
[INFO] [stdout]   |
[INFO] [stdout] 1 | pub mod addressManage;
[INFO] [stdout]   |         ^^^^^^^^^^^^^ help: convert the identifier to snake case: `address_manage`
[INFO] [stdout]   |
[INFO] [stdout]   = note: `#[warn(non_snake_case)]` on by default
[INFO] [stdout] 
[INFO] [stdout] 
[INFO] [stdout] warning: module `fundManage` should have a snake case name
[INFO] [stdout]  --> src/lib.rs:3:9
[INFO] [stdout]   |
[INFO] [stdout] 3 | pub mod fundManage;
[INFO] [stdout]   |         ^^^^^^^^^^ help: convert the identifier to snake case: `fund_manage`
[INFO] [stdout] 
[INFO] [stdout] 
[INFO] [stdout] warning: module `addressManage` should have a snake case name
[INFO] [stdout]  --> src/addressManage/mod.rs:1:9
[INFO] [stdout]   |
[INFO] [stdout] 1 | pub mod addressManage;
[INFO] [stdout]   |         ^^^^^^^^^^^^^ help: convert the identifier to snake case: `address_manage`
[INFO] [stdout] 
[INFO] [stdout] 
[INFO] [stdout] warning: variable `Vtx` should have a snake case name
[INFO] [stdout]   --> src/addressManage/addressManage.rs:99:17
[INFO] [stdout]    |
[INFO] [stdout] 99 |             let Vtx = transaction_result.transaction.transaction.decode().unwrap();
[INFO] [stdout]    |                 ^^^ help: convert the identifier to snake case (notice the capitalization): `vtx`
[INFO] [stdout] 
[INFO] [stdout] 
[INFO] [stdout] warning: structure field `blockTime` should have a snake case name
[INFO] [stdout]    --> src/addressManage/addressManage.rs:126:9
[INFO] [stdout]     |
[INFO] [stdout] 126 |     pub blockTime: Option<u64>,             // 时间戳
[INFO] [stdout]     |         ^^^^^^^^^ help: convert the identifier to snake case: `block_time`
[INFO] [stdout] 
[INFO] [stdout] 
[INFO] [stdout] warning: structure field `confirmationStatus` should have a snake case name
[INFO] [stdout]    --> src/addressManage/addressManage.rs:127:9
[INFO] [stdout]     |
[INFO] [stdout] 127 |     pub confirmationStatus: Option<String>, // 确认状态
[INFO] [stdout]     |         ^^^^^^^^^^^^^^^^^^ help: convert the identifier to snake case: `confirmation_status`
[INFO] [stdout] 
[INFO] [stdout] 
[INFO] [stdout] warning: module `fundManage` should have a snake case name
[INFO] [stdout]  --> src/fundManage/mod.rs:1:9
[INFO] [stdout]   |
[INFO] [stdout] 1 | pub mod fundManage;
[INFO] [stdout]   |         ^^^^^^^^^^ help: convert the identifier to snake case: `fund_manage`
[INFO] [stdout] 
[INFO] [stdout] 
[INFO] [stderr]     Finished `test` profile [unoptimized + debuginfo] target(s) in 9.70s
[INFO] running `Command { std: "docker" "inspect" "8fbbaffea61c2431ecd8916ad5aeec9f08db000e88a3203b54458c8d0acf0765", kill_on_drop: false }`
[INFO] running `Command { std: "docker" "rm" "-f" "8fbbaffea61c2431ecd8916ad5aeec9f08db000e88a3203b54458c8d0acf0765", kill_on_drop: false }`
[INFO] [stdout] 8fbbaffea61c2431ecd8916ad5aeec9f08db000e88a3203b54458c8d0acf0765
[INFO] running `Command { std: "docker" "create" "-v" "/var/lib/crater-agent-workspace/builds/worker-2-tc2/target:/opt/rustwide/target:rw,Z" "-v" "/var/lib/crater-agent-workspace/builds/worker-2-tc2/source:/opt/rustwide/workdir:ro,Z" "-v" "/var/lib/crater-agent-workspace/cargo-home:/opt/rustwide/cargo-home:ro,Z" "-v" "/var/lib/crater-agent-workspace/rustup-home:/opt/rustwide/rustup-home:ro,Z" "-e" "SOURCE_DIR=/opt/rustwide/workdir" "-e" "CARGO_TARGET_DIR=/opt/rustwide/target" "-e" "CARGO_INCREMENTAL=0" "-e" "RUST_BACKTRACE=full" "-e" "RUSTFLAGS=--cap-lints=forbid -Zrandomize-layout" "-e" "RUSTDOCFLAGS=--cap-lints=forbid" "-e" "CARGO_HOME=/opt/rustwide/cargo-home" "-e" "RUSTUP_HOME=/opt/rustwide/rustup-home" "-w" "/opt/rustwide/workdir" "-m" "1610612736" "--user" "0:0" "--network" "none" "ghcr.io/rust-lang/crates-build-env/linux@sha256:819108c5571ea2e421544af4d832f968d213c87fbe3707a016657f43d2f853bc" "/opt/rustwide/cargo-home/bin/cargo" "+nightly-2025-01-18" "test" "--frozen", kill_on_drop: false }`
[INFO] [stdout] ab4f2a0aa7a3d425a93859f625b238baf7be3bdb6f3ac213e5357b3f79041629
[INFO] running `Command { std: "docker" "start" "-a" "ab4f2a0aa7a3d425a93859f625b238baf7be3bdb6f3ac213e5357b3f79041629", kill_on_drop: false }`
[INFO] [stderr] warning: unused imports: `PUMP_PROGRAM_ID` and `RAYDIUM_PROGRAM_ID`
[INFO] [stderr]  --> src/addressManage/addressManage.rs:1:23
[INFO] [stderr]   |
[INFO] [stderr] 1 | use crate::constant::{PUMP_PROGRAM_ID, RAYDIUM_PROGRAM_ID};
[INFO] [stderr]   |                       ^^^^^^^^^^^^^^^  ^^^^^^^^^^^^^^^^^^
[INFO] [stderr]   |
[INFO] [stderr]   = note: `#[warn(unused_imports)]` on by default
[INFO] [stderr] 
[INFO] [stderr] warning: unused import: `get_balance_change`
[INFO] [stderr]  --> src/addressManage/addressManage.rs:5:35
[INFO] [stderr]   |
[INFO] [stderr] 5 | use crate::utils::analyze_utils::{get_balance_change, is_target};
[INFO] [stderr]   |                                   ^^^^^^^^^^^^^^^^^^
[INFO] [stderr] 
[INFO] [stderr] warning: unused import: `dotenv::dotenv`
[INFO] [stderr]  --> src/addressManage/addressManage.rs:6:5
[INFO] [stderr]   |
[INFO] [stderr] 6 | use dotenv::dotenv;
[INFO] [stderr]   |     ^^^^^^^^^^^^^^
[INFO] [stderr] 
[INFO] [stderr] warning: unused import: `reqwest::Client`
[INFO] [stderr]  --> src/addressManage/addressManage.rs:7:5
[INFO] [stderr]   |
[INFO] [stderr] 7 | use reqwest::Client;
[INFO] [stderr]   |     ^^^^^^^^^^^^^^^
[INFO] [stderr] 
[INFO] [stderr] warning: unused import: `RpcBlockConfig`
[INFO] [stderr]   --> src/addressManage/addressManage.rs:12:33
[INFO] [stderr]    |
[INFO] [stderr] 12 | use solana_client::rpc_config::{RpcBlockConfig, RpcTransactionConfig};
[INFO] [stderr]    |                                 ^^^^^^^^^^^^^^
[INFO] [stderr] 
[INFO] [stderr] warning: unused imports: `EncodedConfirmedTransactionWithStatusMeta`, `EncodedTransaction`, and `UiAccountsList`
[INFO] [stderr]   --> src/addressManage/addressManage.rs:17:5
[INFO] [stderr]    |
[INFO] [stderr] 17 |     EncodedConfirmedTransactionWithStatusMeta, EncodedTransaction, UiAccountsList,
[INFO] [stderr]    |     ^^^^^^^^^^^^^^^^^^^^^^^^^^^^^^^^^^^^^^^^^  ^^^^^^^^^^^^^^^^^^  ^^^^^^^^^^^^^^
[INFO] [stderr] 
[INFO] [stderr] warning: unused import: `std::collections::HashMap`
[INFO] [stderr]   --> src/addressManage/addressManage.rs:20:5
[INFO] [stderr]    |
[INFO] [stderr] 20 | use std::collections::HashMap;
[INFO] [stderr]    |     ^^^^^^^^^^^^^^^^^^^^^^^^^
[INFO] [stderr] 
[INFO] [stderr] warning: unused import: `tokio::task`
[INFO] [stderr]   --> src/addressManage/addressManage.rs:25:5
[INFO] [stderr]    |
[INFO] [stderr] 25 | use tokio::task;
[INFO] [stderr]    |     ^^^^^^^^^^^
[INFO] [stderr] 
[INFO] [stderr] warning: unused import: `std::ptr::write`
[INFO] [stderr]  --> src/fundManage/strategy.rs:2:5
[INFO] [stderr]   |
[INFO] [stderr] 2 | use std::ptr::write;
[INFO] [stderr]   |     ^^^^^^^^^^^^^^^
[INFO] [stderr] 
[INFO] [stderr] warning: unused imports: `message::v0::MessageAddressTableLookup`, `signer::Signer`, and `transaction::VersionedTransaction`
[INFO] [stderr]  --> src/states/states.rs:4:5
[INFO] [stderr]   |
[INFO] [stderr] 4 |     message::v0::MessageAddressTableLookup, signer::Signer, transaction::VersionedTransaction,
[INFO] [stderr]   |     ^^^^^^^^^^^^^^^^^^^^^^^^^^^^^^^^^^^^^^  ^^^^^^^^^^^^^^  ^^^^^^^^^^^^^^^^^^^^^^^^^^^^^^^^^
[INFO] [stderr] 
[INFO] [stderr] warning: unused imports: `fs` and `str::FromStr`
[INFO] [stderr]  --> src/utils/analyze_utils.rs:1:33
[INFO] [stderr]   |
[INFO] [stderr] 1 | use std::{collections::HashMap, fs, str::FromStr};
[INFO] [stderr]   |                                 ^^  ^^^^^^^^^^^^
[INFO] [stderr] 
[INFO] [stderr] warning: unused imports: `message::v0::MessageAddressTableLookup`, `signer::Signer`, and `transaction::VersionedTransaction`
[INFO] [stderr]  --> src/utils/analyze_utils.rs:5:5
[INFO] [stderr]   |
[INFO] [stderr] 5 |     message::v0::MessageAddressTableLookup, pubkey::Pubkey, signer::Signer,
[INFO] [stderr]   |     ^^^^^^^^^^^^^^^^^^^^^^^^^^^^^^^^^^^^^^                  ^^^^^^^^^^^^^^
[INFO] [stderr] 6 |     transaction::VersionedTransaction,
[INFO] [stderr]   |     ^^^^^^^^^^^^^^^^^^^^^^^^^^^^^^^^^
[INFO] [stderr] 
[INFO] [stderr] warning: unused imports: `EncodedTransactionWithStatusMeta` and `option_serializer::OptionSerializer`
[INFO] [stderr]  --> src/utils/analyze_utils.rs:9:5
[INFO] [stderr]   |
[INFO] [stderr] 9 |     option_serializer::OptionSerializer, EncodedTransactionWithStatusMeta, UiTransactionStatusMeta,
[INFO] [stderr]   |     ^^^^^^^^^^^^^^^^^^^^^^^^^^^^^^^^^^^  ^^^^^^^^^^^^^^^^^^^^^^^^^^^^^^^^
[INFO] [stderr] 
[INFO] [stderr] warning: unused import: `std::str::FromStr`
[INFO] [stderr]  --> src/constant.rs:3:5
[INFO] [stderr]   |
[INFO] [stderr] 3 | use std::str::FromStr;
[INFO] [stderr]   |     ^^^^^^^^^^^^^^^^^
[INFO] [stderr] 
[INFO] [stderr] warning: unused variable: `smart_wallet`
[INFO] [stderr]  --> src/fundManage/trade.rs:5:19
[INFO] [stderr]   |
[INFO] [stderr] 5 | pub fn copy_order(smart_wallet: SmartWallet) -> Result<(), Error> {
[INFO] [stderr]   |                   ^^^^^^^^^^^^ help: if this is intentional, prefix it with an underscore: `_smart_wallet`
[INFO] [stderr]   |
[INFO] [stderr]   = note: `#[warn(unused_variables)]` on by default
[INFO] [stderr] 
[INFO] [stderr] warning: fields `profit_map` and `smart_wallets` are never read
[INFO] [stderr]   --> src/utils/analyze_utils.rs:18:5
[INFO] [stderr]    |
[INFO] [stderr] 16 | pub struct WalletAnalyzer {
[INFO] [stderr]    |            -------------- fields in this struct
[INFO] [stderr] 17 |     // 盈利计算
[INFO] [stderr] 18 |     profit_map: HashMap<String, u64>,
[INFO] [stderr]    |     ^^^^^^^^^^
[INFO] [stderr] ...
[INFO] [stderr] 22 |     smart_wallets: Vec<String>,
[INFO] [stderr]    |     ^^^^^^^^^^^^^
[INFO] [stderr]    |
[INFO] [stderr]    = note: `#[warn(dead_code)]` on by default
[INFO] [stderr] 
[INFO] [stderr] warning: module `addressManage` should have a snake case name
[INFO] [stderr]  --> src/lib.rs:1:9
[INFO] [stderr]   |
[INFO] [stderr] 1 | pub mod addressManage;
[INFO] [stderr]   |         ^^^^^^^^^^^^^ help: convert the identifier to snake case: `address_manage`
[INFO] [stderr]   |
[INFO] [stderr]   = note: `#[warn(non_snake_case)]` on by default
[INFO] [stderr] 
[INFO] [stderr] warning: module `fundManage` should have a snake case name
[INFO] [stderr]  --> src/lib.rs:3:9
[INFO] [stderr]   |
[INFO] [stderr] 3 | pub mod fundManage;
[INFO] [stderr]   |         ^^^^^^^^^^ help: convert the identifier to snake case: `fund_manage`
[INFO] [stderr] 
[INFO] [stderr] warning: module `addressManage` should have a snake case name
[INFO] [stderr]  --> src/addressManage/mod.rs:1:9
[INFO] [stderr]   |
[INFO] [stderr] 1 | pub mod addressManage;
[INFO] [stderr]   |         ^^^^^^^^^^^^^ help: convert the identifier to snake case: `address_manage`
[INFO] [stderr] 
[INFO] [stderr] warning: variable `Vtx` should have a snake case name
[INFO] [stderr]   --> src/addressManage/addressManage.rs:99:17
[INFO] [stderr]    |
[INFO] [stderr] 99 |             let Vtx = transaction_result.transaction.transaction.decode().unwrap();
[INFO] [stderr]    |                 ^^^ help: convert the identifier to snake case (notice the capitalization): `vtx`
[INFO] [stderr] 
[INFO] [stderr] warning: structure field `blockTime` should have a snake case name
[INFO] [stderr]    --> src/addressManage/addressManage.rs:126:9
[INFO] [stderr]     |
[INFO] [stderr] 126 |     pub blockTime: Option<u64>,             // 时间戳
[INFO] [stderr]     |         ^^^^^^^^^ help: convert the identifier to snake case: `block_time`
[INFO] [stderr] 
[INFO] [stderr] warning: structure field `confirmationStatus` should have a snake case name
[INFO] [stderr]    --> src/addressManage/addressManage.rs:127:9
[INFO] [stderr]     |
[INFO] [stderr] 127 |     pub confirmationStatus: Option<String>, // 确认状态
[INFO] [stderr]     |         ^^^^^^^^^^^^^^^^^^ help: convert the identifier to snake case: `confirmation_status`
[INFO] [stderr] 
[INFO] [stderr] warning: module `fundManage` should have a snake case name
[INFO] [stderr]  --> src/fundManage/mod.rs:1:9
[INFO] [stderr]   |
[INFO] [stderr] 1 | pub mod fundManage;
[INFO] [stderr]   |         ^^^^^^^^^^ help: convert the identifier to snake case: `fund_manage`
[INFO] [stderr] 
[INFO] [stderr] warning: unused import: `std::result`
[INFO] [stderr]    --> src/addressManage/addressManage.rs:357:9
[INFO] [stderr]     |
[INFO] [stderr] 357 |     use std::result;
[INFO] [stderr]     |         ^^^^^^^^^^^
[INFO] [stderr] 
[INFO] [stderr] warning: unused import: `super::*`
[INFO] [stderr]    --> src/fundManage/fundManage.rs:183:9
[INFO] [stderr]     |
[INFO] [stderr] 183 |     use super::*;
[INFO] [stderr]     |         ^^^^^^^^
[INFO] [stderr] 
[INFO] [stderr] warning: unused variable: `result`
[INFO] [stderr]    --> src/addressManage/addressManage.rs:379:13
[INFO] [stderr]     |
[INFO] [stderr] 379 |         let result = collector.get_token_txs(&mut user).await.unwrap();
[INFO] [stderr]     |             ^^^^^^ help: if this is intentional, prefix it with an underscore: `_result`
[INFO] [stderr]     |
[INFO] [stderr]     = note: `#[warn(unused_variables)]` on by default
[INFO] [stderr] 
[INFO] [stderr] warning: unused variable: `result`
[INFO] [stderr]    --> src/addressManage/addressManage.rs:388:13
[INFO] [stderr]     |
[INFO] [stderr] 388 |         let result = load_user_info(&mut user).unwrap();
[INFO] [stderr]     |             ^^^^^^ help: if this is intentional, prefix it with an underscore: `_result`
[INFO] [stderr] 
[INFO] [stderr] warning: unused variable: `smart_wallet`
[INFO] [stderr]  --> src/fundManage/trade.rs:5:19
[INFO] [stderr]   |
[INFO] [stderr] 5 | pub fn copy_order(smart_wallet: SmartWallet) -> Result<(), Error> {
[INFO] [stderr]   |                   ^^^^^^^^^^^^ help: if this is intentional, prefix it with an underscore: `_smart_wallet`
[INFO] [stderr] 
[INFO] [stderr] warning: `solana_bot` (lib) generated 23 warnings (run `cargo fix --lib -p solana_bot` to apply 14 suggestions)
[INFO] [stderr] warning: `solana_bot` (lib test) generated 26 warnings (21 duplicates) (run `cargo fix --lib -p solana_bot --tests` to apply 2 suggestions)
[INFO] [stderr] warning: unused import: `std::result`
[INFO] [stderr]   --> src/main.rs:12:5
[INFO] [stderr]    |
[INFO] [stderr] 12 | use std::result;
[INFO] [stderr]    |     ^^^^^^^^^^^
[INFO] [stderr]    |
[INFO] [stderr]    = note: `#[warn(unused_imports)]` on by default
[INFO] [stderr] 
[INFO] [stderr] warning: `solana_bot` (bin "solana_bot" test) generated 1 warning (run `cargo fix --bin "solana_bot" --tests` to apply 1 suggestion)
[INFO] [stderr]     Finished `test` profile [unoptimized + debuginfo] target(s) in 0.76s
[INFO] [stderr]      Running unittests src/lib.rs (/opt/rustwide/target/debug/deps/solana_bot-b00a3fb083068bdb)
[INFO] [stdout] 
[INFO] [stdout] running 5 tests
[INFO] [stdout] test states::states::tests::test_display_user ... ok
[INFO] [stdout] test addressManage::addressManage::tests::test_load_user_info ... ok
[INFO] [stdout] test states::states::tests::test_display_with_filter ... ok
[INFO] [stdout] test addressManage::addressManage::tests::test_get_history_tx2 ... FAILED
[INFO] [stdout] test addressManage::addressManage::tests::test_get_token_txs ... FAILED
[INFO] [stdout] 
[INFO] [stdout] failures:
[INFO] [stdout] 
[INFO] [stdout] ---- addressManage::addressManage::tests::test_get_history_tx2 stdout ----
[INFO] [stdout] 
[INFO] [stdout] thread 'addressManage::addressManage::tests::test_get_history_tx2' panicked at src/addressManage/addressManage.rs:366:69:
[INFO] [stdout] called `Result::unwrap()` on an `Err` value: GetHistoryTxError("Failed to fetch signatures for address: Error { request: Some(GetSignaturesForAddress), kind: Reqwest(reqwest::Error { kind: Request, url: Url { scheme: \"https\", cannot_be_a_base: false, username: \"\", password: None, host: Some(Domain(\"solana-rpc.publicnode.com\")), port: None, path: \"/\", query: None, fragment: None }, source: hyper::Error(Connect, ConnectError(\"dns error\", Custom { kind: Uncategorized, error: \"failed to lookup address information: Temporary failure in name resolution\" })) }) }")
[INFO] [stdout] stack backtrace:
[INFO] [stdout]    0:     0x5a6a35efce8a - std::backtrace_rs::backtrace::libunwind::trace::hb059275cfc8d6126
[INFO] [stdout]                                at /rustc/6067b36314ab5eb2eb47cecc464545ba58e1ad24/library/std/src/../../backtrace/src/backtrace/libunwind.rs:116:5
[INFO] [stdout]    1:     0x5a6a35efce8a - std::backtrace_rs::backtrace::trace_unsynchronized::h2da071e4327ce3ee
[INFO] [stdout]                                at /rustc/6067b36314ab5eb2eb47cecc464545ba58e1ad24/library/std/src/../../backtrace/src/backtrace/mod.rs:66:5
[INFO] [stdout]    2:     0x5a6a35efce8a - std::sys::backtrace::_print_fmt::h842a1474e6f8d23f
[INFO] [stdout]                                at /rustc/6067b36314ab5eb2eb47cecc464545ba58e1ad24/library/std/src/sys/backtrace.rs:66:9
[INFO] [stdout]    3:     0x5a6a35efce8a - <std::sys::backtrace::BacktraceLock::print::DisplayBacktrace as core::fmt::Display>::fmt::h71a62eb3b9696b12
[INFO] [stdout]                                at /rustc/6067b36314ab5eb2eb47cecc464545ba58e1ad24/library/std/src/sys/backtrace.rs:39:26
[INFO] [stdout]    4:     0x5a6a35f29763 - core::fmt::rt::Argument::fmt::hdb6b616786b41dc1
[INFO] [stdout]                                at /rustc/6067b36314ab5eb2eb47cecc464545ba58e1ad24/library/core/src/fmt/rt.rs:177:76
[INFO] [stdout]    5:     0x5a6a35f29763 - core::fmt::write::h2cc1698af7e2d686
[INFO] [stdout]                                at /rustc/6067b36314ab5eb2eb47cecc464545ba58e1ad24/library/core/src/fmt/mod.rs:1440:21
[INFO] [stdout]    6:     0x5a6a35ef8a93 - std::io::Write::write_fmt::hab1b4cd059a79022
[INFO] [stdout]                                at /rustc/6067b36314ab5eb2eb47cecc464545ba58e1ad24/library/std/src/io/mod.rs:1887:15
[INFO] [stdout]    7:     0x5a6a35efccd2 - std::sys::backtrace::BacktraceLock::print::h147fe35b4ea13b08
[INFO] [stdout]                                at /rustc/6067b36314ab5eb2eb47cecc464545ba58e1ad24/library/std/src/sys/backtrace.rs:42:9
[INFO] [stdout]    8:     0x5a6a35efe2af - std::panicking::default_hook::{{closure}}::hbd44223dbdc0d208
[INFO] [stdout]                                at /rustc/6067b36314ab5eb2eb47cecc464545ba58e1ad24/library/std/src/panicking.rs:298:22
[INFO] [stdout]    9:     0x5a6a35efe0c8 - std::panicking::default_hook::h20f81eb0576efcec
[INFO] [stdout]                                at /rustc/6067b36314ab5eb2eb47cecc464545ba58e1ad24/library/std/src/panicking.rs:322:9
[INFO] [stdout]   10:     0x5a6a35705853 - <alloc::boxed::Box<F,A> as core::ops::function::Fn<Args>>::call::hdb53814c496a4d34
[INFO] [stdout]                                at /rustc/6067b36314ab5eb2eb47cecc464545ba58e1ad24/library/alloc/src/boxed.rs:2027:9
[INFO] [stdout]   11:     0x5a6a35705853 - test::test_main::{{closure}}::hc0a4963c59427c24
[INFO] [stdout]                                at /rustc/6067b36314ab5eb2eb47cecc464545ba58e1ad24/library/test/src/lib.rs:134:21
[INFO] [stdout]   12:     0x5a6a35efeda3 - <alloc::boxed::Box<F,A> as core::ops::function::Fn<Args>>::call::h591b2225413a77e9
[INFO] [stdout]                                at /rustc/6067b36314ab5eb2eb47cecc464545ba58e1ad24/library/alloc/src/boxed.rs:2027:9
[INFO] [stdout]   13:     0x5a6a35efeda3 - std::panicking::rust_panic_with_hook::h625eea43051b2edc
[INFO] [stdout]                                at /rustc/6067b36314ab5eb2eb47cecc464545ba58e1ad24/library/std/src/panicking.rs:839:13
[INFO] [stdout]   14:     0x5a6a35efea5a - std::panicking::begin_panic_handler::{{closure}}::h4f9159cfbc3f6bd3
[INFO] [stdout]                                at /rustc/6067b36314ab5eb2eb47cecc464545ba58e1ad24/library/std/src/panicking.rs:704:13
[INFO] [stdout]   15:     0x5a6a35efd389 - std::sys::backtrace::__rust_end_short_backtrace::h0390abce48353151
[INFO] [stdout]                                at /rustc/6067b36314ab5eb2eb47cecc464545ba58e1ad24/library/std/src/sys/backtrace.rs:168:18
[INFO] [stdout]   16:     0x5a6a35efe6ed - rust_begin_unwind
[INFO] [stdout]                                at /rustc/6067b36314ab5eb2eb47cecc464545ba58e1ad24/library/std/src/panicking.rs:695:5
[INFO] [stdout]   17:     0x5a6a35f27050 - core::panicking::panic_fmt::h9e7c637e9e5f29c9
[INFO] [stdout]                                at /rustc/6067b36314ab5eb2eb47cecc464545ba58e1ad24/library/core/src/panicking.rs:75:14
[INFO] [stdout]   18:     0x5a6a35f27526 - core::result::unwrap_failed::h7979f09313fe1849
[INFO] [stdout]                                at /rustc/6067b36314ab5eb2eb47cecc464545ba58e1ad24/library/core/src/result.rs:1704:5
[INFO] [stdout]   19:     0x5a6a356ca88a - core::result::Result<T,E>::unwrap::h921e27db8875bd9f
[INFO] [stdout]                                at /rustc/6067b36314ab5eb2eb47cecc464545ba58e1ad24/library/core/src/result.rs:1109:23
[INFO] [stdout]   20:     0x5a6a356ca88a - solana_bot::addressManage::addressManage::tests::test_get_history_tx2::{{closure}}::h53dfb8c34db93fc7
[INFO] [stdout]                                at /opt/rustwide/workdir/src/addressManage/addressManage.rs:366:20
[INFO] [stdout]   21:     0x5a6a356c9fa2 - <core::pin::Pin<P> as core::future::future::Future>::poll::h253ee2595e8536e3
[INFO] [stdout]                                at /rustc/6067b36314ab5eb2eb47cecc464545ba58e1ad24/library/core/src/future/future.rs:124:9
[INFO] [stdout]   22:     0x5a6a356ca05d - <core::pin::Pin<P> as core::future::future::Future>::poll::hff473f6ab2732630
[INFO] [stdout]                                at /rustc/6067b36314ab5eb2eb47cecc464545ba58e1ad24/library/core/src/future/future.rs:124:9
[INFO] [stdout]   23:     0x5a6a356c1b5f - tokio::runtime::scheduler::current_thread::CoreGuard::block_on::{{closure}}::{{closure}}::{{closure}}::hd84968396ef28848
[INFO] [stdout]                                at /opt/rustwide/cargo-home/registry/src/index.crates.io-1949cf8c6b5b557f/tokio-1.43.0/src/runtime/scheduler/current_thread/mod.rs:729:57
[INFO] [stdout]   24:     0x5a6a356c18a5 - tokio::runtime::coop::with_budget::h5c37a690091b34ce
[INFO] [stdout]                                at /opt/rustwide/cargo-home/registry/src/index.crates.io-1949cf8c6b5b557f/tokio-1.43.0/src/runtime/coop.rs:107:5
[INFO] [stdout]   25:     0x5a6a356c18a5 - tokio::runtime::coop::budget::h7677603161ff5924
[INFO] [stdout]                                at /opt/rustwide/cargo-home/registry/src/index.crates.io-1949cf8c6b5b557f/tokio-1.43.0/src/runtime/coop.rs:73:5
[INFO] [stdout]   26:     0x5a6a356c18a5 - tokio::runtime::scheduler::current_thread::CoreGuard::block_on::{{closure}}::{{closure}}::h15b0d4d5f5e36135
[INFO] [stdout]                                at /opt/rustwide/cargo-home/registry/src/index.crates.io-1949cf8c6b5b557f/tokio-1.43.0/src/runtime/scheduler/current_thread/mod.rs:729:25
[INFO] [stdout]   27:     0x5a6a356bedf0 - tokio::runtime::scheduler::current_thread::Context::enter::h333b975c3be79bc9
[INFO] [stdout]                                at /opt/rustwide/cargo-home/registry/src/index.crates.io-1949cf8c6b5b557f/tokio-1.43.0/src/runtime/scheduler/current_thread/mod.rs:428:19
[INFO] [stdout]   28:     0x5a6a356c08a7 - tokio::runtime::scheduler::current_thread::CoreGuard::block_on::{{closure}}::h76d95c5f20c8edf6
[INFO] [stdout]                                at /opt/rustwide/cargo-home/registry/src/index.crates.io-1949cf8c6b5b557f/tokio-1.43.0/src/runtime/scheduler/current_thread/mod.rs:728:36
[INFO] [stdout]   29:     0x5a6a356c05a4 - tokio::runtime::scheduler::current_thread::CoreGuard::enter::{{closure}}::h5c974d8fc6cc435d
[INFO] [stdout]                                at /opt/rustwide/cargo-home/registry/src/index.crates.io-1949cf8c6b5b557f/tokio-1.43.0/src/runtime/scheduler/current_thread/mod.rs:807:68
[INFO] [stdout]   30:     0x5a6a356b29fb - tokio::runtime::context::scoped::Scoped<T>::set::h3186232856c5a6b2
[INFO] [stdout]                                at /opt/rustwide/cargo-home/registry/src/index.crates.io-1949cf8c6b5b557f/tokio-1.43.0/src/runtime/context/scoped.rs:40:9
[INFO] [stdout]   31:     0x5a6a356b26f9 - tokio::runtime::context::set_scheduler::{{closure}}::h07933832ed178271
[INFO] [stdout]                                at /opt/rustwide/cargo-home/registry/src/index.crates.io-1949cf8c6b5b557f/tokio-1.43.0/src/runtime/context.rs:180:26
[INFO] [stdout]   32:     0x5a6a356b0492 - std::thread::local::LocalKey<T>::try_with::h0c5bda128b7f3e11
[INFO] [stdout]                                at /rustc/6067b36314ab5eb2eb47cecc464545ba58e1ad24/library/std/src/thread/local.rs:308:12
[INFO] [stdout]   33:     0x5a6a356b02ca - std::thread::local::LocalKey<T>::with::h75b54f75a4eb2578
[INFO] [stdout]                                at /rustc/6067b36314ab5eb2eb47cecc464545ba58e1ad24/library/std/src/thread/local.rs:272:9
[INFO] [stdout]   34:     0x5a6a356b266d - tokio::runtime::context::set_scheduler::h384bf8812b4ec19e
[INFO] [stdout]                                at /opt/rustwide/cargo-home/registry/src/index.crates.io-1949cf8c6b5b557f/tokio-1.43.0/src/runtime/context.rs:180:9
[INFO] [stdout]   35:     0x5a6a356bff30 - tokio::runtime::scheduler::current_thread::CoreGuard::enter::h13889898e596cc2e
[INFO] [stdout]                                at /opt/rustwide/cargo-home/registry/src/index.crates.io-1949cf8c6b5b557f/tokio-1.43.0/src/runtime/scheduler/current_thread/mod.rs:807:27
[INFO] [stdout]   36:     0x5a6a356c05e3 - tokio::runtime::scheduler::current_thread::CoreGuard::block_on::h059705bdba3f7ed5
[INFO] [stdout]                                at /opt/rustwide/cargo-home/registry/src/index.crates.io-1949cf8c6b5b557f/tokio-1.43.0/src/runtime/scheduler/current_thread/mod.rs:716:19
[INFO] [stdout]   37:     0x5a6a356be3ca - tokio::runtime::scheduler::current_thread::CurrentThread::block_on::{{closure}}::hecd4bb0781746ace
[INFO] [stdout]                                at /opt/rustwide/cargo-home/registry/src/index.crates.io-1949cf8c6b5b557f/tokio-1.43.0/src/runtime/scheduler/current_thread/mod.rs:196:28
[INFO] [stdout]   38:     0x5a6a356c92c6 - tokio::runtime::context::runtime::enter_runtime::h755e92e258a506ba
[INFO] [stdout]                                at /opt/rustwide/cargo-home/registry/src/index.crates.io-1949cf8c6b5b557f/tokio-1.43.0/src/runtime/context/runtime.rs:65:16
[INFO] [stdout]   39:     0x5a6a356be181 - tokio::runtime::scheduler::current_thread::CurrentThread::block_on::h4f8a9f7b9d177840
[INFO] [stdout]                                at /opt/rustwide/cargo-home/registry/src/index.crates.io-1949cf8c6b5b557f/tokio-1.43.0/src/runtime/scheduler/current_thread/mod.rs:184:9
[INFO] [stdout]   40:     0x5a6a356bdc9c - tokio::runtime::runtime::Runtime::block_on_inner::h34f66fbdd9279fc7
[INFO] [stdout]                                at /opt/rustwide/cargo-home/registry/src/index.crates.io-1949cf8c6b5b557f/tokio-1.43.0/src/runtime/runtime.rs:368:47
[INFO] [stdout]   41:     0x5a6a356bdfa7 - tokio::runtime::runtime::Runtime::block_on::he23c437fb9174747
[INFO] [stdout]                                at /opt/rustwide/cargo-home/registry/src/index.crates.io-1949cf8c6b5b557f/tokio-1.43.0/src/runtime/runtime.rs:342:13
[INFO] [stdout]   42:     0x5a6a356ca3a5 - solana_bot::addressManage::addressManage::tests::test_get_history_tx2::hab5c7f5492c55560
[INFO] [stdout]                                at /opt/rustwide/workdir/src/addressManage/addressManage.rs:367:9
[INFO] [stdout]   43:     0x5a6a356ca247 - solana_bot::addressManage::addressManage::tests::test_get_history_tx2::{{closure}}::h7211ed85898d2a39
[INFO] [stdout]                                at /opt/rustwide/workdir/src/addressManage/addressManage.rs:360:36
[INFO] [stdout]   44:     0x5a6a356c2a86 - core::ops::function::FnOnce::call_once::h474a5bc537cab5f0
[INFO] [stdout]                                at /rustc/6067b36314ab5eb2eb47cecc464545ba58e1ad24/library/core/src/ops/function.rs:250:5
[INFO] [stdout]   45:     0x5a6a3570afab - core::ops::function::FnOnce::call_once::he27718dfdd183f43
[INFO] [stdout]                                at /rustc/6067b36314ab5eb2eb47cecc464545ba58e1ad24/library/core/src/ops/function.rs:250:5
[INFO] [stdout]   46:     0x5a6a3570afab - test::__rust_begin_short_backtrace::h4e84902998457a5d
[INFO] [stdout]                                at /rustc/6067b36314ab5eb2eb47cecc464545ba58e1ad24/library/test/src/lib.rs:632:18
[INFO] [stdout]   47:     0x5a6a35709ee3 - test::run_test_in_process::{{closure}}::h7176fd18fc1feca0
[INFO] [stdout]                                at /rustc/6067b36314ab5eb2eb47cecc464545ba58e1ad24/library/test/src/lib.rs:655:60
[INFO] [stdout]   48:     0x5a6a35709ee3 - <core::panic::unwind_safe::AssertUnwindSafe<F> as core::ops::function::FnOnce<()>>::call_once::hf79cff2a624d8cf7
[INFO] [stdout]                                at /rustc/6067b36314ab5eb2eb47cecc464545ba58e1ad24/library/core/src/panic/unwind_safe.rs:272:9
[INFO] [stdout]   49:     0x5a6a35709ee3 - std::panicking::try::do_call::h3da0561d9ab99c25
[INFO] [stdout]                                at /rustc/6067b36314ab5eb2eb47cecc464545ba58e1ad24/library/std/src/panicking.rs:587:40
[INFO] [stdout]   50:     0x5a6a35709ee3 - std::panicking::try::h41c9fa508bc61df6
[INFO] [stdout]                                at /rustc/6067b36314ab5eb2eb47cecc464545ba58e1ad24/library/std/src/panicking.rs:550:19
[INFO] [stdout]   51:     0x5a6a35709ee3 - std::panic::catch_unwind::h6b3ff07bb5afad93
[INFO] [stdout]                                at /rustc/6067b36314ab5eb2eb47cecc464545ba58e1ad24/library/std/src/panic.rs:358:14
[INFO] [stdout]   52:     0x5a6a35709ee3 - test::run_test_in_process::hc7253dd11b39b9f4
[INFO] [stdout]                                at /rustc/6067b36314ab5eb2eb47cecc464545ba58e1ad24/library/test/src/lib.rs:655:27
[INFO] [stdout]   53:     0x5a6a35709ee3 - test::run_test::{{closure}}::hfb2007f8649c30bb
[INFO] [stdout]                                at /rustc/6067b36314ab5eb2eb47cecc464545ba58e1ad24/library/test/src/lib.rs:576:43
[INFO] [stdout]   54:     0x5a6a356ccfc5 - test::run_test::{{closure}}::h56a17aa7a282a9f4
[INFO] [stdout]                                at /rustc/6067b36314ab5eb2eb47cecc464545ba58e1ad24/library/test/src/lib.rs:606:41
[INFO] [stdout]   55:     0x5a6a356ccfc5 - std::sys::backtrace::__rust_begin_short_backtrace::hd2d2d2fb8e8c6aac
[INFO] [stdout]                                at /rustc/6067b36314ab5eb2eb47cecc464545ba58e1ad24/library/std/src/sys/backtrace.rs:152:18
[INFO] [stdout]   56:     0x5a6a356d08aa - std::thread::Builder::spawn_unchecked_::{{closure}}::{{closure}}::h4faa3f9db6133423
[INFO] [stdout]                                at /rustc/6067b36314ab5eb2eb47cecc464545ba58e1ad24/library/std/src/thread/mod.rs:559:17
[INFO] [stdout]   57:     0x5a6a356d08aa - <core::panic::unwind_safe::AssertUnwindSafe<F> as core::ops::function::FnOnce<()>>::call_once::hf2e855a36a4ea846
[INFO] [stdout]                                at /rustc/6067b36314ab5eb2eb47cecc464545ba58e1ad24/library/core/src/panic/unwind_safe.rs:272:9
[INFO] [stdout]   58:     0x5a6a356d08aa - std::panicking::try::do_call::h2f73af3616c35465
[INFO] [stdout]                                at /rustc/6067b36314ab5eb2eb47cecc464545ba58e1ad24/library/std/src/panicking.rs:587:40
[INFO] [stdout]   59:     0x5a6a356d08aa - std::panicking::try::hd1660ce9efadef5a
[INFO] [stdout]                                at /rustc/6067b36314ab5eb2eb47cecc464545ba58e1ad24/library/std/src/panicking.rs:550:19
[INFO] [stdout]   60:     0x5a6a356d08aa - std::panic::catch_unwind::h5ee8d7823b8ca744
[INFO] [stdout]                                at /rustc/6067b36314ab5eb2eb47cecc464545ba58e1ad24/library/std/src/panic.rs:358:14
[INFO] [stdout]   61:     0x5a6a356d08aa - std::thread::Builder::spawn_unchecked_::{{closure}}::h53c3a1894dce8407
[INFO] [stdout]                                at /rustc/6067b36314ab5eb2eb47cecc464545ba58e1ad24/library/std/src/thread/mod.rs:557:30
[INFO] [stdout]   62:     0x5a6a356d08aa - core::ops::function::FnOnce::call_once{{vtable.shim}}::h048ce291ad4f62bf
[INFO] [stdout]                                at /rustc/6067b36314ab5eb2eb47cecc464545ba58e1ad24/library/core/src/ops/function.rs:250:5
[INFO] [stdout]   63:     0x5a6a35f0324b - <alloc::boxed::Box<F,A> as core::ops::function::FnOnce<Args>>::call_once::ha52bedf99a3b4981
[INFO] [stdout]                                at /rustc/6067b36314ab5eb2eb47cecc464545ba58e1ad24/library/alloc/src/boxed.rs:2013:9
[INFO] [stdout]   64:     0x5a6a35f0324b - <alloc::boxed::Box<F,A> as core::ops::function::FnOnce<Args>>::call_once::h567748934d80ccf8
[INFO] [stdout]                                at /rustc/6067b36314ab5eb2eb47cecc464545ba58e1ad24/library/alloc/src/boxed.rs:2013:9
[INFO] [stdout]   65:     0x5a6a35f0324b - std::sys::pal::unix::thread::Thread::new::thread_start::h2d970728ae887adc
[INFO] [stdout]                                at /rustc/6067b36314ab5eb2eb47cecc464545ba58e1ad24/library/std/src/sys/pal/unix/thread.rs:106:17
[INFO] [stdout]   66:     0x7f241ef29ac3 - <unknown>
[INFO] [stdout]   67:     0x7f241efbaa04 - clone
[INFO] [stdout]   68:                0x0 - <unknown>
[INFO] [stdout] 
[INFO] [stdout] ---- addressManage::addressManage::tests::test_get_token_txs stdout ----
[INFO] [stdout] 
[INFO] [stdout] thread 'addressManage::addressManage::tests::test_get_token_txs' panicked at src/addressManage/addressManage.rs:377:69:
[INFO] [stdout] called `Result::unwrap()` on an `Err` value: GetHistoryTxError("Failed to fetch signatures for address: Error { request: Some(GetSignaturesForAddress), kind: Reqwest(reqwest::Error { kind: Request, url: Url { scheme: \"https\", cannot_be_a_base: false, username: \"\", password: None, host: Some(Domain(\"solana-rpc.publicnode.com\")), port: None, path: \"/\", query: None, fragment: None }, source: hyper::Error(Connect, ConnectError(\"dns error\", Custom { kind: Uncategorized, error: \"failed to lookup address information: Temporary failure in name resolution\" })) }) }")
[INFO] [stdout] stack backtrace:
[INFO] [stdout]    0:     0x5a6a35efce8a - std::backtrace_rs::backtrace::libunwind::trace::hb059275cfc8d6126
[INFO] [stdout]                                at /rustc/6067b36314ab5eb2eb47cecc464545ba58e1ad24/library/std/src/../../backtrace/src/backtrace/libunwind.rs:116:5
[INFO] [stdout]    1:     0x5a6a35efce8a - std::backtrace_rs::backtrace::trace_unsynchronized::h2da071e4327ce3ee
[INFO] [stdout]                                at /rustc/6067b36314ab5eb2eb47cecc464545ba58e1ad24/library/std/src/../../backtrace/src/backtrace/mod.rs:66:5
[INFO] [stdout]    2:     0x5a6a35efce8a - std::sys::backtrace::_print_fmt::h842a1474e6f8d23f
[INFO] [stdout]                                at /rustc/6067b36314ab5eb2eb47cecc464545ba58e1ad24/library/std/src/sys/backtrace.rs:66:9
[INFO] [stdout]    3:     0x5a6a35efce8a - <std::sys::backtrace::BacktraceLock::print::DisplayBacktrace as core::fmt::Display>::fmt::h71a62eb3b9696b12
[INFO] [stdout]                                at /rustc/6067b36314ab5eb2eb47cecc464545ba58e1ad24/library/std/src/sys/backtrace.rs:39:26
[INFO] [stdout]    4:     0x5a6a35f29763 - core::fmt::rt::Argument::fmt::hdb6b616786b41dc1
[INFO] [stdout]                                at /rustc/6067b36314ab5eb2eb47cecc464545ba58e1ad24/library/core/src/fmt/rt.rs:177:76
[INFO] [stdout]    5:     0x5a6a35f29763 - core::fmt::write::h2cc1698af7e2d686
[INFO] [stdout]                                at /rustc/6067b36314ab5eb2eb47cecc464545ba58e1ad24/library/core/src/fmt/mod.rs:1440:21
[INFO] [stdout]    6:     0x5a6a35ef8a93 - std::io::Write::write_fmt::hab1b4cd059a79022
[INFO] [stdout]                                at /rustc/6067b36314ab5eb2eb47cecc464545ba58e1ad24/library/std/src/io/mod.rs:1887:15
[INFO] [stdout]    7:     0x5a6a35efccd2 - std::sys::backtrace::BacktraceLock::print::h147fe35b4ea13b08
[INFO] [stdout]                                at /rustc/6067b36314ab5eb2eb47cecc464545ba58e1ad24/library/std/src/sys/backtrace.rs:42:9
[INFO] [stdout]    8:     0x5a6a35efe2af - std::panicking::default_hook::{{closure}}::hbd44223dbdc0d208
[INFO] [stdout]                                at /rustc/6067b36314ab5eb2eb47cecc464545ba58e1ad24/library/std/src/panicking.rs:298:22
[INFO] [stdout]    9:     0x5a6a35efe0c8 - std::panicking::default_hook::h20f81eb0576efcec
[INFO] [stdout]                                at /rustc/6067b36314ab5eb2eb47cecc464545ba58e1ad24/library/std/src/panicking.rs:322:9
[INFO] [stdout]   10:     0x5a6a35705853 - <alloc::boxed::Box<F,A> as core::ops::function::Fn<Args>>::call::hdb53814c496a4d34
[INFO] [stdout]                                at /rustc/6067b36314ab5eb2eb47cecc464545ba58e1ad24/library/alloc/src/boxed.rs:2027:9
[INFO] [stdout]   11:     0x5a6a35705853 - test::test_main::{{closure}}::hc0a4963c59427c24
[INFO] [stdout]                                at /rustc/6067b36314ab5eb2eb47cecc464545ba58e1ad24/library/test/src/lib.rs:134:21
[INFO] [stdout]   12:     0x5a6a35efeda3 - <alloc::boxed::Box<F,A> as core::ops::function::Fn<Args>>::call::h591b2225413a77e9
[INFO] [stdout]                                at /rustc/6067b36314ab5eb2eb47cecc464545ba58e1ad24/library/alloc/src/boxed.rs:2027:9
[INFO] [stdout]   13:     0x5a6a35efeda3 - std::panicking::rust_panic_with_hook::h625eea43051b2edc
[INFO] [stdout]                                at /rustc/6067b36314ab5eb2eb47cecc464545ba58e1ad24/library/std/src/panicking.rs:839:13
[INFO] [stdout]   14:     0x5a6a35efea5a - std::panicking::begin_panic_handler::{{closure}}::h4f9159cfbc3f6bd3
[INFO] [stdout]                                at /rustc/6067b36314ab5eb2eb47cecc464545ba58e1ad24/library/std/src/panicking.rs:704:13
[INFO] [stdout]   15:     0x5a6a35efd389 - std::sys::backtrace::__rust_end_short_backtrace::h0390abce48353151
[INFO] [stdout]                                at /rustc/6067b36314ab5eb2eb47cecc464545ba58e1ad24/library/std/src/sys/backtrace.rs:168:18
[INFO] [stdout]   16:     0x5a6a35efe6ed - rust_begin_unwind
[INFO] [stdout]                                at /rustc/6067b36314ab5eb2eb47cecc464545ba58e1ad24/library/std/src/panicking.rs:695:5
[INFO] [stdout]   17:     0x5a6a35f27050 - core::panicking::panic_fmt::h9e7c637e9e5f29c9
[INFO] [stdout]                                at /rustc/6067b36314ab5eb2eb47cecc464545ba58e1ad24/library/core/src/panicking.rs:75:14
[INFO] [stdout]   18:     0x5a6a35f27526 - core::result::unwrap_failed::h7979f09313fe1849
[INFO] [stdout]                                at /rustc/6067b36314ab5eb2eb47cecc464545ba58e1ad24/library/core/src/result.rs:1704:5
[INFO] [stdout]   19:     0x5a6a356cb039 - core::result::Result<T,E>::unwrap::h921e27db8875bd9f
[INFO] [stdout]                                at /rustc/6067b36314ab5eb2eb47cecc464545ba58e1ad24/library/core/src/result.rs:1109:23
[INFO] [stdout]   20:     0x5a6a356cb039 - solana_bot::addressManage::addressManage::tests::test_get_token_txs::{{closure}}::h2ae684b431183056
[INFO] [stdout]                                at /opt/rustwide/workdir/src/addressManage/addressManage.rs:377:20
[INFO] [stdout]   21:     0x5a6a356c9fa2 - <core::pin::Pin<P> as core::future::future::Future>::poll::h253ee2595e8536e3
[INFO] [stdout]                                at /rustc/6067b36314ab5eb2eb47cecc464545ba58e1ad24/library/core/src/future/future.rs:124:9
[INFO] [stdout]   22:     0x5a6a356ca05d - <core::pin::Pin<P> as core::future::future::Future>::poll::hff473f6ab2732630
[INFO] [stdout]                                at /rustc/6067b36314ab5eb2eb47cecc464545ba58e1ad24/library/core/src/future/future.rs:124:9
[INFO] [stdout]   23:     0x5a6a356c1b5f - tokio::runtime::scheduler::current_thread::CoreGuard::block_on::{{closure}}::{{closure}}::{{closure}}::hd84968396ef28848
[INFO] [stdout]                                at /opt/rustwide/cargo-home/registry/src/index.crates.io-1949cf8c6b5b557f/tokio-1.43.0/src/runtime/scheduler/current_thread/mod.rs:729:57
[INFO] [stdout]   24:     0x5a6a356c18a5 - tokio::runtime::coop::with_budget::h5c37a690091b34ce
[INFO] [stdout]                                at /opt/rustwide/cargo-home/registry/src/index.crates.io-1949cf8c6b5b557f/tokio-1.43.0/src/runtime/coop.rs:107:5
[INFO] [stdout]   25:     0x5a6a356c18a5 - tokio::runtime::coop::budget::h7677603161ff5924
[INFO] [stdout]                                at /opt/rustwide/cargo-home/registry/src/index.crates.io-1949cf8c6b5b557f/tokio-1.43.0/src/runtime/coop.rs:73:5
[INFO] [stdout]   26:     0x5a6a356c18a5 - tokio::runtime::scheduler::current_thread::CoreGuard::block_on::{{closure}}::{{closure}}::h15b0d4d5f5e36135
[INFO] [stdout]                                at /opt/rustwide/cargo-home/registry/src/index.crates.io-1949cf8c6b5b557f/tokio-1.43.0/src/runtime/scheduler/current_thread/mod.rs:729:25
[INFO] [stdout]   27:     0x5a6a356bedf0 - tokio::runtime::scheduler::current_thread::Context::enter::h333b975c3be79bc9
[INFO] [stdout]                                at /opt/rustwide/cargo-home/registry/src/index.crates.io-1949cf8c6b5b557f/tokio-1.43.0/src/runtime/scheduler/current_thread/mod.rs:428:19
[INFO] [stdout]   28:     0x5a6a356c08a7 - tokio::runtime::scheduler::current_thread::CoreGuard::block_on::{{closure}}::h76d95c5f20c8edf6
[INFO] [stdout]                                at /opt/rustwide/cargo-home/registry/src/index.crates.io-1949cf8c6b5b557f/tokio-1.43.0/src/runtime/scheduler/current_thread/mod.rs:728:36
[INFO] [stdout]   29:     0x5a6a356c05a4 - tokio::runtime::scheduler::current_thread::CoreGuard::enter::{{closure}}::h5c974d8fc6cc435d
[INFO] [stdout]                                at /opt/rustwide/cargo-home/registry/src/index.crates.io-1949cf8c6b5b557f/tokio-1.43.0/src/runtime/scheduler/current_thread/mod.rs:807:68
[INFO] [stdout]   30:     0x5a6a356b29fb - tokio::runtime::context::scoped::Scoped<T>::set::h3186232856c5a6b2
[INFO] [stdout]                                at /opt/rustwide/cargo-home/registry/src/index.crates.io-1949cf8c6b5b557f/tokio-1.43.0/src/runtime/context/scoped.rs:40:9
[INFO] [stdout]   31:     0x5a6a356b26f9 - tokio::runtime::context::set_scheduler::{{closure}}::h07933832ed178271
[INFO] [stdout]                                at /opt/rustwide/cargo-home/registry/src/index.crates.io-1949cf8c6b5b557f/tokio-1.43.0/src/runtime/context.rs:180:26
[INFO] [stdout]   32:     0x5a6a356b0492 - std::thread::local::LocalKey<T>::try_with::h0c5bda128b7f3e11
[INFO] [stdout]                                at /rustc/6067b36314ab5eb2eb47cecc464545ba58e1ad24/library/std/src/thread/local.rs:308:12
[INFO] [stdout]   33:     0x5a6a356b02ca - std::thread::local::LocalKey<T>::with::h75b54f75a4eb2578
[INFO] [stdout]                                at /rustc/6067b36314ab5eb2eb47cecc464545ba58e1ad24/library/std/src/thread/local.rs:272:9
[INFO] [stdout]   34:     0x5a6a356b266d - tokio::runtime::context::set_scheduler::h384bf8812b4ec19e
[INFO] [stdout]                                at /opt/rustwide/cargo-home/registry/src/index.crates.io-1949cf8c6b5b557f/tokio-1.43.0/src/runtime/context.rs:180:9
[INFO] [stdout]   35:     0x5a6a356bff30 - tokio::runtime::scheduler::current_thread::CoreGuard::enter::h13889898e596cc2e
[INFO] [stdout]                                at /opt/rustwide/cargo-home/registry/src/index.crates.io-1949cf8c6b5b557f/tokio-1.43.0/src/runtime/scheduler/current_thread/mod.rs:807:27
[INFO] [stdout]   36:     0x5a6a356c05e3 - tokio::runtime::scheduler::current_thread::CoreGuard::block_on::h059705bdba3f7ed5
[INFO] [stdout]                                at /opt/rustwide/cargo-home/registry/src/index.crates.io-1949cf8c6b5b557f/tokio-1.43.0/src/runtime/scheduler/current_thread/mod.rs:716:19
[INFO] [stdout]   37:     0x5a6a356be3ca - tokio::runtime::scheduler::current_thread::CurrentThread::block_on::{{closure}}::hecd4bb0781746ace
[INFO] [stdout]                                at /opt/rustwide/cargo-home/registry/src/index.crates.io-1949cf8c6b5b557f/tokio-1.43.0/src/runtime/scheduler/current_thread/mod.rs:196:28
[INFO] [stdout]   38:     0x5a6a356c92c6 - tokio::runtime::context::runtime::enter_runtime::h755e92e258a506ba
[INFO] [stdout]                                at /opt/rustwide/cargo-home/registry/src/index.crates.io-1949cf8c6b5b557f/tokio-1.43.0/src/runtime/context/runtime.rs:65:16
[INFO] [stdout]   39:     0x5a6a356be181 - tokio::runtime::scheduler::current_thread::CurrentThread::block_on::h4f8a9f7b9d177840
[INFO] [stdout]                                at /opt/rustwide/cargo-home/registry/src/index.crates.io-1949cf8c6b5b557f/tokio-1.43.0/src/runtime/scheduler/current_thread/mod.rs:184:9
[INFO] [stdout]   40:     0x5a6a356bdc9c - tokio::runtime::runtime::Runtime::block_on_inner::h34f66fbdd9279fc7
[INFO] [stdout]                                at /opt/rustwide/cargo-home/registry/src/index.crates.io-1949cf8c6b5b557f/tokio-1.43.0/src/runtime/runtime.rs:368:47
[INFO] [stdout]   41:     0x5a6a356bdfa7 - tokio::runtime::runtime::Runtime::block_on::he23c437fb9174747
[INFO] [stdout]                                at /opt/rustwide/cargo-home/registry/src/index.crates.io-1949cf8c6b5b557f/tokio-1.43.0/src/runtime/runtime.rs:342:13
[INFO] [stdout]   42:     0x5a6a356caaf5 - solana_bot::addressManage::addressManage::tests::test_get_token_txs::h84b20fe677adfb14
[INFO] [stdout]                                at /opt/rustwide/workdir/src/addressManage/addressManage.rs:380:9
[INFO] [stdout]   43:     0x5a6a356ca997 - solana_bot::addressManage::addressManage::tests::test_get_token_txs::{{closure}}::h12a8f58eae9c2a6f
[INFO] [stdout]                                at /opt/rustwide/workdir/src/addressManage/addressManage.rs:371:34
[INFO] [stdout]   44:     0x5a6a356c2ad6 - core::ops::function::FnOnce::call_once::h82133c0b77e3bc6a
[INFO] [stdout]                                at /rustc/6067b36314ab5eb2eb47cecc464545ba58e1ad24/library/core/src/ops/function.rs:250:5
[INFO] [stdout]   45:     0x5a6a3570afab - core::ops::function::FnOnce::call_once::he27718dfdd183f43
[INFO] [stdout]                                at /rustc/6067b36314ab5eb2eb47cecc464545ba58e1ad24/library/core/src/ops/function.rs:250:5
[INFO] [stdout]   46:     0x5a6a3570afab - test::__rust_begin_short_backtrace::h4e84902998457a5d
[INFO] [stdout]                                at /rustc/6067b36314ab5eb2eb47cecc464545ba58e1ad24/library/test/src/lib.rs:632:18
[INFO] [stdout]   47:     0x5a6a35709ee3 - test::run_test_in_process::{{closure}}::h7176fd18fc1feca0
[INFO] [stdout]                                at /rustc/6067b36314ab5eb2eb47cecc464545ba58e1ad24/library/test/src/lib.rs:655:60
[INFO] [stdout]   48:     0x5a6a35709ee3 - <core::panic::unwind_safe::AssertUnwindSafe<F> as core::ops::function::FnOnce<()>>::call_once::hf79cff2a624d8cf7
[INFO] [stdout]                                at /rustc/6067b36314ab5eb2eb47cecc464545ba58e1ad24/library/core/src/panic/unwind_safe.rs:272:9
[INFO] [stdout]   49:     0x5a6a35709ee3 - std::panicking::try::do_call::h3da0561d9ab99c25
[INFO] [stdout]                                at /rustc/6067b36314ab5eb2eb47cecc464545ba58e1ad24/library/std/src/panicking.rs:587:40
[INFO] [stdout]   50:     0x5a6a35709ee3 - std::panicking::try::h41c9fa508bc61df6
[INFO] [stdout]                                at /rustc/6067b36314ab5eb2eb47cecc464545ba58e1ad24/library/std/src/panicking.rs:550:19
[INFO] [stdout]   51:     0x5a6a35709ee3 - std::panic::catch_unwind::h6b3ff07bb5afad93
[INFO] [stdout]                                at /rustc/6067b36314ab5eb2eb47cecc464545ba58e1ad24/library/std/src/panic.rs:358:14
[INFO] [stdout]   52:     0x5a6a35709ee3 - test::run_test_in_process::hc7253dd11b39b9f4
[INFO] [stdout]                                at /rustc/6067b36314ab5eb2eb47cecc464545ba58e1ad24/library/test/src/lib.rs:655:27
[INFO] [stdout]   53:     0x5a6a35709ee3 - test::run_test::{{closure}}::hfb2007f8649c30bb
[INFO] [stdout]                                at /rustc/6067b36314ab5eb2eb47cecc464545ba58e1ad24/library/test/src/lib.rs:576:43
[INFO] [stdout]   54:     0x5a6a356ccfc5 - test::run_test::{{closure}}::h56a17aa7a282a9f4
[INFO] [stdout]                                at /rustc/6067b36314ab5eb2eb47cecc464545ba58e1ad24/library/test/src/lib.rs:606:41
[INFO] [stdout]   55:     0x5a6a356ccfc5 - std::sys::backtrace::__rust_begin_short_backtrace::hd2d2d2fb8e8c6aac
[INFO] [stdout]                                at /rustc/6067b36314ab5eb2eb47cecc464545ba58e1ad24/library/std/src/sys/backtrace.rs:152:18
[INFO] [stdout]   56:     0x5a6a356d08aa - std::thread::Builder::spawn_unchecked_::{{closure}}::{{closure}}::h4faa3f9db6133423
[INFO] [stdout]                                at /rustc/6067b36314ab5eb2eb47cecc464545ba58e1ad24/library/std/src/thread/mod.rs:559:17
[INFO] [stdout]   57:     0x5a6a356d08aa - <core::panic::unwind_safe::AssertUnwindSafe<F> as core::ops::function::FnOnce<()>>::call_once::hf2e855a36a4ea846
[INFO] [stdout]                                at /rustc/6067b36314ab5eb2eb47cecc464545ba58e1ad24/library/core/src/panic/unwind_safe.rs:272:9
[INFO] [stdout]   58:     0x5a6a356d08aa - std::panicking::try::do_call::h2f73af3616c35465
[INFO] [stdout]                                at /rustc/6067b36314ab5eb2eb47cecc464545ba58e1ad24/library/std/src/panicking.rs:587:40
[INFO] [stdout]   59:     0x5a6a356d08aa - std::panicking::try::hd1660ce9efadef5a
[INFO] [stdout]                                at /rustc/6067b36314ab5eb2eb47cecc464545ba58e1ad24/library/std/src/panicking.rs:550:19
[INFO] [stdout]   60:     0x5a6a356d08aa - std::panic::catch_unwind::h5ee8d7823b8ca744
[INFO] [stdout]                                at /rustc/6067b36314ab5eb2eb47cecc464545ba58e1ad24/library/std/src/panic.rs:358:14
[INFO] [stdout]   61:     0x5a6a356d08aa - std::thread::Builder::spawn_unchecked_::{{closure}}::h53c3a1894dce8407
[INFO] [stdout]                                at /rustc/6067b36314ab5eb2eb47cecc464545ba58e1ad24/library/std/src/thread/mod.rs:557:30
[INFO] [stdout]   62:     0x5a6a356d08aa - core::ops::function::FnOnce::call_once{{vtable.shim}}::h048ce291ad4f62bf
[INFO] [stdout]                                at /rustc/6067b36314ab5eb2eb47cecc464545ba58e1ad24/library/core/src/ops/function.rs:250:5
[INFO] [stdout]   63:     0x5a6a35f0324b - <alloc::boxed::Box<F,A> as core::ops::function::FnOnce<Args>>::call_once::ha52bedf99a3b4981
[INFO] [stdout]                                at /rustc/6067b36314ab5eb2eb47cecc464545ba58e1ad24/library/alloc/src/boxed.rs:2013:9
[INFO] [stdout]   64:     0x5a6a35f0324b - <alloc::boxed::Box<F,A> as core::ops::function::FnOnce<Args>>::call_once::h567748934d80ccf8
[INFO] [stdout]                                at /rustc/6067b36314ab5eb2eb47cecc464545ba58e1ad24/library/alloc/src/boxed.rs:2013:9
[INFO] [stdout]   65:     0x5a6a35f0324b - std::sys::pal::unix::thread::Thread::new::thread_start::h2d970728ae887adc
[INFO] [stdout]                                at /rustc/6067b36314ab5eb2eb47cecc464545ba58e1ad24/library/std/src/sys/pal/unix/thread.rs:106:17
[INFO] [stdout]   66:     0x7f241ef29ac3 - <unknown>
[INFO] [stdout]   67:     0x7f241efbaa04 - clone
[INFO] [stdout]   68:                0x0 - <unknown>
[INFO] [stdout] 
[INFO] [stdout] 
[INFO] [stdout] failures:
[INFO] [stdout]     addressManage::addressManage::tests::test_get_history_tx2
[INFO] [stdout]     addressManage::addressManage::tests::test_get_token_txs
[INFO] [stdout] 
[INFO] [stdout] test result: FAILED. 3 passed; 2 failed; 0 ignored; 0 measured; 0 filtered out; finished in 0.41s
[INFO] [stdout] 
[INFO] [stderr] error: test failed, to rerun pass `--lib`
[INFO] running `Command { std: "docker" "inspect" "ab4f2a0aa7a3d425a93859f625b238baf7be3bdb6f3ac213e5357b3f79041629", kill_on_drop: false }`
[INFO] running `Command { std: "docker" "rm" "-f" "ab4f2a0aa7a3d425a93859f625b238baf7be3bdb6f3ac213e5357b3f79041629", kill_on_drop: false }`
[INFO] [stdout] ab4f2a0aa7a3d425a93859f625b238baf7be3bdb6f3ac213e5357b3f79041629
