[INFO] cloning repository https://github.com/GNOME/glycin
[INFO] running `Command { std: "git" "-c" "credential.helper=" "-c" "credential.helper=/workspace/cargo-home/bin/git-credential-null" "clone" "--bare" "https://github.com/GNOME/glycin" "/workspace/cache/git-repos/https%3A%2F%2Fgithub.com%2FGNOME%2Fglycin", kill_on_drop: false }`
[INFO] [stderr] Cloning into bare repository '/workspace/cache/git-repos/https%3A%2F%2Fgithub.com%2FGNOME%2Fglycin'...
[INFO] running `Command { std: "git" "rev-parse" "HEAD", kill_on_drop: false }`
[INFO] [stdout] 177aea6dcfc42d46edebe2edbbcffb9c6b6a0e18
[INFO] testing GNOME/glycin against nightly-2025-01-18+rustflags=-Zrandomize-layout for randomize-layout-2
[INFO] running `Command { std: "git" "clone" "/workspace/cache/git-repos/https%3A%2F%2Fgithub.com%2FGNOME%2Fglycin" "/workspace/builds/worker-6-tc2/source", kill_on_drop: false }`
[INFO] [stderr] Cloning into '/workspace/builds/worker-6-tc2/source'...
[INFO] [stderr] done.
[INFO] validating manifest of git repo https://github.com/GNOME/glycin on toolchain nightly-2025-01-18
[INFO] running `Command { std: CARGO_HOME="/workspace/cargo-home" RUSTUP_HOME="/workspace/rustup-home" "/workspace/cargo-home/bin/cargo" "+nightly-2025-01-18" "metadata" "--manifest-path" "Cargo.toml" "--no-deps", kill_on_drop: false }`
[INFO] started tweaking git repo https://github.com/GNOME/glycin
[INFO] finished tweaking git repo https://github.com/GNOME/glycin
[INFO] tweaked toml for git repo https://github.com/GNOME/glycin written to /workspace/builds/worker-6-tc2/source/Cargo.toml
[INFO] crate git repo https://github.com/GNOME/glycin already has a lockfile, it will not be regenerated
[INFO] running `Command { std: CARGO_HOME="/workspace/cargo-home" RUSTUP_HOME="/workspace/rustup-home" "/workspace/cargo-home/bin/cargo" "+nightly-2025-01-18" "fetch" "--manifest-path" "Cargo.toml", kill_on_drop: false }`
[INFO] running `Command { std: "docker" "create" "-v" "/var/lib/crater-agent-workspace/builds/worker-6-tc2/target:/opt/rustwide/target:rw,Z" "-v" "/var/lib/crater-agent-workspace/builds/worker-6-tc2/source:/opt/rustwide/workdir:ro,Z" "-v" "/var/lib/crater-agent-workspace/cargo-home:/opt/rustwide/cargo-home:ro,Z" "-v" "/var/lib/crater-agent-workspace/rustup-home:/opt/rustwide/rustup-home:ro,Z" "-e" "SOURCE_DIR=/opt/rustwide/workdir" "-e" "CARGO_TARGET_DIR=/opt/rustwide/target" "-e" "CARGO_HOME=/opt/rustwide/cargo-home" "-e" "RUSTUP_HOME=/opt/rustwide/rustup-home" "-w" "/opt/rustwide/workdir" "-m" "1610612736" "--user" "0:0" "--network" "none" "ghcr.io/rust-lang/crates-build-env/linux@sha256:819108c5571ea2e421544af4d832f968d213c87fbe3707a016657f43d2f853bc" "/opt/rustwide/cargo-home/bin/cargo" "+nightly-2025-01-18" "metadata" "--no-deps" "--format-version=1", kill_on_drop: false }`
[INFO] [stdout] 3be078cda9401e9aeb40c13f6085f58fa3860122e49ad42f2ce05f5a579d5abc
[INFO] running `Command { std: "docker" "start" "-a" "3be078cda9401e9aeb40c13f6085f58fa3860122e49ad42f2ce05f5a579d5abc", kill_on_drop: false }`
[INFO] running `Command { std: "docker" "inspect" "3be078cda9401e9aeb40c13f6085f58fa3860122e49ad42f2ce05f5a579d5abc", kill_on_drop: false }`
[INFO] running `Command { std: "docker" "rm" "-f" "3be078cda9401e9aeb40c13f6085f58fa3860122e49ad42f2ce05f5a579d5abc", kill_on_drop: false }`
[INFO] [stdout] 3be078cda9401e9aeb40c13f6085f58fa3860122e49ad42f2ce05f5a579d5abc
[INFO] running `Command { std: "docker" "create" "-v" "/var/lib/crater-agent-workspace/builds/worker-6-tc2/target:/opt/rustwide/target:rw,Z" "-v" "/var/lib/crater-agent-workspace/builds/worker-6-tc2/source:/opt/rustwide/workdir:ro,Z" "-v" "/var/lib/crater-agent-workspace/cargo-home:/opt/rustwide/cargo-home:ro,Z" "-v" "/var/lib/crater-agent-workspace/rustup-home:/opt/rustwide/rustup-home:ro,Z" "-e" "SOURCE_DIR=/opt/rustwide/workdir" "-e" "CARGO_TARGET_DIR=/opt/rustwide/target" "-e" "CARGO_INCREMENTAL=0" "-e" "RUST_BACKTRACE=full" "-e" "RUSTFLAGS=--cap-lints=forbid -Zrandomize-layout" "-e" "RUSTDOCFLAGS=--cap-lints=forbid" "-e" "CARGO_HOME=/opt/rustwide/cargo-home" "-e" "RUSTUP_HOME=/opt/rustwide/rustup-home" "-w" "/opt/rustwide/workdir" "-m" "1610612736" "--user" "0:0" "--network" "none" "ghcr.io/rust-lang/crates-build-env/linux@sha256:819108c5571ea2e421544af4d832f968d213c87fbe3707a016657f43d2f853bc" "/opt/rustwide/cargo-home/bin/cargo" "+nightly-2025-01-18" "build" "--frozen" "--message-format=json", kill_on_drop: false }`
[INFO] [stdout] 982afb6db0008ee620ca597401941200c955bfea3a034300d9f793072991d6dd
[INFO] running `Command { std: "docker" "start" "-a" "982afb6db0008ee620ca597401941200c955bfea3a034300d9f793072991d6dd", kill_on_drop: false }`
[INFO] [stderr]    Compiling proc-macro2 v1.0.92
[INFO] [stderr]    Compiling unicode-ident v1.0.14
[INFO] [stderr]    Compiling serde v1.0.217
[INFO] [stderr]    Compiling winnow v0.6.22
[INFO] [stderr]    Compiling equivalent v1.0.1
[INFO] [stderr]    Compiling hashbrown v0.15.2
[INFO] [stderr]    Compiling pkg-config v0.3.31
[INFO] [stderr]    Compiling libc v0.2.169
[INFO] [stderr]    Compiling pin-project-lite v0.2.16
[INFO] [stderr]    Compiling autocfg v1.4.0
[INFO] [stderr]    Compiling futures-core v0.3.31
[INFO] [stderr]    Compiling crossbeam-utils v0.8.21
[INFO] [stderr]    Compiling target-lexicon v0.12.16
[INFO] [stderr]    Compiling parking v2.2.1
[INFO] [stderr]    Compiling futures-io v0.3.31
[INFO] [stderr]    Compiling smallvec v1.13.2
[INFO] [stderr]    Compiling version-compare v0.2.0
[INFO] [stderr]    Compiling static_assertions v1.1.0
[INFO] [stderr]    Compiling fastrand v2.3.0
[INFO] [stderr]    Compiling once_cell v1.20.2
[INFO] [stderr]    Compiling rustix v0.38.42
[INFO] [stderr]    Compiling linux-raw-sys v0.4.14
[INFO] [stderr]    Compiling byteorder v1.5.0
[INFO] [stderr]    Compiling endi v1.1.0
[INFO] [stderr]    Compiling async-task v4.7.1
[INFO] [stderr]    Compiling futures-lite v2.5.0
[INFO] [stderr]    Compiling tracing-core v0.1.33
[INFO] [stderr]    Compiling futures-task v0.3.31
[INFO] [stderr]    Compiling atomic-waker v1.1.2
[INFO] [stderr]    Compiling concurrent-queue v2.5.0
[INFO] [stderr]    Compiling thiserror v2.0.9
[INFO] [stderr]    Compiling cfg_aliases v0.2.1
[INFO] [stderr]    Compiling slab v0.4.9
[INFO] [stderr]    Compiling num-traits v0.2.19
[INFO] [stderr]    Compiling memoffset v0.9.1
[INFO] [stderr]    Compiling cfg-expr v0.17.2
[INFO] [stderr]    Compiling nix v0.29.0
[INFO] [stderr]    Compiling piper v0.2.4
[INFO] [stderr]    Compiling libseccomp-sys v0.2.1
[INFO] [stderr]    Compiling dunce v1.0.5
[INFO] [stderr]    Compiling event-listener v5.3.1
[INFO] [stderr]    Compiling libseccomp v0.3.0
[INFO] [stderr]    Compiling quote v1.0.38
[INFO] [stderr]    Compiling log v0.4.22
[INFO] [stderr]    Compiling indexmap v2.7.0
[INFO] [stderr]    Compiling event-listener-strategy v0.5.3
[INFO] [stderr]    Compiling yeslogic-fontconfig-sys v6.0.0
[INFO] [stderr]    Compiling futures-channel v0.3.31
[INFO] [stderr]    Compiling async-lock v3.4.0
[INFO] [stderr]    Compiling async-channel v2.3.1
[INFO] [stderr]    Compiling env_filter v0.1.3
[INFO] [stderr]    Compiling syn v2.0.95
[INFO] [stderr]    Compiling blocking v1.6.1
[INFO] [stderr]    Compiling async-executor v1.13.1
[INFO] [stderr]    Compiling async-broadcast v0.7.2
[INFO] [stderr]    Compiling ordered-stream v0.2.0
[INFO] [stderr]    Compiling jobserver v0.1.32
[INFO] [stderr]    Compiling libloading v0.8.6
[INFO] [stderr]    Compiling hex v0.4.3
[INFO] [stderr]    Compiling gio v0.20.7
[INFO] [stderr]    Compiling async-fs v2.1.2
[INFO] [stderr]    Compiling humantime v2.1.0
[INFO] [stderr]    Compiling foreign-types-shared v0.3.1
[INFO] [stderr]    Compiling dlib v0.5.2
[INFO] [stderr]    Compiling bytemuck v1.21.0
[INFO] [stderr]    Compiling futures-timer v3.0.3
[INFO] [stderr]    Compiling cc v1.2.7
[INFO] [stderr]    Compiling rmp v0.8.14
[INFO] [stderr]    Compiling env_logger v0.11.6
[INFO] [stderr]    Compiling getrandom v0.2.15
[INFO] [stderr]    Compiling signal-hook-registry v1.4.2
[INFO] [stderr]    Compiling xdg-home v1.3.0
[INFO] [stderr]    Compiling memmap2 v0.9.5
[INFO] [stderr]    Compiling rand_core v0.6.4
[INFO] [stderr]    Compiling lcms2-sys v4.0.5
[INFO] [stderr]    Compiling serde_derive v1.0.217
[INFO] [stderr]    Compiling tracing-attributes v0.1.28
[INFO] [stderr]    Compiling enumflags2_derive v0.7.10
[INFO] [stderr]    Compiling futures-macro v0.3.31
[INFO] [stderr]    Compiling zerocopy-derive v0.7.35
[INFO] [stderr]    Compiling thiserror-impl v2.0.9
[INFO] [stderr]    Compiling foreign-types-macros v0.2.3
[INFO] [stderr]    Compiling serde_repr v0.1.19
[INFO] [stderr]    Compiling async-trait v0.1.84
[INFO] [stderr]    Compiling memfd v0.6.4
[INFO] [stderr]    Compiling futures-util v0.3.31
[INFO] [stderr]    Compiling foreign-types v0.5.0
[INFO] [stderr]    Compiling lcms2 v6.1.0
[INFO] [stderr]    Compiling zerocopy v0.7.35
[INFO] [stderr]    Compiling tracing v0.1.41
[INFO] [stderr]    Compiling polling v3.7.4
[INFO] [stderr]    Compiling async-io v2.4.0
[INFO] [stderr]    Compiling ppv-lite86 v0.2.20
[INFO] [stderr]    Compiling rand_chacha v0.3.1
[INFO] [stderr]    Compiling async-signal v0.2.10
[INFO] [stderr]    Compiling async-process v2.3.0
[INFO] [stderr]    Compiling rand v0.8.5
[INFO] [stderr]    Compiling futures-executor v0.3.31
[INFO] [stderr]    Compiling toml_datetime v0.6.8
[INFO] [stderr]    Compiling serde_spanned v0.6.8
[INFO] [stderr]    Compiling zvariant_utils v3.0.2
[INFO] [stderr]    Compiling enumflags2 v0.7.10
[INFO] [stderr]    Compiling gufo-common v0.2.0-alpha.1
[INFO] [stderr]    Compiling rmp-serde v1.3.0
[INFO] [stderr]    Compiling toml_edit v0.22.22
[INFO] [stderr]    Compiling gufo-exif v0.2.0-alpha.1
[INFO] [stderr]    Compiling toml v0.8.19
[INFO] [stderr]    Compiling proc-macro-crate v3.2.0
[INFO] [stderr]    Compiling system-deps v7.0.3
[INFO] [stderr]    Compiling zvariant_derive v5.1.0
[INFO] [stderr]    Compiling glib-macros v0.20.7
[INFO] [stderr]    Compiling glib-sys v0.20.7
[INFO] [stderr]    Compiling gobject-sys v0.20.7
[INFO] [stderr]    Compiling gio-sys v0.20.8
[INFO] [stderr]    Compiling zvariant v5.1.0
[INFO] [stderr]    Compiling zbus_names v4.1.0
[INFO] [stderr]    Compiling glib v0.20.7
[INFO] [stderr]    Compiling zbus_macros v5.2.0
[INFO] [stderr]    Compiling zbus v5.2.0
[INFO] [stderr]    Compiling glycin-utils v3.0.0-alpha.1 (/opt/rustwide/workdir/glycin-utils)
[INFO] [stderr]    Compiling glycin v2.1.0-alpha.1 (/opt/rustwide/workdir/glycin)
[INFO] [stderr]     Finished `dev` profile [unoptimized + debuginfo] target(s) in 1m 07s
[INFO] running `Command { std: "docker" "inspect" "982afb6db0008ee620ca597401941200c955bfea3a034300d9f793072991d6dd", kill_on_drop: false }`
[INFO] running `Command { std: "docker" "rm" "-f" "982afb6db0008ee620ca597401941200c955bfea3a034300d9f793072991d6dd", kill_on_drop: false }`
[INFO] [stdout] 982afb6db0008ee620ca597401941200c955bfea3a034300d9f793072991d6dd
[INFO] running `Command { std: "docker" "create" "-v" "/var/lib/crater-agent-workspace/builds/worker-6-tc2/target:/opt/rustwide/target:rw,Z" "-v" "/var/lib/crater-agent-workspace/builds/worker-6-tc2/source:/opt/rustwide/workdir:ro,Z" "-v" "/var/lib/crater-agent-workspace/cargo-home:/opt/rustwide/cargo-home:ro,Z" "-v" "/var/lib/crater-agent-workspace/rustup-home:/opt/rustwide/rustup-home:ro,Z" "-e" "SOURCE_DIR=/opt/rustwide/workdir" "-e" "CARGO_TARGET_DIR=/opt/rustwide/target" "-e" "CARGO_INCREMENTAL=0" "-e" "RUST_BACKTRACE=full" "-e" "RUSTFLAGS=--cap-lints=forbid -Zrandomize-layout" "-e" "RUSTDOCFLAGS=--cap-lints=forbid" "-e" "CARGO_HOME=/opt/rustwide/cargo-home" "-e" "RUSTUP_HOME=/opt/rustwide/rustup-home" "-w" "/opt/rustwide/workdir" "-m" "1610612736" "--user" "0:0" "--network" "none" "ghcr.io/rust-lang/crates-build-env/linux@sha256:819108c5571ea2e421544af4d832f968d213c87fbe3707a016657f43d2f853bc" "/opt/rustwide/cargo-home/bin/cargo" "+nightly-2025-01-18" "test" "--frozen" "--no-run" "--message-format=json", kill_on_drop: false }`
[INFO] [stdout] 0f8ccb0fc569a2b22ec222f06c491d796d794f08952fad1df240aa790f75741c
[INFO] running `Command { std: "docker" "start" "-a" "0f8ccb0fc569a2b22ec222f06c491d796d794f08952fad1df240aa790f75741c", kill_on_drop: false }`
[INFO] [stderr]    Compiling glycin-utils v3.0.0-alpha.1 (/opt/rustwide/workdir/glycin-utils)
[INFO] [stderr]    Compiling glycin v2.1.0-alpha.1 (/opt/rustwide/workdir/glycin)
[INFO] [stderr]     Finished `test` profile [unoptimized + debuginfo] target(s) in 4.29s
[INFO] running `Command { std: "docker" "inspect" "0f8ccb0fc569a2b22ec222f06c491d796d794f08952fad1df240aa790f75741c", kill_on_drop: false }`
[INFO] running `Command { std: "docker" "rm" "-f" "0f8ccb0fc569a2b22ec222f06c491d796d794f08952fad1df240aa790f75741c", kill_on_drop: false }`
[INFO] [stdout] 0f8ccb0fc569a2b22ec222f06c491d796d794f08952fad1df240aa790f75741c
[INFO] running `Command { std: "docker" "create" "-v" "/var/lib/crater-agent-workspace/builds/worker-6-tc2/target:/opt/rustwide/target:rw,Z" "-v" "/var/lib/crater-agent-workspace/builds/worker-6-tc2/source:/opt/rustwide/workdir:ro,Z" "-v" "/var/lib/crater-agent-workspace/cargo-home:/opt/rustwide/cargo-home:ro,Z" "-v" "/var/lib/crater-agent-workspace/rustup-home:/opt/rustwide/rustup-home:ro,Z" "-e" "SOURCE_DIR=/opt/rustwide/workdir" "-e" "CARGO_TARGET_DIR=/opt/rustwide/target" "-e" "CARGO_INCREMENTAL=0" "-e" "RUST_BACKTRACE=full" "-e" "RUSTFLAGS=--cap-lints=forbid -Zrandomize-layout" "-e" "RUSTDOCFLAGS=--cap-lints=forbid" "-e" "CARGO_HOME=/opt/rustwide/cargo-home" "-e" "RUSTUP_HOME=/opt/rustwide/rustup-home" "-w" "/opt/rustwide/workdir" "-m" "1610612736" "--user" "0:0" "--network" "none" "ghcr.io/rust-lang/crates-build-env/linux@sha256:819108c5571ea2e421544af4d832f968d213c87fbe3707a016657f43d2f853bc" "/opt/rustwide/cargo-home/bin/cargo" "+nightly-2025-01-18" "test" "--frozen", kill_on_drop: false }`
[INFO] [stdout] f966bb0e717f8287b2e5eb968690cc745d9d74bfdcdecba4e921f895e9b7610f
[INFO] running `Command { std: "docker" "start" "-a" "f966bb0e717f8287b2e5eb968690cc745d9d74bfdcdecba4e921f895e9b7610f", kill_on_drop: false }`
[INFO] [stderr]     Finished `test` profile [unoptimized + debuginfo] target(s) in 0.21s
[INFO] [stderr]      Running unittests src/lib.rs (/opt/rustwide/target/debug/deps/glycin-e972d532e24c9fa1)
[INFO] [stdout] 
[INFO] [stdout] running 1 test
[INFO] [stdout] test icc::premul_test ... ok
[INFO] [stdout] 
[INFO] [stdout] test result: ok. 1 passed; 0 failed; 0 ignored; 0 measured; 0 filtered out; finished in 0.00s
[INFO] [stdout] 
[INFO] [stderr]      Running unittests src/lib.rs (/opt/rustwide/target/debug/deps/glycin_utils-0e1c02b9011868e9)
[INFO] [stdout] 
[INFO] [stdout] running 0 tests
[INFO] [stdout] 
[INFO] [stdout] test result: ok. 0 passed; 0 failed; 0 ignored; 0 measured; 0 filtered out; finished in 0.00s
[INFO] [stdout] 
[INFO] [stderr]    Doc-tests glycin
[INFO] [stdout] 
[INFO] [stdout] running 1 test
[INFO] [stdout] test glycin/src/lib.rs - (line 17) - compile ... FAILED
[INFO] [stdout] 
[INFO] [stdout] failures:
[INFO] [stdout] 
[INFO] [stdout] ---- glycin/src/lib.rs - (line 17) stdout ----
[INFO] [stdout] error[E0433]: failed to resolve: use of undeclared crate or module `async_global_executor`
[INFO] [stdout]  --> glycin/src/lib.rs:20:1
[INFO] [stdout]   |
[INFO] [stdout] 6 | async_global_executor::block_on(async {
[INFO] [stdout]   | ^^^^^^^^^^^^^^^^^^^^^ use of undeclared crate or module `async_global_executor`
[INFO] [stdout] 
[INFO] [stdout] error[E0599]: no method named `height` found for reference `&ImageInfo` in the current scope
[INFO] [stdout]   --> glycin/src/lib.rs:24:27
[INFO] [stdout]    |
[INFO] [stdout] 10 | let height = image.info().height();
[INFO] [stdout]    |                           ^^^^^^-- help: remove the arguments
[INFO] [stdout]    |                           |
[INFO] [stdout]    |                           field, not a method
[INFO] [stdout] 
[INFO] [stdout] error[E0599]: no method named `texture` found for struct `Frame` in the current scope
[INFO] [stdout]   --> glycin/src/lib.rs:25:41
[INFO] [stdout]    |
[INFO] [stdout] 11 | let texture = image.next_frame().await?.texture();
[INFO] [stdout]    |                                         ^^^^^^^ method not found in `Frame`
[INFO] [stdout] 
[INFO] [stdout] error[E0277]: `?` couldn't convert the error to `glycin::Error`
[INFO] [stdout]  --> glycin/src/lib.rs:22:43
[INFO] [stdout]   |
[INFO] [stdout] 8 | let image = Loader::new(file).load().await?;
[INFO] [stdout]   |                                           ^ the trait `From<ErrorCtx>` is not implemented for `glycin::Error`
[INFO] [stdout]   |
[INFO] [stdout]   = note: the question mark operation (`?`) implicitly performs a conversion on the error value using the `From` trait
[INFO] [stdout]   = help: the following other types implement trait `From<T>`:
[INFO] [stdout]             `glycin::Error` implements `From<Arc<std::io::Error>>`
[INFO] [stdout]             `glycin::Error` implements `From<futures_channel::oneshot::Canceled>`
[INFO] [stdout]             `glycin::Error` implements `From<gio::glib::Error>`
[INFO] [stdout]             `glycin::Error` implements `From<glycin::RemoteError>`
[INFO] [stdout]             `glycin::Error` implements `From<glycin_utils::error::DimensionTooLargerError>`
[INFO] [stdout]             `glycin::Error` implements `From<lcms2::error::Error>`
[INFO] [stdout]             `glycin::Error` implements `From<libseccomp::error::SeccompError>`
[INFO] [stdout]             `glycin::Error` implements `From<memfd::errors::Error>`
[INFO] [stdout]           and 3 others
[INFO] [stdout]   = note: required for `Result<(), glycin::Error>` to implement `FromResidual<Result<Infallible, ErrorCtx>>`
[INFO] [stdout] 
[INFO] [stdout] error[E0277]: `?` couldn't convert the error to `glycin::Error`
[INFO] [stdout]   --> glycin/src/lib.rs:25:39
[INFO] [stdout]    |
[INFO] [stdout] 11 | let texture = image.next_frame().await?.texture();
[INFO] [stdout]    |                                       ^ the trait `From<ErrorCtx>` is not implemented for `glycin::Error`
[INFO] [stdout]    |
[INFO] [stdout]    = note: the question mark operation (`?`) implicitly performs a conversion on the error value using the `From` trait
[INFO] [stdout]    = help: the following other types implement trait `From<T>`:
[INFO] [stdout]              `glycin::Error` implements `From<Arc<std::io::Error>>`
[INFO] [stdout]              `glycin::Error` implements `From<futures_channel::oneshot::Canceled>`
[INFO] [stdout]              `glycin::Error` implements `From<gio::glib::Error>`
[INFO] [stdout]              `glycin::Error` implements `From<glycin::RemoteError>`
[INFO] [stdout]              `glycin::Error` implements `From<glycin_utils::error::DimensionTooLargerError>`
[INFO] [stdout]              `glycin::Error` implements `From<lcms2::error::Error>`
[INFO] [stdout]              `glycin::Error` implements `From<libseccomp::error::SeccompError>`
[INFO] [stdout]              `glycin::Error` implements `From<memfd::errors::Error>`
[INFO] [stdout]            and 3 others
[INFO] [stdout]    = note: required for `Result<(), glycin::Error>` to implement `FromResidual<Result<Infallible, ErrorCtx>>`
[INFO] [stdout] 
[INFO] [stdout] error: aborting due to 5 previous errors
[INFO] [stdout] 
[INFO] [stdout] Some errors have detailed explanations: E0277, E0433, E0599.
[INFO] [stdout] For more information about an error, try `rustc --explain E0277`.
[INFO] [stdout] Couldn't compile the test.
[INFO] [stdout] 
[INFO] [stdout] failures:
[INFO] [stdout]     glycin/src/lib.rs - (line 17)
[INFO] [stdout] 
[INFO] [stdout] test result: FAILED. 0 passed; 1 failed; 0 ignored; 0 measured; 0 filtered out; finished in 0.21s
[INFO] [stdout] 
[INFO] [stderr] error: doctest failed, to rerun pass `-p glycin --doc`
[INFO] running `Command { std: "docker" "inspect" "f966bb0e717f8287b2e5eb968690cc745d9d74bfdcdecba4e921f895e9b7610f", kill_on_drop: false }`
[INFO] running `Command { std: "docker" "rm" "-f" "f966bb0e717f8287b2e5eb968690cc745d9d74bfdcdecba4e921f895e9b7610f", kill_on_drop: false }`
[INFO] [stdout] f966bb0e717f8287b2e5eb968690cc745d9d74bfdcdecba4e921f895e9b7610f
