[INFO] cloning repository https://github.com/GM-11/simpl-solana
[INFO] running `Command { std: "git" "-c" "credential.helper=" "-c" "credential.helper=/workspace/cargo-home/bin/git-credential-null" "clone" "--bare" "https://github.com/GM-11/simpl-solana" "/workspace/cache/git-repos/https%3A%2F%2Fgithub.com%2FGM-11%2Fsimpl-solana", kill_on_drop: false }`
[INFO] [stderr] Cloning into bare repository '/workspace/cache/git-repos/https%3A%2F%2Fgithub.com%2FGM-11%2Fsimpl-solana'...
[INFO] running `Command { std: "git" "rev-parse" "HEAD", kill_on_drop: false }`
[INFO] [stdout] d9860402ab21f666aa02626ddc6f3b70c0534bf3
[INFO] testing GM-11/simpl-solana against nightly-2025-01-18 for randomize-layout-2
[INFO] running `Command { std: "git" "clone" "/workspace/cache/git-repos/https%3A%2F%2Fgithub.com%2FGM-11%2Fsimpl-solana" "/workspace/builds/worker-3-tc1/source", kill_on_drop: false }`
[INFO] [stderr] Cloning into '/workspace/builds/worker-3-tc1/source'...
[INFO] [stderr] done.
[INFO] validating manifest of git repo https://github.com/GM-11/simpl-solana on toolchain nightly-2025-01-18
[INFO] running `Command { std: CARGO_HOME="/workspace/cargo-home" RUSTUP_HOME="/workspace/rustup-home" "/workspace/cargo-home/bin/cargo" "+nightly-2025-01-18" "metadata" "--manifest-path" "Cargo.toml" "--no-deps", kill_on_drop: false }`
[INFO] started tweaking git repo https://github.com/GM-11/simpl-solana
[INFO] finished tweaking git repo https://github.com/GM-11/simpl-solana
[INFO] tweaked toml for git repo https://github.com/GM-11/simpl-solana written to /workspace/builds/worker-3-tc1/source/Cargo.toml
[INFO] crate git repo https://github.com/GM-11/simpl-solana already has a lockfile, it will not be regenerated
[INFO] running `Command { std: CARGO_HOME="/workspace/cargo-home" RUSTUP_HOME="/workspace/rustup-home" "/workspace/cargo-home/bin/cargo" "+nightly-2025-01-18" "fetch" "--manifest-path" "Cargo.toml", kill_on_drop: false }`
[INFO] [stderr]     Updating crates.io index
[INFO] [stderr]     Updating git repository `https://github.com/dfinity/ic`
[INFO] [stderr]  Downloading crates ...
[INFO] [stderr]   Downloaded ic-metrics-encoder v1.1.1
[INFO] [stderr]   Downloaded ic-sha3 v1.0.0
[INFO] [stderr]   Downloaded ic-cdk-macros v0.17.1
[INFO] [stderr]   Downloaded serde-big-array v0.5.1
[INFO] [stderr]   Downloaded ic-canister-log v0.2.0
[INFO] [stderr]   Downloaded ic-cdk v0.17.1
[INFO] running `Command { std: "docker" "create" "-v" "/var/lib/crater-agent-workspace/builds/worker-3-tc1/target:/opt/rustwide/target:rw,Z" "-v" "/var/lib/crater-agent-workspace/builds/worker-3-tc1/source:/opt/rustwide/workdir:ro,Z" "-v" "/var/lib/crater-agent-workspace/cargo-home:/opt/rustwide/cargo-home:ro,Z" "-v" "/var/lib/crater-agent-workspace/rustup-home:/opt/rustwide/rustup-home:ro,Z" "-e" "SOURCE_DIR=/opt/rustwide/workdir" "-e" "CARGO_TARGET_DIR=/opt/rustwide/target" "-e" "CARGO_HOME=/opt/rustwide/cargo-home" "-e" "RUSTUP_HOME=/opt/rustwide/rustup-home" "-w" "/opt/rustwide/workdir" "-m" "1610612736" "--user" "0:0" "--network" "none" "ghcr.io/rust-lang/crates-build-env/linux@sha256:819108c5571ea2e421544af4d832f968d213c87fbe3707a016657f43d2f853bc" "/opt/rustwide/cargo-home/bin/cargo" "+nightly-2025-01-18" "metadata" "--no-deps" "--format-version=1", kill_on_drop: false }`
[INFO] [stdout] 89200898e04a2b95e6fa98f4198815b4bc96d718dc279f3b33d6b6aba5d4bfac
[INFO] running `Command { std: "docker" "start" "-a" "89200898e04a2b95e6fa98f4198815b4bc96d718dc279f3b33d6b6aba5d4bfac", kill_on_drop: false }`
[INFO] running `Command { std: "docker" "inspect" "89200898e04a2b95e6fa98f4198815b4bc96d718dc279f3b33d6b6aba5d4bfac", kill_on_drop: false }`
[INFO] running `Command { std: "docker" "rm" "-f" "89200898e04a2b95e6fa98f4198815b4bc96d718dc279f3b33d6b6aba5d4bfac", kill_on_drop: false }`
[INFO] [stdout] 89200898e04a2b95e6fa98f4198815b4bc96d718dc279f3b33d6b6aba5d4bfac
[INFO] running `Command { std: "docker" "create" "-v" "/var/lib/crater-agent-workspace/builds/worker-3-tc1/target:/opt/rustwide/target:rw,Z" "-v" "/var/lib/crater-agent-workspace/builds/worker-3-tc1/source:/opt/rustwide/workdir:ro,Z" "-v" "/var/lib/crater-agent-workspace/cargo-home:/opt/rustwide/cargo-home:ro,Z" "-v" "/var/lib/crater-agent-workspace/rustup-home:/opt/rustwide/rustup-home:ro,Z" "-e" "SOURCE_DIR=/opt/rustwide/workdir" "-e" "CARGO_TARGET_DIR=/opt/rustwide/target" "-e" "CARGO_INCREMENTAL=0" "-e" "RUST_BACKTRACE=full" "-e" "RUSTFLAGS=--cap-lints=forbid" "-e" "RUSTDOCFLAGS=--cap-lints=forbid" "-e" "CARGO_HOME=/opt/rustwide/cargo-home" "-e" "RUSTUP_HOME=/opt/rustwide/rustup-home" "-w" "/opt/rustwide/workdir" "-m" "1610612736" "--user" "0:0" "--network" "none" "ghcr.io/rust-lang/crates-build-env/linux@sha256:819108c5571ea2e421544af4d832f968d213c87fbe3707a016657f43d2f853bc" "/opt/rustwide/cargo-home/bin/cargo" "+nightly-2025-01-18" "build" "--frozen" "--message-format=json", kill_on_drop: false }`
[INFO] [stdout] d6b775bfdee0fdb55da027ebf60211a9ee072a09cfb8aeebd4ae0b981485751a
[INFO] running `Command { std: "docker" "start" "-a" "d6b775bfdee0fdb55da027ebf60211a9ee072a09cfb8aeebd4ae0b981485751a", kill_on_drop: false }`
[INFO] [stderr]    Compiling proc-macro2 v1.0.92
[INFO] [stderr]    Compiling unicode-ident v1.0.14
[INFO] [stderr]    Compiling libc v0.2.169
[INFO] [stderr]    Compiling subtle v2.6.1
[INFO] [stderr]    Compiling serde v1.0.217
[INFO] [stderr]    Compiling byteorder v1.5.0
[INFO] [stderr]    Compiling stable_deref_trait v1.2.0
[INFO] [stderr]    Compiling cpufeatures v0.2.16
[INFO] [stderr]    Compiling thiserror v1.0.69
[INFO] [stderr]    Compiling syn v1.0.109
[INFO] [stderr]    Compiling writeable v0.5.5
[INFO] [stderr]    Compiling cc v1.2.7
[INFO] [stderr]    Compiling num-traits v0.2.19
[INFO] [stderr]    Compiling crc32fast v1.4.2
[INFO] [stderr]    Compiling litemap v0.7.4
[INFO] [stderr]    Compiling crypto-common v0.1.6
[INFO] [stderr]    Compiling semver v1.0.24
[INFO] [stderr]    Compiling rustversion v1.0.19
[INFO] [stderr]    Compiling either v1.13.0
[INFO] [stderr]    Compiling digest v0.10.7
[INFO] [stderr]    Compiling data-encoding v2.6.0
[INFO] [stderr]    Compiling anyhow v1.0.95
[INFO] [stderr]    Compiling lazy_static v1.5.0
[INFO] [stderr]    Compiling base64ct v1.6.0
[INFO] [stderr]    Compiling const-oid v0.9.6
[INFO] [stderr]    Compiling icu_locid_transform_data v1.5.0
[INFO] [stderr]    Compiling sha2 v0.10.8
[INFO] [stderr]    Compiling typed-arena v2.0.2
[INFO] [stderr]    Compiling unicode-width v0.1.14
[INFO] [stderr]    Compiling arrayvec v0.5.2
[INFO] [stderr]    Compiling keccak v0.1.5
[INFO] [stderr]    Compiling icu_properties_data v1.5.0
[INFO] [stderr]    Compiling rustc_version v0.4.1
[INFO] [stderr]    Compiling pem-rfc7468 v0.7.0
[INFO] [stderr]    Compiling leb128 v0.2.5
[INFO] [stderr]    Compiling pretty v0.12.3
[INFO] [stderr]    Compiling smallvec v1.13.2
[INFO] [stderr]    Compiling futures-core v0.3.31
[INFO] [stderr]    Compiling futures-sink v0.3.31
[INFO] [stderr]    Compiling icu_normalizer_data v1.5.0
[INFO] [stderr]    Compiling utf16_iter v1.0.5
[INFO] [stderr]    Compiling write16 v1.0.0
[INFO] [stderr]    Compiling curve25519-dalek v4.1.3
[INFO] [stderr]    Compiling utf8_iter v1.0.4
[INFO] [stderr]    Compiling futures-channel v0.3.31
[INFO] [stderr]    Compiling signature v2.2.0
[INFO] [stderr]    Compiling futures-task v0.3.31
[INFO] [stderr]    Compiling serde_json v1.0.135
[INFO] [stderr]    Compiling thiserror v2.0.9
[INFO] [stderr]    Compiling quote v1.0.38
[INFO] [stderr]    Compiling futures-io v0.3.31
[INFO] [stderr]    Compiling pin-project-lite v0.2.16
[INFO] [stderr]    Compiling hmac v0.12.1
[INFO] [stderr]    Compiling percent-encoding v2.3.1
[INFO] [stderr]    Compiling base64 v0.13.1
[INFO] [stderr]    Compiling itoa v1.0.14
[INFO] [stderr]    Compiling adler2 v2.0.0
[INFO] [stderr]    Compiling ic0 v0.23.0
[INFO] [stderr]    Compiling num-integer v0.1.46
[INFO] [stderr]    Compiling hkdf v0.12.4
[INFO] [stderr]    Compiling sha3 v0.10.8
[INFO] [stderr]    Compiling form_urlencoded v1.2.1
[INFO] [stderr]    Compiling syn v2.0.95
[INFO] [stderr]    Compiling miniz_oxide v0.8.2
[INFO] [stderr]    Compiling base64 v0.22.1
[INFO] [stderr]    Compiling bs58 v0.5.1
[INFO] [stderr]    Compiling ic-metrics-encoder v1.1.1
[INFO] [stderr]    Compiling getrandom v0.2.15
[INFO] [stderr]    Compiling pem v1.1.1
[INFO] [stderr]    Compiling ic-sha3 v1.0.0
[INFO] [stderr]    Compiling rand_core v0.6.4
[INFO] [stderr]    Compiling ff v0.13.0
[INFO] [stderr]    Compiling psm v0.1.24
[INFO] [stderr]    Compiling stacker v0.1.17
[INFO] [stderr]    Compiling group v0.13.0
[INFO] [stderr]    Compiling flate2 v1.0.35
[INFO] [stderr]    Compiling binread_derive v2.1.0
[INFO] [stderr]    Compiling synstructure v0.13.1
[INFO] [stderr]    Compiling serde_derive v1.0.217
[INFO] [stderr]    Compiling zerovec-derive v0.10.3
[INFO] [stderr]    Compiling displaydoc v0.2.5
[INFO] [stderr]    Compiling zeroize_derive v1.4.2
[INFO] [stderr]    Compiling thiserror-impl v1.0.69
[INFO] [stderr]    Compiling icu_provider_macros v1.5.0
[INFO] [stderr]    Compiling candid_derive v0.6.6
[INFO] [stderr]    Compiling zerocopy-derive v0.7.35
[INFO] [stderr]    Compiling futures-macro v0.3.31
[INFO] [stderr]    Compiling curve25519-dalek-derive v0.1.1
[INFO] [stderr]    Compiling thiserror-impl v2.0.9
[INFO] [stderr]    Compiling zerofrom-derive v0.1.5
[INFO] [stderr]    Compiling yoke-derive v0.7.5
[INFO] [stderr]    Compiling binread v2.2.0
[INFO] [stderr]    Compiling zeroize v1.8.1
[INFO] [stderr]    Compiling der v0.7.9
[INFO] [stderr]    Compiling futures-util v0.3.31
[INFO] [stderr]    Compiling zerocopy v0.7.35
[INFO] [stderr]    Compiling merlin v3.0.0
[INFO] [stderr]    Compiling zerofrom v0.1.5
[INFO] [stderr]    Compiling yoke v0.7.5
[INFO] [stderr]    Compiling zerovec v0.10.4
[INFO] [stderr]    Compiling ppv-lite86 v0.2.20
[INFO] [stderr]    Compiling spki v0.7.3
[INFO] [stderr]    Compiling pkcs8 v0.10.2
[INFO] [stderr]    Compiling rand_chacha v0.3.1
[INFO] [stderr]    Compiling ed25519 v2.2.3
[INFO] [stderr]    Compiling rand v0.8.5
[INFO] [stderr]    Compiling ed25519-dalek v2.1.1
[INFO] [stderr]    Compiling tinystr v0.7.6
[INFO] [stderr]    Compiling icu_collections v1.5.0
[INFO] [stderr]    Compiling icu_locid v1.5.0
[INFO] [stderr]    Compiling ic-crypto-ed25519 v0.9.0 (https://github.com/dfinity/ic#227e8e3d)
[INFO] [stderr]    Compiling icu_provider v1.5.0
[INFO] [stderr]    Compiling icu_locid_transform v1.5.0
[INFO] [stderr]    Compiling futures-executor v0.3.31
[INFO] [stderr]    Compiling futures v0.3.31
[INFO] [stderr]    Compiling icu_properties v1.5.1
[INFO] [stderr]    Compiling serde_bytes v0.11.15
[INFO] [stderr]    Compiling num-bigint v0.4.6
[INFO] [stderr]    Compiling ic_principal v0.1.1
[INFO] [stderr]    Compiling serde_tokenstream v0.2.2
[INFO] [stderr]    Compiling bincode v1.3.3
[INFO] [stderr]    Compiling ic-canister-log v0.2.0
[INFO] [stderr]    Compiling serde-big-array v0.5.1
[INFO] [stderr]    Compiling icu_normalizer v1.5.0
[INFO] [stderr]    Compiling idna_adapter v1.2.0
[INFO] [stderr]    Compiling idna v1.0.3
[INFO] [stderr]    Compiling candid v0.10.11
[INFO] [stderr]    Compiling url v2.5.4
[INFO] [stderr]    Compiling ic-cdk-macros v0.17.1
[INFO] [stderr]    Compiling ic-cdk v0.17.1
[INFO] [stderr]    Compiling razorpay v0.1.0 (/opt/rustwide/workdir/src/razorpay)
[INFO] [stderr]    Compiling ic-solana v0.1.0 (/opt/rustwide/workdir/src/ic-solana)
[INFO] [stderr]    Compiling protocol v0.1.0 (/opt/rustwide/workdir/src/protocol)
[INFO] [stderr]     Finished `dev` profile [unoptimized + debuginfo] target(s) in 23.05s
[INFO] running `Command { std: "docker" "inspect" "d6b775bfdee0fdb55da027ebf60211a9ee072a09cfb8aeebd4ae0b981485751a", kill_on_drop: false }`
[INFO] running `Command { std: "docker" "rm" "-f" "d6b775bfdee0fdb55da027ebf60211a9ee072a09cfb8aeebd4ae0b981485751a", kill_on_drop: false }`
[INFO] [stdout] d6b775bfdee0fdb55da027ebf60211a9ee072a09cfb8aeebd4ae0b981485751a
[INFO] running `Command { std: "docker" "create" "-v" "/var/lib/crater-agent-workspace/builds/worker-3-tc1/target:/opt/rustwide/target:rw,Z" "-v" "/var/lib/crater-agent-workspace/builds/worker-3-tc1/source:/opt/rustwide/workdir:ro,Z" "-v" "/var/lib/crater-agent-workspace/cargo-home:/opt/rustwide/cargo-home:ro,Z" "-v" "/var/lib/crater-agent-workspace/rustup-home:/opt/rustwide/rustup-home:ro,Z" "-e" "SOURCE_DIR=/opt/rustwide/workdir" "-e" "CARGO_TARGET_DIR=/opt/rustwide/target" "-e" "CARGO_INCREMENTAL=0" "-e" "RUST_BACKTRACE=full" "-e" "RUSTFLAGS=--cap-lints=forbid" "-e" "RUSTDOCFLAGS=--cap-lints=forbid" "-e" "CARGO_HOME=/opt/rustwide/cargo-home" "-e" "RUSTUP_HOME=/opt/rustwide/rustup-home" "-w" "/opt/rustwide/workdir" "-m" "1610612736" "--user" "0:0" "--network" "none" "ghcr.io/rust-lang/crates-build-env/linux@sha256:819108c5571ea2e421544af4d832f968d213c87fbe3707a016657f43d2f853bc" "/opt/rustwide/cargo-home/bin/cargo" "+nightly-2025-01-18" "test" "--frozen" "--no-run" "--message-format=json", kill_on_drop: false }`
[INFO] [stdout] b2b348056de734c108b44b4340f7deab84165cb6a1a78960f89e12318a53ac41
[INFO] running `Command { std: "docker" "start" "-a" "b2b348056de734c108b44b4340f7deab84165cb6a1a78960f89e12318a53ac41", kill_on_drop: false }`
[INFO] [stderr]    Compiling razorpay v0.1.0 (/opt/rustwide/workdir/src/razorpay)
[INFO] [stderr]    Compiling ic-solana v0.1.0 (/opt/rustwide/workdir/src/ic-solana)
[INFO] [stderr]    Compiling protocol v0.1.0 (/opt/rustwide/workdir/src/protocol)
[INFO] [stderr]     Finished `test` profile [unoptimized + debuginfo] target(s) in 5.59s
[INFO] running `Command { std: "docker" "inspect" "b2b348056de734c108b44b4340f7deab84165cb6a1a78960f89e12318a53ac41", kill_on_drop: false }`
[INFO] running `Command { std: "docker" "rm" "-f" "b2b348056de734c108b44b4340f7deab84165cb6a1a78960f89e12318a53ac41", kill_on_drop: false }`
[INFO] [stdout] b2b348056de734c108b44b4340f7deab84165cb6a1a78960f89e12318a53ac41
[INFO] running `Command { std: "docker" "create" "-v" "/var/lib/crater-agent-workspace/builds/worker-3-tc1/target:/opt/rustwide/target:rw,Z" "-v" "/var/lib/crater-agent-workspace/builds/worker-3-tc1/source:/opt/rustwide/workdir:ro,Z" "-v" "/var/lib/crater-agent-workspace/cargo-home:/opt/rustwide/cargo-home:ro,Z" "-v" "/var/lib/crater-agent-workspace/rustup-home:/opt/rustwide/rustup-home:ro,Z" "-e" "SOURCE_DIR=/opt/rustwide/workdir" "-e" "CARGO_TARGET_DIR=/opt/rustwide/target" "-e" "CARGO_INCREMENTAL=0" "-e" "RUST_BACKTRACE=full" "-e" "RUSTFLAGS=--cap-lints=forbid" "-e" "RUSTDOCFLAGS=--cap-lints=forbid" "-e" "CARGO_HOME=/opt/rustwide/cargo-home" "-e" "RUSTUP_HOME=/opt/rustwide/rustup-home" "-w" "/opt/rustwide/workdir" "-m" "1610612736" "--user" "0:0" "--network" "none" "ghcr.io/rust-lang/crates-build-env/linux@sha256:819108c5571ea2e421544af4d832f968d213c87fbe3707a016657f43d2f853bc" "/opt/rustwide/cargo-home/bin/cargo" "+nightly-2025-01-18" "test" "--frozen", kill_on_drop: false }`
[INFO] [stdout] 5cfdc2ba838deb055e88da9aae8bd41fa628e7ca43d3282ec0ba3523e2ac931d
[INFO] running `Command { std: "docker" "start" "-a" "5cfdc2ba838deb055e88da9aae8bd41fa628e7ca43d3282ec0ba3523e2ac931d", kill_on_drop: false }`
[INFO] [stderr]     Finished `test` profile [unoptimized + debuginfo] target(s) in 0.34s
[INFO] [stderr]      Running unittests src/lib.rs (/opt/rustwide/target/debug/deps/ic_solana-d55faf6b55d09f18)
[INFO] [stdout] 
[INFO] [stdout] running 19 tests
[INFO] [stdout] test request::tests::test_build_request_json ... ok
[INFO] [stdout] test types::candid_value::tests::test_from_text ... ok
[INFO] [stdout] test types::candid_value::tests::test_candid_value ... ok
[INFO] [stdout] test types::cluster::tests::test_cluster_parse ... ok
[INFO] [stdout] test types::cluster::tests::test_http_no_port ... ok
[INFO] [stdout] test types::cluster::tests::test_http_port ... ok
[INFO] [stdout] test types::cluster::tests::test_https_no_port ... ok
[INFO] [stdout] test types::cluster::tests::test_https_port ... ok
[INFO] [stdout] test types::cluster::tests::test_upper_case ... ok
[INFO] [stdout] test types::filter::tests::test_bytes_match ... ok
[INFO] [stdout] test types::filter::tests::test_verify_memcmp ... ok
[INFO] [stdout] test types::filter::tests::test_worst_case_encoded_tx_goldens ... ok
[INFO] [stdout] test types::tagged::tests::test_rpc_keyed_account_serialize ... ok
[INFO] [stdout] test types::message::tests::test_candid_serialize ... ok
[INFO] [stdout] test types::transaction::tests::test_transaction_json_serialize ... ok
[INFO] [stdout] test types::transaction::tests::test_transaction_serialize ... ok
[INFO] [stdout] test types::tagged::tests::test_transaction_serialize ... ok
[INFO] [stdout] test types::tagged::tests::test_confirmed_block_serialize ... ok
[INFO] [stdout] test types::cluster::tests::test_cluster_bad_parse - should panic ... ok
[INFO] [stdout] 
[INFO] [stdout] test result: ok. 19 passed; 0 failed; 0 ignored; 0 measured; 0 filtered out; finished in 0.03s
[INFO] [stdout] 
[INFO] [stderr]      Running unittests src/lib.rs (/opt/rustwide/target/debug/deps/protocol-1e95dc4c82c95601)
[INFO] [stdout] 
[INFO] [stdout] running 0 tests
[INFO] [stdout] 
[INFO] [stdout] test result: ok. 0 passed; 0 failed; 0 ignored; 0 measured; 0 filtered out; finished in 0.00s
[INFO] [stdout] 
[INFO] [stderr]      Running unittests src/lib.rs (/opt/rustwide/target/debug/deps/razorpay-45590e0f8d56d62d)
[INFO] [stdout] 
[INFO] [stdout] running 0 tests
[INFO] [stdout] 
[INFO] [stdout] test result: ok. 0 passed; 0 failed; 0 ignored; 0 measured; 0 filtered out; finished in 0.00s
[INFO] [stdout] 
[INFO] [stderr]    Doc-tests ic_solana
[INFO] [stdout] 
[INFO] [stdout] running 14 tests
[INFO] [stdout] test src/ic-solana/src/system_instruction.rs - system_instruction::authorize_nonce_account (line 1460) ... FAILED
[INFO] [stdout] test src/ic-solana/src/system_instruction.rs - system_instruction::authorize_nonce_account (line 1376) ... FAILED
[INFO] [stdout] test src/ic-solana/src/system_instruction.rs - system_instruction::authorize_nonce_account (line 1571) ... FAILED
[INFO] [stdout] test src/ic-solana/src/system_instruction.rs - system_instruction::transfer (line 729) ... FAILED
[INFO] [stdout] test src/ic-solana/src/system_instruction.rs - system_instruction::allocate (line 945) ... FAILED
[INFO] [stdout] test src/ic-solana/src/system_instruction.rs - system_instruction::create_account (line 312) ... FAILED
[INFO] [stdout] test src/ic-solana/src/system_instruction.rs - system_instruction::assign (line 518) ... FAILED
[INFO] [stdout] test src/ic-solana/src/system_instruction.rs - system_instruction::transfer_many (line 1149) ... FAILED
[INFO] [stdout] test src/ic-solana/src/system_instruction.rs - system_instruction::authorize_nonce_account (line 1633) ... FAILED
[INFO] [stdout] test src/ic-solana/src/system_instruction.rs - system_instruction::allocate (line 1014) ... FAILED
[INFO] [stdout] test src/ic-solana/src/system_instruction.rs - system_instruction::create_account (line 370) ... FAILED
[INFO] [stdout] test src/ic-solana/src/system_instruction.rs - system_instruction::transfer (line 798) ... FAILED
[INFO] [stdout] test src/ic-solana/src/system_instruction.rs - system_instruction::transfer_many (line 1205) ... FAILED
[INFO] [stdout] test src/ic-solana/src/system_instruction.rs - system_instruction::assign (line 587) ... FAILED
[INFO] [stdout] 
[INFO] [stdout] failures:
[INFO] [stdout] 
[INFO] [stdout] ---- src/ic-solana/src/system_instruction.rs - system_instruction::authorize_nonce_account (line 1460) stdout ----
[INFO] [stdout] error[E0433]: failed to resolve: use of undeclared crate or module `solana_program`
[INFO] [stdout]  --> src/ic-solana/src/system_instruction.rs:1461:5
[INFO] [stdout]   |
[INFO] [stdout] 3 | use solana_program::example_mocks::solana_sdk;
[INFO] [stdout]   |     ^^^^^^^^^^^^^^ use of undeclared crate or module `solana_program`
[INFO] [stdout] 
[INFO] [stdout] error[E0433]: failed to resolve: use of undeclared crate or module `solana_program`
[INFO] [stdout]  --> src/ic-solana/src/system_instruction.rs:1462:5
[INFO] [stdout]   |
[INFO] [stdout] 4 | use solana_program::example_mocks::solana_rpc_client;
[INFO] [stdout]   |     ^^^^^^^^^^^^^^ use of undeclared crate or module `solana_program`
[INFO] [stdout] 
[INFO] [stdout] error[E0433]: failed to resolve: use of undeclared crate or module `solana_program`
[INFO] [stdout]  --> src/ic-solana/src/system_instruction.rs:1463:5
[INFO] [stdout]   |
[INFO] [stdout] 5 | use solana_program::example_mocks::solana_rpc_client_nonce_utils;
[INFO] [stdout]   |     ^^^^^^^^^^^^^^ use of undeclared crate or module `solana_program`
[INFO] [stdout] 
[INFO] [stdout] error[E0432]: unresolved import `anyhow`
[INFO] [stdout]   --> src/ic-solana/src/system_instruction.rs:1475:5
[INFO] [stdout]    |
[INFO] [stdout] 17 | use anyhow::anyhow;
[INFO] [stdout]    |     ^^^^^^ use of undeclared crate or module `anyhow`
[INFO] [stdout] 
[INFO] [stdout] error: aborting due to 4 previous errors
[INFO] [stdout] 
[INFO] [stdout] Some errors have detailed explanations: E0432, E0433.
[INFO] [stdout] For more information about an error, try `rustc --explain E0432`.
[INFO] [stdout] Couldn't compile the test.
[INFO] [stdout] ---- src/ic-solana/src/system_instruction.rs - system_instruction::authorize_nonce_account (line 1376) stdout ----
[INFO] [stdout] error[E0433]: failed to resolve: use of undeclared crate or module `solana_program`
[INFO] [stdout]  --> src/ic-solana/src/system_instruction.rs:1377:5
[INFO] [stdout]   |
[INFO] [stdout] 3 | use solana_program::example_mocks::solana_sdk;
[INFO] [stdout]   |     ^^^^^^^^^^^^^^ use of undeclared crate or module `solana_program`
[INFO] [stdout] 
[INFO] [stdout] error[E0433]: failed to resolve: use of undeclared crate or module `solana_program`
[INFO] [stdout]  --> src/ic-solana/src/system_instruction.rs:1378:5
[INFO] [stdout]   |
[INFO] [stdout] 4 | use solana_program::example_mocks::solana_rpc_client;
[INFO] [stdout]   |     ^^^^^^^^^^^^^^ use of undeclared crate or module `solana_program`
[INFO] [stdout] 
[INFO] [stdout] error[E0432]: unresolved import `anyhow`
[INFO] [stdout]   --> src/ic-solana/src/system_instruction.rs:1387:5
[INFO] [stdout]    |
[INFO] [stdout] 13 | use anyhow::Result;
[INFO] [stdout]    |     ^^^^^^ use of undeclared crate or module `anyhow`
[INFO] [stdout] 
[INFO] [stdout] error[E0433]: failed to resolve: use of undeclared crate or module `anyhow`
[INFO] [stdout]   --> src/ic-solana/src/system_instruction.rs:1418:10
[INFO] [stdout]    |
[INFO] [stdout] 44 | Ok::<(), anyhow::Error>(())
[INFO] [stdout]    |          ^^^^^^ use of undeclared crate or module `anyhow`
[INFO] [stdout] 
[INFO] [stdout] error: aborting due to 4 previous errors
[INFO] [stdout] 
[INFO] [stdout] Some errors have detailed explanations: E0432, E0433.
[INFO] [stdout] For more information about an error, try `rustc --explain E0432`.
[INFO] [stdout] Couldn't compile the test.
[INFO] [stdout] ---- src/ic-solana/src/system_instruction.rs - system_instruction::authorize_nonce_account (line 1571) stdout ----
[INFO] [stdout] error[E0433]: failed to resolve: use of undeclared crate or module `solana_program`
[INFO] [stdout]  --> src/ic-solana/src/system_instruction.rs:1572:5
[INFO] [stdout]   |
[INFO] [stdout] 3 | use solana_program::example_mocks::solana_sdk;
[INFO] [stdout]   |     ^^^^^^^^^^^^^^ use of undeclared crate or module `solana_program`
[INFO] [stdout] 
[INFO] [stdout] error[E0433]: failed to resolve: use of undeclared crate or module `solana_program`
[INFO] [stdout]  --> src/ic-solana/src/system_instruction.rs:1573:5
[INFO] [stdout]   |
[INFO] [stdout] 4 | use solana_program::example_mocks::solana_rpc_client;
[INFO] [stdout]   |     ^^^^^^^^^^^^^^ use of undeclared crate or module `solana_program`
[INFO] [stdout] 
[INFO] [stdout] error[E0432]: unresolved import `anyhow`
[INFO] [stdout]   --> src/ic-solana/src/system_instruction.rs:1581:5
[INFO] [stdout]    |
[INFO] [stdout] 12 | use anyhow::Result;
[INFO] [stdout]    |     ^^^^^^ use of undeclared crate or module `anyhow`
[INFO] [stdout] 
[INFO] [stdout] error[E0433]: failed to resolve: use of undeclared crate or module `anyhow`
[INFO] [stdout]   --> src/ic-solana/src/system_instruction.rs:1613:10
[INFO] [stdout]    |
[INFO] [stdout] 44 | Ok::<(), anyhow::Error>(())
[INFO] [stdout]    |          ^^^^^^ use of undeclared crate or module `anyhow`
[INFO] [stdout] 
[INFO] [stdout] error: aborting due to 4 previous errors
[INFO] [stdout] 
[INFO] [stdout] Some errors have detailed explanations: E0432, E0433.
[INFO] [stdout] For more information about an error, try `rustc --explain E0432`.
[INFO] [stdout] Couldn't compile the test.
[INFO] [stdout] ---- src/ic-solana/src/system_instruction.rs - system_instruction::transfer (line 729) stdout ----
[INFO] [stdout] error[E0433]: failed to resolve: use of undeclared crate or module `solana_program`
[INFO] [stdout]  --> src/ic-solana/src/system_instruction.rs:730:5
[INFO] [stdout]   |
[INFO] [stdout] 3 | use solana_program::example_mocks::{solana_sdk, solana_rpc_client};
[INFO] [stdout]   |     ^^^^^^^^^^^^^^ use of undeclared crate or module `solana_program`
[INFO] [stdout] 
[INFO] [stdout] error[E0432]: unresolved import `anyhow`
[INFO] [stdout]   --> src/ic-solana/src/system_instruction.rs:738:5
[INFO] [stdout]    |
[INFO] [stdout] 11 | use anyhow::Result;
[INFO] [stdout]    |     ^^^^^^ use of undeclared crate or module `anyhow`
[INFO] [stdout] 
[INFO] [stdout] error[E0433]: failed to resolve: use of undeclared crate or module `anyhow`
[INFO] [stdout]   --> src/ic-solana/src/system_instruction.rs:783:10
[INFO] [stdout]    |
[INFO] [stdout] 56 | Ok::<(), anyhow::Error>(())
[INFO] [stdout]    |          ^^^^^^ use of undeclared crate or module `anyhow`
[INFO] [stdout] 
[INFO] [stdout] error: aborting due to 3 previous errors
[INFO] [stdout] 
[INFO] [stdout] Some errors have detailed explanations: E0432, E0433.
[INFO] [stdout] For more information about an error, try `rustc --explain E0432`.
[INFO] [stdout] Couldn't compile the test.
[INFO] [stdout] ---- src/ic-solana/src/system_instruction.rs - system_instruction::allocate (line 945) stdout ----
[INFO] [stdout] error[E0433]: failed to resolve: use of undeclared crate or module `solana_program`
[INFO] [stdout]  --> src/ic-solana/src/system_instruction.rs:946:5
[INFO] [stdout]   |
[INFO] [stdout] 3 | use solana_program::example_mocks::{solana_sdk, solana_rpc_client};
[INFO] [stdout]   |     ^^^^^^^^^^^^^^ use of undeclared crate or module `solana_program`
[INFO] [stdout] 
[INFO] [stdout] error[E0432]: unresolved import `anyhow`
[INFO] [stdout]   --> src/ic-solana/src/system_instruction.rs:954:5
[INFO] [stdout]    |
[INFO] [stdout] 11 | use anyhow::Result;
[INFO] [stdout]    |     ^^^^^^ use of undeclared crate or module `anyhow`
[INFO] [stdout] 
[INFO] [stdout] error[E0433]: failed to resolve: use of undeclared crate or module `anyhow`
[INFO] [stdout]   --> src/ic-solana/src/system_instruction.rs:999:10
[INFO] [stdout]    |
[INFO] [stdout] 56 | Ok::<(), anyhow::Error>(())
[INFO] [stdout]    |          ^^^^^^ use of undeclared crate or module `anyhow`
[INFO] [stdout] 
[INFO] [stdout] error: aborting due to 3 previous errors
[INFO] [stdout] 
[INFO] [stdout] Some errors have detailed explanations: E0432, E0433.
[INFO] [stdout] For more information about an error, try `rustc --explain E0432`.
[INFO] [stdout] Couldn't compile the test.
[INFO] [stdout] ---- src/ic-solana/src/system_instruction.rs - system_instruction::create_account (line 312) stdout ----
[INFO] [stdout] error[E0433]: failed to resolve: use of undeclared crate or module `solana_program`
[INFO] [stdout]  --> src/ic-solana/src/system_instruction.rs:313:5
[INFO] [stdout]   |
[INFO] [stdout] 3 | use solana_program::example_mocks::{solana_sdk, solana_rpc_client};
[INFO] [stdout]   |     ^^^^^^^^^^^^^^ use of undeclared crate or module `solana_program`
[INFO] [stdout] 
[INFO] [stdout] error[E0432]: unresolved import `anyhow`
[INFO] [stdout]   --> src/ic-solana/src/system_instruction.rs:322:5
[INFO] [stdout]    |
[INFO] [stdout] 12 | use anyhow::Result;
[INFO] [stdout]    |     ^^^^^^ use of undeclared crate or module `anyhow`
[INFO] [stdout] 
[INFO] [stdout] error[E0433]: failed to resolve: use of undeclared crate or module `anyhow`
[INFO] [stdout]   --> src/ic-solana/src/system_instruction.rs:356:10
[INFO] [stdout]    |
[INFO] [stdout] 46 | Ok::<(), anyhow::Error>(())
[INFO] [stdout]    |          ^^^^^^ use of undeclared crate or module `anyhow`
[INFO] [stdout] 
[INFO] [stdout] error: aborting due to 3 previous errors
[INFO] [stdout] 
[INFO] [stdout] Some errors have detailed explanations: E0432, E0433.
[INFO] [stdout] For more information about an error, try `rustc --explain E0432`.
[INFO] [stdout] Couldn't compile the test.
[INFO] [stdout] ---- src/ic-solana/src/system_instruction.rs - system_instruction::assign (line 518) stdout ----
[INFO] [stdout] error[E0433]: failed to resolve: use of undeclared crate or module `solana_program`
[INFO] [stdout]  --> src/ic-solana/src/system_instruction.rs:519:5
[INFO] [stdout]   |
[INFO] [stdout] 3 | use solana_program::example_mocks::{solana_sdk, solana_rpc_client};
[INFO] [stdout]   |     ^^^^^^^^^^^^^^ use of undeclared crate or module `solana_program`
[INFO] [stdout] 
[INFO] [stdout] error[E0432]: unresolved import `anyhow`
[INFO] [stdout]   --> src/ic-solana/src/system_instruction.rs:527:5
[INFO] [stdout]    |
[INFO] [stdout] 11 | use anyhow::Result;
[INFO] [stdout]    |     ^^^^^^ use of undeclared crate or module `anyhow`
[INFO] [stdout] 
[INFO] [stdout] error[E0433]: failed to resolve: use of undeclared crate or module `anyhow`
[INFO] [stdout]   --> src/ic-solana/src/system_instruction.rs:572:10
[INFO] [stdout]    |
[INFO] [stdout] 56 | Ok::<(), anyhow::Error>(())
[INFO] [stdout]    |          ^^^^^^ use of undeclared crate or module `anyhow`
[INFO] [stdout] 
[INFO] [stdout] error: aborting due to 3 previous errors
[INFO] [stdout] 
[INFO] [stdout] Some errors have detailed explanations: E0432, E0433.
[INFO] [stdout] For more information about an error, try `rustc --explain E0432`.
[INFO] [stdout] Couldn't compile the test.
[INFO] [stdout] ---- src/ic-solana/src/system_instruction.rs - system_instruction::transfer_many (line 1149) stdout ----
[INFO] [stdout] error[E0433]: failed to resolve: use of undeclared crate or module `solana_program`
[INFO] [stdout]  --> src/ic-solana/src/system_instruction.rs:1150:5
[INFO] [stdout]   |
[INFO] [stdout] 3 | use solana_program::example_mocks::{solana_sdk, solana_rpc_client};
[INFO] [stdout]   |     ^^^^^^^^^^^^^^ use of undeclared crate or module `solana_program`
[INFO] [stdout] 
[INFO] [stdout] error[E0432]: unresolved import `anyhow`
[INFO] [stdout]   --> src/ic-solana/src/system_instruction.rs:1158:5
[INFO] [stdout]    |
[INFO] [stdout] 11 | use anyhow::Result;
[INFO] [stdout]    |     ^^^^^^ use of undeclared crate or module `anyhow`
[INFO] [stdout] 
[INFO] [stdout] error[E0433]: failed to resolve: use of undeclared crate or module `anyhow`
[INFO] [stdout]   --> src/ic-solana/src/system_instruction.rs:1188:10
[INFO] [stdout]    |
[INFO] [stdout] 41 | Ok::<(), anyhow::Error>(())
[INFO] [stdout]    |          ^^^^^^ use of undeclared crate or module `anyhow`
[INFO] [stdout] 
[INFO] [stdout] error: aborting due to 3 previous errors
[INFO] [stdout] 
[INFO] [stdout] Some errors have detailed explanations: E0432, E0433.
[INFO] [stdout] For more information about an error, try `rustc --explain E0432`.
[INFO] [stdout] Couldn't compile the test.
[INFO] [stdout] ---- src/ic-solana/src/system_instruction.rs - system_instruction::authorize_nonce_account (line 1633) stdout ----
[INFO] [stdout] error[E0433]: failed to resolve: use of undeclared crate or module `solana_program`
[INFO] [stdout]  --> src/ic-solana/src/system_instruction.rs:1634:5
[INFO] [stdout]   |
[INFO] [stdout] 3 | use solana_program::example_mocks::solana_sdk;
[INFO] [stdout]   |     ^^^^^^^^^^^^^^ use of undeclared crate or module `solana_program`
[INFO] [stdout] 
[INFO] [stdout] error[E0433]: failed to resolve: use of undeclared crate or module `solana_program`
[INFO] [stdout]  --> src/ic-solana/src/system_instruction.rs:1635:5
[INFO] [stdout]   |
[INFO] [stdout] 4 | use solana_program::example_mocks::solana_rpc_client;
[INFO] [stdout]   |     ^^^^^^^^^^^^^^ use of undeclared crate or module `solana_program`
[INFO] [stdout] 
[INFO] [stdout] error[E0432]: unresolved import `anyhow`
[INFO] [stdout]   --> src/ic-solana/src/system_instruction.rs:1643:5
[INFO] [stdout]    |
[INFO] [stdout] 12 | use anyhow::Result;
[INFO] [stdout]    |     ^^^^^^ use of undeclared crate or module `anyhow`
[INFO] [stdout] 
[INFO] [stdout] error[E0433]: failed to resolve: use of undeclared crate or module `anyhow`
[INFO] [stdout]   --> src/ic-solana/src/system_instruction.rs:1674:10
[INFO] [stdout]    |
[INFO] [stdout] 43 | Ok::<(), anyhow::Error>(())
[INFO] [stdout]    |          ^^^^^^ use of undeclared crate or module `anyhow`
[INFO] [stdout] 
[INFO] [stdout] error: aborting due to 4 previous errors
[INFO] [stdout] 
[INFO] [stdout] Some errors have detailed explanations: E0432, E0433.
[INFO] [stdout] For more information about an error, try `rustc --explain E0432`.
[INFO] [stdout] Couldn't compile the test.
[INFO] [stdout] ---- src/ic-solana/src/system_instruction.rs - system_instruction::allocate (line 1014) stdout ----
[INFO] [stdout] error[E0433]: failed to resolve: use of undeclared crate or module `solana_program`
[INFO] [stdout]  --> src/ic-solana/src/system_instruction.rs:1016:5
[INFO] [stdout]   |
[INFO] [stdout] 4 | use solana_program::{
[INFO] [stdout]   |     ^^^^^^^^^^^^^^ use of undeclared crate or module `solana_program`
[INFO] [stdout] 
[INFO] [stdout] error[E0432]: unresolved import `borsh`
[INFO] [stdout]  --> src/ic-solana/src/system_instruction.rs:1015:5
[INFO] [stdout]   |
[INFO] [stdout] 3 | use borsh::{BorshDeserialize, BorshSerialize};
[INFO] [stdout]   |     ^^^^^ use of undeclared crate or module `borsh`
[INFO] [stdout] 
[INFO] [stdout] error[E0432]: unresolved import `solana_program`
[INFO] [stdout]  --> src/ic-solana/src/system_instruction.rs:1016:5
[INFO] [stdout]   |
[INFO] [stdout] 4 | use solana_program::{
[INFO] [stdout]   |     ^^^^^^^^^^^^^^ use of undeclared crate or module `solana_program`
[INFO] [stdout] 
[INFO] [stdout] error: cannot find attribute `borsh` in this scope
[INFO] [stdout]   --> src/ic-solana/src/system_instruction.rs:1030:3
[INFO] [stdout]    |
[INFO] [stdout] 18 | #[borsh(crate = "borsh")]
[INFO] [stdout]    |   ^^^^^
[INFO] [stdout] 
[INFO] [stdout] error[E0599]: no function or associated item named `deserialize` found for struct `CreateAccountInstruction` in the current scope
[INFO] [stdout]   --> src/ic-solana/src/system_instruction.rs:1047:43
[INFO] [stdout]    |
[INFO] [stdout] 19 | pub struct CreateAccountInstruction {
[INFO] [stdout]    | ----------------------------------- function or associated item `deserialize` not found for this struct
[INFO] [stdout] ...
[INFO] [stdout] 35 |     let instr = CreateAccountInstruction::deserialize(&mut &instruction_data[..])?;
[INFO] [stdout]    |                                           ^^^^^^^^^^^ function or associated item not found in `CreateAccountInstruction`
[INFO] [stdout]    |
[INFO] [stdout]    = help: items from traits can only be used if the trait is implemented and in scope
[INFO] [stdout]    = note: the following traits define an item `deserialize`, perhaps you need to implement one of them:
[INFO] [stdout]            candidate #1: `bincode::Options`
[INFO] [stdout]            candidate #2: `serde::Deserialize`
[INFO] [stdout]            candidate #3: `serde::de::DeserializeSeed`
[INFO] [stdout]            candidate #4: `serde_big_array::BigArray`
[INFO] [stdout]            candidate #5: `serde_bytes::Deserialize`
[INFO] [stdout] 
[INFO] [stdout] error[E0433]: failed to resolve: use of undeclared crate or module `anyhow`
[INFO] [stdout]   --> src/ic-solana/src/system_instruction.rs:1100:10
[INFO] [stdout]    |
[INFO] [stdout] 88 | Ok::<(), anyhow::Error>(())
[INFO] [stdout]    |          ^^^^^^ use of undeclared crate or module `anyhow`
[INFO] [stdout] 
[INFO] [stdout] error: aborting due to 6 previous errors
[INFO] [stdout] 
[INFO] [stdout] Some errors have detailed explanations: E0432, E0433, E0599.
[INFO] [stdout] For more information about an error, try `rustc --explain E0432`.
[INFO] [stdout] Couldn't compile the test.
[INFO] [stdout] ---- src/ic-solana/src/system_instruction.rs - system_instruction::create_account (line 370) stdout ----
[INFO] [stdout] error[E0433]: failed to resolve: use of undeclared crate or module `solana_program`
[INFO] [stdout]  --> src/ic-solana/src/system_instruction.rs:372:5
[INFO] [stdout]   |
[INFO] [stdout] 4 | use solana_program::{
[INFO] [stdout]   |     ^^^^^^^^^^^^^^ use of undeclared crate or module `solana_program`
[INFO] [stdout] 
[INFO] [stdout] error[E0432]: unresolved import `borsh`
[INFO] [stdout]  --> src/ic-solana/src/system_instruction.rs:371:5
[INFO] [stdout]   |
[INFO] [stdout] 3 | use borsh::{BorshDeserialize, BorshSerialize};
[INFO] [stdout]   |     ^^^^^ use of undeclared crate or module `borsh`
[INFO] [stdout] 
[INFO] [stdout] error[E0432]: unresolved import `solana_program`
[INFO] [stdout]  --> src/ic-solana/src/system_instruction.rs:372:5
[INFO] [stdout]   |
[INFO] [stdout] 4 | use solana_program::{
[INFO] [stdout]   |     ^^^^^^^^^^^^^^ use of undeclared crate or module `solana_program`
[INFO] [stdout] 
[INFO] [stdout] error: cannot find attribute `borsh` in this scope
[INFO] [stdout]   --> src/ic-solana/src/system_instruction.rs:386:3
[INFO] [stdout]    |
[INFO] [stdout] 18 | #[borsh(crate = "borsh")]
[INFO] [stdout]    |   ^^^^^
[INFO] [stdout] 
[INFO] [stdout] error[E0599]: no function or associated item named `deserialize` found for struct `CreateAccountInstruction` in the current scope
[INFO] [stdout]   --> src/ic-solana/src/system_instruction.rs:403:43
[INFO] [stdout]    |
[INFO] [stdout] 19 | pub struct CreateAccountInstruction {
[INFO] [stdout]    | ----------------------------------- function or associated item `deserialize` not found for this struct
[INFO] [stdout] ...
[INFO] [stdout] 35 |     let instr = CreateAccountInstruction::deserialize(&mut &instruction_data[..])?;
[INFO] [stdout]    |                                           ^^^^^^^^^^^ function or associated item not found in `CreateAccountInstruction`
[INFO] [stdout]    |
[INFO] [stdout]    = help: items from traits can only be used if the trait is implemented and in scope
[INFO] [stdout]    = note: the following traits define an item `deserialize`, perhaps you need to implement one of them:
[INFO] [stdout]            candidate #1: `bincode::Options`
[INFO] [stdout]            candidate #2: `serde::Deserialize`
[INFO] [stdout]            candidate #3: `serde::de::DeserializeSeed`
[INFO] [stdout]            candidate #4: `serde_big_array::BigArray`
[INFO] [stdout]            candidate #5: `serde_bytes::Deserialize`
[INFO] [stdout] 
[INFO] [stdout] error[E0433]: failed to resolve: use of undeclared crate or module `anyhow`
[INFO] [stdout]   --> src/ic-solana/src/system_instruction.rs:440:10
[INFO] [stdout]    |
[INFO] [stdout] 72 | Ok::<(), anyhow::Error>(())
[INFO] [stdout]    |          ^^^^^^ use of undeclared crate or module `anyhow`
[INFO] [stdout] 
[INFO] [stdout] error: aborting due to 6 previous errors
[INFO] [stdout] 
[INFO] [stdout] Some errors have detailed explanations: E0432, E0433, E0599.
[INFO] [stdout] For more information about an error, try `rustc --explain E0432`.
[INFO] [stdout] Couldn't compile the test.
[INFO] [stdout] ---- src/ic-solana/src/system_instruction.rs - system_instruction::transfer (line 798) stdout ----
[INFO] [stdout] error[E0433]: failed to resolve: use of undeclared crate or module `solana_program`
[INFO] [stdout]  --> src/ic-solana/src/system_instruction.rs:800:5
[INFO] [stdout]   |
[INFO] [stdout] 4 | use solana_program::{
[INFO] [stdout]   |     ^^^^^^^^^^^^^^ use of undeclared crate or module `solana_program`
[INFO] [stdout] 
[INFO] [stdout] error[E0432]: unresolved import `borsh`
[INFO] [stdout]  --> src/ic-solana/src/system_instruction.rs:799:5
[INFO] [stdout]   |
[INFO] [stdout] 3 | use borsh::{BorshDeserialize, BorshSerialize};
[INFO] [stdout]   |     ^^^^^ use of undeclared crate or module `borsh`
[INFO] [stdout] 
[INFO] [stdout] error[E0432]: unresolved import `solana_program`
[INFO] [stdout]  --> src/ic-solana/src/system_instruction.rs:800:5
[INFO] [stdout]   |
[INFO] [stdout] 4 | use solana_program::{
[INFO] [stdout]   |     ^^^^^^^^^^^^^^ use of undeclared crate or module `solana_program`
[INFO] [stdout] 
[INFO] [stdout] error: cannot find attribute `borsh` in this scope
[INFO] [stdout]   --> src/ic-solana/src/system_instruction.rs:814:3
[INFO] [stdout]    |
[INFO] [stdout] 18 | #[borsh(crate = "borsh")]
[INFO] [stdout]    |   ^^^^^
[INFO] [stdout] 
[INFO] [stdout] error[E0599]: no function or associated item named `deserialize` found for struct `CreateAccountInstruction` in the current scope
[INFO] [stdout]   --> src/ic-solana/src/system_instruction.rs:831:43
[INFO] [stdout]    |
[INFO] [stdout] 19 | pub struct CreateAccountInstruction {
[INFO] [stdout]    | ----------------------------------- function or associated item `deserialize` not found for this struct
[INFO] [stdout] ...
[INFO] [stdout] 35 |     let instr = CreateAccountInstruction::deserialize(&mut &instruction_data[..])?;
[INFO] [stdout]    |                                           ^^^^^^^^^^^ function or associated item not found in `CreateAccountInstruction`
[INFO] [stdout]    |
[INFO] [stdout]    = help: items from traits can only be used if the trait is implemented and in scope
[INFO] [stdout]    = note: the following traits define an item `deserialize`, perhaps you need to implement one of them:
[INFO] [stdout]            candidate #1: `bincode::Options`
[INFO] [stdout]            candidate #2: `serde::Deserialize`
[INFO] [stdout]            candidate #3: `serde::de::DeserializeSeed`
[INFO] [stdout]            candidate #4: `serde_big_array::BigArray`
[INFO] [stdout]            candidate #5: `serde_bytes::Deserialize`
[INFO] [stdout] 
[INFO] [stdout] error[E0433]: failed to resolve: use of undeclared crate or module `anyhow`
[INFO] [stdout]   --> src/ic-solana/src/system_instruction.rs:884:10
[INFO] [stdout]    |
[INFO] [stdout] 88 | Ok::<(), anyhow::Error>(())
[INFO] [stdout]    |          ^^^^^^ use of undeclared crate or module `anyhow`
[INFO] [stdout] 
[INFO] [stdout] error: aborting due to 6 previous errors
[INFO] [stdout] 
[INFO] [stdout] Some errors have detailed explanations: E0432, E0433, E0599.
[INFO] [stdout] For more information about an error, try `rustc --explain E0432`.
[INFO] [stdout] Couldn't compile the test.
[INFO] [stdout] ---- src/ic-solana/src/system_instruction.rs - system_instruction::transfer_many (line 1205) stdout ----
[INFO] [stdout] error[E0433]: failed to resolve: use of undeclared crate or module `solana_program`
[INFO] [stdout]  --> src/ic-solana/src/system_instruction.rs:1207:5
[INFO] [stdout]   |
[INFO] [stdout] 4 | use solana_program::{
[INFO] [stdout]   |     ^^^^^^^^^^^^^^ use of undeclared crate or module `solana_program`
[INFO] [stdout] 
[INFO] [stdout] error[E0432]: unresolved import `borsh`
[INFO] [stdout]  --> src/ic-solana/src/system_instruction.rs:1206:5
[INFO] [stdout]   |
[INFO] [stdout] 3 | use borsh::{BorshDeserialize, BorshSerialize};
[INFO] [stdout]   |     ^^^^^ use of undeclared crate or module `borsh`
[INFO] [stdout] 
[INFO] [stdout] error[E0432]: unresolved import `solana_program`
[INFO] [stdout]  --> src/ic-solana/src/system_instruction.rs:1207:5
[INFO] [stdout]   |
[INFO] [stdout] 4 | use solana_program::{
[INFO] [stdout]   |     ^^^^^^^^^^^^^^ use of undeclared crate or module `solana_program`
[INFO] [stdout] 
[INFO] [stdout] error: cannot find attribute `borsh` in this scope
[INFO] [stdout]   --> src/ic-solana/src/system_instruction.rs:1224:3
[INFO] [stdout]    |
[INFO] [stdout] 21 | #[borsh(crate = "borsh")]
[INFO] [stdout]    |   ^^^^^
[INFO] [stdout] 
[INFO] [stdout] error[E0599]: no function or associated item named `deserialize` found for struct `TransferLamportsToManyInstruction` in the current scope
[INFO] [stdout]   --> src/ic-solana/src/system_instruction.rs:1237:52
[INFO] [stdout]    |
[INFO] [stdout] 22 | pub struct TransferLamportsToManyInstruction {
[INFO] [stdout]    | -------------------------------------------- function or associated item `deserialize` not found for this struct
[INFO] [stdout] ...
[INFO] [stdout] 34 |     let instr = TransferLamportsToManyInstruction::deserialize(&mut &instruction_data[..])?;
[INFO] [stdout]    |                                                    ^^^^^^^^^^^ function or associated item not found in `TransferLamportsToManyInstruction`
[INFO] [stdout]    |
[INFO] [stdout]    = help: items from traits can only be used if the trait is implemented and in scope
[INFO] [stdout]    = note: the following traits define an item `deserialize`, perhaps you need to implement one of them:
[INFO] [stdout]            candidate #1: `bincode::Options`
[INFO] [stdout]            candidate #2: `serde::Deserialize`
[INFO] [stdout]            candidate #3: `serde::de::DeserializeSeed`
[INFO] [stdout]            candidate #4: `serde_big_array::BigArray`
[INFO] [stdout]            candidate #5: `serde_bytes::Deserialize`
[INFO] [stdout] 
[INFO] [stdout] error[E0433]: failed to resolve: use of undeclared crate or module `anyhow`
[INFO] [stdout]   --> src/ic-solana/src/system_instruction.rs:1269:10
[INFO] [stdout]    |
[INFO] [stdout] 66 | Ok::<(), anyhow::Error>(())
[INFO] [stdout]    |          ^^^^^^ use of undeclared crate or module `anyhow`
[INFO] [stdout] 
[INFO] [stdout] error: aborting due to 6 previous errors
[INFO] [stdout] 
[INFO] [stdout] Some errors have detailed explanations: E0432, E0433, E0599.
[INFO] [stdout] For more information about an error, try `rustc --explain E0432`.
[INFO] [stdout] Couldn't compile the test.
[INFO] [stdout] ---- src/ic-solana/src/system_instruction.rs - system_instruction::assign (line 587) stdout ----
[INFO] [stdout] error[E0433]: failed to resolve: use of undeclared crate or module `solana_program`
[INFO] [stdout]  --> src/ic-solana/src/system_instruction.rs:589:5
[INFO] [stdout]   |
[INFO] [stdout] 4 | use solana_program::{
[INFO] [stdout]   |     ^^^^^^^^^^^^^^ use of undeclared crate or module `solana_program`
[INFO] [stdout] 
[INFO] [stdout] error[E0432]: unresolved import `borsh`
[INFO] [stdout]  --> src/ic-solana/src/system_instruction.rs:588:5
[INFO] [stdout]   |
[INFO] [stdout] 3 | use borsh::{BorshDeserialize, BorshSerialize};
[INFO] [stdout]   |     ^^^^^ use of undeclared crate or module `borsh`
[INFO] [stdout] 
[INFO] [stdout] error[E0432]: unresolved import `solana_program`
[INFO] [stdout]  --> src/ic-solana/src/system_instruction.rs:589:5
[INFO] [stdout]   |
[INFO] [stdout] 4 | use solana_program::{
[INFO] [stdout]   |     ^^^^^^^^^^^^^^ use of undeclared crate or module `solana_program`
[INFO] [stdout] 
[INFO] [stdout] error: cannot find attribute `borsh` in this scope
[INFO] [stdout]   --> src/ic-solana/src/system_instruction.rs:603:3
[INFO] [stdout]    |
[INFO] [stdout] 18 | #[borsh(crate = "borsh")]
[INFO] [stdout]    |   ^^^^^
[INFO] [stdout] 
[INFO] [stdout] error[E0599]: no function or associated item named `deserialize` found for struct `CreateAccountInstruction` in the current scope
[INFO] [stdout]   --> src/ic-solana/src/system_instruction.rs:620:43
[INFO] [stdout]    |
[INFO] [stdout] 19 | pub struct CreateAccountInstruction {
[INFO] [stdout]    | ----------------------------------- function or associated item `deserialize` not found for this struct
[INFO] [stdout] ...
[INFO] [stdout] 35 |     let instr = CreateAccountInstruction::deserialize(&mut &instruction_data[..])?;
[INFO] [stdout]    |                                           ^^^^^^^^^^^ function or associated item not found in `CreateAccountInstruction`
[INFO] [stdout]    |
[INFO] [stdout]    = help: items from traits can only be used if the trait is implemented and in scope
[INFO] [stdout]    = note: the following traits define an item `deserialize`, perhaps you need to implement one of them:
[INFO] [stdout]            candidate #1: `bincode::Options`
[INFO] [stdout]            candidate #2: `serde::Deserialize`
[INFO] [stdout]            candidate #3: `serde::de::DeserializeSeed`
[INFO] [stdout]            candidate #4: `serde_big_array::BigArray`
[INFO] [stdout]            candidate #5: `serde_bytes::Deserialize`
[INFO] [stdout] 
[INFO] [stdout] error[E0433]: failed to resolve: use of undeclared crate or module `anyhow`
[INFO] [stdout]   --> src/ic-solana/src/system_instruction.rs:673:10
[INFO] [stdout]    |
[INFO] [stdout] 88 | Ok::<(), anyhow::Error>(())
[INFO] [stdout]    |          ^^^^^^ use of undeclared crate or module `anyhow`
[INFO] [stdout] 
[INFO] [stdout] error: aborting due to 6 previous errors
[INFO] [stdout] 
[INFO] [stdout] Some errors have detailed explanations: E0432, E0433, E0599.
[INFO] [stdout] For more information about an error, try `rustc --explain E0432`.
[INFO] [stdout] Couldn't compile the test.
[INFO] [stdout] 
[INFO] [stdout] failures:
[INFO] [stdout]     src/ic-solana/src/system_instruction.rs - system_instruction::allocate (line 1014)
[INFO] [stdout]     src/ic-solana/src/system_instruction.rs - system_instruction::allocate (line 945)
[INFO] [stdout]     src/ic-solana/src/system_instruction.rs - system_instruction::assign (line 518)
[INFO] [stdout]     src/ic-solana/src/system_instruction.rs - system_instruction::assign (line 587)
[INFO] [stdout]     src/ic-solana/src/system_instruction.rs - system_instruction::authorize_nonce_account (line 1376)
[INFO] [stdout]     src/ic-solana/src/system_instruction.rs - system_instruction::authorize_nonce_account (line 1460)
[INFO] [stdout]     src/ic-solana/src/system_instruction.rs - system_instruction::authorize_nonce_account (line 1571)
[INFO] [stdout]     src/ic-solana/src/system_instruction.rs - system_instruction::authorize_nonce_account (line 1633)
[INFO] [stdout]     src/ic-solana/src/system_instruction.rs - system_instruction::create_account (line 312)
[INFO] [stdout]     src/ic-solana/src/system_instruction.rs - system_instruction::create_account (line 370)
[INFO] [stdout]     src/ic-solana/src/system_instruction.rs - system_instruction::transfer (line 729)
[INFO] [stdout]     src/ic-solana/src/system_instruction.rs - system_instruction::transfer (line 798)
[INFO] [stdout]     src/ic-solana/src/system_instruction.rs - system_instruction::transfer_many (line 1149)
[INFO] [stdout]     src/ic-solana/src/system_instruction.rs - system_instruction::transfer_many (line 1205)
[INFO] [stdout] 
[INFO] [stdout] test result: FAILED. 0 passed; 14 failed; 0 ignored; 0 measured; 0 filtered out; finished in 0.19s
[INFO] [stdout] 
[INFO] [stderr] error: doctest failed, to rerun pass `-p ic-solana --doc`
[INFO] running `Command { std: "docker" "inspect" "5cfdc2ba838deb055e88da9aae8bd41fa628e7ca43d3282ec0ba3523e2ac931d", kill_on_drop: false }`
[INFO] running `Command { std: "docker" "rm" "-f" "5cfdc2ba838deb055e88da9aae8bd41fa628e7ca43d3282ec0ba3523e2ac931d", kill_on_drop: false }`
[INFO] [stdout] 5cfdc2ba838deb055e88da9aae8bd41fa628e7ca43d3282ec0ba3523e2ac931d
