[INFO] cloning repository https://github.com/GD-GK/port_open
[INFO] running `Command { std: "git" "-c" "credential.helper=" "-c" "credential.helper=/workspace/cargo-home/bin/git-credential-null" "clone" "--bare" "https://github.com/GD-GK/port_open" "/workspace/cache/git-repos/https%3A%2F%2Fgithub.com%2FGD-GK%2Fport_open", kill_on_drop: false }`
[INFO] [stderr] Cloning into bare repository '/workspace/cache/git-repos/https%3A%2F%2Fgithub.com%2FGD-GK%2Fport_open'...
[INFO] running `Command { std: "git" "rev-parse" "HEAD", kill_on_drop: false }`
[INFO] [stdout] afecce20ffdec5a2ddb8834b4ddbc2b46a1b9042
[INFO] testing GD-GK/port_open against nightly-2025-01-18+rustflags=-Zrandomize-layout for randomize-layout-2
[INFO] running `Command { std: "git" "clone" "/workspace/cache/git-repos/https%3A%2F%2Fgithub.com%2FGD-GK%2Fport_open" "/workspace/builds/worker-3-tc2/source", kill_on_drop: false }`
[INFO] [stderr] Cloning into '/workspace/builds/worker-3-tc2/source'...
[INFO] [stderr] done.
[INFO] validating manifest of git repo https://github.com/GD-GK/port_open on toolchain nightly-2025-01-18
[INFO] running `Command { std: CARGO_HOME="/workspace/cargo-home" RUSTUP_HOME="/workspace/rustup-home" "/workspace/cargo-home/bin/cargo" "+nightly-2025-01-18" "metadata" "--manifest-path" "Cargo.toml" "--no-deps", kill_on_drop: false }`
[INFO] started tweaking git repo https://github.com/GD-GK/port_open
[INFO] finished tweaking git repo https://github.com/GD-GK/port_open
[INFO] tweaked toml for git repo https://github.com/GD-GK/port_open written to /workspace/builds/worker-3-tc2/source/Cargo.toml
[INFO] crate git repo https://github.com/GD-GK/port_open already has a lockfile, it will not be regenerated
[INFO] running `Command { std: CARGO_HOME="/workspace/cargo-home" RUSTUP_HOME="/workspace/rustup-home" "/workspace/cargo-home/bin/cargo" "+nightly-2025-01-18" "fetch" "--manifest-path" "Cargo.toml", kill_on_drop: false }`
[INFO] [stderr] warning: unused manifest key: package.document
[INFO] running `Command { std: "docker" "create" "-v" "/var/lib/crater-agent-workspace/builds/worker-3-tc2/target:/opt/rustwide/target:rw,Z" "-v" "/var/lib/crater-agent-workspace/builds/worker-3-tc2/source:/opt/rustwide/workdir:ro,Z" "-v" "/var/lib/crater-agent-workspace/cargo-home:/opt/rustwide/cargo-home:ro,Z" "-v" "/var/lib/crater-agent-workspace/rustup-home:/opt/rustwide/rustup-home:ro,Z" "-e" "SOURCE_DIR=/opt/rustwide/workdir" "-e" "CARGO_TARGET_DIR=/opt/rustwide/target" "-e" "CARGO_HOME=/opt/rustwide/cargo-home" "-e" "RUSTUP_HOME=/opt/rustwide/rustup-home" "-w" "/opt/rustwide/workdir" "-m" "1610612736" "--user" "0:0" "--network" "none" "ghcr.io/rust-lang/crates-build-env/linux@sha256:819108c5571ea2e421544af4d832f968d213c87fbe3707a016657f43d2f853bc" "/opt/rustwide/cargo-home/bin/cargo" "+nightly-2025-01-18" "metadata" "--no-deps" "--format-version=1", kill_on_drop: false }`
[INFO] [stdout] 645605ff7f0331c10d7cec2685b611bcfa76af12ba6fa1fab4e4f471b9a94d4a
[INFO] running `Command { std: "docker" "start" "-a" "645605ff7f0331c10d7cec2685b611bcfa76af12ba6fa1fab4e4f471b9a94d4a", kill_on_drop: false }`
[INFO] running `Command { std: "docker" "inspect" "645605ff7f0331c10d7cec2685b611bcfa76af12ba6fa1fab4e4f471b9a94d4a", kill_on_drop: false }`
[INFO] running `Command { std: "docker" "rm" "-f" "645605ff7f0331c10d7cec2685b611bcfa76af12ba6fa1fab4e4f471b9a94d4a", kill_on_drop: false }`
[INFO] [stdout] 645605ff7f0331c10d7cec2685b611bcfa76af12ba6fa1fab4e4f471b9a94d4a
[INFO] running `Command { std: "docker" "create" "-v" "/var/lib/crater-agent-workspace/builds/worker-3-tc2/target:/opt/rustwide/target:rw,Z" "-v" "/var/lib/crater-agent-workspace/builds/worker-3-tc2/source:/opt/rustwide/workdir:ro,Z" "-v" "/var/lib/crater-agent-workspace/cargo-home:/opt/rustwide/cargo-home:ro,Z" "-v" "/var/lib/crater-agent-workspace/rustup-home:/opt/rustwide/rustup-home:ro,Z" "-e" "SOURCE_DIR=/opt/rustwide/workdir" "-e" "CARGO_TARGET_DIR=/opt/rustwide/target" "-e" "CARGO_INCREMENTAL=0" "-e" "RUST_BACKTRACE=full" "-e" "RUSTFLAGS=--cap-lints=forbid -Zrandomize-layout" "-e" "RUSTDOCFLAGS=--cap-lints=forbid" "-e" "CARGO_HOME=/opt/rustwide/cargo-home" "-e" "RUSTUP_HOME=/opt/rustwide/rustup-home" "-w" "/opt/rustwide/workdir" "-m" "1610612736" "--user" "0:0" "--network" "none" "ghcr.io/rust-lang/crates-build-env/linux@sha256:819108c5571ea2e421544af4d832f968d213c87fbe3707a016657f43d2f853bc" "/opt/rustwide/cargo-home/bin/cargo" "+nightly-2025-01-18" "build" "--frozen" "--message-format=json", kill_on_drop: false }`
[INFO] [stdout] 98f6ef67d0d609117ea9256388e430c7c9f98067ccf4aa2aa44537d58be40cc8
[INFO] running `Command { std: "docker" "start" "-a" "98f6ef67d0d609117ea9256388e430c7c9f98067ccf4aa2aa44537d58be40cc8", kill_on_drop: false }`
[INFO] [stderr] warning: unused manifest key: package.document
[INFO] [stderr]    Compiling port_open v0.1.0 (/opt/rustwide/workdir)
[INFO] [stderr]     Finished `dev` profile [unoptimized + debuginfo] target(s) in 0.25s
[INFO] running `Command { std: "docker" "inspect" "98f6ef67d0d609117ea9256388e430c7c9f98067ccf4aa2aa44537d58be40cc8", kill_on_drop: false }`
[INFO] running `Command { std: "docker" "rm" "-f" "98f6ef67d0d609117ea9256388e430c7c9f98067ccf4aa2aa44537d58be40cc8", kill_on_drop: false }`
[INFO] [stdout] 98f6ef67d0d609117ea9256388e430c7c9f98067ccf4aa2aa44537d58be40cc8
[INFO] running `Command { std: "docker" "create" "-v" "/var/lib/crater-agent-workspace/builds/worker-3-tc2/target:/opt/rustwide/target:rw,Z" "-v" "/var/lib/crater-agent-workspace/builds/worker-3-tc2/source:/opt/rustwide/workdir:ro,Z" "-v" "/var/lib/crater-agent-workspace/cargo-home:/opt/rustwide/cargo-home:ro,Z" "-v" "/var/lib/crater-agent-workspace/rustup-home:/opt/rustwide/rustup-home:ro,Z" "-e" "SOURCE_DIR=/opt/rustwide/workdir" "-e" "CARGO_TARGET_DIR=/opt/rustwide/target" "-e" "CARGO_INCREMENTAL=0" "-e" "RUST_BACKTRACE=full" "-e" "RUSTFLAGS=--cap-lints=forbid -Zrandomize-layout" "-e" "RUSTDOCFLAGS=--cap-lints=forbid" "-e" "CARGO_HOME=/opt/rustwide/cargo-home" "-e" "RUSTUP_HOME=/opt/rustwide/rustup-home" "-w" "/opt/rustwide/workdir" "-m" "1610612736" "--user" "0:0" "--network" "none" "ghcr.io/rust-lang/crates-build-env/linux@sha256:819108c5571ea2e421544af4d832f968d213c87fbe3707a016657f43d2f853bc" "/opt/rustwide/cargo-home/bin/cargo" "+nightly-2025-01-18" "test" "--frozen" "--no-run" "--message-format=json", kill_on_drop: false }`
[INFO] [stdout] 208588244b0ccbf5cf1a0837000c1a755a6f5e9c8522ece3e56d209326face48
[INFO] running `Command { std: "docker" "start" "-a" "208588244b0ccbf5cf1a0837000c1a755a6f5e9c8522ece3e56d209326face48", kill_on_drop: false }`
[INFO] [stderr] warning: unused manifest key: package.document
[INFO] [stderr]    Compiling port_open v0.1.0 (/opt/rustwide/workdir)
[INFO] [stderr]     Finished `test` profile [unoptimized + debuginfo] target(s) in 0.31s
[INFO] running `Command { std: "docker" "inspect" "208588244b0ccbf5cf1a0837000c1a755a6f5e9c8522ece3e56d209326face48", kill_on_drop: false }`
[INFO] running `Command { std: "docker" "rm" "-f" "208588244b0ccbf5cf1a0837000c1a755a6f5e9c8522ece3e56d209326face48", kill_on_drop: false }`
[INFO] [stdout] 208588244b0ccbf5cf1a0837000c1a755a6f5e9c8522ece3e56d209326face48
[INFO] running `Command { std: "docker" "create" "-v" "/var/lib/crater-agent-workspace/builds/worker-3-tc2/target:/opt/rustwide/target:rw,Z" "-v" "/var/lib/crater-agent-workspace/builds/worker-3-tc2/source:/opt/rustwide/workdir:ro,Z" "-v" "/var/lib/crater-agent-workspace/cargo-home:/opt/rustwide/cargo-home:ro,Z" "-v" "/var/lib/crater-agent-workspace/rustup-home:/opt/rustwide/rustup-home:ro,Z" "-e" "SOURCE_DIR=/opt/rustwide/workdir" "-e" "CARGO_TARGET_DIR=/opt/rustwide/target" "-e" "CARGO_INCREMENTAL=0" "-e" "RUST_BACKTRACE=full" "-e" "RUSTFLAGS=--cap-lints=forbid -Zrandomize-layout" "-e" "RUSTDOCFLAGS=--cap-lints=forbid" "-e" "CARGO_HOME=/opt/rustwide/cargo-home" "-e" "RUSTUP_HOME=/opt/rustwide/rustup-home" "-w" "/opt/rustwide/workdir" "-m" "1610612736" "--user" "0:0" "--network" "none" "ghcr.io/rust-lang/crates-build-env/linux@sha256:819108c5571ea2e421544af4d832f968d213c87fbe3707a016657f43d2f853bc" "/opt/rustwide/cargo-home/bin/cargo" "+nightly-2025-01-18" "test" "--frozen", kill_on_drop: false }`
[INFO] [stdout] aec66af4b91ffd655aa98020856addb3cdb6411c7169f5bd391e61c91d76ecb4
[INFO] running `Command { std: "docker" "start" "-a" "aec66af4b91ffd655aa98020856addb3cdb6411c7169f5bd391e61c91d76ecb4", kill_on_drop: false }`
[INFO] [stderr] warning: unused manifest key: package.document
[INFO] [stderr]     Finished `test` profile [unoptimized + debuginfo] target(s) in 0.01s
[INFO] [stderr]      Running unittests src/lib.rs (/opt/rustwide/target/debug/deps/port_open-57d894c2e3f2cf38)
[INFO] [stdout] 
[INFO] [stdout] running 1 test
[INFO] [stdout] test test::ip ... ok
[INFO] [stdout] 
[INFO] [stdout] test result: ok. 1 passed; 0 failed; 0 ignored; 0 measured; 0 filtered out; finished in 0.00s
[INFO] [stdout] 
[INFO] [stderr]      Running unittests src/main.rs (/opt/rustwide/target/debug/deps/port_open-b5d79af128fdfc95)
[INFO] [stdout] 
[INFO] [stdout] running 0 tests
[INFO] [stdout] 
[INFO] [stdout] test result: ok. 0 passed; 0 failed; 0 ignored; 0 measured; 0 filtered out; finished in 0.00s
[INFO] [stdout] 
[INFO] [stderr]    Doc-tests port_open
[INFO] [stdout] 
[INFO] [stdout] running 1 test
[INFO] [stdout] test src/lib.rs - get_port_isopen (line 17) ... FAILED
[INFO] [stdout] 
[INFO] [stdout] failures:
[INFO] [stdout] 
[INFO] [stdout] ---- src/lib.rs - get_port_isopen (line 17) stdout ----
[INFO] [stdout] error[E0425]: cannot find value `res` in this scope
[INFO] [stdout]  --> src/lib.rs:23:25
[INFO] [stdout]   |
[INFO] [stdout] 8 |        println!("{:?}", res);
[INFO] [stdout]   |                         ^^^ not found in this scope
[INFO] [stdout] 
[INFO] [stdout] error: aborting due to 1 previous error
[INFO] [stdout] 
[INFO] [stdout] For more information about this error, try `rustc --explain E0425`.
[INFO] [stdout] Couldn't compile the test.
[INFO] [stdout] 
[INFO] [stdout] failures:
[INFO] [stdout]     src/lib.rs - get_port_isopen (line 17)
[INFO] [stdout] 
[INFO] [stdout] test result: FAILED. 0 passed; 1 failed; 0 ignored; 0 measured; 0 filtered out; finished in 0.06s
[INFO] [stdout] 
[INFO] [stderr] error: doctest failed, to rerun pass `--doc`
[INFO] running `Command { std: "docker" "inspect" "aec66af4b91ffd655aa98020856addb3cdb6411c7169f5bd391e61c91d76ecb4", kill_on_drop: false }`
[INFO] running `Command { std: "docker" "rm" "-f" "aec66af4b91ffd655aa98020856addb3cdb6411c7169f5bd391e61c91d76ecb4", kill_on_drop: false }`
[INFO] [stdout] aec66af4b91ffd655aa98020856addb3cdb6411c7169f5bd391e61c91d76ecb4
