[INFO] cloning repository https://github.com/FronzenStringFinalProject/quiz-conv
[INFO] running `Command { std: "git" "-c" "credential.helper=" "-c" "credential.helper=/workspace/cargo-home/bin/git-credential-null" "clone" "--bare" "https://github.com/FronzenStringFinalProject/quiz-conv" "/workspace/cache/git-repos/https%3A%2F%2Fgithub.com%2FFronzenStringFinalProject%2Fquiz-conv", kill_on_drop: false }`
[INFO] [stderr] Cloning into bare repository '/workspace/cache/git-repos/https%3A%2F%2Fgithub.com%2FFronzenStringFinalProject%2Fquiz-conv'...
[INFO] running `Command { std: "git" "rev-parse" "HEAD", kill_on_drop: false }`
[INFO] [stdout] 12497ad248a96d48295b1feb4f4f1267f20fd550
[INFO] testing FronzenStringFinalProject/quiz-conv against nightly-2025-01-18 for randomize-layout-2
[INFO] running `Command { std: "git" "clone" "/workspace/cache/git-repos/https%3A%2F%2Fgithub.com%2FFronzenStringFinalProject%2Fquiz-conv" "/workspace/builds/worker-1-tc1/source", kill_on_drop: false }`
[INFO] [stderr] Cloning into '/workspace/builds/worker-1-tc1/source'...
[INFO] [stderr] done.
[INFO] validating manifest of git repo https://github.com/FronzenStringFinalProject/quiz-conv on toolchain nightly-2025-01-18
[INFO] running `Command { std: CARGO_HOME="/workspace/cargo-home" RUSTUP_HOME="/workspace/rustup-home" "/workspace/cargo-home/bin/cargo" "+nightly-2025-01-18" "metadata" "--manifest-path" "Cargo.toml" "--no-deps", kill_on_drop: false }`
[INFO] started tweaking git repo https://github.com/FronzenStringFinalProject/quiz-conv
[INFO] finished tweaking git repo https://github.com/FronzenStringFinalProject/quiz-conv
[INFO] tweaked toml for git repo https://github.com/FronzenStringFinalProject/quiz-conv written to /workspace/builds/worker-1-tc1/source/Cargo.toml
[INFO] crate git repo https://github.com/FronzenStringFinalProject/quiz-conv already has a lockfile, it will not be regenerated
[INFO] running `Command { std: CARGO_HOME="/workspace/cargo-home" RUSTUP_HOME="/workspace/rustup-home" "/workspace/cargo-home/bin/cargo" "+nightly-2025-01-18" "fetch" "--manifest-path" "Cargo.toml", kill_on_drop: false }`
[INFO] [stderr]  Downloading crates ...
[INFO] [stderr]   Downloaded pest v2.7.6
[INFO] [stderr]   Downloaded anstyle v1.0.5
[INFO] [stderr]   Downloaded pest_generator v2.7.6
[INFO] [stderr]   Downloaded clap v4.4.18
[INFO] [stderr]   Downloaded pest_derive v2.7.6
[INFO] [stderr]   Downloaded pest_meta v2.7.6
[INFO] [stderr]   Downloaded clap_builder v4.4.18
[INFO] running `Command { std: "docker" "create" "-v" "/var/lib/crater-agent-workspace/builds/worker-1-tc1/target:/opt/rustwide/target:rw,Z" "-v" "/var/lib/crater-agent-workspace/builds/worker-1-tc1/source:/opt/rustwide/workdir:ro,Z" "-v" "/var/lib/crater-agent-workspace/cargo-home:/opt/rustwide/cargo-home:ro,Z" "-v" "/var/lib/crater-agent-workspace/rustup-home:/opt/rustwide/rustup-home:ro,Z" "-e" "SOURCE_DIR=/opt/rustwide/workdir" "-e" "CARGO_TARGET_DIR=/opt/rustwide/target" "-e" "CARGO_HOME=/opt/rustwide/cargo-home" "-e" "RUSTUP_HOME=/opt/rustwide/rustup-home" "-w" "/opt/rustwide/workdir" "-m" "1610612736" "--user" "0:0" "--network" "none" "ghcr.io/rust-lang/crates-build-env/linux@sha256:819108c5571ea2e421544af4d832f968d213c87fbe3707a016657f43d2f853bc" "/opt/rustwide/cargo-home/bin/cargo" "+nightly-2025-01-18" "metadata" "--no-deps" "--format-version=1", kill_on_drop: false }`
[INFO] [stdout] ab7cb301649c7e71754b4e1b42376f80875a6c9d275e786da0491fd72a5129f2
[INFO] running `Command { std: "docker" "start" "-a" "ab7cb301649c7e71754b4e1b42376f80875a6c9d275e786da0491fd72a5129f2", kill_on_drop: false }`
[INFO] running `Command { std: "docker" "inspect" "ab7cb301649c7e71754b4e1b42376f80875a6c9d275e786da0491fd72a5129f2", kill_on_drop: false }`
[INFO] running `Command { std: "docker" "rm" "-f" "ab7cb301649c7e71754b4e1b42376f80875a6c9d275e786da0491fd72a5129f2", kill_on_drop: false }`
[INFO] [stdout] ab7cb301649c7e71754b4e1b42376f80875a6c9d275e786da0491fd72a5129f2
[INFO] running `Command { std: "docker" "create" "-v" "/var/lib/crater-agent-workspace/builds/worker-1-tc1/target:/opt/rustwide/target:rw,Z" "-v" "/var/lib/crater-agent-workspace/builds/worker-1-tc1/source:/opt/rustwide/workdir:ro,Z" "-v" "/var/lib/crater-agent-workspace/cargo-home:/opt/rustwide/cargo-home:ro,Z" "-v" "/var/lib/crater-agent-workspace/rustup-home:/opt/rustwide/rustup-home:ro,Z" "-e" "SOURCE_DIR=/opt/rustwide/workdir" "-e" "CARGO_TARGET_DIR=/opt/rustwide/target" "-e" "CARGO_INCREMENTAL=0" "-e" "RUST_BACKTRACE=full" "-e" "RUSTFLAGS=--cap-lints=forbid" "-e" "RUSTDOCFLAGS=--cap-lints=forbid" "-e" "CARGO_HOME=/opt/rustwide/cargo-home" "-e" "RUSTUP_HOME=/opt/rustwide/rustup-home" "-w" "/opt/rustwide/workdir" "-m" "1610612736" "--user" "0:0" "--network" "none" "ghcr.io/rust-lang/crates-build-env/linux@sha256:819108c5571ea2e421544af4d832f968d213c87fbe3707a016657f43d2f853bc" "/opt/rustwide/cargo-home/bin/cargo" "+nightly-2025-01-18" "build" "--frozen" "--message-format=json", kill_on_drop: false }`
[INFO] [stdout] 1e091790b04a2889f28a95f8152c6f28d4eaaf4c81ee4fe3a6967c59474e557c
[INFO] running `Command { std: "docker" "start" "-a" "1e091790b04a2889f28a95f8152c6f28d4eaaf4c81ee4fe3a6967c59474e557c", kill_on_drop: false }`
[INFO] [stderr]    Compiling proc-macro2 v1.0.78
[INFO] [stderr]    Compiling thiserror v1.0.56
[INFO] [stderr]    Compiling memchr v2.7.1
[INFO] [stderr]    Compiling utf8parse v0.2.1
[INFO] [stderr]    Compiling ucd-trie v0.1.6
[INFO] [stderr]    Compiling anstyle-query v1.0.2
[INFO] [stderr]    Compiling colorchoice v1.0.0
[INFO] [stderr]    Compiling once_cell v1.19.0
[INFO] [stderr]    Compiling anstyle v1.0.5
[INFO] [stderr]    Compiling heck v0.4.1
[INFO] [stderr]    Compiling anstyle-parse v0.2.3
[INFO] [stderr]    Compiling serde v1.0.196
[INFO] [stderr]    Compiling anstream v0.6.11
[INFO] [stderr]    Compiling clap_lex v0.6.0
[INFO] [stderr]    Compiling clap_builder v4.4.18
[INFO] [stderr]    Compiling quote v1.0.35
[INFO] [stderr]    Compiling syn v2.0.48
[INFO] [stderr]    Compiling thiserror-impl v1.0.56
[INFO] [stderr]    Compiling clap_derive v4.4.7
[INFO] [stderr]    Compiling pest v2.7.6
[INFO] [stderr]    Compiling clap v4.4.18
[INFO] [stderr]    Compiling pest_meta v2.7.6
[INFO] [stderr]    Compiling pest_generator v2.7.6
[INFO] [stderr]    Compiling pest_derive v2.7.6
[INFO] [stderr]    Compiling quiz-conv v0.1.0 (/opt/rustwide/workdir)
[INFO] [stdout] warning: unused import: `std::io::BufReader`
[INFO] [stdout]  --> src/quiz_grammer.rs:2:5
[INFO] [stdout]   |
[INFO] [stdout] 2 | use std::io::BufReader;
[INFO] [stdout]   |     ^^^^^^^^^^^^^^^^^^
[INFO] [stdout]   |
[INFO] [stdout]   = note: `#[warn(unused_imports)]` on by default
[INFO] [stdout] 
[INFO] [stdout] 
[INFO] [stdout] warning: unused variable: `r`
[INFO] [stdout]   --> src/quiz_grammer.rs:25:21
[INFO] [stdout]    |
[INFO] [stdout] 25 |             let (l, r, o) = if l1.as_rule() == Rule::L1_calculate {
[INFO] [stdout]    |                     ^ help: if this is intentional, prefix it with an underscore: `_r`
[INFO] [stdout]    |
[INFO] [stdout]    = note: `#[warn(unused_variables)]` on by default
[INFO] [stdout] 
[INFO] [stdout] 
[INFO] [stdout] warning: unused variable: `o`
[INFO] [stdout]   --> src/quiz_grammer.rs:25:24
[INFO] [stdout]    |
[INFO] [stdout] 25 |             let (l, r, o) = if l1.as_rule() == Rule::L1_calculate {
[INFO] [stdout]    |                        ^ help: if this is intentional, prefix it with an underscore: `_o`
[INFO] [stdout] 
[INFO] [stdout] 
[INFO] [stdout] warning: variable does not need to be mutable
[INFO] [stdout]   --> src/quiz_grammer.rs:14:13
[INFO] [stdout]    |
[INFO] [stdout] 14 |         let mut result = HashMap::new();
[INFO] [stdout]    |             ----^^^^^^
[INFO] [stdout]    |             |
[INFO] [stdout]    |             help: remove this `mut`
[INFO] [stdout]    |
[INFO] [stdout]    = note: `#[warn(unused_mut)]` on by default
[INFO] [stdout] 
[INFO] [stdout] 
[INFO] [stdout] warning: type `L1` is more private than the item `Quiz::expr`
[INFO] [stdout]   --> src/quiz_structure.rs:4:5
[INFO] [stdout]    |
[INFO] [stdout] 4  |     pub expr:L1,
[INFO] [stdout]    |     ^^^^^^^^^^^ field `Quiz::expr` is reachable at visibility `pub(crate)`
[INFO] [stdout]    |
[INFO] [stdout] note: but type `L1` is only usable at visibility `pub(self)`
[INFO] [stdout]   --> src/quiz_structure.rs:13:1
[INFO] [stdout]    |
[INFO] [stdout] 13 | struct L1{
[INFO] [stdout]    | ^^^^^^^^^
[INFO] [stdout]    = note: `#[warn(private_interfaces)]` on by default
[INFO] [stdout] 
[INFO] [stdout] 
[INFO] [stdout] warning: type `L1` is more private than the item `L1Arm::L1::0`
[INFO] [stdout]   --> src/quiz_structure.rs:21:8
[INFO] [stdout]    |
[INFO] [stdout] 21 |     L1(Box<L1>),
[INFO] [stdout]    |        ^^^^^^^ field `L1Arm::L1::0` is reachable at visibility `pub(crate)`
[INFO] [stdout]    |
[INFO] [stdout] note: but type `L1` is only usable at visibility `pub(self)`
[INFO] [stdout]   --> src/quiz_structure.rs:13:1
[INFO] [stdout]    |
[INFO] [stdout] 13 | struct L1{
[INFO] [stdout]    | ^^^^^^^^^
[INFO] [stdout] 
[INFO] [stdout] 
[INFO] [stdout] warning: struct `QuizParser` is never constructed
[INFO] [stdout]   --> src/quiz_grammer.rs:10:12
[INFO] [stdout]    |
[INFO] [stdout] 10 | pub struct QuizParser;
[INFO] [stdout]    |            ^^^^^^^^^^
[INFO] [stdout]    |
[INFO] [stdout]    = note: `#[warn(dead_code)]` on by default
[INFO] [stdout] 
[INFO] [stdout] 
[INFO] [stdout] warning: associated functions `load_quiz` and `handle_l1` are never used
[INFO] [stdout]   --> src/quiz_grammer.rs:13:12
[INFO] [stdout]    |
[INFO] [stdout] 12 | impl QuizParser {
[INFO] [stdout]    | --------------- associated functions in this implementation
[INFO] [stdout] 13 |     pub fn load_quiz(input: &str) -> Result<HashMap<String, Vec<Quiz>>, pest::error::Error<Rule>> {
[INFO] [stdout]    |            ^^^^^^^^^
[INFO] [stdout] ...
[INFO] [stdout] 43 |     fn handle_l1(l1:Pair<Rule>)->(Pair<Rule>,Pair<Rule>,L1Ops){
[INFO] [stdout]    |        ^^^^^^^^^
[INFO] [stdout] 
[INFO] [stdout] 
[INFO] [stdout] warning: struct `Quiz` is never constructed
[INFO] [stdout]  --> src/quiz_structure.rs:3:12
[INFO] [stdout]   |
[INFO] [stdout] 3 | pub struct Quiz{
[INFO] [stdout]   |            ^^^^
[INFO] [stdout]   |
[INFO] [stdout]   = note: `Quiz` has a derived impl for the trait `Debug`, but this is intentionally ignored during dead code analysis
[INFO] [stdout] 
[INFO] [stdout] 
[INFO] [stdout] warning: enum `L1Ops` is never used
[INFO] [stdout]  --> src/quiz_structure.rs:8:10
[INFO] [stdout]   |
[INFO] [stdout] 8 | pub enum L1Ops{
[INFO] [stdout]   |          ^^^^^
[INFO] [stdout]   |
[INFO] [stdout]   = note: `L1Ops` has a derived impl for the trait `Debug`, but this is intentionally ignored during dead code analysis
[INFO] [stdout] 
[INFO] [stdout] 
[INFO] [stdout] warning: struct `L1` is never constructed
[INFO] [stdout]   --> src/quiz_structure.rs:13:8
[INFO] [stdout]    |
[INFO] [stdout] 13 | struct L1{
[INFO] [stdout]    |        ^^
[INFO] [stdout] 
[INFO] [stdout] 
[INFO] [stdout] warning: enum `L1Arm` is never used
[INFO] [stdout]   --> src/quiz_structure.rs:19:10
[INFO] [stdout]    |
[INFO] [stdout] 19 | pub enum L1Arm{
[INFO] [stdout]    |          ^^^^^
[INFO] [stdout]    |
[INFO] [stdout]    = note: `L1Arm` has a derived impl for the trait `Debug`, but this is intentionally ignored during dead code analysis
[INFO] [stdout] 
[INFO] [stdout] 
[INFO] [stdout] warning: enum `L2Ops` is never used
[INFO] [stdout]   --> src/quiz_structure.rs:25:10
[INFO] [stdout]    |
[INFO] [stdout] 25 | pub enum L2Ops{
[INFO] [stdout]    |          ^^^^^
[INFO] [stdout]    |
[INFO] [stdout]    = note: `L2Ops` has a derived impl for the trait `Debug`, but this is intentionally ignored during dead code analysis
[INFO] [stdout] 
[INFO] [stdout] 
[INFO] [stdout] warning: enum `L2Arm` is never used
[INFO] [stdout]   --> src/quiz_structure.rs:30:10
[INFO] [stdout]    |
[INFO] [stdout] 30 | pub enum L2Arm{
[INFO] [stdout]    |          ^^^^^
[INFO] [stdout]    |
[INFO] [stdout]    = note: `L2Arm` has a derived impl for the trait `Debug`, but this is intentionally ignored during dead code analysis
[INFO] [stdout] 
[INFO] [stdout] 
[INFO] [stdout] warning: struct `L2` is never constructed
[INFO] [stdout]   --> src/quiz_structure.rs:36:12
[INFO] [stdout]    |
[INFO] [stdout] 36 | pub struct L2{
[INFO] [stdout]    |            ^^
[INFO] [stdout]    |
[INFO] [stdout]    = note: `L2` has a derived impl for the trait `Debug`, but this is intentionally ignored during dead code analysis
[INFO] [stdout] 
[INFO] [stdout] 
[INFO] [stderr]     Finished `dev` profile [unoptimized + debuginfo] target(s) in 25.97s
[INFO] running `Command { std: "docker" "inspect" "1e091790b04a2889f28a95f8152c6f28d4eaaf4c81ee4fe3a6967c59474e557c", kill_on_drop: false }`
[INFO] running `Command { std: "docker" "rm" "-f" "1e091790b04a2889f28a95f8152c6f28d4eaaf4c81ee4fe3a6967c59474e557c", kill_on_drop: false }`
[INFO] [stdout] 1e091790b04a2889f28a95f8152c6f28d4eaaf4c81ee4fe3a6967c59474e557c
[INFO] running `Command { std: "docker" "create" "-v" "/var/lib/crater-agent-workspace/builds/worker-1-tc1/target:/opt/rustwide/target:rw,Z" "-v" "/var/lib/crater-agent-workspace/builds/worker-1-tc1/source:/opt/rustwide/workdir:ro,Z" "-v" "/var/lib/crater-agent-workspace/cargo-home:/opt/rustwide/cargo-home:ro,Z" "-v" "/var/lib/crater-agent-workspace/rustup-home:/opt/rustwide/rustup-home:ro,Z" "-e" "SOURCE_DIR=/opt/rustwide/workdir" "-e" "CARGO_TARGET_DIR=/opt/rustwide/target" "-e" "CARGO_INCREMENTAL=0" "-e" "RUST_BACKTRACE=full" "-e" "RUSTFLAGS=--cap-lints=forbid" "-e" "RUSTDOCFLAGS=--cap-lints=forbid" "-e" "CARGO_HOME=/opt/rustwide/cargo-home" "-e" "RUSTUP_HOME=/opt/rustwide/rustup-home" "-w" "/opt/rustwide/workdir" "-m" "1610612736" "--user" "0:0" "--network" "none" "ghcr.io/rust-lang/crates-build-env/linux@sha256:819108c5571ea2e421544af4d832f968d213c87fbe3707a016657f43d2f853bc" "/opt/rustwide/cargo-home/bin/cargo" "+nightly-2025-01-18" "test" "--frozen" "--no-run" "--message-format=json", kill_on_drop: false }`
[INFO] [stdout] 1e530c9d50f09df8963aa0a07db78f334f01678197e77d2266bcdce90195e2f8
[INFO] running `Command { std: "docker" "start" "-a" "1e530c9d50f09df8963aa0a07db78f334f01678197e77d2266bcdce90195e2f8", kill_on_drop: false }`
[INFO] [stderr]    Compiling quiz-conv v0.1.0 (/opt/rustwide/workdir)
[INFO] [stdout] warning: unused import: `std::io::BufReader`
[INFO] [stdout]  --> src/quiz_grammer.rs:2:5
[INFO] [stdout]   |
[INFO] [stdout] 2 | use std::io::BufReader;
[INFO] [stdout]   |     ^^^^^^^^^^^^^^^^^^
[INFO] [stdout]   |
[INFO] [stdout]   = note: `#[warn(unused_imports)]` on by default
[INFO] [stdout] 
[INFO] [stdout] 
[INFO] [stdout] warning: unused variable: `r`
[INFO] [stdout]   --> src/quiz_grammer.rs:25:21
[INFO] [stdout]    |
[INFO] [stdout] 25 |             let (l, r, o) = if l1.as_rule() == Rule::L1_calculate {
[INFO] [stdout]    |                     ^ help: if this is intentional, prefix it with an underscore: `_r`
[INFO] [stdout]    |
[INFO] [stdout]    = note: `#[warn(unused_variables)]` on by default
[INFO] [stdout] 
[INFO] [stdout] 
[INFO] [stdout] warning: unused variable: `o`
[INFO] [stdout]   --> src/quiz_grammer.rs:25:24
[INFO] [stdout]    |
[INFO] [stdout] 25 |             let (l, r, o) = if l1.as_rule() == Rule::L1_calculate {
[INFO] [stdout]    |                        ^ help: if this is intentional, prefix it with an underscore: `_o`
[INFO] [stdout] 
[INFO] [stdout] 
[INFO] [stdout] warning: variable does not need to be mutable
[INFO] [stdout]   --> src/quiz_grammer.rs:14:13
[INFO] [stdout]    |
[INFO] [stdout] 14 |         let mut result = HashMap::new();
[INFO] [stdout]    |             ----^^^^^^
[INFO] [stdout]    |             |
[INFO] [stdout]    |             help: remove this `mut`
[INFO] [stdout]    |
[INFO] [stdout]    = note: `#[warn(unused_mut)]` on by default
[INFO] [stdout] 
[INFO] [stdout] 
[INFO] [stdout] warning: type `L1` is more private than the item `Quiz::expr`
[INFO] [stdout]   --> src/quiz_structure.rs:4:5
[INFO] [stdout]    |
[INFO] [stdout] 4  |     pub expr:L1,
[INFO] [stdout]    |     ^^^^^^^^^^^ field `Quiz::expr` is reachable at visibility `pub(crate)`
[INFO] [stdout]    |
[INFO] [stdout] note: but type `L1` is only usable at visibility `pub(self)`
[INFO] [stdout]   --> src/quiz_structure.rs:13:1
[INFO] [stdout]    |
[INFO] [stdout] 13 | struct L1{
[INFO] [stdout]    | ^^^^^^^^^
[INFO] [stdout]    = note: `#[warn(private_interfaces)]` on by default
[INFO] [stdout] 
[INFO] [stdout] 
[INFO] [stdout] warning: type `L1` is more private than the item `L1Arm::L1::0`
[INFO] [stdout]   --> src/quiz_structure.rs:21:8
[INFO] [stdout]    |
[INFO] [stdout] 21 |     L1(Box<L1>),
[INFO] [stdout]    |        ^^^^^^^ field `L1Arm::L1::0` is reachable at visibility `pub(crate)`
[INFO] [stdout]    |
[INFO] [stdout] note: but type `L1` is only usable at visibility `pub(self)`
[INFO] [stdout]   --> src/quiz_structure.rs:13:1
[INFO] [stdout]    |
[INFO] [stdout] 13 | struct L1{
[INFO] [stdout]    | ^^^^^^^^^
[INFO] [stdout] 
[INFO] [stdout] 
[INFO] [stdout] warning: struct `QuizParser` is never constructed
[INFO] [stdout]   --> src/quiz_grammer.rs:10:12
[INFO] [stdout]    |
[INFO] [stdout] 10 | pub struct QuizParser;
[INFO] [stdout]    |            ^^^^^^^^^^
[INFO] [stdout]    |
[INFO] [stdout]    = note: `#[warn(dead_code)]` on by default
[INFO] [stdout] 
[INFO] [stdout] 
[INFO] [stdout] warning: associated functions `load_quiz` and `handle_l1` are never used
[INFO] [stdout]   --> src/quiz_grammer.rs:13:12
[INFO] [stdout]    |
[INFO] [stdout] 12 | impl QuizParser {
[INFO] [stdout]    | --------------- associated functions in this implementation
[INFO] [stdout] 13 |     pub fn load_quiz(input: &str) -> Result<HashMap<String, Vec<Quiz>>, pest::error::Error<Rule>> {
[INFO] [stdout]    |            ^^^^^^^^^
[INFO] [stdout] ...
[INFO] [stdout] 43 |     fn handle_l1(l1:Pair<Rule>)->(Pair<Rule>,Pair<Rule>,L1Ops){
[INFO] [stdout]    |        ^^^^^^^^^
[INFO] [stdout] 
[INFO] [stdout] 
[INFO] [stdout] warning: struct `Quiz` is never constructed
[INFO] [stdout]  --> src/quiz_structure.rs:3:12
[INFO] [stdout]   |
[INFO] [stdout] 3 | pub struct Quiz{
[INFO] [stdout]   |            ^^^^
[INFO] [stdout]   |
[INFO] [stdout]   = note: `Quiz` has a derived impl for the trait `Debug`, but this is intentionally ignored during dead code analysis
[INFO] [stdout] 
[INFO] [stdout] 
[INFO] [stdout] warning: enum `L1Ops` is never used
[INFO] [stdout]  --> src/quiz_structure.rs:8:10
[INFO] [stdout]   |
[INFO] [stdout] 8 | pub enum L1Ops{
[INFO] [stdout]   |          ^^^^^
[INFO] [stdout]   |
[INFO] [stdout]   = note: `L1Ops` has a derived impl for the trait `Debug`, but this is intentionally ignored during dead code analysis
[INFO] [stdout] 
[INFO] [stdout] 
[INFO] [stdout] warning: struct `L1` is never constructed
[INFO] [stdout]   --> src/quiz_structure.rs:13:8
[INFO] [stdout]    |
[INFO] [stdout] 13 | struct L1{
[INFO] [stdout]    |        ^^
[INFO] [stdout] 
[INFO] [stdout] 
[INFO] [stdout] warning: enum `L1Arm` is never used
[INFO] [stdout]   --> src/quiz_structure.rs:19:10
[INFO] [stdout]    |
[INFO] [stdout] 19 | pub enum L1Arm{
[INFO] [stdout]    |          ^^^^^
[INFO] [stdout]    |
[INFO] [stdout]    = note: `L1Arm` has a derived impl for the trait `Debug`, but this is intentionally ignored during dead code analysis
[INFO] [stdout] 
[INFO] [stdout] 
[INFO] [stdout] warning: enum `L2Ops` is never used
[INFO] [stdout]   --> src/quiz_structure.rs:25:10
[INFO] [stdout]    |
[INFO] [stdout] 25 | pub enum L2Ops{
[INFO] [stdout]    |          ^^^^^
[INFO] [stdout]    |
[INFO] [stdout]    = note: `L2Ops` has a derived impl for the trait `Debug`, but this is intentionally ignored during dead code analysis
[INFO] [stdout] 
[INFO] [stdout] 
[INFO] [stdout] warning: enum `L2Arm` is never used
[INFO] [stdout]   --> src/quiz_structure.rs:30:10
[INFO] [stdout]    |
[INFO] [stdout] 30 | pub enum L2Arm{
[INFO] [stdout]    |          ^^^^^
[INFO] [stdout]    |
[INFO] [stdout]    = note: `L2Arm` has a derived impl for the trait `Debug`, but this is intentionally ignored during dead code analysis
[INFO] [stdout] 
[INFO] [stdout] 
[INFO] [stdout] warning: struct `L2` is never constructed
[INFO] [stdout]   --> src/quiz_structure.rs:36:12
[INFO] [stdout]    |
[INFO] [stdout] 36 | pub struct L2{
[INFO] [stdout]    |            ^^
[INFO] [stdout]    |
[INFO] [stdout]    = note: `L2` has a derived impl for the trait `Debug`, but this is intentionally ignored during dead code analysis
[INFO] [stdout] 
[INFO] [stdout] 
[INFO] [stdout] warning: unused import: `std::io::BufReader`
[INFO] [stdout]  --> src/quiz_grammer.rs:2:5
[INFO] [stdout]   |
[INFO] [stdout] 2 | use std::io::BufReader;
[INFO] [stdout]   |     ^^^^^^^^^^^^^^^^^^
[INFO] [stdout]   |
[INFO] [stdout]   = note: `#[warn(unused_imports)]` on by default
[INFO] [stdout] 
[INFO] [stdout] 
[INFO] [stdout] warning: unused variable: `r`
[INFO] [stdout]   --> src/quiz_grammer.rs:25:21
[INFO] [stdout]    |
[INFO] [stdout] 25 |             let (l, r, o) = if l1.as_rule() == Rule::L1_calculate {
[INFO] [stdout]    |                     ^ help: if this is intentional, prefix it with an underscore: `_r`
[INFO] [stdout]    |
[INFO] [stdout]    = note: `#[warn(unused_variables)]` on by default
[INFO] [stdout] 
[INFO] [stdout] 
[INFO] [stdout] warning: unused variable: `o`
[INFO] [stdout]   --> src/quiz_grammer.rs:25:24
[INFO] [stdout]    |
[INFO] [stdout] 25 |             let (l, r, o) = if l1.as_rule() == Rule::L1_calculate {
[INFO] [stdout]    |                        ^ help: if this is intentional, prefix it with an underscore: `_o`
[INFO] [stdout] 
[INFO] [stdout] 
[INFO] [stdout] warning: variable does not need to be mutable
[INFO] [stdout]   --> src/quiz_grammer.rs:14:13
[INFO] [stdout]    |
[INFO] [stdout] 14 |         let mut result = HashMap::new();
[INFO] [stdout]    |             ----^^^^^^
[INFO] [stdout]    |             |
[INFO] [stdout]    |             help: remove this `mut`
[INFO] [stdout]    |
[INFO] [stdout]    = note: `#[warn(unused_mut)]` on by default
[INFO] [stdout] 
[INFO] [stdout] 
[INFO] [stdout] warning: type `L1` is more private than the item `Quiz::expr`
[INFO] [stdout]   --> src/quiz_structure.rs:4:5
[INFO] [stdout]    |
[INFO] [stdout] 4  |     pub expr:L1,
[INFO] [stdout]    |     ^^^^^^^^^^^ field `Quiz::expr` is reachable at visibility `pub(crate)`
[INFO] [stdout]    |
[INFO] [stdout] note: but type `L1` is only usable at visibility `pub(self)`
[INFO] [stdout]   --> src/quiz_structure.rs:13:1
[INFO] [stdout]    |
[INFO] [stdout] 13 | struct L1{
[INFO] [stdout]    | ^^^^^^^^^
[INFO] [stdout]    = note: `#[warn(private_interfaces)]` on by default
[INFO] [stdout] 
[INFO] [stdout] 
[INFO] [stdout] warning: type `L1` is more private than the item `L1Arm::L1::0`
[INFO] [stdout]   --> src/quiz_structure.rs:21:8
[INFO] [stdout]    |
[INFO] [stdout] 21 |     L1(Box<L1>),
[INFO] [stdout]    |        ^^^^^^^ field `L1Arm::L1::0` is reachable at visibility `pub(crate)`
[INFO] [stdout]    |
[INFO] [stdout] note: but type `L1` is only usable at visibility `pub(self)`
[INFO] [stdout]   --> src/quiz_structure.rs:13:1
[INFO] [stdout]    |
[INFO] [stdout] 13 | struct L1{
[INFO] [stdout]    | ^^^^^^^^^
[INFO] [stdout] 
[INFO] [stdout] 
[INFO] [stdout] warning: fields `expr` and `answer` are never read
[INFO] [stdout]  --> src/quiz_structure.rs:4:9
[INFO] [stdout]   |
[INFO] [stdout] 3 | pub struct Quiz{
[INFO] [stdout]   |            ---- fields in this struct
[INFO] [stdout] 4 |     pub expr:L1,
[INFO] [stdout]   |         ^^^^
[INFO] [stdout] 5 |     pub answer:i16
[INFO] [stdout]   |         ^^^^^^
[INFO] [stdout]   |
[INFO] [stdout]   = note: `Quiz` has a derived impl for the trait `Debug`, but this is intentionally ignored during dead code analysis
[INFO] [stdout]   = note: `#[warn(dead_code)]` on by default
[INFO] [stdout] 
[INFO] [stdout] 
[INFO] [stdout] warning: fields `op`, `left`, and `right` are never read
[INFO] [stdout]   --> src/quiz_structure.rs:14:9
[INFO] [stdout]    |
[INFO] [stdout] 13 | struct L1{
[INFO] [stdout]    |        -- fields in this struct
[INFO] [stdout] 14 |     pub op:L1Ops,
[INFO] [stdout]    |         ^^
[INFO] [stdout] 15 |     pub   left:L1Arm,
[INFO] [stdout]    |           ^^^^
[INFO] [stdout] 16 |     pub  right:L1Arm
[INFO] [stdout]    |          ^^^^^
[INFO] [stdout]    |
[INFO] [stdout]    = note: `L1` has a derived impl for the trait `Debug`, but this is intentionally ignored during dead code analysis
[INFO] [stdout] 
[INFO] [stdout] 
[INFO] [stdout] warning: variants `Num`, `L1`, and `L2` are never constructed
[INFO] [stdout]   --> src/quiz_structure.rs:20:5
[INFO] [stdout]    |
[INFO] [stdout] 19 | pub enum L1Arm{
[INFO] [stdout]    |          ----- variants in this enum
[INFO] [stdout] 20 |     Num(i16),
[INFO] [stdout]    |     ^^^
[INFO] [stdout] 21 |     L1(Box<L1>),
[INFO] [stdout]    |     ^^
[INFO] [stdout] 22 |     L2(L2)
[INFO] [stdout]    |     ^^
[INFO] [stdout]    |
[INFO] [stdout]    = note: `L1Arm` has a derived impl for the trait `Debug`, but this is intentionally ignored during dead code analysis
[INFO] [stdout] 
[INFO] [stdout] 
[INFO] [stdout] warning: variants `Num` and `L2` are never constructed
[INFO] [stdout]   --> src/quiz_structure.rs:31:5
[INFO] [stdout]    |
[INFO] [stdout] 30 | pub enum L2Arm{
[INFO] [stdout]    |          ----- variants in this enum
[INFO] [stdout] 31 |     Num(i16),
[INFO] [stdout]    |     ^^^
[INFO] [stdout] 32 |     L2(Box<L2>)
[INFO] [stdout]    |     ^^
[INFO] [stdout]    |
[INFO] [stdout]    = note: `L2Arm` has a derived impl for the trait `Debug`, but this is intentionally ignored during dead code analysis
[INFO] [stdout] 
[INFO] [stdout] 
[INFO] [stdout] warning: fields `op`, `left`, and `right` are never read
[INFO] [stdout]   --> src/quiz_structure.rs:37:10
[INFO] [stdout]    |
[INFO] [stdout] 36 | pub struct L2{
[INFO] [stdout]    |            -- fields in this struct
[INFO] [stdout] 37 |     pub  op:L2Ops,
[INFO] [stdout]    |          ^^
[INFO] [stdout] 38 |     pub   left:L2Arm,
[INFO] [stdout]    |           ^^^^
[INFO] [stdout] 39 |     pub  right:L2Arm
[INFO] [stdout]    |          ^^^^^
[INFO] [stdout]    |
[INFO] [stdout]    = note: `L2` has a derived impl for the trait `Debug`, but this is intentionally ignored during dead code analysis
[INFO] [stdout] 
[INFO] [stdout] 
[INFO] [stderr]     Finished `test` profile [unoptimized + debuginfo] target(s) in 0.88s
[INFO] running `Command { std: "docker" "inspect" "1e530c9d50f09df8963aa0a07db78f334f01678197e77d2266bcdce90195e2f8", kill_on_drop: false }`
[INFO] running `Command { std: "docker" "rm" "-f" "1e530c9d50f09df8963aa0a07db78f334f01678197e77d2266bcdce90195e2f8", kill_on_drop: false }`
[INFO] [stdout] 1e530c9d50f09df8963aa0a07db78f334f01678197e77d2266bcdce90195e2f8
[INFO] running `Command { std: "docker" "create" "-v" "/var/lib/crater-agent-workspace/builds/worker-1-tc1/target:/opt/rustwide/target:rw,Z" "-v" "/var/lib/crater-agent-workspace/builds/worker-1-tc1/source:/opt/rustwide/workdir:ro,Z" "-v" "/var/lib/crater-agent-workspace/cargo-home:/opt/rustwide/cargo-home:ro,Z" "-v" "/var/lib/crater-agent-workspace/rustup-home:/opt/rustwide/rustup-home:ro,Z" "-e" "SOURCE_DIR=/opt/rustwide/workdir" "-e" "CARGO_TARGET_DIR=/opt/rustwide/target" "-e" "CARGO_INCREMENTAL=0" "-e" "RUST_BACKTRACE=full" "-e" "RUSTFLAGS=--cap-lints=forbid" "-e" "RUSTDOCFLAGS=--cap-lints=forbid" "-e" "CARGO_HOME=/opt/rustwide/cargo-home" "-e" "RUSTUP_HOME=/opt/rustwide/rustup-home" "-w" "/opt/rustwide/workdir" "-m" "1610612736" "--user" "0:0" "--network" "none" "ghcr.io/rust-lang/crates-build-env/linux@sha256:819108c5571ea2e421544af4d832f968d213c87fbe3707a016657f43d2f853bc" "/opt/rustwide/cargo-home/bin/cargo" "+nightly-2025-01-18" "test" "--frozen", kill_on_drop: false }`
[INFO] [stdout] 5f92ba6d4ad64d2c5517beca2077377800ea0b28d96a97253997b249d4292874
[INFO] running `Command { std: "docker" "start" "-a" "5f92ba6d4ad64d2c5517beca2077377800ea0b28d96a97253997b249d4292874", kill_on_drop: false }`
[INFO] [stderr] warning: unused import: `std::io::BufReader`
[INFO] [stderr]  --> src/quiz_grammer.rs:2:5
[INFO] [stderr]   |
[INFO] [stderr] 2 | use std::io::BufReader;
[INFO] [stderr]   |     ^^^^^^^^^^^^^^^^^^
[INFO] [stderr]   |
[INFO] [stderr]   = note: `#[warn(unused_imports)]` on by default
[INFO] [stderr] 
[INFO] [stderr] warning: unused variable: `r`
[INFO] [stderr]   --> src/quiz_grammer.rs:25:21
[INFO] [stderr]    |
[INFO] [stderr] 25 |             let (l, r, o) = if l1.as_rule() == Rule::L1_calculate {
[INFO] [stderr]    |                     ^ help: if this is intentional, prefix it with an underscore: `_r`
[INFO] [stderr]    |
[INFO] [stderr]    = note: `#[warn(unused_variables)]` on by default
[INFO] [stderr] 
[INFO] [stderr] warning: unused variable: `o`
[INFO] [stderr]   --> src/quiz_grammer.rs:25:24
[INFO] [stderr]    |
[INFO] [stderr] 25 |             let (l, r, o) = if l1.as_rule() == Rule::L1_calculate {
[INFO] [stderr]    |                        ^ help: if this is intentional, prefix it with an underscore: `_o`
[INFO] [stderr] 
[INFO] [stderr] warning: variable does not need to be mutable
[INFO] [stderr]   --> src/quiz_grammer.rs:14:13
[INFO] [stderr]    |
[INFO] [stderr] 14 |         let mut result = HashMap::new();
[INFO] [stderr]    |             ----^^^^^^
[INFO] [stderr]    |             |
[INFO] [stderr]    |             help: remove this `mut`
[INFO] [stderr]    |
[INFO] [stderr]    = note: `#[warn(unused_mut)]` on by default
[INFO] [stderr] 
[INFO] [stderr] warning: type `L1` is more private than the item `Quiz::expr`
[INFO] [stderr]   --> src/quiz_structure.rs:4:5
[INFO] [stderr]    |
[INFO] [stderr] 4  |     pub expr:L1,
[INFO] [stderr]    |     ^^^^^^^^^^^ field `Quiz::expr` is reachable at visibility `pub(crate)`
[INFO] [stderr]    |
[INFO] [stderr] note: but type `L1` is only usable at visibility `pub(self)`
[INFO] [stderr]   --> src/quiz_structure.rs:13:1
[INFO] [stderr]    |
[INFO] [stderr] 13 | struct L1{
[INFO] [stderr]    | ^^^^^^^^^
[INFO] [stderr]    = note: `#[warn(private_interfaces)]` on by default
[INFO] [stderr] 
[INFO] [stderr] warning: type `L1` is more private than the item `L1Arm::L1::0`
[INFO] [stderr]   --> src/quiz_structure.rs:21:8
[INFO] [stderr]    |
[INFO] [stderr] 21 |     L1(Box<L1>),
[INFO] [stderr]    |        ^^^^^^^ field `L1Arm::L1::0` is reachable at visibility `pub(crate)`
[INFO] [stderr]    |
[INFO] [stderr] note: but type `L1` is only usable at visibility `pub(self)`
[INFO] [stderr]   --> src/quiz_structure.rs:13:1
[INFO] [stderr]    |
[INFO] [stderr] 13 | struct L1{
[INFO] [stderr]    | ^^^^^^^^^
[INFO] [stderr] 
[INFO] [stderr] warning: struct `QuizParser` is never constructed
[INFO] [stderr]   --> src/quiz_grammer.rs:10:12
[INFO] [stderr]    |
[INFO] [stderr] 10 | pub struct QuizParser;
[INFO] [stderr]    |            ^^^^^^^^^^
[INFO] [stderr]    |
[INFO] [stderr]    = note: `#[warn(dead_code)]` on by default
[INFO] [stderr] 
[INFO] [stderr] warning: associated functions `load_quiz` and `handle_l1` are never used
[INFO] [stderr]   --> src/quiz_grammer.rs:13:12
[INFO] [stderr]    |
[INFO] [stderr] 12 | impl QuizParser {
[INFO] [stderr]    | --------------- associated functions in this implementation
[INFO] [stderr] 13 |     pub fn load_quiz(input: &str) -> Result<HashMap<String, Vec<Quiz>>, pest::error::Error<Rule>> {
[INFO] [stderr]    |            ^^^^^^^^^
[INFO] [stderr] ...
[INFO] [stderr] 43 |     fn handle_l1(l1:Pair<Rule>)->(Pair<Rule>,Pair<Rule>,L1Ops){
[INFO] [stderr]    |        ^^^^^^^^^
[INFO] [stderr] 
[INFO] [stderr] warning: struct `Quiz` is never constructed
[INFO] [stderr]  --> src/quiz_structure.rs:3:12
[INFO] [stderr]   |
[INFO] [stderr] 3 | pub struct Quiz{
[INFO] [stderr]   |            ^^^^
[INFO] [stderr]   |
[INFO] [stderr]   = note: `Quiz` has a derived impl for the trait `Debug`, but this is intentionally ignored during dead code analysis
[INFO] [stderr] 
[INFO] [stderr] warning: enum `L1Ops` is never used
[INFO] [stderr]  --> src/quiz_structure.rs:8:10
[INFO] [stderr]   |
[INFO] [stderr] 8 | pub enum L1Ops{
[INFO] [stderr]   |          ^^^^^
[INFO] [stderr]   |
[INFO] [stderr]   = note: `L1Ops` has a derived impl for the trait `Debug`, but this is intentionally ignored during dead code analysis
[INFO] [stderr] 
[INFO] [stderr] warning: struct `L1` is never constructed
[INFO] [stderr]   --> src/quiz_structure.rs:13:8
[INFO] [stderr]    |
[INFO] [stderr] 13 | struct L1{
[INFO] [stderr]    |        ^^
[INFO] [stderr] 
[INFO] [stderr] warning: enum `L1Arm` is never used
[INFO] [stderr]   --> src/quiz_structure.rs:19:10
[INFO] [stderr]    |
[INFO] [stderr] 19 | pub enum L1Arm{
[INFO] [stderr]    |          ^^^^^
[INFO] [stderr]    |
[INFO] [stderr]    = note: `L1Arm` has a derived impl for the trait `Debug`, but this is intentionally ignored during dead code analysis
[INFO] [stderr] 
[INFO] [stderr] warning: enum `L2Ops` is never used
[INFO] [stderr]   --> src/quiz_structure.rs:25:10
[INFO] [stderr]    |
[INFO] [stderr] 25 | pub enum L2Ops{
[INFO] [stderr]    |          ^^^^^
[INFO] [stderr]    |
[INFO] [stderr]    = note: `L2Ops` has a derived impl for the trait `Debug`, but this is intentionally ignored during dead code analysis
[INFO] [stderr] 
[INFO] [stderr] warning: enum `L2Arm` is never used
[INFO] [stderr]   --> src/quiz_structure.rs:30:10
[INFO] [stderr]    |
[INFO] [stderr] 30 | pub enum L2Arm{
[INFO] [stderr]    |          ^^^^^
[INFO] [stderr]    |
[INFO] [stderr]    = note: `L2Arm` has a derived impl for the trait `Debug`, but this is intentionally ignored during dead code analysis
[INFO] [stderr] 
[INFO] [stderr] warning: struct `L2` is never constructed
[INFO] [stderr]   --> src/quiz_structure.rs:36:12
[INFO] [stderr]    |
[INFO] [stderr] 36 | pub struct L2{
[INFO] [stderr]    |            ^^
[INFO] [stderr]    |
[INFO] [stderr]    = note: `L2` has a derived impl for the trait `Debug`, but this is intentionally ignored during dead code analysis
[INFO] [stderr] 
[INFO] [stderr] warning: `quiz-conv` (lib) generated 15 warnings (run `cargo fix --lib -p quiz-conv` to apply 2 suggestions)
[INFO] [stderr] warning: fields `expr` and `answer` are never read
[INFO] [stderr]  --> src/quiz_structure.rs:4:9
[INFO] [stderr]   |
[INFO] [stderr] 3 | pub struct Quiz{
[INFO] [stderr]   |            ---- fields in this struct
[INFO] [stderr] 4 |     pub expr:L1,
[INFO] [stderr]   |         ^^^^
[INFO] [stderr] 5 |     pub answer:i16
[INFO] [stderr]   |         ^^^^^^
[INFO] [stderr]   |
[INFO] [stderr]   = note: `Quiz` has a derived impl for the trait `Debug`, but this is intentionally ignored during dead code analysis
[INFO] [stderr]   = note: `#[warn(dead_code)]` on by default
[INFO] [stderr] 
[INFO] [stderr] warning: fields `op`, `left`, and `right` are never read
[INFO] [stderr]   --> src/quiz_structure.rs:14:9
[INFO] [stderr]    |
[INFO] [stderr] 13 | struct L1{
[INFO] [stderr]    |        -- fields in this struct
[INFO] [stderr] 14 |     pub op:L1Ops,
[INFO] [stderr]    |         ^^
[INFO] [stderr] 15 |     pub   left:L1Arm,
[INFO] [stderr]    |           ^^^^
[INFO] [stderr] 16 |     pub  right:L1Arm
[INFO] [stderr]    |          ^^^^^
[INFO] [stderr]    |
[INFO] [stderr]    = note: `L1` has a derived impl for the trait `Debug`, but this is intentionally ignored during dead code analysis
[INFO] [stderr] 
[INFO] [stderr] warning: variants `Num`, `L1`, and `L2` are never constructed
[INFO] [stderr]   --> src/quiz_structure.rs:20:5
[INFO] [stderr]    |
[INFO] [stderr] 19 | pub enum L1Arm{
[INFO] [stderr]    |          ----- variants in this enum
[INFO] [stderr] 20 |     Num(i16),
[INFO] [stderr]    |     ^^^
[INFO] [stderr] 21 |     L1(Box<L1>),
[INFO] [stderr]    |     ^^
[INFO] [stderr] 22 |     L2(L2)
[INFO] [stderr]    |     ^^
[INFO] [stderr]    |
[INFO] [stderr]    = note: `L1Arm` has a derived impl for the trait `Debug`, but this is intentionally ignored during dead code analysis
[INFO] [stderr] 
[INFO] [stderr] warning: variants `Num` and `L2` are never constructed
[INFO] [stderr]   --> src/quiz_structure.rs:31:5
[INFO] [stderr]    |
[INFO] [stderr] 30 | pub enum L2Arm{
[INFO] [stderr]    |          ----- variants in this enum
[INFO] [stderr] 31 |     Num(i16),
[INFO] [stderr]    |     ^^^
[INFO] [stderr] 32 |     L2(Box<L2>)
[INFO] [stderr]    |     ^^
[INFO] [stderr]    |
[INFO] [stderr]    = note: `L2Arm` has a derived impl for the trait `Debug`, but this is intentionally ignored during dead code analysis
[INFO] [stderr] 
[INFO] [stderr] warning: fields `op`, `left`, and `right` are never read
[INFO] [stderr]   --> src/quiz_structure.rs:37:10
[INFO] [stderr]    |
[INFO] [stderr] 36 | pub struct L2{
[INFO] [stderr]    |            -- fields in this struct
[INFO] [stderr] 37 |     pub  op:L2Ops,
[INFO] [stderr]    |          ^^
[INFO] [stderr] 38 |     pub   left:L2Arm,
[INFO] [stderr]    |           ^^^^
[INFO] [stderr] 39 |     pub  right:L2Arm
[INFO] [stderr]    |          ^^^^^
[INFO] [stderr]    |
[INFO] [stderr]    = note: `L2` has a derived impl for the trait `Debug`, but this is intentionally ignored during dead code analysis
[INFO] [stderr] 
[INFO] [stderr] warning: `quiz-conv` (lib test) generated 11 warnings (6 duplicates)
[INFO] [stderr]     Finished `test` profile [unoptimized + debuginfo] target(s) in 0.06s
[INFO] [stderr]      Running unittests src/lib.rs (/opt/rustwide/target/debug/deps/quiz_conv-afbce0c460925258)
[INFO] [stdout] 
[INFO] [stdout] running 2 tests
[INFO] [stdout] test tests::it_works ... ok
[INFO] [stdout] test quiz_grammer::test::test_parse ... FAILED
[INFO] [stdout] 
[INFO] [stdout] failures:
[INFO] [stdout] 
[INFO] [stdout] ---- quiz_grammer::test::test_parse stdout ----
[INFO] [stdout] expr(0, 9, [L1_calculate(0, 6, [L2_calculate(0, 2, [num(0, 1)]), subtract(2, 3), L1_calculate(4, 6, [L2_calculate(4, 6, [num(4, 5)])])]), num(8, 9)])
[INFO] [stdout] 
[INFO] [stdout] thread 'quiz_grammer::test::test_parse' panicked at src/quiz_grammer.rs:32:39:
[INFO] [stdout] called `Option::unwrap()` on a `None` value
[INFO] [stdout] stack backtrace:
[INFO] [stdout]    0:     0x5869b72c442a - std::backtrace_rs::backtrace::libunwind::trace::hb059275cfc8d6126
[INFO] [stdout]                                at /rustc/6067b36314ab5eb2eb47cecc464545ba58e1ad24/library/std/src/../../backtrace/src/backtrace/libunwind.rs:116:5
[INFO] [stdout]    1:     0x5869b72c442a - std::backtrace_rs::backtrace::trace_unsynchronized::h2da071e4327ce3ee
[INFO] [stdout]                                at /rustc/6067b36314ab5eb2eb47cecc464545ba58e1ad24/library/std/src/../../backtrace/src/backtrace/mod.rs:66:5
[INFO] [stdout]    2:     0x5869b72c442a - std::sys::backtrace::_print_fmt::h842a1474e6f8d23f
[INFO] [stdout]                                at /rustc/6067b36314ab5eb2eb47cecc464545ba58e1ad24/library/std/src/sys/backtrace.rs:66:9
[INFO] [stdout]    3:     0x5869b72c442a - <std::sys::backtrace::BacktraceLock::print::DisplayBacktrace as core::fmt::Display>::fmt::h71a62eb3b9696b12
[INFO] [stdout]                                at /rustc/6067b36314ab5eb2eb47cecc464545ba58e1ad24/library/std/src/sys/backtrace.rs:39:26
[INFO] [stdout]    4:     0x5869b72ebac3 - core::fmt::rt::Argument::fmt::hdb6b616786b41dc1
[INFO] [stdout]                                at /rustc/6067b36314ab5eb2eb47cecc464545ba58e1ad24/library/core/src/fmt/rt.rs:177:76
[INFO] [stdout]    5:     0x5869b72ebac3 - core::fmt::write::h2cc1698af7e2d686
[INFO] [stdout]                                at /rustc/6067b36314ab5eb2eb47cecc464545ba58e1ad24/library/core/src/fmt/mod.rs:1440:21
[INFO] [stdout]    6:     0x5869b72c0f83 - std::io::Write::write_fmt::hab1b4cd059a79022
[INFO] [stdout]                                at /rustc/6067b36314ab5eb2eb47cecc464545ba58e1ad24/library/std/src/io/mod.rs:1887:15
[INFO] [stdout]    7:     0x5869b72c4272 - std::sys::backtrace::BacktraceLock::print::h147fe35b4ea13b08
[INFO] [stdout]                                at /rustc/6067b36314ab5eb2eb47cecc464545ba58e1ad24/library/std/src/sys/backtrace.rs:42:9
[INFO] [stdout]    8:     0x5869b72c584f - std::panicking::default_hook::{{closure}}::hbd44223dbdc0d208
[INFO] [stdout]                                at /rustc/6067b36314ab5eb2eb47cecc464545ba58e1ad24/library/std/src/panicking.rs:298:22
[INFO] [stdout]    9:     0x5869b72c5668 - std::panicking::default_hook::h20f81eb0576efcec
[INFO] [stdout]                                at /rustc/6067b36314ab5eb2eb47cecc464545ba58e1ad24/library/std/src/panicking.rs:322:9
[INFO] [stdout]   10:     0x5869b7286b73 - <alloc::boxed::Box<F,A> as core::ops::function::Fn<Args>>::call::hdb53814c496a4d34
[INFO] [stdout]                                at /rustc/6067b36314ab5eb2eb47cecc464545ba58e1ad24/library/alloc/src/boxed.rs:2027:9
[INFO] [stdout]   11:     0x5869b7286b73 - test::test_main::{{closure}}::hc0a4963c59427c24
[INFO] [stdout]                                at /rustc/6067b36314ab5eb2eb47cecc464545ba58e1ad24/library/test/src/lib.rs:134:21
[INFO] [stdout]   12:     0x5869b72c6343 - <alloc::boxed::Box<F,A> as core::ops::function::Fn<Args>>::call::h591b2225413a77e9
[INFO] [stdout]                                at /rustc/6067b36314ab5eb2eb47cecc464545ba58e1ad24/library/alloc/src/boxed.rs:2027:9
[INFO] [stdout]   13:     0x5869b72c6343 - std::panicking::rust_panic_with_hook::h625eea43051b2edc
[INFO] [stdout]                                at /rustc/6067b36314ab5eb2eb47cecc464545ba58e1ad24/library/std/src/panicking.rs:839:13
[INFO] [stdout]   14:     0x5869b72c5fc6 - std::panicking::begin_panic_handler::{{closure}}::h4f9159cfbc3f6bd3
[INFO] [stdout]                                at /rustc/6067b36314ab5eb2eb47cecc464545ba58e1ad24/library/std/src/panicking.rs:697:13
[INFO] [stdout]   15:     0x5869b72c4929 - std::sys::backtrace::__rust_end_short_backtrace::h0390abce48353151
[INFO] [stdout]                                at /rustc/6067b36314ab5eb2eb47cecc464545ba58e1ad24/library/std/src/sys/backtrace.rs:168:18
[INFO] [stdout]   16:     0x5869b72c5c8d - rust_begin_unwind
[INFO] [stdout]                                at /rustc/6067b36314ab5eb2eb47cecc464545ba58e1ad24/library/std/src/panicking.rs:695:5
[INFO] [stdout]   17:     0x5869b72ea4a0 - core::panicking::panic_fmt::h9e7c637e9e5f29c9
[INFO] [stdout]                                at /rustc/6067b36314ab5eb2eb47cecc464545ba58e1ad24/library/core/src/panicking.rs:75:14
[INFO] [stdout]   18:     0x5869b72ea52c - core::panicking::panic::haa3255ea20181a33
[INFO] [stdout]                                at /rustc/6067b36314ab5eb2eb47cecc464545ba58e1ad24/library/core/src/panicking.rs:145:5
[INFO] [stdout]   19:     0x5869b72ea419 - core::option::unwrap_failed::h5e50c20db1c9e8f1
[INFO] [stdout]                                at /rustc/6067b36314ab5eb2eb47cecc464545ba58e1ad24/library/core/src/option.rs:2015:5
[INFO] [stdout]   20:     0x5869b7235a0a - core::option::Option<T>::unwrap::h66e3903dddfbb820
[INFO] [stdout]                                at /rustc/6067b36314ab5eb2eb47cecc464545ba58e1ad24/library/core/src/option.rs:978:21
[INFO] [stdout]   21:     0x5869b7235a0a - quiz_conv::quiz_grammer::QuizParser::load_quiz::h6258a0ff1b10ab84
[INFO] [stdout]                                at /opt/rustwide/workdir/src/quiz_grammer.rs:32:26
[INFO] [stdout]   22:     0x5869b72409f8 - quiz_conv::quiz_grammer::test::test_parse::he38dfc8a860b6734
[INFO] [stdout]                                at /opt/rustwide/workdir/src/quiz_grammer.rs:74:9
[INFO] [stdout]   23:     0x5869b72409a7 - quiz_conv::quiz_grammer::test::test_parse::{{closure}}::hcb8186435634f5b4
[INFO] [stdout]                                at /opt/rustwide/workdir/src/quiz_grammer.rs:61:20
[INFO] [stdout]   24:     0x5869b7241276 - core::ops::function::FnOnce::call_once::hd42f892a8fe09212
[INFO] [stdout]                                at /rustc/6067b36314ab5eb2eb47cecc464545ba58e1ad24/library/core/src/ops/function.rs:250:5
[INFO] [stdout]   25:     0x5869b728c2cb - core::ops::function::FnOnce::call_once::he27718dfdd183f43
[INFO] [stdout]                                at /rustc/6067b36314ab5eb2eb47cecc464545ba58e1ad24/library/core/src/ops/function.rs:250:5
[INFO] [stdout]   26:     0x5869b728c2cb - test::__rust_begin_short_backtrace::h4e84902998457a5d
[INFO] [stdout]                                at /rustc/6067b36314ab5eb2eb47cecc464545ba58e1ad24/library/test/src/lib.rs:632:18
[INFO] [stdout]   27:     0x5869b728b203 - test::run_test_in_process::{{closure}}::h7176fd18fc1feca0
[INFO] [stdout]                                at /rustc/6067b36314ab5eb2eb47cecc464545ba58e1ad24/library/test/src/lib.rs:655:60
[INFO] [stdout]   28:     0x5869b728b203 - <core::panic::unwind_safe::AssertUnwindSafe<F> as core::ops::function::FnOnce<()>>::call_once::hf79cff2a624d8cf7
[INFO] [stdout]                                at /rustc/6067b36314ab5eb2eb47cecc464545ba58e1ad24/library/core/src/panic/unwind_safe.rs:272:9
[INFO] [stdout]   29:     0x5869b728b203 - std::panicking::try::do_call::h3da0561d9ab99c25
[INFO] [stdout]                                at /rustc/6067b36314ab5eb2eb47cecc464545ba58e1ad24/library/std/src/panicking.rs:587:40
[INFO] [stdout]   30:     0x5869b728b203 - std::panicking::try::h41c9fa508bc61df6
[INFO] [stdout]                                at /rustc/6067b36314ab5eb2eb47cecc464545ba58e1ad24/library/std/src/panicking.rs:550:19
[INFO] [stdout]   31:     0x5869b728b203 - std::panic::catch_unwind::h6b3ff07bb5afad93
[INFO] [stdout]                                at /rustc/6067b36314ab5eb2eb47cecc464545ba58e1ad24/library/std/src/panic.rs:358:14
[INFO] [stdout]   32:     0x5869b728b203 - test::run_test_in_process::hc7253dd11b39b9f4
[INFO] [stdout]                                at /rustc/6067b36314ab5eb2eb47cecc464545ba58e1ad24/library/test/src/lib.rs:655:27
[INFO] [stdout]   33:     0x5869b728b203 - test::run_test::{{closure}}::hfb2007f8649c30bb
[INFO] [stdout]                                at /rustc/6067b36314ab5eb2eb47cecc464545ba58e1ad24/library/test/src/lib.rs:576:43
[INFO] [stdout]   34:     0x5869b724e2e5 - test::run_test::{{closure}}::h56a17aa7a282a9f4
[INFO] [stdout]                                at /rustc/6067b36314ab5eb2eb47cecc464545ba58e1ad24/library/test/src/lib.rs:606:41
[INFO] [stdout]   35:     0x5869b724e2e5 - std::sys::backtrace::__rust_begin_short_backtrace::hd2d2d2fb8e8c6aac
[INFO] [stdout]                                at /rustc/6067b36314ab5eb2eb47cecc464545ba58e1ad24/library/std/src/sys/backtrace.rs:152:18
[INFO] [stdout]   36:     0x5869b7251bca - std::thread::Builder::spawn_unchecked_::{{closure}}::{{closure}}::h4faa3f9db6133423
[INFO] [stdout]                                at /rustc/6067b36314ab5eb2eb47cecc464545ba58e1ad24/library/std/src/thread/mod.rs:559:17
[INFO] [stdout]   37:     0x5869b7251bca - <core::panic::unwind_safe::AssertUnwindSafe<F> as core::ops::function::FnOnce<()>>::call_once::hf2e855a36a4ea846
[INFO] [stdout]                                at /rustc/6067b36314ab5eb2eb47cecc464545ba58e1ad24/library/core/src/panic/unwind_safe.rs:272:9
[INFO] [stdout]   38:     0x5869b7251bca - std::panicking::try::do_call::h2f73af3616c35465
[INFO] [stdout]                                at /rustc/6067b36314ab5eb2eb47cecc464545ba58e1ad24/library/std/src/panicking.rs:587:40
[INFO] [stdout]   39:     0x5869b7251bca - std::panicking::try::hd1660ce9efadef5a
[INFO] [stdout]                                at /rustc/6067b36314ab5eb2eb47cecc464545ba58e1ad24/library/std/src/panicking.rs:550:19
[INFO] [stdout]   40:     0x5869b7251bca - std::panic::catch_unwind::h5ee8d7823b8ca744
[INFO] [stdout]                                at /rustc/6067b36314ab5eb2eb47cecc464545ba58e1ad24/library/std/src/panic.rs:358:14
[INFO] [stdout]   41:     0x5869b7251bca - std::thread::Builder::spawn_unchecked_::{{closure}}::h53c3a1894dce8407
[INFO] [stdout]                                at /rustc/6067b36314ab5eb2eb47cecc464545ba58e1ad24/library/std/src/thread/mod.rs:557:30
[INFO] [stdout]   42:     0x5869b7251bca - core::ops::function::FnOnce::call_once{{vtable.shim}}::h048ce291ad4f62bf
[INFO] [stdout]                                at /rustc/6067b36314ab5eb2eb47cecc464545ba58e1ad24/library/core/src/ops/function.rs:250:5
[INFO] [stdout]   43:     0x5869b72ca27b - <alloc::boxed::Box<F,A> as core::ops::function::FnOnce<Args>>::call_once::ha52bedf99a3b4981
[INFO] [stdout]                                at /rustc/6067b36314ab5eb2eb47cecc464545ba58e1ad24/library/alloc/src/boxed.rs:2013:9
[INFO] [stdout]   44:     0x5869b72ca27b - <alloc::boxed::Box<F,A> as core::ops::function::FnOnce<Args>>::call_once::h567748934d80ccf8
[INFO] [stdout]                                at /rustc/6067b36314ab5eb2eb47cecc464545ba58e1ad24/library/alloc/src/boxed.rs:2013:9
[INFO] [stdout]   45:     0x5869b72ca27b - std::sys::pal::unix::thread::Thread::new::thread_start::h2d970728ae887adc
[INFO] [stdout]                                at /rustc/6067b36314ab5eb2eb47cecc464545ba58e1ad24/library/std/src/sys/pal/unix/thread.rs:106:17
[INFO] [stdout]   46:     0x7f125ff68ac3 - <unknown>
[INFO] [stdout]   47:     0x7f125fff9a04 - clone
[INFO] [stdout]   48:                0x0 - <unknown>
[INFO] [stdout] 
[INFO] [stdout] 
[INFO] [stdout] failures:
[INFO] [stdout]     quiz_grammer::test::test_parse
[INFO] [stdout] 
[INFO] [stdout] test result: FAILED. 1 passed; 1 failed; 0 ignored; 0 measured; 0 filtered out; finished in 0.04s
[INFO] [stdout] 
[INFO] [stderr] error: test failed, to rerun pass `--lib`
[INFO] running `Command { std: "docker" "inspect" "5f92ba6d4ad64d2c5517beca2077377800ea0b28d96a97253997b249d4292874", kill_on_drop: false }`
[INFO] running `Command { std: "docker" "rm" "-f" "5f92ba6d4ad64d2c5517beca2077377800ea0b28d96a97253997b249d4292874", kill_on_drop: false }`
[INFO] [stdout] 5f92ba6d4ad64d2c5517beca2077377800ea0b28d96a97253997b249d4292874
