[INFO] cloning repository https://github.com/FracturedShader/advent-of-code
[INFO] running `Command { std: "git" "-c" "credential.helper=" "-c" "credential.helper=/workspace/cargo-home/bin/git-credential-null" "clone" "--bare" "https://github.com/FracturedShader/advent-of-code" "/workspace/cache/git-repos/https%3A%2F%2Fgithub.com%2FFracturedShader%2Fadvent-of-code", kill_on_drop: false }`
[INFO] [stderr] Cloning into bare repository '/workspace/cache/git-repos/https%3A%2F%2Fgithub.com%2FFracturedShader%2Fadvent-of-code'...
[INFO] running `Command { std: "git" "rev-parse" "HEAD", kill_on_drop: false }`
[INFO] [stdout] 338b554e00e08e7d00a04586216b50e2325787f9
[INFO] testing FracturedShader/advent-of-code against nightly-2025-01-18+rustflags=-Zrandomize-layout for randomize-layout-2
[INFO] running `Command { std: "git" "clone" "/workspace/cache/git-repos/https%3A%2F%2Fgithub.com%2FFracturedShader%2Fadvent-of-code" "/workspace/builds/worker-2-tc2/source", kill_on_drop: false }`
[INFO] [stderr] Cloning into '/workspace/builds/worker-2-tc2/source'...
[INFO] [stderr] done.
[INFO] validating manifest of git repo https://github.com/FracturedShader/advent-of-code on toolchain nightly-2025-01-18
[INFO] running `Command { std: CARGO_HOME="/workspace/cargo-home" RUSTUP_HOME="/workspace/rustup-home" "/workspace/cargo-home/bin/cargo" "+nightly-2025-01-18" "metadata" "--manifest-path" "Cargo.toml" "--no-deps", kill_on_drop: false }`
[INFO] started tweaking git repo https://github.com/FracturedShader/advent-of-code
[INFO] finished tweaking git repo https://github.com/FracturedShader/advent-of-code
[INFO] tweaked toml for git repo https://github.com/FracturedShader/advent-of-code written to /workspace/builds/worker-2-tc2/source/Cargo.toml
[INFO] crate git repo https://github.com/FracturedShader/advent-of-code already has a lockfile, it will not be regenerated
[INFO] running `Command { std: CARGO_HOME="/workspace/cargo-home" RUSTUP_HOME="/workspace/rustup-home" "/workspace/cargo-home/bin/cargo" "+nightly-2025-01-18" "fetch" "--manifest-path" "Cargo.toml", kill_on_drop: false }`
[INFO] running `Command { std: "docker" "create" "-v" "/var/lib/crater-agent-workspace/builds/worker-2-tc2/target:/opt/rustwide/target:rw,Z" "-v" "/var/lib/crater-agent-workspace/builds/worker-2-tc2/source:/opt/rustwide/workdir:ro,Z" "-v" "/var/lib/crater-agent-workspace/cargo-home:/opt/rustwide/cargo-home:ro,Z" "-v" "/var/lib/crater-agent-workspace/rustup-home:/opt/rustwide/rustup-home:ro,Z" "-e" "SOURCE_DIR=/opt/rustwide/workdir" "-e" "CARGO_TARGET_DIR=/opt/rustwide/target" "-e" "CARGO_HOME=/opt/rustwide/cargo-home" "-e" "RUSTUP_HOME=/opt/rustwide/rustup-home" "-w" "/opt/rustwide/workdir" "-m" "1610612736" "--user" "0:0" "--network" "none" "ghcr.io/rust-lang/crates-build-env/linux@sha256:819108c5571ea2e421544af4d832f968d213c87fbe3707a016657f43d2f853bc" "/opt/rustwide/cargo-home/bin/cargo" "+nightly-2025-01-18" "metadata" "--no-deps" "--format-version=1", kill_on_drop: false }`
[INFO] [stdout] 5991b589831e992674875bce850a7ee060516cdf8d2ed7f4b99b0f4a9f6d2d31
[INFO] running `Command { std: "docker" "start" "-a" "5991b589831e992674875bce850a7ee060516cdf8d2ed7f4b99b0f4a9f6d2d31", kill_on_drop: false }`
[INFO] running `Command { std: "docker" "inspect" "5991b589831e992674875bce850a7ee060516cdf8d2ed7f4b99b0f4a9f6d2d31", kill_on_drop: false }`
[INFO] running `Command { std: "docker" "rm" "-f" "5991b589831e992674875bce850a7ee060516cdf8d2ed7f4b99b0f4a9f6d2d31", kill_on_drop: false }`
[INFO] [stdout] 5991b589831e992674875bce850a7ee060516cdf8d2ed7f4b99b0f4a9f6d2d31
[INFO] running `Command { std: "docker" "create" "-v" "/var/lib/crater-agent-workspace/builds/worker-2-tc2/target:/opt/rustwide/target:rw,Z" "-v" "/var/lib/crater-agent-workspace/builds/worker-2-tc2/source:/opt/rustwide/workdir:ro,Z" "-v" "/var/lib/crater-agent-workspace/cargo-home:/opt/rustwide/cargo-home:ro,Z" "-v" "/var/lib/crater-agent-workspace/rustup-home:/opt/rustwide/rustup-home:ro,Z" "-e" "SOURCE_DIR=/opt/rustwide/workdir" "-e" "CARGO_TARGET_DIR=/opt/rustwide/target" "-e" "CARGO_INCREMENTAL=0" "-e" "RUST_BACKTRACE=full" "-e" "RUSTFLAGS=--cap-lints=forbid -Zrandomize-layout" "-e" "RUSTDOCFLAGS=--cap-lints=forbid" "-e" "CARGO_HOME=/opt/rustwide/cargo-home" "-e" "RUSTUP_HOME=/opt/rustwide/rustup-home" "-w" "/opt/rustwide/workdir" "-m" "1610612736" "--user" "0:0" "--network" "none" "ghcr.io/rust-lang/crates-build-env/linux@sha256:819108c5571ea2e421544af4d832f968d213c87fbe3707a016657f43d2f853bc" "/opt/rustwide/cargo-home/bin/cargo" "+nightly-2025-01-18" "build" "--frozen" "--message-format=json", kill_on_drop: false }`
[INFO] [stdout] 1261f29cef466bd0576a7ec125b3d6e7a241a012190e5c68edad7fa04494fd8b
[INFO] running `Command { std: "docker" "start" "-a" "1261f29cef466bd0576a7ec125b3d6e7a241a012190e5c68edad7fa04494fd8b", kill_on_drop: false }`
[INFO] [stderr]    Compiling proc-macro2 v1.0.92
[INFO] [stderr]    Compiling version_check v0.9.5
[INFO] [stderr]    Compiling crossbeam-utils v0.8.20
[INFO] [stderr]    Compiling unicode-ident v1.0.14
[INFO] [stderr]    Compiling rayon-core v1.12.1
[INFO] [stderr]    Compiling thiserror v2.0.3
[INFO] [stderr]    Compiling anyhow v1.0.93
[INFO] [stderr]    Compiling memchr v2.7.4
[INFO] [stderr]    Compiling itertools v0.13.0
[INFO] [stderr]    Compiling glam v0.29.2
[INFO] [stderr]    Compiling bytecount v0.6.8
[INFO] [stderr]    Compiling generic-array v0.14.7
[INFO] [stderr]    Compiling quote v1.0.37
[INFO] [stderr]    Compiling nom v7.1.3
[INFO] [stderr]    Compiling crossbeam-epoch v0.9.18
[INFO] [stderr]    Compiling syn v2.0.90
[INFO] [stderr]    Compiling crossbeam-deque v0.8.5
[INFO] [stderr]    Compiling crypto-common v0.1.6
[INFO] [stderr]    Compiling block-buffer v0.10.4
[INFO] [stderr]    Compiling digest v0.10.7
[INFO] [stderr]    Compiling md-5 v0.10.6
[INFO] [stderr]    Compiling rayon v1.10.0
[INFO] [stderr]    Compiling thiserror-impl v2.0.3
[INFO] [stderr]    Compiling advent-macros v0.1.0 (/opt/rustwide/workdir/advent-macros)
[INFO] [stderr]    Compiling advent-solutions v0.1.0 (/opt/rustwide/workdir/advent-solutions)
[INFO] [stdout] warning: struct `UnorderedQueueEntry` is never constructed
[INFO] [stdout]   --> advent-solutions/src/common/pathfinding.rs:54:8
[INFO] [stdout]    |
[INFO] [stdout] 54 | struct UnorderedQueueEntry<T, C> {
[INFO] [stdout]    |        ^^^^^^^^^^^^^^^^^^^
[INFO] [stdout]    |
[INFO] [stdout]    = note: `#[warn(dead_code)]` on by default
[INFO] [stdout] 
[INFO] [stdout] 
[INFO] [stdout] warning: function `a_star_unordered` is never used
[INFO] [stdout]    --> advent-solutions/src/common/pathfinding.rs:273:8
[INFO] [stdout]     |
[INFO] [stdout] 273 | pub fn a_star_unordered<T, C, N, H, G, I>(
[INFO] [stdout]     |        ^^^^^^^^^^^^^^^^
[INFO] [stdout] 
[INFO] [stdout] 
[INFO] [stderr]     Finished `dev` profile [unoptimized + debuginfo] target(s) in 25.98s
[INFO] running `Command { std: "docker" "inspect" "1261f29cef466bd0576a7ec125b3d6e7a241a012190e5c68edad7fa04494fd8b", kill_on_drop: false }`
[INFO] running `Command { std: "docker" "rm" "-f" "1261f29cef466bd0576a7ec125b3d6e7a241a012190e5c68edad7fa04494fd8b", kill_on_drop: false }`
[INFO] [stdout] 1261f29cef466bd0576a7ec125b3d6e7a241a012190e5c68edad7fa04494fd8b
[INFO] running `Command { std: "docker" "create" "-v" "/var/lib/crater-agent-workspace/builds/worker-2-tc2/target:/opt/rustwide/target:rw,Z" "-v" "/var/lib/crater-agent-workspace/builds/worker-2-tc2/source:/opt/rustwide/workdir:ro,Z" "-v" "/var/lib/crater-agent-workspace/cargo-home:/opt/rustwide/cargo-home:ro,Z" "-v" "/var/lib/crater-agent-workspace/rustup-home:/opt/rustwide/rustup-home:ro,Z" "-e" "SOURCE_DIR=/opt/rustwide/workdir" "-e" "CARGO_TARGET_DIR=/opt/rustwide/target" "-e" "CARGO_INCREMENTAL=0" "-e" "RUST_BACKTRACE=full" "-e" "RUSTFLAGS=--cap-lints=forbid -Zrandomize-layout" "-e" "RUSTDOCFLAGS=--cap-lints=forbid" "-e" "CARGO_HOME=/opt/rustwide/cargo-home" "-e" "RUSTUP_HOME=/opt/rustwide/rustup-home" "-w" "/opt/rustwide/workdir" "-m" "1610612736" "--user" "0:0" "--network" "none" "ghcr.io/rust-lang/crates-build-env/linux@sha256:819108c5571ea2e421544af4d832f968d213c87fbe3707a016657f43d2f853bc" "/opt/rustwide/cargo-home/bin/cargo" "+nightly-2025-01-18" "test" "--frozen" "--no-run" "--message-format=json", kill_on_drop: false }`
[INFO] [stdout] 0d4fcad1ff403e49cb7d66e83beaa0ca0a1e0182fd50b0550b52f0aa01ef6384
[INFO] running `Command { std: "docker" "start" "-a" "0d4fcad1ff403e49cb7d66e83beaa0ca0a1e0182fd50b0550b52f0aa01ef6384", kill_on_drop: false }`
[INFO] [stderr]    Compiling advent-macros v0.1.0 (/opt/rustwide/workdir/advent-macros)
[INFO] [stderr]    Compiling advent-solutions v0.1.0 (/opt/rustwide/workdir/advent-solutions)
[INFO] [stdout] warning: function `a_star_unordered` is never used
[INFO] [stdout]    --> advent-solutions/src/common/pathfinding.rs:273:8
[INFO] [stdout]     |
[INFO] [stdout] 273 | pub fn a_star_unordered<T, C, N, H, G, I>(
[INFO] [stdout]     |        ^^^^^^^^^^^^^^^^
[INFO] [stdout]     |
[INFO] [stdout]     = note: `#[warn(dead_code)]` on by default
[INFO] [stdout] 
[INFO] [stdout] 
[INFO] [stderr]     Finished `test` profile [unoptimized + debuginfo] target(s) in 6.98s
[INFO] running `Command { std: "docker" "inspect" "0d4fcad1ff403e49cb7d66e83beaa0ca0a1e0182fd50b0550b52f0aa01ef6384", kill_on_drop: false }`
[INFO] running `Command { std: "docker" "rm" "-f" "0d4fcad1ff403e49cb7d66e83beaa0ca0a1e0182fd50b0550b52f0aa01ef6384", kill_on_drop: false }`
[INFO] [stdout] 0d4fcad1ff403e49cb7d66e83beaa0ca0a1e0182fd50b0550b52f0aa01ef6384
[INFO] running `Command { std: "docker" "create" "-v" "/var/lib/crater-agent-workspace/builds/worker-2-tc2/target:/opt/rustwide/target:rw,Z" "-v" "/var/lib/crater-agent-workspace/builds/worker-2-tc2/source:/opt/rustwide/workdir:ro,Z" "-v" "/var/lib/crater-agent-workspace/cargo-home:/opt/rustwide/cargo-home:ro,Z" "-v" "/var/lib/crater-agent-workspace/rustup-home:/opt/rustwide/rustup-home:ro,Z" "-e" "SOURCE_DIR=/opt/rustwide/workdir" "-e" "CARGO_TARGET_DIR=/opt/rustwide/target" "-e" "CARGO_INCREMENTAL=0" "-e" "RUST_BACKTRACE=full" "-e" "RUSTFLAGS=--cap-lints=forbid -Zrandomize-layout" "-e" "RUSTDOCFLAGS=--cap-lints=forbid" "-e" "CARGO_HOME=/opt/rustwide/cargo-home" "-e" "RUSTUP_HOME=/opt/rustwide/rustup-home" "-w" "/opt/rustwide/workdir" "-m" "1610612736" "--user" "0:0" "--network" "none" "ghcr.io/rust-lang/crates-build-env/linux@sha256:819108c5571ea2e421544af4d832f968d213c87fbe3707a016657f43d2f853bc" "/opt/rustwide/cargo-home/bin/cargo" "+nightly-2025-01-18" "test" "--frozen", kill_on_drop: false }`
[INFO] [stdout] e22cba7352a407d28df3a619169c07f569d06192a1d5887fbd2fcd780cce6438
[INFO] running `Command { std: "docker" "start" "-a" "e22cba7352a407d28df3a619169c07f569d06192a1d5887fbd2fcd780cce6438", kill_on_drop: false }`
[INFO] [stderr] warning: function `a_star_unordered` is never used
[INFO] [stderr]    --> advent-solutions/src/common/pathfinding.rs:273:8
[INFO] [stderr]     |
[INFO] [stderr] 273 | pub fn a_star_unordered<T, C, N, H, G, I>(
[INFO] [stderr]     |        ^^^^^^^^^^^^^^^^
[INFO] [stderr]     |
[INFO] [stderr]     = note: `#[warn(dead_code)]` on by default
[INFO] [stderr] 
[INFO] [stderr] warning: `advent-solutions` (bin "advent-solutions" test) generated 1 warning
[INFO] [stderr]     Finished `test` profile [unoptimized + debuginfo] target(s) in 0.10s
[INFO] [stderr]      Running unittests src/lib.rs (/opt/rustwide/target/debug/deps/advent_macros-0acd7f5509c70218)
[INFO] [stdout] 
[INFO] [stdout] running 0 tests
[INFO] [stdout] 
[INFO] [stdout] test result: ok. 0 passed; 0 failed; 0 ignored; 0 measured; 0 filtered out; finished in 0.00s
[INFO] [stdout] 
[INFO] [stderr]      Running unittests src/main.rs (/opt/rustwide/target/debug/deps/advent_solutions-b181720166a0371c)
[INFO] [stdout] 
[INFO] [stdout] running 95 tests
[INFO] [stdout] test year_2015::day_01::test::first_basement_position ... ok
[INFO] [stdout] test year_2015::day_02::test::paper_ribbons ... ok
[INFO] [stdout] test year_2015::day_05::test::nicer_strings ... ok
[INFO] [stdout] test year_2015::day_03::test::split_delivery ... ok
[INFO] [stdout] test year_2015::day_03::test::straight_delivery ... ok
[INFO] [stdout] test year_2015::day_05::test::nice_strings ... ok
[INFO] [stdout] test year_2015::day_05::test::not_nice_strings ... ok
[INFO] [stdout] test year_2015::day_05::test::not_nicer_strings ... ok
[INFO] [stdout] test year_2015::day_07::test::bitwise ... ok
[INFO] [stdout] test year_2015::day_08::test::encode_lengths ... ok
[INFO] [stdout] test year_2015::day_09::test::longest_distance ... ok
[INFO] [stdout] test year_2015::day_08::test::mem_lengths ... ok
[INFO] [stdout] test year_2015::day_09::test::shortest_distance ... ok
[INFO] [stdout] test year_2015::day_10::test::look_say ... ok
[INFO] [stdout] test year_2015::day_12::test::parse_array ... ok
[INFO] [stdout] test year_2015::day_12::test::parse_object ... ok
[INFO] [stdout] test year_2015::day_12::test::parse_string ... ok
[INFO] [stdout] test year_2015::day_12::test::structured_counts ... ok
[INFO] [stdout] test year_2015::day_12::test::basic_counts ... ok
[INFO] [stdout] test year_2015::day_13::test::happiness ... ok
[INFO] [stdout] test year_2015::day_01::test::end_floor ... ok
[INFO] [stdout] test year_2015::day_14::test::reindeer ... ok
[INFO] [stdout] test year_2015::day_15::test::highest_cal_score ... ok
[INFO] [stdout] test year_2015::day_18::test::game_of_life_step ... ok
[INFO] [stdout] test year_2015::day_11::test::detect_straight ... ok
[INFO] [stdout] test year_2015::day_12::test::parse_number ... ok
[INFO] [stdout] test year_2015::day_18::test::step_broken_corners ... ok
[INFO] [stdout] test year_2015::day_19::test::unique_hoh ... ok
[INFO] [stdout] test year_2015::day_19::test::min_steps_hoh ... ok
[INFO] [stdout] test year_2015::day_19::test::min_steps_hohoho ... ok
[INFO] [stdout] test year_2015::day_19::test::unique_hohoho ... ok
[INFO] [stdout] test year_2015::day_20::test::house_presents ... ok
[INFO] [stdout] test year_2022::day_01::test::parse_sum ... ok
[INFO] [stdout] test common::pathfinding::test::queue_ordering ... ok
[INFO] [stdout] test year_2015::day_15::test::highest_total_score ... ok
[INFO] [stdout] test year_2015::day_17::test::case_count ... ok
[INFO] [stdout] test year_2022::day_02::test::score_hands ... ok
[INFO] [stdout] test year_2022::day_02::test::score_mixed ... ok
[INFO] [stdout] test year_2022::day_03::test::index_fill ... ok
[INFO] [stdout] test year_2022::day_04::test::parse_ranges ... ok
[INFO] [stdout] test year_2022::day_03::test::rucksack_common_item ... ok
[INFO] [stdout] test year_2022::day_04::test::range_contains ... ok
[INFO] [stdout] test year_2022::day_04::test::range_overlaps ... ok
[INFO] [stdout] test year_2022::day_05::test::apply_moves_9000 ... ok
[INFO] [stdout] test year_2015::day_11::test::successful_next ... ok
[INFO] [stdout] test year_2015::day_11::test::detect_two_pairs ... ok
[INFO] [stdout] test year_2022::day_02::test::parse_hands ... ok
[INFO] [stdout] test year_2022::day_02::test::compete_hands ... ok
[INFO] [stdout] test year_2022::day_05::test::apply_moves_9001 ... ok
[INFO] [stdout] test year_2022::day_06::test::start_of_message ... ok
[INFO] [stdout] test year_2022::day_05::test::parse_input ... ok
[INFO] [stdout] test year_2022::day_06::test::start_of_packet ... ok
[INFO] [stdout] test year_2022::day_07::test::build_filesystem ... ok
[INFO] [stdout] test year_2022::day_07::test::parse_terminal ... ok
[INFO] [stdout] test year_2022::day_03::test::group_common_item ... ok
[INFO] [stdout] test year_2022::day_07::test::sum_dirs_100k ... ok
[INFO] [stdout] test year_2022::day_08::test::parse_input ... ok
[INFO] [stdout] test year_2023::day_01::test::extract_numerals ... ok
[INFO] [stdout] test year_2022::day_07::test::rebuild_commands ... ok
[INFO] [stdout] test year_2022::day_07::test::best_to_delete ... ok
[INFO] [stdout] test year_2023::day_01::test::extract_numbers ... ok
[INFO] [stdout] test year_2023::day_02::test::possible_games ... ok
[INFO] [stdout] test year_2023::day_02::test::power_of_games ... ok
[INFO] [stdout] test year_2022::day_02::test::parse_mixed ... ok
[INFO] [stdout] test year_2022::day_08::test::compute_visibility ... ok
[INFO] [stdout] test year_2022::day_08::test::best_scenic ... ok
[INFO] [stdout] test year_2024::day_02::test::gradient_safety ... ok
[INFO] [stdout] test year_2024::day_03::test::extract_muls ... ok
[INFO] [stdout] test year_2024::day_03::test::filtered_muls ... ok
[INFO] [stdout] test year_2024::day_04::test::word_search ... ok
[INFO] [stdout] test year_2024::day_05::test::corrected_ordering ... ok
[INFO] [stdout] test year_2024::day_06::test::patrol ... ok
[INFO] [stdout] test year_2024::day_05::test::valid_ordering ... ok
[INFO] [stdout] test year_2024::day_06::test::cause_loop ... ok
[INFO] [stdout] test year_2024::day_07::test::ops_mul_add ... ok
[INFO] [stdout] test year_2024::day_04::test::parse_input ... ok
[INFO] [stdout] test year_2024::day_08::test::antinode_count ... ok
[INFO] [stdout] test year_2024::day_09::test::parse ... ok
[INFO] [stdout] test year_2024::day_07::test::ops_mul_add_cat ... ok
[INFO] [stdout] test year_2024::day_08::test::harmonic_antinode_count ... ok
[INFO] [stdout] test year_2024::day_02::test::gradient_partial_safety ... ok
[INFO] [stdout] test year_2024::day_09::test::defrag_move_once ... ok
[INFO] [stdout] test year_2024::day_09::test::defrag_naive_medium ... ok
[INFO] [stdout] test year_2024::day_09::test::defrag_naive_small ... ok
[INFO] [stdout] test year_2024::day_10::test::rate_trailheads ... ok
[INFO] [stdout] test year_2024::day_12::test::bulk_e ... ok
[INFO] [stdout] test year_2024::day_12::test::abba_price ... ok
[INFO] [stdout] test year_2024::day_12::test::small_garden ... ok
[INFO] [stdout] test year_2024::day_12::test::medium_garden_bulk ... ok
[INFO] [stdout] test year_2024::day_12::test::medium_garden ... ok
[INFO] [stdout] test year_2024::day_12::test::enclosed_garden ... ok
[INFO] [stdout] test year_2024::day_11::test::progress_n ... ok
[INFO] [stdout] test year_2024::day_10::test::score_trailheads ... ok
[INFO] [stdout] test year_2024::day_11::test::progression ... ok
[INFO] [stdout] test year_2024::day_04::test::block_search ... FAILED
[INFO] [stdout] 
[INFO] [stdout] failures:
[INFO] [stdout] 
[INFO] [stdout] ---- year_2024::day_04::test::block_search stdout ----
[INFO] [stdout] 
[INFO] [stdout] thread 'year_2024::day_04::test::block_search' panicked at advent-solutions/src/common/grid2.rs:241:10:
[INFO] [stdout] index out of bounds: the len is 10 but the index is 10
[INFO] [stdout] stack backtrace:
[INFO] [stdout]    0:     0x62df7420eaea - std::backtrace_rs::backtrace::libunwind::trace::hb059275cfc8d6126
[INFO] [stdout]                                at /rustc/6067b36314ab5eb2eb47cecc464545ba58e1ad24/library/std/src/../../backtrace/src/backtrace/libunwind.rs:116:5
[INFO] [stdout]    1:     0x62df7420eaea - std::backtrace_rs::backtrace::trace_unsynchronized::h2da071e4327ce3ee
[INFO] [stdout]                                at /rustc/6067b36314ab5eb2eb47cecc464545ba58e1ad24/library/std/src/../../backtrace/src/backtrace/mod.rs:66:5
[INFO] [stdout]    2:     0x62df7420eaea - std::sys::backtrace::_print_fmt::h842a1474e6f8d23f
[INFO] [stdout]                                at /rustc/6067b36314ab5eb2eb47cecc464545ba58e1ad24/library/std/src/sys/backtrace.rs:66:9
[INFO] [stdout]    3:     0x62df7420eaea - <std::sys::backtrace::BacktraceLock::print::DisplayBacktrace as core::fmt::Display>::fmt::h71a62eb3b9696b12
[INFO] [stdout]                                at /rustc/6067b36314ab5eb2eb47cecc464545ba58e1ad24/library/std/src/sys/backtrace.rs:39:26
[INFO] [stdout]    4:     0x62df74236e43 - core::fmt::rt::Argument::fmt::hdb6b616786b41dc1
[INFO] [stdout]                                at /rustc/6067b36314ab5eb2eb47cecc464545ba58e1ad24/library/core/src/fmt/rt.rs:177:76
[INFO] [stdout]    5:     0x62df74236e43 - core::fmt::write::h2cc1698af7e2d686
[INFO] [stdout]                                at /rustc/6067b36314ab5eb2eb47cecc464545ba58e1ad24/library/core/src/fmt/mod.rs:1440:21
[INFO] [stdout]    6:     0x62df7420b3e3 - std::io::Write::write_fmt::hab1b4cd059a79022
[INFO] [stdout]                                at /rustc/6067b36314ab5eb2eb47cecc464545ba58e1ad24/library/std/src/io/mod.rs:1887:15
[INFO] [stdout]    7:     0x62df7420e932 - std::sys::backtrace::BacktraceLock::print::h147fe35b4ea13b08
[INFO] [stdout]                                at /rustc/6067b36314ab5eb2eb47cecc464545ba58e1ad24/library/std/src/sys/backtrace.rs:42:9
[INFO] [stdout]    8:     0x62df7420ff0f - std::panicking::default_hook::{{closure}}::hbd44223dbdc0d208
[INFO] [stdout]                                at /rustc/6067b36314ab5eb2eb47cecc464545ba58e1ad24/library/std/src/panicking.rs:298:22
[INFO] [stdout]    9:     0x62df7420fd28 - std::panicking::default_hook::h20f81eb0576efcec
[INFO] [stdout]                                at /rustc/6067b36314ab5eb2eb47cecc464545ba58e1ad24/library/std/src/panicking.rs:322:9
[INFO] [stdout]   10:     0x62df741d7673 - <alloc::boxed::Box<F,A> as core::ops::function::Fn<Args>>::call::hdb53814c496a4d34
[INFO] [stdout]                                at /rustc/6067b36314ab5eb2eb47cecc464545ba58e1ad24/library/alloc/src/boxed.rs:2027:9
[INFO] [stdout]   11:     0x62df741d7673 - test::test_main::{{closure}}::hc0a4963c59427c24
[INFO] [stdout]                                at /rustc/6067b36314ab5eb2eb47cecc464545ba58e1ad24/library/test/src/lib.rs:134:21
[INFO] [stdout]   12:     0x62df74210a03 - <alloc::boxed::Box<F,A> as core::ops::function::Fn<Args>>::call::h591b2225413a77e9
[INFO] [stdout]                                at /rustc/6067b36314ab5eb2eb47cecc464545ba58e1ad24/library/alloc/src/boxed.rs:2027:9
[INFO] [stdout]   13:     0x62df74210a03 - std::panicking::rust_panic_with_hook::h625eea43051b2edc
[INFO] [stdout]                                at /rustc/6067b36314ab5eb2eb47cecc464545ba58e1ad24/library/std/src/panicking.rs:839:13
[INFO] [stdout]   14:     0x62df742106ba - std::panicking::begin_panic_handler::{{closure}}::h4f9159cfbc3f6bd3
[INFO] [stdout]                                at /rustc/6067b36314ab5eb2eb47cecc464545ba58e1ad24/library/std/src/panicking.rs:704:13
[INFO] [stdout]   15:     0x62df7420efe9 - std::sys::backtrace::__rust_end_short_backtrace::h0390abce48353151
[INFO] [stdout]                                at /rustc/6067b36314ab5eb2eb47cecc464545ba58e1ad24/library/std/src/sys/backtrace.rs:168:18
[INFO] [stdout]   16:     0x62df7421034d - rust_begin_unwind
[INFO] [stdout]                                at /rustc/6067b36314ab5eb2eb47cecc464545ba58e1ad24/library/std/src/panicking.rs:695:5
[INFO] [stdout]   17:     0x62df74235510 - core::panicking::panic_fmt::h9e7c637e9e5f29c9
[INFO] [stdout]                                at /rustc/6067b36314ab5eb2eb47cecc464545ba58e1ad24/library/core/src/panicking.rs:75:14
[INFO] [stdout]   18:     0x62df74235691 - core::panicking::panic_bounds_check::hab62625bddb22ea0
[INFO] [stdout]                                at /rustc/6067b36314ab5eb2eb47cecc464545ba58e1ad24/library/core/src/panicking.rs:273:5
[INFO] [stdout]   19:     0x62df740f873d - advent_solutions::common::grid2::Grid2<T>::get::h862f73e7897ab5fc
[INFO] [stdout]                                at /opt/rustwide/workdir/advent-solutions/src/common/grid2.rs:241:10
[INFO] [stdout]   20:     0x62df740fbbc4 - advent_solutions::year_2024::day_04::is_x_mas_cell::h04e1306286620ba7
[INFO] [stdout]                                at /opt/rustwide/workdir/advent-solutions/src/year_2024/day_04.rs:93:43
[INFO] [stdout]   21:     0x62df740fbdfb - advent_solutions::year_2024::day_04::count_x_mas_grid::h9b5a95e3c685baaf
[INFO] [stdout]                                at /opt/rustwide/workdir/advent-solutions/src/year_2024/day_04.rs:110:32
[INFO] [stdout]   22:     0x62df740ff914 - advent_solutions::year_2024::day_04::test::block_search::ha597393f0c46fde7
[INFO] [stdout]                                at /opt/rustwide/workdir/advent-solutions/src/year_2024/day_04.rs:195:27
[INFO] [stdout]   23:     0x62df740ff877 - advent_solutions::year_2024::day_04::test::block_search::{{closure}}::ha8819daeff845e2c
[INFO] [stdout]                                at /opt/rustwide/workdir/advent-solutions/src/year_2024/day_04.rs:190:22
[INFO] [stdout]   24:     0x62df74094326 - core::ops::function::FnOnce::call_once::h261281e4c269233d
[INFO] [stdout]                                at /rustc/6067b36314ab5eb2eb47cecc464545ba58e1ad24/library/core/src/ops/function.rs:250:5
[INFO] [stdout]   25:     0x62df741dcdcb - core::ops::function::FnOnce::call_once::he27718dfdd183f43
[INFO] [stdout]                                at /rustc/6067b36314ab5eb2eb47cecc464545ba58e1ad24/library/core/src/ops/function.rs:250:5
[INFO] [stdout]   26:     0x62df741dcdcb - test::__rust_begin_short_backtrace::h4e84902998457a5d
[INFO] [stdout]                                at /rustc/6067b36314ab5eb2eb47cecc464545ba58e1ad24/library/test/src/lib.rs:632:18
[INFO] [stdout]   27:     0x62df741dbd03 - test::run_test_in_process::{{closure}}::h7176fd18fc1feca0
[INFO] [stdout]                                at /rustc/6067b36314ab5eb2eb47cecc464545ba58e1ad24/library/test/src/lib.rs:655:60
[INFO] [stdout]   28:     0x62df741dbd03 - <core::panic::unwind_safe::AssertUnwindSafe<F> as core::ops::function::FnOnce<()>>::call_once::hf79cff2a624d8cf7
[INFO] [stdout]                                at /rustc/6067b36314ab5eb2eb47cecc464545ba58e1ad24/library/core/src/panic/unwind_safe.rs:272:9
[INFO] [stdout]   29:     0x62df741dbd03 - std::panicking::try::do_call::h3da0561d9ab99c25
[INFO] [stdout]                                at /rustc/6067b36314ab5eb2eb47cecc464545ba58e1ad24/library/std/src/panicking.rs:587:40
[INFO] [stdout]   30:     0x62df741dbd03 - std::panicking::try::h41c9fa508bc61df6
[INFO] [stdout]                                at /rustc/6067b36314ab5eb2eb47cecc464545ba58e1ad24/library/std/src/panicking.rs:550:19
[INFO] [stdout]   31:     0x62df741dbd03 - std::panic::catch_unwind::h6b3ff07bb5afad93
[INFO] [stdout]                                at /rustc/6067b36314ab5eb2eb47cecc464545ba58e1ad24/library/std/src/panic.rs:358:14
[INFO] [stdout]   32:     0x62df741dbd03 - test::run_test_in_process::hc7253dd11b39b9f4
[INFO] [stdout]                                at /rustc/6067b36314ab5eb2eb47cecc464545ba58e1ad24/library/test/src/lib.rs:655:27
[INFO] [stdout]   33:     0x62df741dbd03 - test::run_test::{{closure}}::hfb2007f8649c30bb
[INFO] [stdout]                                at /rustc/6067b36314ab5eb2eb47cecc464545ba58e1ad24/library/test/src/lib.rs:576:43
[INFO] [stdout]   34:     0x62df7419ede5 - test::run_test::{{closure}}::h56a17aa7a282a9f4
[INFO] [stdout]                                at /rustc/6067b36314ab5eb2eb47cecc464545ba58e1ad24/library/test/src/lib.rs:606:41
[INFO] [stdout]   35:     0x62df7419ede5 - std::sys::backtrace::__rust_begin_short_backtrace::hd2d2d2fb8e8c6aac
[INFO] [stdout]                                at /rustc/6067b36314ab5eb2eb47cecc464545ba58e1ad24/library/std/src/sys/backtrace.rs:152:18
[INFO] [stdout]   36:     0x62df741a26ca - std::thread::Builder::spawn_unchecked_::{{closure}}::{{closure}}::h4faa3f9db6133423
[INFO] [stdout]                                at /rustc/6067b36314ab5eb2eb47cecc464545ba58e1ad24/library/std/src/thread/mod.rs:559:17
[INFO] [stdout]   37:     0x62df741a26ca - <core::panic::unwind_safe::AssertUnwindSafe<F> as core::ops::function::FnOnce<()>>::call_once::hf2e855a36a4ea846
[INFO] [stdout]                                at /rustc/6067b36314ab5eb2eb47cecc464545ba58e1ad24/library/core/src/panic/unwind_safe.rs:272:9
[INFO] [stdout]   38:     0x62df741a26ca - std::panicking::try::do_call::h2f73af3616c35465
[INFO] [stdout]                                at /rustc/6067b36314ab5eb2eb47cecc464545ba58e1ad24/library/std/src/panicking.rs:587:40
[INFO] [stdout]   39:     0x62df741a26ca - std::panicking::try::hd1660ce9efadef5a
[INFO] [stdout]                                at /rustc/6067b36314ab5eb2eb47cecc464545ba58e1ad24/library/std/src/panicking.rs:550:19
[INFO] [stdout]   40:     0x62df741a26ca - std::panic::catch_unwind::h5ee8d7823b8ca744
[INFO] [stdout]                                at /rustc/6067b36314ab5eb2eb47cecc464545ba58e1ad24/library/std/src/panic.rs:358:14
[INFO] [stdout]   41:     0x62df741a26ca - std::thread::Builder::spawn_unchecked_::{{closure}}::h53c3a1894dce8407
[INFO] [stdout]                                at /rustc/6067b36314ab5eb2eb47cecc464545ba58e1ad24/library/std/src/thread/mod.rs:557:30
[INFO] [stdout]   42:     0x62df741a26ca - core::ops::function::FnOnce::call_once{{vtable.shim}}::h048ce291ad4f62bf
[INFO] [stdout]                                at /rustc/6067b36314ab5eb2eb47cecc464545ba58e1ad24/library/core/src/ops/function.rs:250:5
[INFO] [stdout]   43:     0x62df74214a3b - <alloc::boxed::Box<F,A> as core::ops::function::FnOnce<Args>>::call_once::ha52bedf99a3b4981
[INFO] [stdout]                                at /rustc/6067b36314ab5eb2eb47cecc464545ba58e1ad24/library/alloc/src/boxed.rs:2013:9
[INFO] [stdout]   44:     0x62df74214a3b - <alloc::boxed::Box<F,A> as core::ops::function::FnOnce<Args>>::call_once::h567748934d80ccf8
[INFO] [stdout]                                at /rustc/6067b36314ab5eb2eb47cecc464545ba58e1ad24/library/alloc/src/boxed.rs:2013:9
[INFO] [stdout]   45:     0x62df74214a3b - std::sys::pal::unix::thread::Thread::new::thread_start::h2d970728ae887adc
[INFO] [stdout]                                at /rustc/6067b36314ab5eb2eb47cecc464545ba58e1ad24/library/std/src/sys/pal/unix/thread.rs:106:17
[INFO] [stdout]   46:     0x77215c766ac3 - <unknown>
[INFO] [stdout]   47:     0x77215c7f7a04 - clone
[INFO] [stdout]   48:                0x0 - <unknown>
[INFO] [stdout] 
[INFO] [stdout] 
[INFO] [stdout] failures:
[INFO] [stdout]     year_2024::day_04::test::block_search
[INFO] [stdout] 
[INFO] [stdout] test result: FAILED. 94 passed; 1 failed; 0 ignored; 0 measured; 0 filtered out; finished in 0.15s
[INFO] [stdout] 
[INFO] [stderr] error: test failed, to rerun pass `-p advent-solutions --bin advent-solutions`
[INFO] running `Command { std: "docker" "inspect" "e22cba7352a407d28df3a619169c07f569d06192a1d5887fbd2fcd780cce6438", kill_on_drop: false }`
[INFO] running `Command { std: "docker" "rm" "-f" "e22cba7352a407d28df3a619169c07f569d06192a1d5887fbd2fcd780cce6438", kill_on_drop: false }`
[INFO] [stdout] e22cba7352a407d28df3a619169c07f569d06192a1d5887fbd2fcd780cce6438
