[INFO] cloning repository https://github.com/Fr0benius/advent2021
[INFO] running `Command { std: "git" "-c" "credential.helper=" "-c" "credential.helper=/workspace/cargo-home/bin/git-credential-null" "clone" "--bare" "https://github.com/Fr0benius/advent2021" "/workspace/cache/git-repos/https%3A%2F%2Fgithub.com%2FFr0benius%2Fadvent2021", kill_on_drop: false }`
[INFO] [stderr] Cloning into bare repository '/workspace/cache/git-repos/https%3A%2F%2Fgithub.com%2FFr0benius%2Fadvent2021'...
[INFO] running `Command { std: "git" "rev-parse" "HEAD", kill_on_drop: false }`
[INFO] [stdout] 6c4413c4d52a9e5cf6270a2975985fec66c9e768
[INFO] testing Fr0benius/advent2021 against nightly-2025-01-18+rustflags=-Zrandomize-layout for randomize-layout-2
[INFO] running `Command { std: "git" "clone" "/workspace/cache/git-repos/https%3A%2F%2Fgithub.com%2FFr0benius%2Fadvent2021" "/workspace/builds/worker-6-tc2/source", kill_on_drop: false }`
[INFO] [stderr] Cloning into '/workspace/builds/worker-6-tc2/source'...
[INFO] [stderr] done.
[INFO] validating manifest of git repo https://github.com/Fr0benius/advent2021 on toolchain nightly-2025-01-18
[INFO] running `Command { std: CARGO_HOME="/workspace/cargo-home" RUSTUP_HOME="/workspace/rustup-home" "/workspace/cargo-home/bin/cargo" "+nightly-2025-01-18" "metadata" "--manifest-path" "Cargo.toml" "--no-deps", kill_on_drop: false }`
[INFO] started tweaking git repo https://github.com/Fr0benius/advent2021
[INFO] finished tweaking git repo https://github.com/Fr0benius/advent2021
[INFO] tweaked toml for git repo https://github.com/Fr0benius/advent2021 written to /workspace/builds/worker-6-tc2/source/Cargo.toml
[INFO] crate git repo https://github.com/Fr0benius/advent2021 already has a lockfile, it will not be regenerated
[INFO] running `Command { std: CARGO_HOME="/workspace/cargo-home" RUSTUP_HOME="/workspace/rustup-home" "/workspace/cargo-home/bin/cargo" "+nightly-2025-01-18" "fetch" "--manifest-path" "Cargo.toml", kill_on_drop: false }`
[INFO] [stderr]     Blocking waiting for file lock on package cache
[INFO] [stderr]     Blocking waiting for file lock on package cache
[INFO] running `Command { std: "docker" "create" "-v" "/var/lib/crater-agent-workspace/builds/worker-6-tc2/target:/opt/rustwide/target:rw,Z" "-v" "/var/lib/crater-agent-workspace/builds/worker-6-tc2/source:/opt/rustwide/workdir:ro,Z" "-v" "/var/lib/crater-agent-workspace/cargo-home:/opt/rustwide/cargo-home:ro,Z" "-v" "/var/lib/crater-agent-workspace/rustup-home:/opt/rustwide/rustup-home:ro,Z" "-e" "SOURCE_DIR=/opt/rustwide/workdir" "-e" "CARGO_TARGET_DIR=/opt/rustwide/target" "-e" "CARGO_HOME=/opt/rustwide/cargo-home" "-e" "RUSTUP_HOME=/opt/rustwide/rustup-home" "-w" "/opt/rustwide/workdir" "-m" "1610612736" "--user" "0:0" "--network" "none" "ghcr.io/rust-lang/crates-build-env/linux@sha256:819108c5571ea2e421544af4d832f968d213c87fbe3707a016657f43d2f853bc" "/opt/rustwide/cargo-home/bin/cargo" "+nightly-2025-01-18" "metadata" "--no-deps" "--format-version=1", kill_on_drop: false }`
[INFO] [stdout] 298b5dfea869ea504a247f7cedf38936ce5abd066aaae1078934b662e79323ed
[INFO] running `Command { std: "docker" "start" "-a" "298b5dfea869ea504a247f7cedf38936ce5abd066aaae1078934b662e79323ed", kill_on_drop: false }`
[INFO] running `Command { std: "docker" "inspect" "298b5dfea869ea504a247f7cedf38936ce5abd066aaae1078934b662e79323ed", kill_on_drop: false }`
[INFO] running `Command { std: "docker" "rm" "-f" "298b5dfea869ea504a247f7cedf38936ce5abd066aaae1078934b662e79323ed", kill_on_drop: false }`
[INFO] [stdout] 298b5dfea869ea504a247f7cedf38936ce5abd066aaae1078934b662e79323ed
[INFO] running `Command { std: "docker" "create" "-v" "/var/lib/crater-agent-workspace/builds/worker-6-tc2/target:/opt/rustwide/target:rw,Z" "-v" "/var/lib/crater-agent-workspace/builds/worker-6-tc2/source:/opt/rustwide/workdir:ro,Z" "-v" "/var/lib/crater-agent-workspace/cargo-home:/opt/rustwide/cargo-home:ro,Z" "-v" "/var/lib/crater-agent-workspace/rustup-home:/opt/rustwide/rustup-home:ro,Z" "-e" "SOURCE_DIR=/opt/rustwide/workdir" "-e" "CARGO_TARGET_DIR=/opt/rustwide/target" "-e" "CARGO_INCREMENTAL=0" "-e" "RUST_BACKTRACE=full" "-e" "RUSTFLAGS=--cap-lints=forbid -Zrandomize-layout" "-e" "RUSTDOCFLAGS=--cap-lints=forbid" "-e" "CARGO_HOME=/opt/rustwide/cargo-home" "-e" "RUSTUP_HOME=/opt/rustwide/rustup-home" "-w" "/opt/rustwide/workdir" "-m" "1610612736" "--user" "0:0" "--network" "none" "ghcr.io/rust-lang/crates-build-env/linux@sha256:819108c5571ea2e421544af4d832f968d213c87fbe3707a016657f43d2f853bc" "/opt/rustwide/cargo-home/bin/cargo" "+nightly-2025-01-18" "build" "--frozen" "--message-format=json", kill_on_drop: false }`
[INFO] [stdout] 0a907e3402a7280a3776ff1d8a37067d517e77db629cae9de39aede550dbc389
[INFO] running `Command { std: "docker" "start" "-a" "0a907e3402a7280a3776ff1d8a37067d517e77db629cae9de39aede550dbc389", kill_on_drop: false }`
[INFO] [stderr]    Compiling regex-syntax v0.6.26
[INFO] [stderr]    Compiling aho-corasick v0.7.18
[INFO] [stderr]    Compiling regex v1.5.6
[INFO] [stderr]    Compiling advent2021 v0.1.0 (/opt/rustwide/workdir)
[INFO] [stderr]     Finished `dev` profile [unoptimized + debuginfo] target(s) in 10.21s
[INFO] running `Command { std: "docker" "inspect" "0a907e3402a7280a3776ff1d8a37067d517e77db629cae9de39aede550dbc389", kill_on_drop: false }`
[INFO] running `Command { std: "docker" "rm" "-f" "0a907e3402a7280a3776ff1d8a37067d517e77db629cae9de39aede550dbc389", kill_on_drop: false }`
[INFO] [stdout] 0a907e3402a7280a3776ff1d8a37067d517e77db629cae9de39aede550dbc389
[INFO] running `Command { std: "docker" "create" "-v" "/var/lib/crater-agent-workspace/builds/worker-6-tc2/target:/opt/rustwide/target:rw,Z" "-v" "/var/lib/crater-agent-workspace/builds/worker-6-tc2/source:/opt/rustwide/workdir:ro,Z" "-v" "/var/lib/crater-agent-workspace/cargo-home:/opt/rustwide/cargo-home:ro,Z" "-v" "/var/lib/crater-agent-workspace/rustup-home:/opt/rustwide/rustup-home:ro,Z" "-e" "SOURCE_DIR=/opt/rustwide/workdir" "-e" "CARGO_TARGET_DIR=/opt/rustwide/target" "-e" "CARGO_INCREMENTAL=0" "-e" "RUST_BACKTRACE=full" "-e" "RUSTFLAGS=--cap-lints=forbid -Zrandomize-layout" "-e" "RUSTDOCFLAGS=--cap-lints=forbid" "-e" "CARGO_HOME=/opt/rustwide/cargo-home" "-e" "RUSTUP_HOME=/opt/rustwide/rustup-home" "-w" "/opt/rustwide/workdir" "-m" "1610612736" "--user" "0:0" "--network" "none" "ghcr.io/rust-lang/crates-build-env/linux@sha256:819108c5571ea2e421544af4d832f968d213c87fbe3707a016657f43d2f853bc" "/opt/rustwide/cargo-home/bin/cargo" "+nightly-2025-01-18" "test" "--frozen" "--no-run" "--message-format=json", kill_on_drop: false }`
[INFO] [stdout] e128eaaa6f02f569a8b9ab417c5aff0fca1ecf12c822b1d8789115ab0bb85413
[INFO] running `Command { std: "docker" "start" "-a" "e128eaaa6f02f569a8b9ab417c5aff0fca1ecf12c822b1d8789115ab0bb85413", kill_on_drop: false }`
[INFO] [stderr]    Compiling advent2021 v0.1.0 (/opt/rustwide/workdir)
[INFO] [stderr]     Finished `test` profile [unoptimized + debuginfo] target(s) in 2.98s
[INFO] running `Command { std: "docker" "inspect" "e128eaaa6f02f569a8b9ab417c5aff0fca1ecf12c822b1d8789115ab0bb85413", kill_on_drop: false }`
[INFO] running `Command { std: "docker" "rm" "-f" "e128eaaa6f02f569a8b9ab417c5aff0fca1ecf12c822b1d8789115ab0bb85413", kill_on_drop: false }`
[INFO] [stdout] e128eaaa6f02f569a8b9ab417c5aff0fca1ecf12c822b1d8789115ab0bb85413
[INFO] running `Command { std: "docker" "create" "-v" "/var/lib/crater-agent-workspace/builds/worker-6-tc2/target:/opt/rustwide/target:rw,Z" "-v" "/var/lib/crater-agent-workspace/builds/worker-6-tc2/source:/opt/rustwide/workdir:ro,Z" "-v" "/var/lib/crater-agent-workspace/cargo-home:/opt/rustwide/cargo-home:ro,Z" "-v" "/var/lib/crater-agent-workspace/rustup-home:/opt/rustwide/rustup-home:ro,Z" "-e" "SOURCE_DIR=/opt/rustwide/workdir" "-e" "CARGO_TARGET_DIR=/opt/rustwide/target" "-e" "CARGO_INCREMENTAL=0" "-e" "RUST_BACKTRACE=full" "-e" "RUSTFLAGS=--cap-lints=forbid -Zrandomize-layout" "-e" "RUSTDOCFLAGS=--cap-lints=forbid" "-e" "CARGO_HOME=/opt/rustwide/cargo-home" "-e" "RUSTUP_HOME=/opt/rustwide/rustup-home" "-w" "/opt/rustwide/workdir" "-m" "1610612736" "--user" "0:0" "--network" "none" "ghcr.io/rust-lang/crates-build-env/linux@sha256:819108c5571ea2e421544af4d832f968d213c87fbe3707a016657f43d2f853bc" "/opt/rustwide/cargo-home/bin/cargo" "+nightly-2025-01-18" "test" "--frozen", kill_on_drop: false }`
[INFO] [stdout] e47c4ee016c83790df3935563355da87f9cb21defa27b343ae490fc9ecc2069d
[INFO] running `Command { std: "docker" "start" "-a" "e47c4ee016c83790df3935563355da87f9cb21defa27b343ae490fc9ecc2069d", kill_on_drop: false }`
[INFO] [stderr]     Finished `test` profile [unoptimized + debuginfo] target(s) in 0.02s
[INFO] [stderr]      Running unittests src/lib.rs (/opt/rustwide/target/debug/deps/advent2021-3d96307bd1e93d76)
[INFO] [stdout] 
[INFO] [stdout] running 53 tests
[INFO] [stdout] test day01::tests::test_part1 ... ok
[INFO] [stdout] test day03::tests::test_part1 ... ok
[INFO] [stdout] test day02::tests::test_part2 ... ok
[INFO] [stdout] test day02::tests::test_part1 ... ok
[INFO] [stdout] test day01::tests::test_part2 ... ok
[INFO] [stdout] test day03::tests::test_part2 ... ok
[INFO] [stdout] test day06::tests::test_part1 ... ok
[INFO] [stdout] test day06::tests::test_part2 ... ok
[INFO] [stdout] test day07::tests::test_part1 ... ok
[INFO] [stdout] test day04::tests::test_part2 ... ok
[INFO] [stdout] test day04::tests::test_part1 ... ok
[INFO] [stdout] test day08::tests::test_part1 ... ok
[INFO] [stdout] test day09::tests::test_part1 ... ok
[INFO] [stdout] test day10::tests::test_part1 ... ok
[INFO] [stdout] test day08::tests::test_part2 ... ok
[INFO] [stdout] test day11::tests::test_part1 ... ok
[INFO] [stdout] test day10::tests::test_part2 ... ok
[INFO] [stdout] test day13::tests::test_part1 ... ok
[INFO] [stdout] test day09::tests::test_part2 ... ok
[INFO] [stdout] test day14::tests::test_part1 ... ok
[INFO] [stdout] test day11::tests::test_part2 ... ok
[INFO] [stdout] test day13::tests::test_part2 ... ok
[INFO] [stdout] test day14::tests::test_part2 ... ok
[INFO] [stdout] test day16::tests::test_part1 ... ok
[INFO] [stdout] test day16::tests::test_part2 ... ok
[INFO] [stdout] test day15::tests::test_part1 ... ok
[INFO] [stdout] test day17::tests::test_part1 ... ok
[INFO] [stdout] test day07::tests::test_part2 ... ok
[INFO] [stdout] test day12::tests::test_part1 ... ok
[INFO] [stdout] test day19::tests::test_part1 ... ignored
[INFO] [stdout] test day19::tests::test_part2 ... ignored
[INFO] [stdout] test day17::tests::test_part2 ... ok
[INFO] [stdout] test day18::tests::test_part1 ... ok
[INFO] [stdout] test day21::tests::test_part1 ... ok
[INFO] [stdout] test day05::tests::test_part1 ... ok
[INFO] [stdout] test day21::tests::test_part2 ... ok
[INFO] [stdout] test day20::tests::test_part1 ... ok
[INFO] [stdout] test day22::tests::test_part1 ... ok
[INFO] [stdout] test day05::tests::test_part2 ... ok
[INFO] [stdout] test day24::tests::test_part1 ... ok
[INFO] [stdout] test day18::tests::test_part2 ... ok
[INFO] [stdout] test day24::tests::test_part2 ... ok
[INFO] [stdout] test util::num::tests::cr_test ... ok
[INFO] [stdout] test util::num::tests::extended_euclid_test ... ok
[INFO] [stdout] test util::num::tests::gcd_test ... ok
[INFO] [stdout] test util::num::tests::mod_inv_test ... ok
[INFO] [stdout] test day15::tests::test_part2 ... ok
[INFO] [stdout] test day12::tests::test_part2 ... ok
[INFO] [stdout] test day25::tests::test_part1 ... FAILED
[INFO] [stdout] test day20::tests::test_part2 ... ok
[INFO] [stdout] test day23::tests::test_part1 ... ok
[INFO] [stdout] test day23::tests::test_part2 ... ok
[INFO] [stdout] test day22::tests::test_part2 has been running for over 60 seconds
[INFO] [stdout] test day22::tests::test_part2 ... ok
[INFO] [stdout] 
[INFO] [stdout] failures:
[INFO] [stdout] 
[INFO] [stdout] ---- day25::tests::test_part1 stdout ----
[INFO] [stdout] 
[INFO] [stdout] thread 'day25::tests::test_part1' panicked at src/day25.rs:44:9:
[INFO] [stdout] assertion `left == right` failed
[INFO] [stdout]   left: 417
[INFO] [stdout]  right: 39924989499969
[INFO] [stdout] stack backtrace:
[INFO] [stdout]    0:     0x5b7689eff07a - std::backtrace_rs::backtrace::libunwind::trace::hb059275cfc8d6126
[INFO] [stdout]                                at /rustc/6067b36314ab5eb2eb47cecc464545ba58e1ad24/library/std/src/../../backtrace/src/backtrace/libunwind.rs:116:5
[INFO] [stdout]    1:     0x5b7689eff07a - std::backtrace_rs::backtrace::trace_unsynchronized::h2da071e4327ce3ee
[INFO] [stdout]                                at /rustc/6067b36314ab5eb2eb47cecc464545ba58e1ad24/library/std/src/../../backtrace/src/backtrace/mod.rs:66:5
[INFO] [stdout]    2:     0x5b7689eff07a - std::sys::backtrace::_print_fmt::h842a1474e6f8d23f
[INFO] [stdout]                                at /rustc/6067b36314ab5eb2eb47cecc464545ba58e1ad24/library/std/src/sys/backtrace.rs:66:9
[INFO] [stdout]    3:     0x5b7689eff07a - <std::sys::backtrace::BacktraceLock::print::DisplayBacktrace as core::fmt::Display>::fmt::h71a62eb3b9696b12
[INFO] [stdout]                                at /rustc/6067b36314ab5eb2eb47cecc464545ba58e1ad24/library/std/src/sys/backtrace.rs:39:26
[INFO] [stdout]    4:     0x5b7689f26ef3 - core::fmt::rt::Argument::fmt::hdb6b616786b41dc1
[INFO] [stdout]                                at /rustc/6067b36314ab5eb2eb47cecc464545ba58e1ad24/library/core/src/fmt/rt.rs:177:76
[INFO] [stdout]    5:     0x5b7689f26ef3 - core::fmt::write::h2cc1698af7e2d686
[INFO] [stdout]                                at /rustc/6067b36314ab5eb2eb47cecc464545ba58e1ad24/library/core/src/fmt/mod.rs:1440:21
[INFO] [stdout]    6:     0x5b7689efbbd3 - std::io::Write::write_fmt::hab1b4cd059a79022
[INFO] [stdout]                                at /rustc/6067b36314ab5eb2eb47cecc464545ba58e1ad24/library/std/src/io/mod.rs:1887:15
[INFO] [stdout]    7:     0x5b7689efeec2 - std::sys::backtrace::BacktraceLock::print::h147fe35b4ea13b08
[INFO] [stdout]                                at /rustc/6067b36314ab5eb2eb47cecc464545ba58e1ad24/library/std/src/sys/backtrace.rs:42:9
[INFO] [stdout]    8:     0x5b7689f0049f - std::panicking::default_hook::{{closure}}::hbd44223dbdc0d208
[INFO] [stdout]                                at /rustc/6067b36314ab5eb2eb47cecc464545ba58e1ad24/library/std/src/panicking.rs:298:22
[INFO] [stdout]    9:     0x5b7689f002b8 - std::panicking::default_hook::h20f81eb0576efcec
[INFO] [stdout]                                at /rustc/6067b36314ab5eb2eb47cecc464545ba58e1ad24/library/std/src/panicking.rs:322:9
[INFO] [stdout]   10:     0x5b7689d7b233 - <alloc::boxed::Box<F,A> as core::ops::function::Fn<Args>>::call::hdb53814c496a4d34
[INFO] [stdout]                                at /rustc/6067b36314ab5eb2eb47cecc464545ba58e1ad24/library/alloc/src/boxed.rs:2027:9
[INFO] [stdout]   11:     0x5b7689d7b233 - test::test_main::{{closure}}::hc0a4963c59427c24
[INFO] [stdout]                                at /rustc/6067b36314ab5eb2eb47cecc464545ba58e1ad24/library/test/src/lib.rs:134:21
[INFO] [stdout]   12:     0x5b7689f00f93 - <alloc::boxed::Box<F,A> as core::ops::function::Fn<Args>>::call::h591b2225413a77e9
[INFO] [stdout]                                at /rustc/6067b36314ab5eb2eb47cecc464545ba58e1ad24/library/alloc/src/boxed.rs:2027:9
[INFO] [stdout]   13:     0x5b7689f00f93 - std::panicking::rust_panic_with_hook::h625eea43051b2edc
[INFO] [stdout]                                at /rustc/6067b36314ab5eb2eb47cecc464545ba58e1ad24/library/std/src/panicking.rs:839:13
[INFO] [stdout]   14:     0x5b7689f00c4a - std::panicking::begin_panic_handler::{{closure}}::h4f9159cfbc3f6bd3
[INFO] [stdout]                                at /rustc/6067b36314ab5eb2eb47cecc464545ba58e1ad24/library/std/src/panicking.rs:704:13
[INFO] [stdout]   15:     0x5b7689eff579 - std::sys::backtrace::__rust_end_short_backtrace::h0390abce48353151
[INFO] [stdout]                                at /rustc/6067b36314ab5eb2eb47cecc464545ba58e1ad24/library/std/src/sys/backtrace.rs:168:18
[INFO] [stdout]   16:     0x5b7689f008dd - rust_begin_unwind
[INFO] [stdout]                                at /rustc/6067b36314ab5eb2eb47cecc464545ba58e1ad24/library/std/src/panicking.rs:695:5
[INFO] [stdout]   17:     0x5b7689f258d0 - core::panicking::panic_fmt::h9e7c637e9e5f29c9
[INFO] [stdout]                                at /rustc/6067b36314ab5eb2eb47cecc464545ba58e1ad24/library/core/src/panicking.rs:75:14
[INFO] [stdout]   18:     0x5b7689f25cc2 - core::panicking::assert_failed_inner::h538bec7c1374cd9c
[INFO] [stdout]   19:     0x5b7689cf9cd8 - core::panicking::assert_failed::h05542719cc5ded2c
[INFO] [stdout]                                at /rustc/6067b36314ab5eb2eb47cecc464545ba58e1ad24/library/core/src/panicking.rs:364:5
[INFO] [stdout]   20:     0x5b7689ceee1e - advent2021::day25::tests::test_part1::h1c00f562f2f84a6c
[INFO] [stdout]                                at /opt/rustwide/workdir/src/day25.rs:44:9
[INFO] [stdout]   21:     0x5b7689ceed97 - advent2021::day25::tests::test_part1::{{closure}}::h6dae12e16ddd8f62
[INFO] [stdout]                                at /opt/rustwide/workdir/src/day25.rs:43:20
[INFO] [stdout]   22:     0x5b7689ce73b6 - core::ops::function::FnOnce::call_once::h696873f1f961f5e2
[INFO] [stdout]                                at /rustc/6067b36314ab5eb2eb47cecc464545ba58e1ad24/library/core/src/ops/function.rs:250:5
[INFO] [stdout]   23:     0x5b7689d8098b - core::ops::function::FnOnce::call_once::he27718dfdd183f43
[INFO] [stdout]                                at /rustc/6067b36314ab5eb2eb47cecc464545ba58e1ad24/library/core/src/ops/function.rs:250:5
[INFO] [stdout]   24:     0x5b7689d8098b - test::__rust_begin_short_backtrace::h4e84902998457a5d
[INFO] [stdout]                                at /rustc/6067b36314ab5eb2eb47cecc464545ba58e1ad24/library/test/src/lib.rs:632:18
[INFO] [stdout]   25:     0x5b7689d7f8c3 - test::run_test_in_process::{{closure}}::h7176fd18fc1feca0
[INFO] [stdout]                                at /rustc/6067b36314ab5eb2eb47cecc464545ba58e1ad24/library/test/src/lib.rs:655:60
[INFO] [stdout]   26:     0x5b7689d7f8c3 - <core::panic::unwind_safe::AssertUnwindSafe<F> as core::ops::function::FnOnce<()>>::call_once::hf79cff2a624d8cf7
[INFO] [stdout]                                at /rustc/6067b36314ab5eb2eb47cecc464545ba58e1ad24/library/core/src/panic/unwind_safe.rs:272:9
[INFO] [stdout]   27:     0x5b7689d7f8c3 - std::panicking::try::do_call::h3da0561d9ab99c25
[INFO] [stdout]                                at /rustc/6067b36314ab5eb2eb47cecc464545ba58e1ad24/library/std/src/panicking.rs:587:40
[INFO] [stdout]   28:     0x5b7689d7f8c3 - std::panicking::try::h41c9fa508bc61df6
[INFO] [stdout]                                at /rustc/6067b36314ab5eb2eb47cecc464545ba58e1ad24/library/std/src/panicking.rs:550:19
[INFO] [stdout]   29:     0x5b7689d7f8c3 - std::panic::catch_unwind::h6b3ff07bb5afad93
[INFO] [stdout]                                at /rustc/6067b36314ab5eb2eb47cecc464545ba58e1ad24/library/std/src/panic.rs:358:14
[INFO] [stdout]   30:     0x5b7689d7f8c3 - test::run_test_in_process::hc7253dd11b39b9f4
[INFO] [stdout]                                at /rustc/6067b36314ab5eb2eb47cecc464545ba58e1ad24/library/test/src/lib.rs:655:27
[INFO] [stdout]   31:     0x5b7689d7f8c3 - test::run_test::{{closure}}::hfb2007f8649c30bb
[INFO] [stdout]                                at /rustc/6067b36314ab5eb2eb47cecc464545ba58e1ad24/library/test/src/lib.rs:576:43
[INFO] [stdout]   32:     0x5b7689d429a5 - test::run_test::{{closure}}::h56a17aa7a282a9f4
[INFO] [stdout]                                at /rustc/6067b36314ab5eb2eb47cecc464545ba58e1ad24/library/test/src/lib.rs:606:41
[INFO] [stdout]   33:     0x5b7689d429a5 - std::sys::backtrace::__rust_begin_short_backtrace::hd2d2d2fb8e8c6aac
[INFO] [stdout]                                at /rustc/6067b36314ab5eb2eb47cecc464545ba58e1ad24/library/std/src/sys/backtrace.rs:152:18
[INFO] [stdout]   34:     0x5b7689d4628a - std::thread::Builder::spawn_unchecked_::{{closure}}::{{closure}}::h4faa3f9db6133423
[INFO] [stdout]                                at /rustc/6067b36314ab5eb2eb47cecc464545ba58e1ad24/library/std/src/thread/mod.rs:559:17
[INFO] [stdout]   35:     0x5b7689d4628a - <core::panic::unwind_safe::AssertUnwindSafe<F> as core::ops::function::FnOnce<()>>::call_once::hf2e855a36a4ea846
[INFO] [stdout]                                at /rustc/6067b36314ab5eb2eb47cecc464545ba58e1ad24/library/core/src/panic/unwind_safe.rs:272:9
[INFO] [stdout]   36:     0x5b7689d4628a - std::panicking::try::do_call::h2f73af3616c35465
[INFO] [stdout]                                at /rustc/6067b36314ab5eb2eb47cecc464545ba58e1ad24/library/std/src/panicking.rs:587:40
[INFO] [stdout]   37:     0x5b7689d4628a - std::panicking::try::hd1660ce9efadef5a
[INFO] [stdout]                                at /rustc/6067b36314ab5eb2eb47cecc464545ba58e1ad24/library/std/src/panicking.rs:550:19
[INFO] [stdout]   38:     0x5b7689d4628a - std::panic::catch_unwind::h5ee8d7823b8ca744
[INFO] [stdout]                                at /rustc/6067b36314ab5eb2eb47cecc464545ba58e1ad24/library/std/src/panic.rs:358:14
[INFO] [stdout]   39:     0x5b7689d4628a - std::thread::Builder::spawn_unchecked_::{{closure}}::h53c3a1894dce8407
[INFO] [stdout]                                at /rustc/6067b36314ab5eb2eb47cecc464545ba58e1ad24/library/std/src/thread/mod.rs:557:30
[INFO] [stdout]   40:     0x5b7689d4628a - core::ops::function::FnOnce::call_once{{vtable.shim}}::h048ce291ad4f62bf
[INFO] [stdout]                                at /rustc/6067b36314ab5eb2eb47cecc464545ba58e1ad24/library/core/src/ops/function.rs:250:5
[INFO] [stdout]   41:     0x5b7689f04ecb - <alloc::boxed::Box<F,A> as core::ops::function::FnOnce<Args>>::call_once::ha52bedf99a3b4981
[INFO] [stdout]                                at /rustc/6067b36314ab5eb2eb47cecc464545ba58e1ad24/library/alloc/src/boxed.rs:2013:9
[INFO] [stdout]   42:     0x5b7689f04ecb - <alloc::boxed::Box<F,A> as core::ops::function::FnOnce<Args>>::call_once::h567748934d80ccf8
[INFO] [stdout]                                at /rustc/6067b36314ab5eb2eb47cecc464545ba58e1ad24/library/alloc/src/boxed.rs:2013:9
[INFO] [stdout]   43:     0x5b7689f04ecb - std::sys::pal::unix::thread::Thread::new::thread_start::h2d970728ae887adc
[INFO] [stdout]                                at /rustc/6067b36314ab5eb2eb47cecc464545ba58e1ad24/library/std/src/sys/pal/unix/thread.rs:106:17
[INFO] [stdout]   44:     0x75d4d491aac3 - <unknown>
[INFO] [stdout]   45:     0x75d4d49aba04 - clone
[INFO] [stdout]   46:                0x0 - <unknown>
[INFO] [stdout] 
[INFO] [stdout] 
[INFO] [stdout] failures:
[INFO] [stdout]     day25::tests::test_part1
[INFO] [stdout] 
[INFO] [stdout] test result: FAILED. 50 passed; 1 failed; 2 ignored; 0 measured; 0 filtered out; finished in 118.61s
[INFO] [stdout] 
[INFO] [stderr] error: test failed, to rerun pass `--lib`
[INFO] running `Command { std: "docker" "inspect" "e47c4ee016c83790df3935563355da87f9cb21defa27b343ae490fc9ecc2069d", kill_on_drop: false }`
[INFO] running `Command { std: "docker" "rm" "-f" "e47c4ee016c83790df3935563355da87f9cb21defa27b343ae490fc9ecc2069d", kill_on_drop: false }`
[INFO] [stdout] e47c4ee016c83790df3935563355da87f9cb21defa27b343ae490fc9ecc2069d
