[INFO] cloning repository https://github.com/FaresYoussef94/aoc-24
[INFO] running `Command { std: "git" "-c" "credential.helper=" "-c" "credential.helper=/workspace/cargo-home/bin/git-credential-null" "clone" "--bare" "https://github.com/FaresYoussef94/aoc-24" "/workspace/cache/git-repos/https%3A%2F%2Fgithub.com%2FFaresYoussef94%2Faoc-24", kill_on_drop: false }`
[INFO] [stderr] Cloning into bare repository '/workspace/cache/git-repos/https%3A%2F%2Fgithub.com%2FFaresYoussef94%2Faoc-24'...
[INFO] running `Command { std: "git" "rev-parse" "HEAD", kill_on_drop: false }`
[INFO] [stdout] 9228faf2cfd83606052eabf08c3087434677eb2d
[INFO] testing FaresYoussef94/aoc-24 against nightly-2025-01-18 for randomize-layout-2
[INFO] running `Command { std: "git" "clone" "/workspace/cache/git-repos/https%3A%2F%2Fgithub.com%2FFaresYoussef94%2Faoc-24" "/workspace/builds/worker-6-tc1/source", kill_on_drop: false }`
[INFO] [stderr] Cloning into '/workspace/builds/worker-6-tc1/source'...
[INFO] [stderr] done.
[INFO] validating manifest of git repo https://github.com/FaresYoussef94/aoc-24 on toolchain nightly-2025-01-18
[INFO] running `Command { std: CARGO_HOME="/workspace/cargo-home" RUSTUP_HOME="/workspace/rustup-home" "/workspace/cargo-home/bin/cargo" "+nightly-2025-01-18" "metadata" "--manifest-path" "Cargo.toml" "--no-deps", kill_on_drop: false }`
[INFO] removed /workspace/builds/worker-6-tc1/source/.cargo/config.toml
[INFO] started tweaking git repo https://github.com/FaresYoussef94/aoc-24
[INFO] finished tweaking git repo https://github.com/FaresYoussef94/aoc-24
[INFO] tweaked toml for git repo https://github.com/FaresYoussef94/aoc-24 written to /workspace/builds/worker-6-tc1/source/Cargo.toml
[INFO] crate git repo https://github.com/FaresYoussef94/aoc-24 already has a lockfile, it will not be regenerated
[INFO] running `Command { std: CARGO_HOME="/workspace/cargo-home" RUSTUP_HOME="/workspace/rustup-home" "/workspace/cargo-home/bin/cargo" "+nightly-2025-01-18" "fetch" "--manifest-path" "Cargo.toml", kill_on_drop: false }`
[INFO] [stderr]  Downloading crates ...
[INFO] [stderr]   Downloaded cached v0.54.0
[INFO] [stderr]   Downloaded cached_proc_macro v0.23.0
[INFO] [stderr]   Downloaded pathfinding v4.12.0
[INFO] running `Command { std: "docker" "create" "-v" "/var/lib/crater-agent-workspace/builds/worker-6-tc1/target:/opt/rustwide/target:rw,Z" "-v" "/var/lib/crater-agent-workspace/builds/worker-6-tc1/source:/opt/rustwide/workdir:ro,Z" "-v" "/var/lib/crater-agent-workspace/cargo-home:/opt/rustwide/cargo-home:ro,Z" "-v" "/var/lib/crater-agent-workspace/rustup-home:/opt/rustwide/rustup-home:ro,Z" "-e" "SOURCE_DIR=/opt/rustwide/workdir" "-e" "CARGO_TARGET_DIR=/opt/rustwide/target" "-e" "CARGO_HOME=/opt/rustwide/cargo-home" "-e" "RUSTUP_HOME=/opt/rustwide/rustup-home" "-w" "/opt/rustwide/workdir" "-m" "1610612736" "--user" "0:0" "--network" "none" "ghcr.io/rust-lang/crates-build-env/linux@sha256:819108c5571ea2e421544af4d832f968d213c87fbe3707a016657f43d2f853bc" "/opt/rustwide/cargo-home/bin/cargo" "+nightly-2025-01-18" "metadata" "--no-deps" "--format-version=1", kill_on_drop: false }`
[INFO] [stdout] 727a6f3bbc30e38ab01ca5f412803bf015b49bde50c802d5ca261bb11a5bfcfd
[INFO] running `Command { std: "docker" "start" "-a" "727a6f3bbc30e38ab01ca5f412803bf015b49bde50c802d5ca261bb11a5bfcfd", kill_on_drop: false }`
[INFO] running `Command { std: "docker" "inspect" "727a6f3bbc30e38ab01ca5f412803bf015b49bde50c802d5ca261bb11a5bfcfd", kill_on_drop: false }`
[INFO] running `Command { std: "docker" "rm" "-f" "727a6f3bbc30e38ab01ca5f412803bf015b49bde50c802d5ca261bb11a5bfcfd", kill_on_drop: false }`
[INFO] [stdout] 727a6f3bbc30e38ab01ca5f412803bf015b49bde50c802d5ca261bb11a5bfcfd
[INFO] running `Command { std: "docker" "create" "-v" "/var/lib/crater-agent-workspace/builds/worker-6-tc1/target:/opt/rustwide/target:rw,Z" "-v" "/var/lib/crater-agent-workspace/builds/worker-6-tc1/source:/opt/rustwide/workdir:ro,Z" "-v" "/var/lib/crater-agent-workspace/cargo-home:/opt/rustwide/cargo-home:ro,Z" "-v" "/var/lib/crater-agent-workspace/rustup-home:/opt/rustwide/rustup-home:ro,Z" "-e" "SOURCE_DIR=/opt/rustwide/workdir" "-e" "CARGO_TARGET_DIR=/opt/rustwide/target" "-e" "CARGO_INCREMENTAL=0" "-e" "RUST_BACKTRACE=full" "-e" "RUSTFLAGS=--cap-lints=forbid" "-e" "RUSTDOCFLAGS=--cap-lints=forbid" "-e" "CARGO_HOME=/opt/rustwide/cargo-home" "-e" "RUSTUP_HOME=/opt/rustwide/rustup-home" "-w" "/opt/rustwide/workdir" "-m" "1610612736" "--user" "0:0" "--network" "none" "ghcr.io/rust-lang/crates-build-env/linux@sha256:819108c5571ea2e421544af4d832f968d213c87fbe3707a016657f43d2f853bc" "/opt/rustwide/cargo-home/bin/cargo" "+nightly-2025-01-18" "build" "--frozen" "--message-format=json", kill_on_drop: false }`
[INFO] [stdout] e1ac9e5bb994eb20fd454f5b34711d811f12aa2e2e220cdf2669c99eebe331a8
[INFO] running `Command { std: "docker" "start" "-a" "e1ac9e5bb994eb20fd454f5b34711d811f12aa2e2e220cdf2669c99eebe331a8", kill_on_drop: false }`
[INFO] [stderr]    Compiling crossbeam-utils v0.8.21
[INFO] [stderr]    Compiling fnv v1.0.7
[INFO] [stderr]    Compiling ident_case v1.0.1
[INFO] [stderr]    Compiling version_check v0.9.5
[INFO] [stderr]    Compiling strsim v0.11.1
[INFO] [stderr]    Compiling semver v1.0.24
[INFO] [stderr]    Compiling rustversion v1.0.18
[INFO] [stderr]    Compiling memchr v2.6.4
[INFO] [stderr]    Compiling zerocopy v0.7.35
[INFO] [stderr]    Compiling thiserror v2.0.9
[INFO] [stderr]    Compiling num-traits v0.2.19
[INFO] [stderr]    Compiling anyhow v1.0.95
[INFO] [stderr]    Compiling quote v1.0.37
[INFO] [stderr]    Compiling hashbrown v0.15.2
[INFO] [stderr]    Compiling either v1.13.0
[INFO] [stderr]    Compiling heck v0.5.0
[INFO] [stderr]    Compiling allocator-api2 v0.2.21
[INFO] [stderr]    Compiling web-time v1.1.0
[INFO] [stderr]    Compiling rustc-hash v2.1.0
[INFO] [stderr]    Compiling syn v2.0.91
[INFO] [stderr]    Compiling cached_proc_macro_types v0.1.1
[INFO] [stderr]    Compiling itertools v0.13.0
[INFO] [stderr]    Compiling pico-args v0.5.0
[INFO] [stderr]    Compiling indexmap v2.7.0
[INFO] [stderr]    Compiling tinyjson v2.5.1
[INFO] [stderr]    Compiling ahash v0.8.11
[INFO] [stderr]    Compiling aho-corasick v1.1.3
[INFO] [stderr]    Compiling crossbeam-epoch v0.9.18
[INFO] [stderr]    Compiling hashbrown v0.14.5
[INFO] [stderr]    Compiling crossbeam-deque v0.8.6
[INFO] [stderr]    Compiling integer-sqrt v0.1.5
[INFO] [stderr]    Compiling rayon-core v1.12.1
[INFO] [stderr]    Compiling rayon v1.10.0
[INFO] [stderr]    Compiling regex-automata v0.4.9
[INFO] [stderr]    Compiling darling_core v0.20.10
[INFO] [stderr]    Compiling thiserror-impl v1.0.69
[INFO] [stderr]    Compiling thiserror-impl v2.0.9
[INFO] [stderr]    Compiling deprecate-until v0.1.1
[INFO] [stderr]    Compiling strum_macros v0.26.4
[INFO] [stderr]    Compiling regex v1.11.1
[INFO] [stderr]    Compiling thiserror v1.0.69
[INFO] [stderr]    Compiling pathfinding v4.12.0
[INFO] [stderr]    Compiling darling_macro v0.20.10
[INFO] [stderr]    Compiling strum v0.26.3
[INFO] [stderr]    Compiling darling v0.20.10
[INFO] [stderr]    Compiling cached_proc_macro v0.23.0
[INFO] [stderr]    Compiling cached v0.54.0
[INFO] [stderr]    Compiling advent_of_code v0.11.0 (/opt/rustwide/workdir)
[INFO] [stdout] warning: unnecessary parentheses around method argument
[INFO] [stdout]    --> src/bin/14.rs:115:50
[INFO] [stdout]     |
[INFO] [stdout] 115 |     let robots: Vec<&str> = input.lines().filter((|line| !line.is_empty())).collect();
[INFO] [stdout]     |                                                  ^                       ^
[INFO] [stdout]     |
[INFO] [stdout]     = note: `#[warn(unused_parens)]` on by default
[INFO] [stdout] help: remove these parentheses
[INFO] [stdout]     |
[INFO] [stdout] 115 -     let robots: Vec<&str> = input.lines().filter((|line| !line.is_empty())).collect();
[INFO] [stdout] 115 +     let robots: Vec<&str> = input.lines().filter(|line| !line.is_empty()).collect();
[INFO] [stdout]     |
[INFO] [stdout] 
[INFO] [stdout] 
[INFO] [stdout] warning: unused variable: `curr_max`
[INFO] [stdout]   --> src/bin/14.rs:30:17
[INFO] [stdout]    |
[INFO] [stdout] 30 |         let mut curr_max = 0;
[INFO] [stdout]    |                 ^^^^^^^^ help: if this is intentional, prefix it with an underscore: `_curr_max`
[INFO] [stdout]    |
[INFO] [stdout]    = note: `#[warn(unused_variables)]` on by default
[INFO] [stdout] 
[INFO] [stdout] 
[INFO] [stdout] warning: variable does not need to be mutable
[INFO] [stdout]   --> src/bin/14.rs:30:13
[INFO] [stdout]    |
[INFO] [stdout] 30 |         let mut curr_max = 0;
[INFO] [stdout]    |             ----^^^^^^^^
[INFO] [stdout]    |             |
[INFO] [stdout]    |             help: remove this `mut`
[INFO] [stdout]    |
[INFO] [stdout]    = note: `#[warn(unused_mut)]` on by default
[INFO] [stdout] 
[INFO] [stdout] 
[INFO] [stdout] warning: a method with this name may be added to the standard library in the future
[INFO] [stdout]    --> src/bin/24.rs:223:14
[INFO] [stdout]     |
[INFO] [stdout] 223 |             .intersperse(",")
[INFO] [stdout]     |              ^^^^^^^^^^^
[INFO] [stdout]     |
[INFO] [stdout]     = warning: once this associated item is added to the standard library, the ambiguity may cause an error or change in behavior!
[INFO] [stdout]     = note: for more information, see issue #48919 <https://github.com/rust-lang/rust/issues/48919>
[INFO] [stdout]     = help: call with fully qualified syntax `itertools::Itertools::intersperse(...)` to keep using the current method
[INFO] [stdout]     = note: `#[warn(unstable_name_collisions)]` on by default
[INFO] [stdout] help: add `#![feature(iter_intersperse)]` to the crate attributes to enable `std::iter::Iterator::intersperse`
[INFO] [stdout]     |
[INFO] [stdout] 1   + #![feature(iter_intersperse)]
[INFO] [stdout]     |
[INFO] [stdout] 
[INFO] [stdout] 
[INFO] [stdout] warning: comparison is useless due to type limits
[INFO] [stdout]   --> src/bin/14.rs:89:16
[INFO] [stdout]    |
[INFO] [stdout] 89 |             if x >= 0 && x < x_max / 2 {
[INFO] [stdout]    |                ^^^^^^
[INFO] [stdout]    |
[INFO] [stdout]    = note: `#[warn(unused_comparisons)]` on by default
[INFO] [stdout] 
[INFO] [stdout] 
[INFO] [stdout] warning: comparison is useless due to type limits
[INFO] [stdout]   --> src/bin/14.rs:90:20
[INFO] [stdout]    |
[INFO] [stdout] 90 |                 if y >= 0 && y <= y_max / 2 {
[INFO] [stdout]    |                    ^^^^^^
[INFO] [stdout] 
[INFO] [stdout] 
[INFO] [stdout] warning: comparison is useless due to type limits
[INFO] [stdout]   --> src/bin/14.rs:96:20
[INFO] [stdout]    |
[INFO] [stdout] 96 |                 if y >= 0 && y <= y_max / 2 {
[INFO] [stdout]    |                    ^^^^^^
[INFO] [stdout] 
[INFO] [stdout] 
[INFO] [stdout] warning: unused variable: `p1`
[INFO] [stdout]    --> src/bin/16.rs:198:10
[INFO] [stdout]     |
[INFO] [stdout] 198 |     let (p1, paths) = map.shortest_paths();
[INFO] [stdout]     |          ^^ help: if this is intentional, prefix it with an underscore: `_p1`
[INFO] [stdout]     |
[INFO] [stdout]     = note: `#[warn(unused_variables)]` on by default
[INFO] [stdout] 
[INFO] [stdout] 
[INFO] [stdout] warning: unused variable: `name`
[INFO] [stdout]   --> src/bin/12.rs:79:13
[INFO] [stdout]    |
[INFO] [stdout] 79 |         let name = garden[*a][*b];
[INFO] [stdout]    |             ^^^^ help: if this is intentional, prefix it with an underscore: `_name`
[INFO] [stdout]    |
[INFO] [stdout]    = note: `#[warn(unused_variables)]` on by default
[INFO] [stdout] 
[INFO] [stdout] 
[INFO] [stdout] warning: unused variable: `i2`
[INFO] [stdout]    --> src/bin/12.rs:203:10
[INFO] [stdout]     |
[INFO] [stdout] 203 |     let (i2, mut prev_j) = plots.first().unwrap();
[INFO] [stdout]     |          ^^ help: if this is intentional, prefix it with an underscore: `_i2`
[INFO] [stdout] 
[INFO] [stdout] 
[INFO] [stdout] warning: unused variable: `m`
[INFO] [stdout]    --> src/bin/12.rs:211:14
[INFO] [stdout]     |
[INFO] [stdout] 211 |         let (m, curr_j) = plots.get(k).unwrap();
[INFO] [stdout]     |              ^ help: if this is intentional, prefix it with an underscore: `_m`
[INFO] [stdout] 
[INFO] [stdout] 
[INFO] [stdout] warning: unused import: `result`
[INFO] [stdout]  --> src/bin/08.rs:3:5
[INFO] [stdout]   |
[INFO] [stdout] 3 |     result, usize,
[INFO] [stdout]   |     ^^^^^^
[INFO] [stdout]   |
[INFO] [stdout]   = note: `#[warn(unused_imports)]` on by default
[INFO] [stdout] 
[INFO] [stdout] 
[INFO] [stdout] warning: unused variable: `anetnna`
[INFO] [stdout]   --> src/bin/08.rs:38:10
[INFO] [stdout]    |
[INFO] [stdout] 38 |     for (anetnna, locations) in antenna_loc.iter() {
[INFO] [stdout]    |          ^^^^^^^ help: if this is intentional, prefix it with an underscore: `_anetnna`
[INFO] [stdout]    |
[INFO] [stdout]    = note: `#[warn(unused_variables)]` on by default
[INFO] [stdout] 
[INFO] [stdout] 
[INFO] [stdout] warning: unused variable: `anetnna`
[INFO] [stdout]   --> src/bin/08.rs:97:10
[INFO] [stdout]    |
[INFO] [stdout] 97 |     for (anetnna, locations) in antenna_loc.iter() {
[INFO] [stdout]    |          ^^^^^^^ help: if this is intentional, prefix it with an underscore: `_anetnna`
[INFO] [stdout] 
[INFO] [stdout] 
[INFO] [stdout] warning: unused imports: `char` and `vec`
[INFO] [stdout]  --> src/bin/09.rs:1:11
[INFO] [stdout]   |
[INFO] [stdout] 1 | use std::{char, cmp::min, usize, vec};
[INFO] [stdout]   |           ^^^^                   ^^^
[INFO] [stdout]   |
[INFO] [stdout]   = note: `#[warn(unused_imports)]` on by default
[INFO] [stdout] 
[INFO] [stdout] 
[INFO] [stdout] warning: unused variable: `j`
[INFO] [stdout]   --> src/bin/09.rs:14:13
[INFO] [stdout]    |
[INFO] [stdout] 14 |         for j in 0..*block {
[INFO] [stdout]    |             ^ help: if this is intentional, prefix it with an underscore: `_j`
[INFO] [stdout]    |
[INFO] [stdout]    = note: `#[warn(unused_variables)]` on by default
[INFO] [stdout] 
[INFO] [stdout] 
[INFO] [stdout] warning: unused variable: `j`
[INFO] [stdout]   --> src/bin/09.rs:65:13
[INFO] [stdout]    |
[INFO] [stdout] 65 |         for j in 0..*block {
[INFO] [stdout]    |             ^ help: if this is intentional, prefix it with an underscore: `_j`
[INFO] [stdout] 
[INFO] [stdout] 
[INFO] [stdout] warning: unused imports: `BinaryHeap`, `HashMap`, `HashSet`, and `VecDeque`
[INFO] [stdout]  --> src/bin/25.rs:2:24
[INFO] [stdout]   |
[INFO] [stdout] 2 | use std::collections::{BinaryHeap, HashMap, HashSet, VecDeque};
[INFO] [stdout]   |                        ^^^^^^^^^^  ^^^^^^^  ^^^^^^^  ^^^^^^^^
[INFO] [stdout]   |
[INFO] [stdout]   = note: `#[warn(unused_imports)]` on by default
[INFO] [stdout] 
[INFO] [stdout] 
[INFO] [stdout] warning: unused import: `std::io::Bytes`
[INFO] [stdout]  --> src/bin/25.rs:3:5
[INFO] [stdout]   |
[INFO] [stdout] 3 | use std::io::Bytes;
[INFO] [stdout]   |     ^^^^^^^^^^^^^^
[INFO] [stdout] 
[INFO] [stdout] 
[INFO] [stdout] warning: unused import: `std::iter::once`
[INFO] [stdout]  --> src/bin/25.rs:4:5
[INFO] [stdout]   |
[INFO] [stdout] 4 | use std::iter::once;
[INFO] [stdout]   |     ^^^^^^^^^^^^^^^
[INFO] [stdout] 
[INFO] [stdout] 
[INFO] [stdout] warning: unused import: `std::mem`
[INFO] [stdout]  --> src/bin/25.rs:5:5
[INFO] [stdout]   |
[INFO] [stdout] 5 | use std::mem;
[INFO] [stdout]   |     ^^^^^^^^
[INFO] [stdout] 
[INFO] [stdout] 
[INFO] [stdout] warning: unused variable: `x`
[INFO] [stdout]   --> src/bin/25.rs:23:37
[INFO] [stdout]    |
[INFO] [stdout] 23 |     let keys = x.iter().filter(|(k, x)| *k).map(|(k, x)| x).collect_vec();
[INFO] [stdout]    |                                     ^ help: if this is intentional, prefix it with an underscore: `_x`
[INFO] [stdout]    |
[INFO] [stdout]    = note: `#[warn(unused_variables)]` on by default
[INFO] [stdout] 
[INFO] [stdout] 
[INFO] [stdout] warning: unused variable: `k`
[INFO] [stdout]   --> src/bin/25.rs:23:51
[INFO] [stdout]    |
[INFO] [stdout] 23 |     let keys = x.iter().filter(|(k, x)| *k).map(|(k, x)| x).collect_vec();
[INFO] [stdout]    |                                                   ^ help: if this is intentional, prefix it with an underscore: `_k`
[INFO] [stdout] 
[INFO] [stdout] 
[INFO] [stdout] warning: unused variable: `x`
[INFO] [stdout]   --> src/bin/25.rs:24:38
[INFO] [stdout]    |
[INFO] [stdout] 24 |     let locks = x.iter().filter(|(k, x)| !*k).map(|(k, x)| x).collect_vec();
[INFO] [stdout]    |                                      ^ help: if this is intentional, prefix it with an underscore: `_x`
[INFO] [stdout] 
[INFO] [stdout] 
[INFO] [stdout] warning: unused variable: `k`
[INFO] [stdout]   --> src/bin/25.rs:24:53
[INFO] [stdout]    |
[INFO] [stdout] 24 |     let locks = x.iter().filter(|(k, x)| !*k).map(|(k, x)| x).collect_vec();
[INFO] [stdout]    |                                                     ^ help: if this is intentional, prefix it with an underscore: `_k`
[INFO] [stdout] 
[INFO] [stdout] 
[INFO] [stdout] warning: unused variable: `now`
[INFO] [stdout]    --> src/bin/21.rs:151:9
[INFO] [stdout]     |
[INFO] [stdout] 151 |     let now = std::time::Instant::now();
[INFO] [stdout]     |         ^^^ help: if this is intentional, prefix it with an underscore: `_now`
[INFO] [stdout]     |
[INFO] [stdout]     = note: `#[warn(unused_variables)]` on by default
[INFO] [stdout] 
[INFO] [stdout] 
[INFO] [stderr]     Finished `dev` profile [unoptimized + debuginfo] target(s) in 15.35s
[INFO] running `Command { std: "docker" "inspect" "e1ac9e5bb994eb20fd454f5b34711d811f12aa2e2e220cdf2669c99eebe331a8", kill_on_drop: false }`
[INFO] running `Command { std: "docker" "rm" "-f" "e1ac9e5bb994eb20fd454f5b34711d811f12aa2e2e220cdf2669c99eebe331a8", kill_on_drop: false }`
[INFO] [stdout] e1ac9e5bb994eb20fd454f5b34711d811f12aa2e2e220cdf2669c99eebe331a8
[INFO] running `Command { std: "docker" "create" "-v" "/var/lib/crater-agent-workspace/builds/worker-6-tc1/target:/opt/rustwide/target:rw,Z" "-v" "/var/lib/crater-agent-workspace/builds/worker-6-tc1/source:/opt/rustwide/workdir:ro,Z" "-v" "/var/lib/crater-agent-workspace/cargo-home:/opt/rustwide/cargo-home:ro,Z" "-v" "/var/lib/crater-agent-workspace/rustup-home:/opt/rustwide/rustup-home:ro,Z" "-e" "SOURCE_DIR=/opt/rustwide/workdir" "-e" "CARGO_TARGET_DIR=/opt/rustwide/target" "-e" "CARGO_INCREMENTAL=0" "-e" "RUST_BACKTRACE=full" "-e" "RUSTFLAGS=--cap-lints=forbid" "-e" "RUSTDOCFLAGS=--cap-lints=forbid" "-e" "CARGO_HOME=/opt/rustwide/cargo-home" "-e" "RUSTUP_HOME=/opt/rustwide/rustup-home" "-w" "/opt/rustwide/workdir" "-m" "1610612736" "--user" "0:0" "--network" "none" "ghcr.io/rust-lang/crates-build-env/linux@sha256:819108c5571ea2e421544af4d832f968d213c87fbe3707a016657f43d2f853bc" "/opt/rustwide/cargo-home/bin/cargo" "+nightly-2025-01-18" "test" "--frozen" "--no-run" "--message-format=json", kill_on_drop: false }`
[INFO] [stdout] 9c5c15c8ae8f48c92b8e9ab7f5fd50a5d51d3029eb2f9b5bc27d0ad797a943e6
[INFO] running `Command { std: "docker" "start" "-a" "9c5c15c8ae8f48c92b8e9ab7f5fd50a5d51d3029eb2f9b5bc27d0ad797a943e6", kill_on_drop: false }`
[INFO] [stderr]    Compiling advent_of_code v0.11.0 (/opt/rustwide/workdir)
[INFO] [stdout] warning: unused imports: `char` and `vec`
[INFO] [stdout]  --> src/bin/09.rs:1:11
[INFO] [stdout]   |
[INFO] [stdout] 1 | use std::{char, cmp::min, usize, vec};
[INFO] [stdout]   |           ^^^^                   ^^^
[INFO] [stdout]   |
[INFO] [stdout]   = note: `#[warn(unused_imports)]` on by default
[INFO] [stdout] 
[INFO] [stdout] 
[INFO] [stdout] warning: unused import: `result`
[INFO] [stdout]  --> src/bin/08.rs:3:5
[INFO] [stdout]   |
[INFO] [stdout] 3 |     result, usize,
[INFO] [stdout]   |     ^^^^^^
[INFO] [stdout]   |
[INFO] [stdout]   = note: `#[warn(unused_imports)]` on by default
[INFO] [stdout] 
[INFO] [stdout] 
[INFO] [stdout] warning: unused variable: `anetnna`
[INFO] [stdout]   --> src/bin/08.rs:38:10
[INFO] [stdout]    |
[INFO] [stdout] 38 |     for (anetnna, locations) in antenna_loc.iter() {
[INFO] [stdout]    |          ^^^^^^^ help: if this is intentional, prefix it with an underscore: `_anetnna`
[INFO] [stdout]    |
[INFO] [stdout]    = note: `#[warn(unused_variables)]` on by default
[INFO] [stdout] 
[INFO] [stdout] 
[INFO] [stdout] warning: unnecessary parentheses around method argument
[INFO] [stdout]    --> src/bin/14.rs:115:50
[INFO] [stdout]     |
[INFO] [stdout] 115 |     let robots: Vec<&str> = input.lines().filter((|line| !line.is_empty())).collect();
[INFO] [stdout]     |                                                  ^                       ^
[INFO] [stdout]     |
[INFO] [stdout]     = note: `#[warn(unused_parens)]` on by default
[INFO] [stdout] help: remove these parentheses
[INFO] [stdout]     |
[INFO] [stdout] 115 -     let robots: Vec<&str> = input.lines().filter((|line| !line.is_empty())).collect();
[INFO] [stdout] 115 +     let robots: Vec<&str> = input.lines().filter(|line| !line.is_empty()).collect();
[INFO] [stdout]     |
[INFO] [stdout] 
[INFO] [stdout] 
[INFO] [stdout] warning: unused variable: `anetnna`
[INFO] [stdout]   --> src/bin/08.rs:97:10
[INFO] [stdout]    |
[INFO] [stdout] 97 |     for (anetnna, locations) in antenna_loc.iter() {
[INFO] [stdout]    |          ^^^^^^^ help: if this is intentional, prefix it with an underscore: `_anetnna`
[INFO] [stdout] 
[INFO] [stdout] 
[INFO] [stdout] warning: unused variable: `j`
[INFO] [stdout]   --> src/bin/09.rs:14:13
[INFO] [stdout]    |
[INFO] [stdout] 14 |         for j in 0..*block {
[INFO] [stdout]    |             ^ help: if this is intentional, prefix it with an underscore: `_j`
[INFO] [stdout]    |
[INFO] [stdout]    = note: `#[warn(unused_variables)]` on by default
[INFO] [stdout] 
[INFO] [stdout] 
[INFO] [stdout] warning: unused variable: `j`
[INFO] [stdout]   --> src/bin/09.rs:65:13
[INFO] [stdout]    |
[INFO] [stdout] 65 |         for j in 0..*block {
[INFO] [stdout]    |             ^ help: if this is intentional, prefix it with an underscore: `_j`
[INFO] [stdout] 
[INFO] [stdout] 
[INFO] [stdout] warning: unused variable: `curr_max`
[INFO] [stdout]   --> src/bin/14.rs:30:17
[INFO] [stdout]    |
[INFO] [stdout] 30 |         let mut curr_max = 0;
[INFO] [stdout]    |                 ^^^^^^^^ help: if this is intentional, prefix it with an underscore: `_curr_max`
[INFO] [stdout]    |
[INFO] [stdout]    = note: `#[warn(unused_variables)]` on by default
[INFO] [stdout] 
[INFO] [stdout] 
[INFO] [stdout] warning: variable does not need to be mutable
[INFO] [stdout]   --> src/bin/14.rs:30:13
[INFO] [stdout]    |
[INFO] [stdout] 30 |         let mut curr_max = 0;
[INFO] [stdout]    |             ----^^^^^^^^
[INFO] [stdout]    |             |
[INFO] [stdout]    |             help: remove this `mut`
[INFO] [stdout]    |
[INFO] [stdout]    = note: `#[warn(unused_mut)]` on by default
[INFO] [stdout] 
[INFO] [stdout] 
[INFO] [stdout] warning: comparison is useless due to type limits
[INFO] [stdout]   --> src/bin/14.rs:89:16
[INFO] [stdout]    |
[INFO] [stdout] 89 |             if x >= 0 && x < x_max / 2 {
[INFO] [stdout]    |                ^^^^^^
[INFO] [stdout]    |
[INFO] [stdout]    = note: `#[warn(unused_comparisons)]` on by default
[INFO] [stdout] 
[INFO] [stdout] 
[INFO] [stdout] warning: comparison is useless due to type limits
[INFO] [stdout]   --> src/bin/14.rs:90:20
[INFO] [stdout]    |
[INFO] [stdout] 90 |                 if y >= 0 && y <= y_max / 2 {
[INFO] [stdout]    |                    ^^^^^^
[INFO] [stdout] 
[INFO] [stdout] 
[INFO] [stdout] warning: comparison is useless due to type limits
[INFO] [stdout]   --> src/bin/14.rs:96:20
[INFO] [stdout]    |
[INFO] [stdout] 96 |                 if y >= 0 && y <= y_max / 2 {
[INFO] [stdout]    |                    ^^^^^^
[INFO] [stdout] 
[INFO] [stdout] 
[INFO] [stdout] warning: a method with this name may be added to the standard library in the future
[INFO] [stdout]    --> src/bin/24.rs:223:14
[INFO] [stdout]     |
[INFO] [stdout] 223 |             .intersperse(",")
[INFO] [stdout]     |              ^^^^^^^^^^^
[INFO] [stdout]     |
[INFO] [stdout]     = warning: once this associated item is added to the standard library, the ambiguity may cause an error or change in behavior!
[INFO] [stdout]     = note: for more information, see issue #48919 <https://github.com/rust-lang/rust/issues/48919>
[INFO] [stdout]     = help: call with fully qualified syntax `itertools::Itertools::intersperse(...)` to keep using the current method
[INFO] [stdout]     = note: `#[warn(unstable_name_collisions)]` on by default
[INFO] [stdout] help: add `#![feature(iter_intersperse)]` to the crate attributes to enable `std::iter::Iterator::intersperse`
[INFO] [stdout]     |
[INFO] [stdout] 1   + #![feature(iter_intersperse)]
[INFO] [stdout]     |
[INFO] [stdout] 
[INFO] [stdout] 
[INFO] [stdout] warning: unused variable: `p1`
[INFO] [stdout]    --> src/bin/16.rs:198:10
[INFO] [stdout]     |
[INFO] [stdout] 198 |     let (p1, paths) = map.shortest_paths();
[INFO] [stdout]     |          ^^ help: if this is intentional, prefix it with an underscore: `_p1`
[INFO] [stdout]     |
[INFO] [stdout]     = note: `#[warn(unused_variables)]` on by default
[INFO] [stdout] 
[INFO] [stdout] 
[INFO] [stdout] warning: unused variable: `name`
[INFO] [stdout]   --> src/bin/12.rs:79:13
[INFO] [stdout]    |
[INFO] [stdout] 79 |         let name = garden[*a][*b];
[INFO] [stdout]    |             ^^^^ help: if this is intentional, prefix it with an underscore: `_name`
[INFO] [stdout]    |
[INFO] [stdout]    = note: `#[warn(unused_variables)]` on by default
[INFO] [stdout] 
[INFO] [stdout] 
[INFO] [stdout] warning: unused variable: `i2`
[INFO] [stdout]    --> src/bin/12.rs:203:10
[INFO] [stdout]     |
[INFO] [stdout] 203 |     let (i2, mut prev_j) = plots.first().unwrap();
[INFO] [stdout]     |          ^^ help: if this is intentional, prefix it with an underscore: `_i2`
[INFO] [stdout] 
[INFO] [stdout] 
[INFO] [stdout] warning: unused variable: `m`
[INFO] [stdout]    --> src/bin/12.rs:211:14
[INFO] [stdout]     |
[INFO] [stdout] 211 |         let (m, curr_j) = plots.get(k).unwrap();
[INFO] [stdout]     |              ^ help: if this is intentional, prefix it with an underscore: `_m`
[INFO] [stdout] 
[INFO] [stdout] 
[INFO] [stdout] warning: unused imports: `BinaryHeap`, `HashMap`, `HashSet`, and `VecDeque`
[INFO] [stdout]  --> src/bin/25.rs:2:24
[INFO] [stdout]   |
[INFO] [stdout] 2 | use std::collections::{BinaryHeap, HashMap, HashSet, VecDeque};
[INFO] [stdout]   |                        ^^^^^^^^^^  ^^^^^^^  ^^^^^^^  ^^^^^^^^
[INFO] [stdout]   |
[INFO] [stdout]   = note: `#[warn(unused_imports)]` on by default
[INFO] [stdout] 
[INFO] [stdout] 
[INFO] [stdout] warning: unused import: `std::io::Bytes`
[INFO] [stdout]  --> src/bin/25.rs:3:5
[INFO] [stdout]   |
[INFO] [stdout] 3 | use std::io::Bytes;
[INFO] [stdout]   |     ^^^^^^^^^^^^^^
[INFO] [stdout] 
[INFO] [stdout] 
[INFO] [stdout] warning: unused import: `std::iter::once`
[INFO] [stdout]  --> src/bin/25.rs:4:5
[INFO] [stdout]   |
[INFO] [stdout] 4 | use std::iter::once;
[INFO] [stdout]   |     ^^^^^^^^^^^^^^^
[INFO] [stdout] 
[INFO] [stdout] 
[INFO] [stdout] warning: unused import: `std::mem`
[INFO] [stdout]  --> src/bin/25.rs:5:5
[INFO] [stdout]   |
[INFO] [stdout] 5 | use std::mem;
[INFO] [stdout]   |     ^^^^^^^^
[INFO] [stdout] 
[INFO] [stdout] 
[INFO] [stdout] warning: unused variable: `x`
[INFO] [stdout]   --> src/bin/25.rs:23:37
[INFO] [stdout]    |
[INFO] [stdout] 23 |     let keys = x.iter().filter(|(k, x)| *k).map(|(k, x)| x).collect_vec();
[INFO] [stdout]    |                                     ^ help: if this is intentional, prefix it with an underscore: `_x`
[INFO] [stdout]    |
[INFO] [stdout]    = note: `#[warn(unused_variables)]` on by default
[INFO] [stdout] 
[INFO] [stdout] 
[INFO] [stdout] warning: unused variable: `k`
[INFO] [stdout]   --> src/bin/25.rs:23:51
[INFO] [stdout]    |
[INFO] [stdout] 23 |     let keys = x.iter().filter(|(k, x)| *k).map(|(k, x)| x).collect_vec();
[INFO] [stdout]    |                                                   ^ help: if this is intentional, prefix it with an underscore: `_k`
[INFO] [stdout] 
[INFO] [stdout] 
[INFO] [stdout] warning: unused variable: `x`
[INFO] [stdout]   --> src/bin/25.rs:24:38
[INFO] [stdout]    |
[INFO] [stdout] 24 |     let locks = x.iter().filter(|(k, x)| !*k).map(|(k, x)| x).collect_vec();
[INFO] [stdout]    |                                      ^ help: if this is intentional, prefix it with an underscore: `_x`
[INFO] [stdout] 
[INFO] [stdout] 
[INFO] [stdout] warning: unused variable: `k`
[INFO] [stdout]   --> src/bin/25.rs:24:53
[INFO] [stdout]    |
[INFO] [stdout] 24 |     let locks = x.iter().filter(|(k, x)| !*k).map(|(k, x)| x).collect_vec();
[INFO] [stdout]    |                                                     ^ help: if this is intentional, prefix it with an underscore: `_k`
[INFO] [stdout] 
[INFO] [stdout] 
[INFO] [stdout] warning: unused variable: `now`
[INFO] [stdout]    --> src/bin/21.rs:151:9
[INFO] [stdout]     |
[INFO] [stdout] 151 |     let now = std::time::Instant::now();
[INFO] [stdout]     |         ^^^ help: if this is intentional, prefix it with an underscore: `_now`
[INFO] [stdout]     |
[INFO] [stdout]     = note: `#[warn(unused_variables)]` on by default
[INFO] [stdout] 
[INFO] [stdout] 
[INFO] [stderr]     Finished `test` profile [unoptimized + debuginfo] target(s) in 3.52s
[INFO] running `Command { std: "docker" "inspect" "9c5c15c8ae8f48c92b8e9ab7f5fd50a5d51d3029eb2f9b5bc27d0ad797a943e6", kill_on_drop: false }`
[INFO] running `Command { std: "docker" "rm" "-f" "9c5c15c8ae8f48c92b8e9ab7f5fd50a5d51d3029eb2f9b5bc27d0ad797a943e6", kill_on_drop: false }`
[INFO] [stdout] 9c5c15c8ae8f48c92b8e9ab7f5fd50a5d51d3029eb2f9b5bc27d0ad797a943e6
[INFO] running `Command { std: "docker" "create" "-v" "/var/lib/crater-agent-workspace/builds/worker-6-tc1/target:/opt/rustwide/target:rw,Z" "-v" "/var/lib/crater-agent-workspace/builds/worker-6-tc1/source:/opt/rustwide/workdir:ro,Z" "-v" "/var/lib/crater-agent-workspace/cargo-home:/opt/rustwide/cargo-home:ro,Z" "-v" "/var/lib/crater-agent-workspace/rustup-home:/opt/rustwide/rustup-home:ro,Z" "-e" "SOURCE_DIR=/opt/rustwide/workdir" "-e" "CARGO_TARGET_DIR=/opt/rustwide/target" "-e" "CARGO_INCREMENTAL=0" "-e" "RUST_BACKTRACE=full" "-e" "RUSTFLAGS=--cap-lints=forbid" "-e" "RUSTDOCFLAGS=--cap-lints=forbid" "-e" "CARGO_HOME=/opt/rustwide/cargo-home" "-e" "RUSTUP_HOME=/opt/rustwide/rustup-home" "-w" "/opt/rustwide/workdir" "-m" "1610612736" "--user" "0:0" "--network" "none" "ghcr.io/rust-lang/crates-build-env/linux@sha256:819108c5571ea2e421544af4d832f968d213c87fbe3707a016657f43d2f853bc" "/opt/rustwide/cargo-home/bin/cargo" "+nightly-2025-01-18" "test" "--frozen", kill_on_drop: false }`
[INFO] [stdout] bd951a85faf9e01b67966c03163b54541ab0e41d70e6048c8e5759d057e82e95
[INFO] running `Command { std: "docker" "start" "-a" "bd951a85faf9e01b67966c03163b54541ab0e41d70e6048c8e5759d057e82e95", kill_on_drop: false }`
[INFO] [stderr] warning: unused import: `result`
[INFO] [stderr]  --> src/bin/08.rs:3:5
[INFO] [stderr]   |
[INFO] [stderr] 3 |     result, usize,
[INFO] [stderr]   |     ^^^^^^
[INFO] [stderr]   |
[INFO] [stderr]   = note: `#[warn(unused_imports)]` on by default
[INFO] [stderr] 
[INFO] [stderr] warning: unused variable: `anetnna`
[INFO] [stderr]   --> src/bin/08.rs:38:10
[INFO] [stderr]    |
[INFO] [stderr] 38 |     for (anetnna, locations) in antenna_loc.iter() {
[INFO] [stderr]    |          ^^^^^^^ help: if this is intentional, prefix it with an underscore: `_anetnna`
[INFO] [stderr]    |
[INFO] [stderr]    = note: `#[warn(unused_variables)]` on by default
[INFO] [stderr] 
[INFO] [stderr] warning: unused variable: `anetnna`
[INFO] [stderr]   --> src/bin/08.rs:97:10
[INFO] [stderr]    |
[INFO] [stderr] 97 |     for (anetnna, locations) in antenna_loc.iter() {
[INFO] [stderr]    |          ^^^^^^^ help: if this is intentional, prefix it with an underscore: `_anetnna`
[INFO] [stderr] 
[INFO] [stderr] warning: unused imports: `char` and `vec`
[INFO] [stderr]  --> src/bin/09.rs:1:11
[INFO] [stderr]   |
[INFO] [stderr] 1 | use std::{char, cmp::min, usize, vec};
[INFO] [stderr]   |           ^^^^                   ^^^
[INFO] [stderr]   |
[INFO] [stderr]   = note: `#[warn(unused_imports)]` on by default
[INFO] [stderr] 
[INFO] [stderr] warning: unused variable: `j`
[INFO] [stderr]   --> src/bin/09.rs:14:13
[INFO] [stderr]    |
[INFO] [stderr] 14 |         for j in 0..*block {
[INFO] [stderr]    |             ^ help: if this is intentional, prefix it with an underscore: `_j`
[INFO] [stderr]    |
[INFO] [stderr]    = note: `#[warn(unused_variables)]` on by default
[INFO] [stderr] 
[INFO] [stderr] warning: unused variable: `j`
[INFO] [stderr]   --> src/bin/09.rs:65:13
[INFO] [stderr]    |
[INFO] [stderr] 65 |         for j in 0..*block {
[INFO] [stderr]    |             ^ help: if this is intentional, prefix it with an underscore: `_j`
[INFO] [stderr] 
[INFO] [stderr] warning: unnecessary parentheses around method argument
[INFO] [stderr]    --> src/bin/14.rs:115:50
[INFO] [stderr]     |
[INFO] [stderr] 115 |     let robots: Vec<&str> = input.lines().filter((|line| !line.is_empty())).collect();
[INFO] [stderr]     |                                                  ^                       ^
[INFO] [stderr]     |
[INFO] [stderr]     = note: `#[warn(unused_parens)]` on by default
[INFO] [stderr] help: remove these parentheses
[INFO] [stderr]     |
[INFO] [stderr] 115 -     let robots: Vec<&str> = input.lines().filter((|line| !line.is_empty())).collect();
[INFO] [stderr] 115 +     let robots: Vec<&str> = input.lines().filter(|line| !line.is_empty()).collect();
[INFO] [stderr]     |
[INFO] [stderr] 
[INFO] [stderr] warning: unused variable: `curr_max`
[INFO] [stderr]   --> src/bin/14.rs:30:17
[INFO] [stderr]    |
[INFO] [stderr] 30 |         let mut curr_max = 0;
[INFO] [stderr]    |                 ^^^^^^^^ help: if this is intentional, prefix it with an underscore: `_curr_max`
[INFO] [stderr]    |
[INFO] [stderr]    = note: `#[warn(unused_variables)]` on by default
[INFO] [stderr] 
[INFO] [stderr] warning: variable does not need to be mutable
[INFO] [stderr]   --> src/bin/14.rs:30:13
[INFO] [stderr]    |
[INFO] [stderr] 30 |         let mut curr_max = 0;
[INFO] [stderr]    |             ----^^^^^^^^
[INFO] [stderr]    |             |
[INFO] [stderr]    |             help: remove this `mut`
[INFO] [stderr]    |
[INFO] [stderr]    = note: `#[warn(unused_mut)]` on by default
[INFO] [stderr] 
[INFO] [stderr] warning: comparison is useless due to type limits
[INFO] [stderr]   --> src/bin/14.rs:89:16
[INFO] [stderr]    |
[INFO] [stderr] 89 |             if x >= 0 && x < x_max / 2 {
[INFO] [stderr]    |                ^^^^^^
[INFO] [stderr]    |
[INFO] [stderr]    = note: `#[warn(unused_comparisons)]` on by default
[INFO] [stderr] 
[INFO] [stderr] warning: comparison is useless due to type limits
[INFO] [stderr]   --> src/bin/14.rs:90:20
[INFO] [stderr]    |
[INFO] [stderr] 90 |                 if y >= 0 && y <= y_max / 2 {
[INFO] [stderr]    |                    ^^^^^^
[INFO] [stderr] 
[INFO] [stderr] warning: comparison is useless due to type limits
[INFO] [stderr]   --> src/bin/14.rs:96:20
[INFO] [stderr]    |
[INFO] [stderr] 96 |                 if y >= 0 && y <= y_max / 2 {
[INFO] [stderr]    |                    ^^^^^^
[INFO] [stderr] 
[INFO] [stderr] warning: unused variable: `now`
[INFO] [stderr]    --> src/bin/21.rs:151:9
[INFO] [stderr]     |
[INFO] [stderr] 151 |     let now = std::time::Instant::now();
[INFO] [stderr]     |         ^^^ help: if this is intentional, prefix it with an underscore: `_now`
[INFO] [stderr]     |
[INFO] [stderr]     = note: `#[warn(unused_variables)]` on by default
[INFO] [stderr] 
[INFO] [stderr] warning: unused variable: `p1`
[INFO] [stderr]    --> src/bin/16.rs:198:10
[INFO] [stderr]     |
[INFO] [stderr] 198 |     let (p1, paths) = map.shortest_paths();
[INFO] [stderr]     |          ^^ help: if this is intentional, prefix it with an underscore: `_p1`
[INFO] [stderr]     |
[INFO] [stderr]     = note: `#[warn(unused_variables)]` on by default
[INFO] [stderr] 
[INFO] [stderr] warning: `advent_of_code` (bin "08" test) generated 3 warnings (run `cargo fix --bin "08" --tests` to apply 1 suggestion)
[INFO] [stderr] warning: `advent_of_code` (bin "09" test) generated 3 warnings (run `cargo fix --bin "09" --tests` to apply 1 suggestion)
[INFO] [stderr] warning: `advent_of_code` (bin "14" test) generated 6 warnings (run `cargo fix --bin "14" --tests` to apply 2 suggestions)
[INFO] [stderr] warning: `advent_of_code` (bin "21" test) generated 1 warning
[INFO] [stderr] warning: `advent_of_code` (bin "16" test) generated 1 warning
[INFO] [stderr] warning: unused variable: `name`
[INFO] [stderr]   --> src/bin/12.rs:79:13
[INFO] [stderr]    |
[INFO] [stderr] 79 |         let name = garden[*a][*b];
[INFO] [stderr]    |             ^^^^ help: if this is intentional, prefix it with an underscore: `_name`
[INFO] [stderr]    |
[INFO] [stderr]    = note: `#[warn(unused_variables)]` on by default
[INFO] [stderr] 
[INFO] [stderr] warning: unused variable: `i2`
[INFO] [stderr]    --> src/bin/12.rs:203:10
[INFO] [stderr]     |
[INFO] [stderr] 203 |     let (i2, mut prev_j) = plots.first().unwrap();
[INFO] [stderr]     |          ^^ help: if this is intentional, prefix it with an underscore: `_i2`
[INFO] [stderr] 
[INFO] [stderr] warning: unused variable: `m`
[INFO] [stderr]    --> src/bin/12.rs:211:14
[INFO] [stderr]     |
[INFO] [stderr] 211 |         let (m, curr_j) = plots.get(k).unwrap();
[INFO] [stderr]     |              ^ help: if this is intentional, prefix it with an underscore: `_m`
[INFO] [stderr] 
[INFO] [stderr] warning: unused imports: `BinaryHeap`, `HashMap`, `HashSet`, and `VecDeque`
[INFO] [stderr]  --> src/bin/25.rs:2:24
[INFO] [stderr]   |
[INFO] [stderr] 2 | use std::collections::{BinaryHeap, HashMap, HashSet, VecDeque};
[INFO] [stderr]   |                        ^^^^^^^^^^  ^^^^^^^  ^^^^^^^  ^^^^^^^^
[INFO] [stderr]   |
[INFO] [stderr]   = note: `#[warn(unused_imports)]` on by default
[INFO] [stderr] 
[INFO] [stderr] warning: unused import: `std::io::Bytes`
[INFO] [stderr]  --> src/bin/25.rs:3:5
[INFO] [stderr]   |
[INFO] [stderr] 3 | use std::io::Bytes;
[INFO] [stderr]   |     ^^^^^^^^^^^^^^
[INFO] [stderr] 
[INFO] [stderr] warning: unused import: `std::iter::once`
[INFO] [stderr]  --> src/bin/25.rs:4:5
[INFO] [stderr]   |
[INFO] [stderr] 4 | use std::iter::once;
[INFO] [stderr]   |     ^^^^^^^^^^^^^^^
[INFO] [stderr] 
[INFO] [stderr] warning: unused import: `std::mem`
[INFO] [stderr]  --> src/bin/25.rs:5:5
[INFO] [stderr]   |
[INFO] [stderr] 5 | use std::mem;
[INFO] [stderr]   |     ^^^^^^^^
[INFO] [stderr] 
[INFO] [stderr] warning: unused variable: `x`
[INFO] [stderr]   --> src/bin/25.rs:23:37
[INFO] [stderr]    |
[INFO] [stderr] 23 |     let keys = x.iter().filter(|(k, x)| *k).map(|(k, x)| x).collect_vec();
[INFO] [stderr]    |                                     ^ help: if this is intentional, prefix it with an underscore: `_x`
[INFO] [stderr]    |
[INFO] [stderr]    = note: `#[warn(unused_variables)]` on by default
[INFO] [stderr] 
[INFO] [stderr] warning: unused variable: `k`
[INFO] [stderr]   --> src/bin/25.rs:23:51
[INFO] [stderr]    |
[INFO] [stderr] 23 |     let keys = x.iter().filter(|(k, x)| *k).map(|(k, x)| x).collect_vec();
[INFO] [stderr]    |                                                   ^ help: if this is intentional, prefix it with an underscore: `_k`
[INFO] [stderr] 
[INFO] [stderr] warning: unused variable: `x`
[INFO] [stderr]   --> src/bin/25.rs:24:38
[INFO] [stderr]    |
[INFO] [stderr] 24 |     let locks = x.iter().filter(|(k, x)| !*k).map(|(k, x)| x).collect_vec();
[INFO] [stderr]    |                                      ^ help: if this is intentional, prefix it with an underscore: `_x`
[INFO] [stderr] 
[INFO] [stderr] warning: unused variable: `k`
[INFO] [stderr]   --> src/bin/25.rs:24:53
[INFO] [stderr]    |
[INFO] [stderr] 24 |     let locks = x.iter().filter(|(k, x)| !*k).map(|(k, x)| x).collect_vec();
[INFO] [stderr]    |                                                     ^ help: if this is intentional, prefix it with an underscore: `_k`
[INFO] [stderr] 
[INFO] [stderr] warning: a method with this name may be added to the standard library in the future
[INFO] [stderr]    --> src/bin/24.rs:223:14
[INFO] [stderr]     |
[INFO] [stderr] 223 |             .intersperse(",")
[INFO] [stderr]     |              ^^^^^^^^^^^
[INFO] [stderr]     |
[INFO] [stderr]     = warning: once this associated item is added to the standard library, the ambiguity may cause an error or change in behavior!
[INFO] [stderr]     = note: for more information, see issue #48919 <https://github.com/rust-lang/rust/issues/48919>
[INFO] [stderr]     = help: call with fully qualified syntax `itertools::Itertools::intersperse(...)` to keep using the current method
[INFO] [stderr]     = note: `#[warn(unstable_name_collisions)]` on by default
[INFO] [stderr] help: add `#![feature(iter_intersperse)]` to the crate attributes to enable `std::iter::Iterator::intersperse`
[INFO] [stderr]     |
[INFO] [stderr] 1   + #![feature(iter_intersperse)]
[INFO] [stderr]     |
[INFO] [stderr] 
[INFO] [stderr] warning: `advent_of_code` (bin "12" test) generated 3 warnings
[INFO] [stderr] warning: `advent_of_code` (bin "25" test) generated 8 warnings (run `cargo fix --bin "25" --tests` to apply 4 suggestions)
[INFO] [stderr] warning: `advent_of_code` (bin "24" test) generated 1 warning
[INFO] [stderr]     Finished `test` profile [unoptimized + debuginfo] target(s) in 0.21s
[INFO] [stderr]      Running unittests src/lib.rs (/opt/rustwide/target/debug/deps/advent_of_code-b6095fd4f0b45677)
[INFO] [stdout] 
[INFO] [stdout] running 0 tests
[INFO] [stdout] 
[INFO] [stdout] test result: ok. 0 passed; 0 failed; 0 ignored; 0 measured; 0 filtered out; finished in 0.00s
[INFO] [stdout] 
[INFO] [stderr]      Running unittests src/bin/01.rs (/opt/rustwide/target/debug/deps/01-4487f305626dc715)
[INFO] [stdout] 
[INFO] [stdout] running 2 tests
[INFO] [stdout] test tests::test_part_one ... ok
[INFO] [stdout] test tests::test_part_two ... ok
[INFO] [stdout] 
[INFO] [stdout] test result: ok. 2 passed; 0 failed; 0 ignored; 0 measured; 0 filtered out; finished in 0.00s
[INFO] [stdout] 
[INFO] [stderr]      Running unittests src/bin/02.rs (/opt/rustwide/target/debug/deps/02-cbad3a39e260e46f)
[INFO] [stdout] 
[INFO] [stdout] running 2 tests
[INFO] [stdout] test tests::test_part_two ... ok
[INFO] [stdout] test tests::test_part_one ... ok
[INFO] [stdout] 
[INFO] [stdout] test result: ok. 2 passed; 0 failed; 0 ignored; 0 measured; 0 filtered out; finished in 0.00s
[INFO] [stdout] 
[INFO] [stderr]      Running unittests src/bin/03.rs (/opt/rustwide/target/debug/deps/03-e850dbdf97c920b0)
[INFO] [stdout] 
[INFO] [stdout] running 2 tests
[INFO] [stdout] test tests::test_part_one ... ok
[INFO] [stdout] test tests::test_part_two ... ok
[INFO] [stdout] 
[INFO] [stdout] test result: ok. 2 passed; 0 failed; 0 ignored; 0 measured; 0 filtered out; finished in 0.03s
[INFO] [stdout] 
[INFO] [stderr]      Running unittests src/bin/04.rs (/opt/rustwide/target/debug/deps/04-f4192ec73e389012)
[INFO] [stdout] 
[INFO] [stdout] running 2 tests
[INFO] [stderr]      Running unittests src/bin/05.rs (/opt/rustwide/target/debug/deps/05-573170490167ebac)
[INFO] [stdout] test tests::test_part_one ... ok
[INFO] [stdout] test tests::test_part_two ... ok
[INFO] [stdout] 
[INFO] [stdout] test result: ok. 2 passed; 0 failed; 0 ignored; 0 measured; 0 filtered out; finished in 0.00s
[INFO] [stdout] 
[INFO] [stdout] 
[INFO] [stdout] running 2 tests
[INFO] [stdout] test tests::test_part_one ... ok
[INFO] [stdout] test tests::test_part_two ... ok
[INFO] [stderr]      Running unittests src/bin/06.rs (/opt/rustwide/target/debug/deps/06-bbb184197ff69dcb)
[INFO] [stdout] 
[INFO] [stdout] test result: ok. 2 passed; 0 failed; 0 ignored; 0 measured; 0 filtered out; finished in 0.01s
[INFO] [stdout] 
[INFO] [stdout] 
[INFO] [stdout] running 2 tests
[INFO] [stdout] test tests::test_part_one ... ok
[INFO] [stdout] test tests::test_part_two ... ok
[INFO] [stdout] 
[INFO] [stdout] test result: ok. 2 passed; 0 failed; 0 ignored; 0 measured; 0 filtered out; finished in 0.02s
[INFO] [stdout] 
[INFO] [stderr]      Running unittests src/bin/07.rs (/opt/rustwide/target/debug/deps/07-cbb5af95060503d0)
[INFO] [stdout] 
[INFO] [stdout] running 2 tests
[INFO] [stdout] test tests::test_part_one ... ok
[INFO] [stdout] test tests::test_part_two ... ok
[INFO] [stdout] 
[INFO] [stdout] test result: ok. 2 passed; 0 failed; 0 ignored; 0 measured; 0 filtered out; finished in 0.00s
[INFO] [stdout] 
[INFO] [stdout] 
[INFO] [stderr]      Running unittests src/bin/08.rs (/opt/rustwide/target/debug/deps/08-c5ebe23cd71f2031)
[INFO] [stdout] running 2 tests
[INFO] [stdout] test tests::test_part_two ... ok
[INFO] [stdout] test tests::test_part_one ... ok
[INFO] [stdout] 
[INFO] [stdout] test result: ok. 2 passed; 0 failed; 0 ignored; 0 measured; 0 filtered out; finished in 0.01s
[INFO] [stdout] 
[INFO] [stderr]      Running unittests src/bin/09.rs (/opt/rustwide/target/debug/deps/09-6516fd2264d47eef)
[INFO] [stdout] 
[INFO] [stdout] running 2 tests
[INFO] [stdout] test tests::test_part_two ... ok
[INFO] [stdout] test tests::test_part_one ... ok
[INFO] [stdout] 
[INFO] [stdout] test result: ok. 2 passed; 0 failed; 0 ignored; 0 measured; 0 filtered out; finished in 0.01s
[INFO] [stdout] 
[INFO] [stderr]      Running unittests src/bin/10.rs (/opt/rustwide/target/debug/deps/10-7ab84f083d4ae28a)
[INFO] [stdout] 
[INFO] [stdout] running 2 tests
[INFO] [stderr]      Running unittests src/bin/11.rs (/opt/rustwide/target/debug/deps/11-e440f98ecbbf9909)
[INFO] [stdout] test tests::test_part_one ... ok
[INFO] [stdout] test tests::test_part_two ... ok
[INFO] [stdout] 
[INFO] [stdout] test result: ok. 2 passed; 0 failed; 0 ignored; 0 measured; 0 filtered out; finished in 0.00s
[INFO] [stdout] 
[INFO] [stdout] 
[INFO] [stdout] running 2 tests
[INFO] [stdout] test tests::test_part_two ... ok
[INFO] [stdout] test tests::test_part_one ... ok
[INFO] [stdout] 
[INFO] [stdout] test result: ok. 2 passed; 0 failed; 0 ignored; 0 measured; 0 filtered out; finished in 0.05s
[INFO] [stdout] 
[INFO] [stderr]      Running unittests src/bin/12.rs (/opt/rustwide/target/debug/deps/12-c600d3852957eb81)
[INFO] [stdout] 
[INFO] [stdout] running 2 tests
[INFO] [stdout] test tests::test_part_one ... ok
[INFO] [stdout] test tests::test_part_two ... ok
[INFO] [stdout] 
[INFO] [stdout] test result: ok. 2 passed; 0 failed; 0 ignored; 0 measured; 0 filtered out; finished in 0.00s
[INFO] [stdout] 
[INFO] [stderr]      Running unittests src/bin/13.rs (/opt/rustwide/target/debug/deps/13-eb3cf11e3197109f)
[INFO] [stdout] 
[INFO] [stdout] running 2 tests
[INFO] [stderr]      Running unittests src/bin/14.rs (/opt/rustwide/target/debug/deps/14-be3ea9c3fdcdeb4f)
[INFO] [stdout] test tests::test_part_two ... ok
[INFO] [stdout] test tests::test_part_one ... ok
[INFO] [stdout] 
[INFO] [stdout] test result: ok. 2 passed; 0 failed; 0 ignored; 0 measured; 0 filtered out; finished in 0.00s
[INFO] [stdout] 
[INFO] [stdout] 
[INFO] [stdout] running 2 tests
[INFO] [stdout] test tests::test_part_one ... ok
[INFO] [stdout] test tests::test_part_two ... FAILED
[INFO] [stdout] 
[INFO] [stdout] failures:
[INFO] [stdout] 
[INFO] [stdout] ---- tests::test_part_two stdout ----
[INFO] [stdout] 
[INFO] [stdout] thread 'tests::test_part_two' panicked at src/bin/14.rs:27:10:
[INFO] [stdout] called `Option::unwrap()` on a `None` value
[INFO] [stdout] stack backtrace:
[INFO] [stdout]    0:     0x62ebb8cb975a - std::backtrace_rs::backtrace::libunwind::trace::hb059275cfc8d6126
[INFO] [stdout]                                at /rustc/6067b36314ab5eb2eb47cecc464545ba58e1ad24/library/std/src/../../backtrace/src/backtrace/libunwind.rs:116:5
[INFO] [stdout]    1:     0x62ebb8cb975a - std::backtrace_rs::backtrace::trace_unsynchronized::h2da071e4327ce3ee
[INFO] [stdout]                                at /rustc/6067b36314ab5eb2eb47cecc464545ba58e1ad24/library/std/src/../../backtrace/src/backtrace/mod.rs:66:5
[INFO] [stdout]    2:     0x62ebb8cb975a - std::sys::backtrace::_print_fmt::h842a1474e6f8d23f
[INFO] [stdout]                                at /rustc/6067b36314ab5eb2eb47cecc464545ba58e1ad24/library/std/src/sys/backtrace.rs:66:9
[INFO] [stderr] error: test failed, to rerun pass `--bin 14`
[INFO] [stdout]    3:     0x62ebb8cb975a - <std::sys::backtrace::BacktraceLock::print::DisplayBacktrace as core::fmt::Display>::fmt::h71a62eb3b9696b12
[INFO] [stdout]                                at /rustc/6067b36314ab5eb2eb47cecc464545ba58e1ad24/library/std/src/sys/backtrace.rs:39:26
[INFO] [stdout]    4:     0x62ebb8ce0e03 - core::fmt::rt::Argument::fmt::hdb6b616786b41dc1
[INFO] [stdout]                                at /rustc/6067b36314ab5eb2eb47cecc464545ba58e1ad24/library/core/src/fmt/rt.rs:177:76
[INFO] [stdout]    5:     0x62ebb8ce0e03 - core::fmt::write::h2cc1698af7e2d686
[INFO] [stdout]                                at /rustc/6067b36314ab5eb2eb47cecc464545ba58e1ad24/library/core/src/fmt/mod.rs:1440:21
[INFO] [stdout]    6:     0x62ebb8cb6113 - std::io::Write::write_fmt::hab1b4cd059a79022
[INFO] [stdout]                                at /rustc/6067b36314ab5eb2eb47cecc464545ba58e1ad24/library/std/src/io/mod.rs:1887:15
[INFO] [stdout]    7:     0x62ebb8cb95a2 - std::sys::backtrace::BacktraceLock::print::h147fe35b4ea13b08
[INFO] [stdout]                                at /rustc/6067b36314ab5eb2eb47cecc464545ba58e1ad24/library/std/src/sys/backtrace.rs:42:9
[INFO] [stdout]    8:     0x62ebb8cbab7f - std::panicking::default_hook::{{closure}}::hbd44223dbdc0d208
[INFO] [stdout]                                at /rustc/6067b36314ab5eb2eb47cecc464545ba58e1ad24/library/std/src/panicking.rs:298:22
[INFO] [stdout]    9:     0x62ebb8cba998 - std::panicking::default_hook::h20f81eb0576efcec
[INFO] [stdout]                                at /rustc/6067b36314ab5eb2eb47cecc464545ba58e1ad24/library/std/src/panicking.rs:322:9
[INFO] [stdout]   10:     0x62ebb8c79443 - <alloc::boxed::Box<F,A> as core::ops::function::Fn<Args>>::call::hdb53814c496a4d34
[INFO] [stdout]                                at /rustc/6067b36314ab5eb2eb47cecc464545ba58e1ad24/library/alloc/src/boxed.rs:2027:9
[INFO] [stdout]   11:     0x62ebb8c79443 - test::test_main::{{closure}}::hc0a4963c59427c24
[INFO] [stdout]                                at /rustc/6067b36314ab5eb2eb47cecc464545ba58e1ad24/library/test/src/lib.rs:134:21
[INFO] [stdout]   12:     0x62ebb8cbb673 - <alloc::boxed::Box<F,A> as core::ops::function::Fn<Args>>::call::h591b2225413a77e9
[INFO] [stdout]                                at /rustc/6067b36314ab5eb2eb47cecc464545ba58e1ad24/library/alloc/src/boxed.rs:2027:9
[INFO] [stdout]   13:     0x62ebb8cbb673 - std::panicking::rust_panic_with_hook::h625eea43051b2edc
[INFO] [stdout]                                at /rustc/6067b36314ab5eb2eb47cecc464545ba58e1ad24/library/std/src/panicking.rs:839:13
[INFO] [stdout]   14:     0x62ebb8cbb2f6 - std::panicking::begin_panic_handler::{{closure}}::h4f9159cfbc3f6bd3
[INFO] [stdout]                                at /rustc/6067b36314ab5eb2eb47cecc464545ba58e1ad24/library/std/src/panicking.rs:697:13
[INFO] [stdout]   15:     0x62ebb8cb9c59 - std::sys::backtrace::__rust_end_short_backtrace::h0390abce48353151
[INFO] [stdout]                                at /rustc/6067b36314ab5eb2eb47cecc464545ba58e1ad24/library/std/src/sys/backtrace.rs:168:18
[INFO] [stdout]   16:     0x62ebb8cbafbd - rust_begin_unwind
[INFO] [stdout]                                at /rustc/6067b36314ab5eb2eb47cecc464545ba58e1ad24/library/std/src/panicking.rs:695:5
[INFO] [stdout]   17:     0x62ebb8cdf8b0 - core::panicking::panic_fmt::h9e7c637e9e5f29c9
[INFO] [stdout]                                at /rustc/6067b36314ab5eb2eb47cecc464545ba58e1ad24/library/core/src/panicking.rs:75:14
[INFO] [stdout]   18:     0x62ebb8cdf93c - core::panicking::panic::haa3255ea20181a33
[INFO] [stdout]                                at /rustc/6067b36314ab5eb2eb47cecc464545ba58e1ad24/library/core/src/panicking.rs:145:5
[INFO] [stdout]   19:     0x62ebb8cdf829 - core::option::unwrap_failed::h5e50c20db1c9e8f1
[INFO] [stdout]                                at /rustc/6067b36314ab5eb2eb47cecc464545ba58e1ad24/library/core/src/option.rs:2015:5
[INFO] [stdout]   20:     0x62ebb8c39c28 - core::option::Option<T>::unwrap::h8a86634769363439
[INFO] [stdout]                                at /rustc/6067b36314ab5eb2eb47cecc464545ba58e1ad24/library/core/src/option.rs:978:21
[INFO] [stdout]   21:     0x62ebb8c39c28 - _14::part_two::hba217857748d9b52
[INFO] [stdout]                                at /opt/rustwide/workdir/src/bin/14.rs:22:20
[INFO] [stdout]   22:     0x62ebb8c3b896 - _14::tests::test_part_two::h183b85fd752593ee
[INFO] [stdout]                                at /opt/rustwide/workdir/src/bin/14.rs:157:22
[INFO] [stdout]   23:     0x62ebb8c3b807 - _14::tests::test_part_two::{{closure}}::h243155e3ecdffd41
[INFO] [stdout]                                at /opt/rustwide/workdir/src/bin/14.rs:156:23
[INFO] [stdout]   24:     0x62ebb8c3c196 - core::ops::function::FnOnce::call_once::h94375858ff08be87
[INFO] [stdout]                                at /rustc/6067b36314ab5eb2eb47cecc464545ba58e1ad24/library/core/src/ops/function.rs:250:5
[INFO] [stdout]   25:     0x62ebb8c7eb9b - core::ops::function::FnOnce::call_once::he27718dfdd183f43
[INFO] [stdout]                                at /rustc/6067b36314ab5eb2eb47cecc464545ba58e1ad24/library/core/src/ops/function.rs:250:5
[INFO] [stdout]   26:     0x62ebb8c7eb9b - test::__rust_begin_short_backtrace::h4e84902998457a5d
[INFO] [stdout]                                at /rustc/6067b36314ab5eb2eb47cecc464545ba58e1ad24/library/test/src/lib.rs:632:18
[INFO] [stdout]   27:     0x62ebb8c7dad3 - test::run_test_in_process::{{closure}}::h7176fd18fc1feca0
[INFO] [stdout]                                at /rustc/6067b36314ab5eb2eb47cecc464545ba58e1ad24/library/test/src/lib.rs:655:60
[INFO] [stdout]   28:     0x62ebb8c7dad3 - <core::panic::unwind_safe::AssertUnwindSafe<F> as core::ops::function::FnOnce<()>>::call_once::hf79cff2a624d8cf7
[INFO] [stdout]                                at /rustc/6067b36314ab5eb2eb47cecc464545ba58e1ad24/library/core/src/panic/unwind_safe.rs:272:9
[INFO] [stdout]   29:     0x62ebb8c7dad3 - std::panicking::try::do_call::h3da0561d9ab99c25
[INFO] [stdout]                                at /rustc/6067b36314ab5eb2eb47cecc464545ba58e1ad24/library/std/src/panicking.rs:587:40
[INFO] [stdout]   30:     0x62ebb8c7dad3 - std::panicking::try::h41c9fa508bc61df6
[INFO] [stdout]                                at /rustc/6067b36314ab5eb2eb47cecc464545ba58e1ad24/library/std/src/panicking.rs:550:19
[INFO] [stdout]   31:     0x62ebb8c7dad3 - std::panic::catch_unwind::h6b3ff07bb5afad93
[INFO] [stdout]                                at /rustc/6067b36314ab5eb2eb47cecc464545ba58e1ad24/library/std/src/panic.rs:358:14
[INFO] [stdout]   32:     0x62ebb8c7dad3 - test::run_test_in_process::hc7253dd11b39b9f4
[INFO] [stdout]                                at /rustc/6067b36314ab5eb2eb47cecc464545ba58e1ad24/library/test/src/lib.rs:655:27
[INFO] [stdout]   33:     0x62ebb8c7dad3 - test::run_test::{{closure}}::hfb2007f8649c30bb
[INFO] [stdout]                                at /rustc/6067b36314ab5eb2eb47cecc464545ba58e1ad24/library/test/src/lib.rs:576:43
[INFO] [stdout]   34:     0x62ebb8c40bb5 - test::run_test::{{closure}}::h56a17aa7a282a9f4
[INFO] [stdout]                                at /rustc/6067b36314ab5eb2eb47cecc464545ba58e1ad24/library/test/src/lib.rs:606:41
[INFO] [stdout]   35:     0x62ebb8c40bb5 - std::sys::backtrace::__rust_begin_short_backtrace::hd2d2d2fb8e8c6aac
[INFO] [stdout]                                at /rustc/6067b36314ab5eb2eb47cecc464545ba58e1ad24/library/std/src/sys/backtrace.rs:152:18
[INFO] [stdout]   36:     0x62ebb8c4449a - std::thread::Builder::spawn_unchecked_::{{closure}}::{{closure}}::h4faa3f9db6133423
[INFO] [stdout]                                at /rustc/6067b36314ab5eb2eb47cecc464545ba58e1ad24/library/std/src/thread/mod.rs:559:17
[INFO] [stdout]   37:     0x62ebb8c4449a - <core::panic::unwind_safe::AssertUnwindSafe<F> as core::ops::function::FnOnce<()>>::call_once::hf2e855a36a4ea846
[INFO] [stdout]                                at /rustc/6067b36314ab5eb2eb47cecc464545ba58e1ad24/library/core/src/panic/unwind_safe.rs:272:9
[INFO] [stdout]   38:     0x62ebb8c4449a - std::panicking::try::do_call::h2f73af3616c35465
[INFO] [stdout]                                at /rustc/6067b36314ab5eb2eb47cecc464545ba58e1ad24/library/std/src/panicking.rs:587:40
[INFO] [stdout]   39:     0x62ebb8c4449a - std::panicking::try::hd1660ce9efadef5a
[INFO] [stdout]                                at /rustc/6067b36314ab5eb2eb47cecc464545ba58e1ad24/library/std/src/panicking.rs:550:19
[INFO] [stdout]   40:     0x62ebb8c4449a - std::panic::catch_unwind::h5ee8d7823b8ca744
[INFO] [stdout]                                at /rustc/6067b36314ab5eb2eb47cecc464545ba58e1ad24/library/std/src/panic.rs:358:14
[INFO] [stdout]   41:     0x62ebb8c4449a - std::thread::Builder::spawn_unchecked_::{{closure}}::h53c3a1894dce8407
[INFO] [stdout]                                at /rustc/6067b36314ab5eb2eb47cecc464545ba58e1ad24/library/std/src/thread/mod.rs:557:30
[INFO] [stdout]   42:     0x62ebb8c4449a - core::ops::function::FnOnce::call_once{{vtable.shim}}::h048ce291ad4f62bf
[INFO] [stdout]                                at /rustc/6067b36314ab5eb2eb47cecc464545ba58e1ad24/library/core/src/ops/function.rs:250:5
[INFO] [stdout]   43:     0x62ebb8cbf5bb - <alloc::boxed::Box<F,A> as core::ops::function::FnOnce<Args>>::call_once::ha52bedf99a3b4981
[INFO] [stdout]                                at /rustc/6067b36314ab5eb2eb47cecc464545ba58e1ad24/library/alloc/src/boxed.rs:2013:9
[INFO] [stdout]   44:     0x62ebb8cbf5bb - <alloc::boxed::Box<F,A> as core::ops::function::FnOnce<Args>>::call_once::h567748934d80ccf8
[INFO] [stdout]                                at /rustc/6067b36314ab5eb2eb47cecc464545ba58e1ad24/library/alloc/src/boxed.rs:2013:9
[INFO] [stdout]   45:     0x62ebb8cbf5bb - std::sys::pal::unix::thread::Thread::new::thread_start::h2d970728ae887adc
[INFO] [stdout]                                at /rustc/6067b36314ab5eb2eb47cecc464545ba58e1ad24/library/std/src/sys/pal/unix/thread.rs:106:17
[INFO] [stdout]   46:     0x7a95cd48cac3 - <unknown>
[INFO] [stdout]   47:     0x7a95cd51da04 - clone
[INFO] [stdout]   48:                0x0 - <unknown>
[INFO] [stdout] 
[INFO] [stdout] 
[INFO] [stdout] failures:
[INFO] [stdout]     tests::test_part_two
[INFO] [stdout] 
[INFO] [stdout] test result: FAILED. 1 passed; 1 failed; 0 ignored; 0 measured; 0 filtered out; finished in 0.03s
[INFO] [stdout] 
[INFO] running `Command { std: "docker" "inspect" "bd951a85faf9e01b67966c03163b54541ab0e41d70e6048c8e5759d057e82e95", kill_on_drop: false }`
[INFO] running `Command { std: "docker" "rm" "-f" "bd951a85faf9e01b67966c03163b54541ab0e41d70e6048c8e5759d057e82e95", kill_on_drop: false }`
[INFO] [stdout] bd951a85faf9e01b67966c03163b54541ab0e41d70e6048c8e5759d057e82e95
