[INFO] cloning repository https://github.com/Etenil/roguerust
[INFO] running `Command { std: "git" "-c" "credential.helper=" "-c" "credential.helper=/workspace/cargo-home/bin/git-credential-null" "clone" "--bare" "https://github.com/Etenil/roguerust" "/workspace/cache/git-repos/https%3A%2F%2Fgithub.com%2FEtenil%2Froguerust", kill_on_drop: false }`
[INFO] [stderr] Cloning into bare repository '/workspace/cache/git-repos/https%3A%2F%2Fgithub.com%2FEtenil%2Froguerust'...
[INFO] running `Command { std: "git" "rev-parse" "HEAD", kill_on_drop: false }`
[INFO] [stdout] be6d4f86a5902b15e5464f6c596a4989017dea0b
[INFO] testing Etenil/roguerust against nightly-2025-01-18 for randomize-layout-2
[INFO] running `Command { std: "git" "clone" "/workspace/cache/git-repos/https%3A%2F%2Fgithub.com%2FEtenil%2Froguerust" "/workspace/builds/worker-7-tc1/source", kill_on_drop: false }`
[INFO] [stderr] Cloning into '/workspace/builds/worker-7-tc1/source'...
[INFO] [stderr] done.
[INFO] validating manifest of git repo https://github.com/Etenil/roguerust on toolchain nightly-2025-01-18
[INFO] running `Command { std: CARGO_HOME="/workspace/cargo-home" RUSTUP_HOME="/workspace/rustup-home" "/workspace/cargo-home/bin/cargo" "+nightly-2025-01-18" "metadata" "--manifest-path" "Cargo.toml" "--no-deps", kill_on_drop: false }`
[INFO] started tweaking git repo https://github.com/Etenil/roguerust
[INFO] finished tweaking git repo https://github.com/Etenil/roguerust
[INFO] tweaked toml for git repo https://github.com/Etenil/roguerust written to /workspace/builds/worker-7-tc1/source/Cargo.toml
[INFO] crate git repo https://github.com/Etenil/roguerust already has a lockfile, it will not be regenerated
[INFO] running `Command { std: CARGO_HOME="/workspace/cargo-home" RUSTUP_HOME="/workspace/rustup-home" "/workspace/cargo-home/bin/cargo" "+nightly-2025-01-18" "fetch" "--manifest-path" "Cargo.toml", kill_on_drop: false }`
[INFO] [stderr]     Blocking waiting for file lock on package cache
[INFO] [stderr]     Updating crates.io index
[INFO] [stderr]     Blocking waiting for file lock on package cache
[INFO] [stderr]  Downloading crates ...
[INFO] [stderr]   Downloaded rand_chacha v0.2.0
[INFO] [stderr]   Downloaded ignore-result v0.2.0
[INFO] [stderr]   Downloaded text_io v0.1.7
[INFO] [stderr]   Downloaded simplelog v0.7.4
[INFO] [stderr]   Downloaded getrandom v0.1.6
[INFO] [stderr]   Downloaded crossterm_winapi v0.4.0
[INFO] [stderr]   Downloaded crossterm v0.13.3
[INFO] [stderr]   Downloaded proc-macro2 v1.0.7
[INFO] [stderr]   Downloaded chrono v0.4.10
[INFO] [stderr]   Downloaded syn v1.0.12
[INFO] running `Command { std: "docker" "create" "-v" "/var/lib/crater-agent-workspace/builds/worker-7-tc1/target:/opt/rustwide/target:rw,Z" "-v" "/var/lib/crater-agent-workspace/builds/worker-7-tc1/source:/opt/rustwide/workdir:ro,Z" "-v" "/var/lib/crater-agent-workspace/cargo-home:/opt/rustwide/cargo-home:ro,Z" "-v" "/var/lib/crater-agent-workspace/rustup-home:/opt/rustwide/rustup-home:ro,Z" "-e" "SOURCE_DIR=/opt/rustwide/workdir" "-e" "CARGO_TARGET_DIR=/opt/rustwide/target" "-e" "CARGO_HOME=/opt/rustwide/cargo-home" "-e" "RUSTUP_HOME=/opt/rustwide/rustup-home" "-w" "/opt/rustwide/workdir" "-m" "1610612736" "--user" "0:0" "--network" "none" "ghcr.io/rust-lang/crates-build-env/linux@sha256:819108c5571ea2e421544af4d832f968d213c87fbe3707a016657f43d2f853bc" "/opt/rustwide/cargo-home/bin/cargo" "+nightly-2025-01-18" "metadata" "--no-deps" "--format-version=1", kill_on_drop: false }`
[INFO] [stdout] dabec7881aa11da2fab98f4efa790d83d2afce1ff9e83e452a8f9a569209d37f
[INFO] running `Command { std: "docker" "start" "-a" "dabec7881aa11da2fab98f4efa790d83d2afce1ff9e83e452a8f9a569209d37f", kill_on_drop: false }`
[INFO] running `Command { std: "docker" "inspect" "dabec7881aa11da2fab98f4efa790d83d2afce1ff9e83e452a8f9a569209d37f", kill_on_drop: false }`
[INFO] running `Command { std: "docker" "rm" "-f" "dabec7881aa11da2fab98f4efa790d83d2afce1ff9e83e452a8f9a569209d37f", kill_on_drop: false }`
[INFO] [stdout] dabec7881aa11da2fab98f4efa790d83d2afce1ff9e83e452a8f9a569209d37f
[INFO] running `Command { std: "docker" "create" "-v" "/var/lib/crater-agent-workspace/builds/worker-7-tc1/target:/opt/rustwide/target:rw,Z" "-v" "/var/lib/crater-agent-workspace/builds/worker-7-tc1/source:/opt/rustwide/workdir:ro,Z" "-v" "/var/lib/crater-agent-workspace/cargo-home:/opt/rustwide/cargo-home:ro,Z" "-v" "/var/lib/crater-agent-workspace/rustup-home:/opt/rustwide/rustup-home:ro,Z" "-e" "SOURCE_DIR=/opt/rustwide/workdir" "-e" "CARGO_TARGET_DIR=/opt/rustwide/target" "-e" "CARGO_INCREMENTAL=0" "-e" "RUST_BACKTRACE=full" "-e" "RUSTFLAGS=--cap-lints=forbid" "-e" "RUSTDOCFLAGS=--cap-lints=forbid" "-e" "CARGO_HOME=/opt/rustwide/cargo-home" "-e" "RUSTUP_HOME=/opt/rustwide/rustup-home" "-w" "/opt/rustwide/workdir" "-m" "1610612736" "--user" "0:0" "--network" "none" "ghcr.io/rust-lang/crates-build-env/linux@sha256:819108c5571ea2e421544af4d832f968d213c87fbe3707a016657f43d2f853bc" "/opt/rustwide/cargo-home/bin/cargo" "+nightly-2025-01-18" "build" "--frozen" "--message-format=json", kill_on_drop: false }`
[INFO] [stdout] 54b18a62f31b63e7d89d882d70393e4356a5de3e335328cac5a303982a1c6698
[INFO] running `Command { std: "docker" "start" "-a" "54b18a62f31b63e7d89d882d70393e4356a5de3e335328cac5a303982a1c6698", kill_on_drop: false }`
[INFO] [stderr]    Compiling libc v0.2.58
[INFO] [stderr]    Compiling spin v0.5.0
[INFO] [stderr]    Compiling num-traits v0.2.10
[INFO] [stderr]    Compiling num-integer v0.1.41
[INFO] [stderr]    Compiling rand_chacha v0.2.0
[INFO] [stderr]    Compiling ppv-lite86 v0.2.5
[INFO] [stderr]    Compiling log v0.4.6
[INFO] [stderr]    Compiling text_io v0.1.7
[INFO] [stderr]    Compiling ignore-result v0.2.0
[INFO] [stderr]    Compiling lazy_static v1.4.0
[INFO] [stderr]    Compiling c2-chacha v0.2.2
[INFO] [stderr]    Compiling getrandom v0.1.6
[INFO] [stderr]    Compiling dirs-sys v0.3.4
[INFO] [stderr]    Compiling time v0.1.42
[INFO] [stderr]    Compiling net2 v0.2.33
[INFO] [stderr]    Compiling iovec v0.1.4
[INFO] [stderr]    Compiling rand_core v0.5.0
[INFO] [stderr]    Compiling dirs v2.0.2
[INFO] [stderr]    Compiling term v0.6.1
[INFO] [stderr]    Compiling mio v0.6.19
[INFO] [stderr]    Compiling chrono v0.4.10
[INFO] [stderr]    Compiling rand v0.7.0
[INFO] [stderr]    Compiling crossterm v0.13.3
[INFO] [stderr]    Compiling simplelog v0.7.4
[INFO] [stderr]    Compiling roguelike v0.1.0 (/opt/rustwide/workdir)
[INFO] [stdout] warning: methods `info`, `move_to`, and `clean` are never used
[INFO] [stdout]   --> src/entities.rs:8:8
[INFO] [stdout]    |
[INFO] [stdout] 6  | pub trait Entity {
[INFO] [stdout]    |           ------ methods in this trait
[INFO] [stdout] 7  |     /// Get information about the entity
[INFO] [stdout] 8  |     fn info(&self) -> String;
[INFO] [stdout]    |        ^^^^
[INFO] [stdout] ...
[INFO] [stdout] 18 |     fn move_to(&mut self, location: Point);
[INFO] [stdout]    |        ^^^^^^^
[INFO] [stdout] ...
[INFO] [stdout] 24 |     fn clean(&mut self);
[INFO] [stdout]    |        ^^^^^
[INFO] [stdout]    |
[INFO] [stdout]    = note: `#[warn(dead_code)]` on by default
[INFO] [stdout] 
[INFO] [stdout] 
[INFO] [stdout] warning: field `level` is never read
[INFO] [stdout]   --> src/entities.rs:34:9
[INFO] [stdout]    |
[INFO] [stdout] 30 | pub struct Character {
[INFO] [stdout]    |            --------- field in this struct
[INFO] [stdout] ...
[INFO] [stdout] 34 |     pub level: i32,
[INFO] [stdout]    |         ^^^^^
[INFO] [stdout]    |
[INFO] [stdout]    = note: `Character` has a derived impl for the trait `Clone`, but this is intentionally ignored during dead code analysis
[INFO] [stdout] 
[INFO] [stdout] 
[INFO] [stdout] warning: method `set_tile` is never used
[INFO] [stdout]   --> src/entities.rs:57:8
[INFO] [stdout]    |
[INFO] [stdout] 46 | pub trait Enemy {
[INFO] [stdout]    |           ----- method in this trait
[INFO] [stdout] ...
[INFO] [stdout] 57 |     fn set_tile(&mut self, tile: Tile);
[INFO] [stdout]    |        ^^^^^^^^
[INFO] [stdout] 
[INFO] [stdout] 
[INFO] [stdout] warning: methods `damage`, `heal`, `attack`, and `dodge` are never used
[INFO] [stdout]   --> src/entities.rs:62:8
[INFO] [stdout]    |
[INFO] [stdout] 60 | pub trait Player {
[INFO] [stdout]    |           ------ methods in this trait
[INFO] [stdout] 61 |     fn new(name: String, class: String, health: i32, attack: i32, dodge: i32, luck: i32) -> Self;
[INFO] [stdout] 62 |     fn damage(&mut self, damage_amount: i32);
[INFO] [stdout]    |        ^^^^^^
[INFO] [stdout] 63 |     fn heal(&mut self, heal_amount: i32);
[INFO] [stdout]    |        ^^^^
[INFO] [stdout] 64 |     fn attack(&self) -> i32;
[INFO] [stdout]    |        ^^^^^^
[INFO] [stdout] 65 |     fn dodge(&self) -> i32;
[INFO] [stdout]    |        ^^^^^
[INFO] [stdout] 
[INFO] [stdout] 
[INFO] [stdout] warning: variant `Help` is never constructed
[INFO] [stdout]  --> src/events.rs:6:5
[INFO] [stdout]   |
[INFO] [stdout] 4 | pub enum ViewportEvent {
[INFO] [stdout]   |          ------------- variant in this enum
[INFO] [stdout] 5 |     Quit,
[INFO] [stdout] 6 |     Help,
[INFO] [stdout]   |     ^^^^
[INFO] [stdout]   |
[INFO] [stdout]   = note: `ViewportEvent` has derived impls for the traits `Debug` and `Clone`, but these are intentionally ignored during dead code analysis
[INFO] [stdout] 
[INFO] [stdout] 
[INFO] [stdout] warning: field `opaque` is never read
[INFO] [stdout]   --> src/tiling.rs:19:5
[INFO] [stdout]    |
[INFO] [stdout] 16 | pub struct Tile {
[INFO] [stdout]    |            ---- field in this struct
[INFO] [stdout] ...
[INFO] [stdout] 19 |     opaque: bool,
[INFO] [stdout]    |     ^^^^^^
[INFO] [stdout]    |
[INFO] [stdout]    = note: `Tile` has derived impls for the traits `Debug` and `Clone`, but these are intentionally ignored during dead code analysis
[INFO] [stdout] 
[INFO] [stdout] 
[INFO] [stdout] warning: methods `is_opaque`, `opacity`, `open`, and `clos` are never used
[INFO] [stdout]   --> src/tiling.rs:55:12
[INFO] [stdout]    |
[INFO] [stdout] 24 | impl Tile {
[INFO] [stdout]    | --------- methods in this implementation
[INFO] [stdout] ...
[INFO] [stdout] 55 |     pub fn is_opaque(&self) -> bool {
[INFO] [stdout]    |            ^^^^^^^^^
[INFO] [stdout] ...
[INFO] [stdout] 59 |     pub fn opacity(&mut self, opaque: bool) {
[INFO] [stdout]    |            ^^^^^^^
[INFO] [stdout] ...
[INFO] [stdout] 67 |     pub fn open(&mut self) {
[INFO] [stdout]    |            ^^^^
[INFO] [stdout] ...
[INFO] [stdout] 71 |     pub fn clos(&mut self) {
[INFO] [stdout]    |            ^^^^
[INFO] [stdout] 
[INFO] [stdout] 
[INFO] [stdout] warning: method `tile_at` is never used
[INFO] [stdout]    --> src/tiling.rs:139:12
[INFO] [stdout]     |
[INFO] [stdout] 100 | impl TileGrid {
[INFO] [stdout]     | ------------- method in this implementation
[INFO] [stdout] ...
[INFO] [stdout] 139 |     pub fn tile_at(&self, x: usize, y: usize) -> &Tile {
[INFO] [stdout]     |            ^^^^^^^
[INFO] [stdout] 
[INFO] [stdout] 
[INFO] [stdout] warning: fields `raw` and `start` are never read
[INFO] [stdout]   --> src/viewport.rs:24:5
[INFO] [stdout]    |
[INFO] [stdout] 21 | pub struct CrossTermViewPort {
[INFO] [stdout]    |            ----------------- fields in this struct
[INFO] [stdout] ...
[INFO] [stdout] 24 |     raw: RawScreen,
[INFO] [stdout]    |     ^^^
[INFO] [stdout] 25 |     input: TerminalInput,
[INFO] [stdout] 26 |     start: (usize, usize),
[INFO] [stdout]    |     ^^^^^
[INFO] [stdout] 
[INFO] [stdout] 
[INFO] [stdout] warning: methods `xsize` and `ysize` are never used
[INFO] [stdout]    --> src/world.rs:267:12
[INFO] [stdout]     |
[INFO] [stdout] 257 | impl Dungeon {
[INFO] [stdout]     | ------------ methods in this implementation
[INFO] [stdout] ...
[INFO] [stdout] 267 |     pub fn xsize(&self) -> usize {
[INFO] [stdout]     |            ^^^^^
[INFO] [stdout] ...
[INFO] [stdout] 271 |     pub fn ysize(&self) -> usize {
[INFO] [stdout]     |            ^^^^^
[INFO] [stdout] 
[INFO] [stdout] 
[INFO] [stderr]     Finished `dev` profile [unoptimized + debuginfo] target(s) in 7.10s
[INFO] running `Command { std: "docker" "inspect" "54b18a62f31b63e7d89d882d70393e4356a5de3e335328cac5a303982a1c6698", kill_on_drop: false }`
[INFO] running `Command { std: "docker" "rm" "-f" "54b18a62f31b63e7d89d882d70393e4356a5de3e335328cac5a303982a1c6698", kill_on_drop: false }`
[INFO] [stdout] 54b18a62f31b63e7d89d882d70393e4356a5de3e335328cac5a303982a1c6698
[INFO] running `Command { std: "docker" "create" "-v" "/var/lib/crater-agent-workspace/builds/worker-7-tc1/target:/opt/rustwide/target:rw,Z" "-v" "/var/lib/crater-agent-workspace/builds/worker-7-tc1/source:/opt/rustwide/workdir:ro,Z" "-v" "/var/lib/crater-agent-workspace/cargo-home:/opt/rustwide/cargo-home:ro,Z" "-v" "/var/lib/crater-agent-workspace/rustup-home:/opt/rustwide/rustup-home:ro,Z" "-e" "SOURCE_DIR=/opt/rustwide/workdir" "-e" "CARGO_TARGET_DIR=/opt/rustwide/target" "-e" "CARGO_INCREMENTAL=0" "-e" "RUST_BACKTRACE=full" "-e" "RUSTFLAGS=--cap-lints=forbid" "-e" "RUSTDOCFLAGS=--cap-lints=forbid" "-e" "CARGO_HOME=/opt/rustwide/cargo-home" "-e" "RUSTUP_HOME=/opt/rustwide/rustup-home" "-w" "/opt/rustwide/workdir" "-m" "1610612736" "--user" "0:0" "--network" "none" "ghcr.io/rust-lang/crates-build-env/linux@sha256:819108c5571ea2e421544af4d832f968d213c87fbe3707a016657f43d2f853bc" "/opt/rustwide/cargo-home/bin/cargo" "+nightly-2025-01-18" "test" "--frozen" "--no-run" "--message-format=json", kill_on_drop: false }`
[INFO] [stdout] 59898d12f4dd45e56abf785d804420fdfdb9c39c984e5c26fcbd77b72e12b0e5
[INFO] running `Command { std: "docker" "start" "-a" "59898d12f4dd45e56abf785d804420fdfdb9c39c984e5c26fcbd77b72e12b0e5", kill_on_drop: false }`
[INFO] [stderr]    Compiling roguelike v0.1.0 (/opt/rustwide/workdir)
[INFO] [stdout] warning: methods `info`, `move_to`, and `clean` are never used
[INFO] [stdout]   --> src/entities.rs:8:8
[INFO] [stdout]    |
[INFO] [stdout] 6  | pub trait Entity {
[INFO] [stdout]    |           ------ methods in this trait
[INFO] [stdout] 7  |     /// Get information about the entity
[INFO] [stdout] 8  |     fn info(&self) -> String;
[INFO] [stdout]    |        ^^^^
[INFO] [stdout] ...
[INFO] [stdout] 18 |     fn move_to(&mut self, location: Point);
[INFO] [stdout]    |        ^^^^^^^
[INFO] [stdout] ...
[INFO] [stdout] 24 |     fn clean(&mut self);
[INFO] [stdout]    |        ^^^^^
[INFO] [stdout]    |
[INFO] [stdout]    = note: `#[warn(dead_code)]` on by default
[INFO] [stdout] 
[INFO] [stdout] 
[INFO] [stdout] warning: field `level` is never read
[INFO] [stdout]   --> src/entities.rs:34:9
[INFO] [stdout]    |
[INFO] [stdout] 30 | pub struct Character {
[INFO] [stdout]    |            --------- field in this struct
[INFO] [stdout] ...
[INFO] [stdout] 34 |     pub level: i32,
[INFO] [stdout]    |         ^^^^^
[INFO] [stdout]    |
[INFO] [stdout]    = note: `Character` has a derived impl for the trait `Clone`, but this is intentionally ignored during dead code analysis
[INFO] [stdout] 
[INFO] [stdout] 
[INFO] [stdout] warning: method `set_tile` is never used
[INFO] [stdout]   --> src/entities.rs:57:8
[INFO] [stdout]    |
[INFO] [stdout] 46 | pub trait Enemy {
[INFO] [stdout]    |           ----- method in this trait
[INFO] [stdout] ...
[INFO] [stdout] 57 |     fn set_tile(&mut self, tile: Tile);
[INFO] [stdout]    |        ^^^^^^^^
[INFO] [stdout] 
[INFO] [stdout] 
[INFO] [stdout] warning: methods `damage`, `heal`, `attack`, and `dodge` are never used
[INFO] [stdout]   --> src/entities.rs:62:8
[INFO] [stdout]    |
[INFO] [stdout] 60 | pub trait Player {
[INFO] [stdout]    |           ------ methods in this trait
[INFO] [stdout] 61 |     fn new(name: String, class: String, health: i32, attack: i32, dodge: i32, luck: i32) -> Self;
[INFO] [stdout] 62 |     fn damage(&mut self, damage_amount: i32);
[INFO] [stdout]    |        ^^^^^^
[INFO] [stdout] 63 |     fn heal(&mut self, heal_amount: i32);
[INFO] [stdout]    |        ^^^^
[INFO] [stdout] 64 |     fn attack(&self) -> i32;
[INFO] [stdout]    |        ^^^^^^
[INFO] [stdout] 65 |     fn dodge(&self) -> i32;
[INFO] [stdout]    |        ^^^^^
[INFO] [stdout] 
[INFO] [stdout] 
[INFO] [stdout] warning: variant `Help` is never constructed
[INFO] [stdout]  --> src/events.rs:6:5
[INFO] [stdout]   |
[INFO] [stdout] 4 | pub enum ViewportEvent {
[INFO] [stdout]   |          ------------- variant in this enum
[INFO] [stdout] 5 |     Quit,
[INFO] [stdout] 6 |     Help,
[INFO] [stdout]   |     ^^^^
[INFO] [stdout]   |
[INFO] [stdout]   = note: `ViewportEvent` has derived impls for the traits `Debug` and `Clone`, but these are intentionally ignored during dead code analysis
[INFO] [stdout] 
[INFO] [stdout] 
[INFO] [stdout] warning: field `opaque` is never read
[INFO] [stdout]   --> src/tiling.rs:19:5
[INFO] [stdout]    |
[INFO] [stdout] 16 | pub struct Tile {
[INFO] [stdout]    |            ---- field in this struct
[INFO] [stdout] ...
[INFO] [stdout] 19 |     opaque: bool,
[INFO] [stdout]    |     ^^^^^^
[INFO] [stdout]    |
[INFO] [stdout]    = note: `Tile` has derived impls for the traits `Debug` and `Clone`, but these are intentionally ignored during dead code analysis
[INFO] [stdout] 
[INFO] [stdout] 
[INFO] [stdout] warning: methods `is_opaque`, `opacity`, `open`, and `clos` are never used
[INFO] [stdout]   --> src/tiling.rs:55:12
[INFO] [stdout]    |
[INFO] [stdout] 24 | impl Tile {
[INFO] [stdout]    | --------- methods in this implementation
[INFO] [stdout] ...
[INFO] [stdout] 55 |     pub fn is_opaque(&self) -> bool {
[INFO] [stdout]    |            ^^^^^^^^^
[INFO] [stdout] ...
[INFO] [stdout] 59 |     pub fn opacity(&mut self, opaque: bool) {
[INFO] [stdout]    |            ^^^^^^^
[INFO] [stdout] ...
[INFO] [stdout] 67 |     pub fn open(&mut self) {
[INFO] [stdout]    |            ^^^^
[INFO] [stdout] ...
[INFO] [stdout] 71 |     pub fn clos(&mut self) {
[INFO] [stdout]    |            ^^^^
[INFO] [stdout] 
[INFO] [stdout] 
[INFO] [stdout] warning: fields `raw` and `start` are never read
[INFO] [stdout]   --> src/viewport.rs:24:5
[INFO] [stdout]    |
[INFO] [stdout] 21 | pub struct CrossTermViewPort {
[INFO] [stdout]    |            ----------------- fields in this struct
[INFO] [stdout] ...
[INFO] [stdout] 24 |     raw: RawScreen,
[INFO] [stdout]    |     ^^^
[INFO] [stdout] 25 |     input: TerminalInput,
[INFO] [stdout] 26 |     start: (usize, usize),
[INFO] [stdout]    |     ^^^^^
[INFO] [stdout] 
[INFO] [stdout] 
[INFO] [stdout] warning: methods `xsize` and `ysize` are never used
[INFO] [stdout]    --> src/world.rs:267:12
[INFO] [stdout]     |
[INFO] [stdout] 257 | impl Dungeon {
[INFO] [stdout]     | ------------ methods in this implementation
[INFO] [stdout] ...
[INFO] [stdout] 267 |     pub fn xsize(&self) -> usize {
[INFO] [stdout]     |            ^^^^^
[INFO] [stdout] ...
[INFO] [stdout] 271 |     pub fn ysize(&self) -> usize {
[INFO] [stdout]     |            ^^^^^
[INFO] [stdout] 
[INFO] [stdout] 
[INFO] [stderr]     Finished `test` profile [unoptimized + debuginfo] target(s) in 0.79s
[INFO] running `Command { std: "docker" "inspect" "59898d12f4dd45e56abf785d804420fdfdb9c39c984e5c26fcbd77b72e12b0e5", kill_on_drop: false }`
[INFO] running `Command { std: "docker" "rm" "-f" "59898d12f4dd45e56abf785d804420fdfdb9c39c984e5c26fcbd77b72e12b0e5", kill_on_drop: false }`
[INFO] [stdout] 59898d12f4dd45e56abf785d804420fdfdb9c39c984e5c26fcbd77b72e12b0e5
[INFO] running `Command { std: "docker" "create" "-v" "/var/lib/crater-agent-workspace/builds/worker-7-tc1/target:/opt/rustwide/target:rw,Z" "-v" "/var/lib/crater-agent-workspace/builds/worker-7-tc1/source:/opt/rustwide/workdir:ro,Z" "-v" "/var/lib/crater-agent-workspace/cargo-home:/opt/rustwide/cargo-home:ro,Z" "-v" "/var/lib/crater-agent-workspace/rustup-home:/opt/rustwide/rustup-home:ro,Z" "-e" "SOURCE_DIR=/opt/rustwide/workdir" "-e" "CARGO_TARGET_DIR=/opt/rustwide/target" "-e" "CARGO_INCREMENTAL=0" "-e" "RUST_BACKTRACE=full" "-e" "RUSTFLAGS=--cap-lints=forbid" "-e" "RUSTDOCFLAGS=--cap-lints=forbid" "-e" "CARGO_HOME=/opt/rustwide/cargo-home" "-e" "RUSTUP_HOME=/opt/rustwide/rustup-home" "-w" "/opt/rustwide/workdir" "-m" "1610612736" "--user" "0:0" "--network" "none" "ghcr.io/rust-lang/crates-build-env/linux@sha256:819108c5571ea2e421544af4d832f968d213c87fbe3707a016657f43d2f853bc" "/opt/rustwide/cargo-home/bin/cargo" "+nightly-2025-01-18" "test" "--frozen", kill_on_drop: false }`
[INFO] [stdout] 6142348c40e5a172d864d68be96d6df66ebec581214b960798f3912526a048bc
[INFO] running `Command { std: "docker" "start" "-a" "6142348c40e5a172d864d68be96d6df66ebec581214b960798f3912526a048bc", kill_on_drop: false }`
[INFO] [stderr] warning: methods `info`, `move_to`, and `clean` are never used
[INFO] [stderr]   --> src/entities.rs:8:8
[INFO] [stderr]    |
[INFO] [stderr] 6  | pub trait Entity {
[INFO] [stderr]    |           ------ methods in this trait
[INFO] [stderr] 7  |     /// Get information about the entity
[INFO] [stderr] 8  |     fn info(&self) -> String;
[INFO] [stderr]    |        ^^^^
[INFO] [stderr] ...
[INFO] [stderr] 18 |     fn move_to(&mut self, location: Point);
[INFO] [stderr]    |        ^^^^^^^
[INFO] [stderr] ...
[INFO] [stderr] 24 |     fn clean(&mut self);
[INFO] [stderr]    |        ^^^^^
[INFO] [stderr]    |
[INFO] [stderr]    = note: `#[warn(dead_code)]` on by default
[INFO] [stderr] 
[INFO] [stderr] warning: field `level` is never read
[INFO] [stderr]   --> src/entities.rs:34:9
[INFO] [stderr]    |
[INFO] [stderr] 30 | pub struct Character {
[INFO] [stderr]    |            --------- field in this struct
[INFO] [stderr] ...
[INFO] [stderr] 34 |     pub level: i32,
[INFO] [stderr]    |         ^^^^^
[INFO] [stderr]    |
[INFO] [stderr]    = note: `Character` has a derived impl for the trait `Clone`, but this is intentionally ignored during dead code analysis
[INFO] [stderr] 
[INFO] [stderr] warning: method `set_tile` is never used
[INFO] [stderr]   --> src/entities.rs:57:8
[INFO] [stderr]    |
[INFO] [stderr] 46 | pub trait Enemy {
[INFO] [stderr]    |           ----- method in this trait
[INFO] [stderr] ...
[INFO] [stderr] 57 |     fn set_tile(&mut self, tile: Tile);
[INFO] [stderr]    |        ^^^^^^^^
[INFO] [stderr] 
[INFO] [stderr] warning: methods `damage`, `heal`, `attack`, and `dodge` are never used
[INFO] [stderr]   --> src/entities.rs:62:8
[INFO] [stderr]    |
[INFO] [stderr] 60 | pub trait Player {
[INFO] [stderr]    |           ------ methods in this trait
[INFO] [stderr] 61 |     fn new(name: String, class: String, health: i32, attack: i32, dodge: i32, luck: i32) -> Self;
[INFO] [stderr] 62 |     fn damage(&mut self, damage_amount: i32);
[INFO] [stderr]    |        ^^^^^^
[INFO] [stderr] 63 |     fn heal(&mut self, heal_amount: i32);
[INFO] [stderr]    |        ^^^^
[INFO] [stderr] 64 |     fn attack(&self) -> i32;
[INFO] [stderr]    |        ^^^^^^
[INFO] [stderr] 65 |     fn dodge(&self) -> i32;
[INFO] [stderr]    |        ^^^^^
[INFO] [stderr] 
[INFO] [stderr] warning: variant `Help` is never constructed
[INFO] [stderr]  --> src/events.rs:6:5
[INFO] [stderr]   |
[INFO] [stderr] 4 | pub enum ViewportEvent {
[INFO] [stderr]   |          ------------- variant in this enum
[INFO] [stderr] 5 |     Quit,
[INFO] [stderr] 6 |     Help,
[INFO] [stderr]   |     ^^^^
[INFO] [stderr]   |
[INFO] [stderr]   = note: `ViewportEvent` has derived impls for the traits `Debug` and `Clone`, but these are intentionally ignored during dead code analysis
[INFO] [stderr] 
[INFO] [stderr] warning: field `opaque` is never read
[INFO] [stderr]   --> src/tiling.rs:19:5
[INFO] [stderr]    |
[INFO] [stderr] 16 | pub struct Tile {
[INFO] [stderr]    |            ---- field in this struct
[INFO] [stderr] ...
[INFO] [stderr] 19 |     opaque: bool,
[INFO] [stderr]    |     ^^^^^^
[INFO] [stderr]    |
[INFO] [stderr]    = note: `Tile` has derived impls for the traits `Debug` and `Clone`, but these are intentionally ignored during dead code analysis
[INFO] [stderr] 
[INFO] [stderr] warning: methods `is_opaque`, `opacity`, `open`, and `clos` are never used
[INFO] [stderr]   --> src/tiling.rs:55:12
[INFO] [stderr]    |
[INFO] [stderr] 24 | impl Tile {
[INFO] [stderr]    | --------- methods in this implementation
[INFO] [stderr] ...
[INFO] [stderr] 55 |     pub fn is_opaque(&self) -> bool {
[INFO] [stderr]    |            ^^^^^^^^^
[INFO] [stderr] ...
[INFO] [stderr] 59 |     pub fn opacity(&mut self, opaque: bool) {
[INFO] [stderr]    |            ^^^^^^^
[INFO] [stderr] ...
[INFO] [stderr] 67 |     pub fn open(&mut self) {
[INFO] [stderr]    |            ^^^^
[INFO] [stderr] ...
[INFO] [stderr] 71 |     pub fn clos(&mut self) {
[INFO] [stderr]    |            ^^^^
[INFO] [stderr] 
[INFO] [stderr] warning: fields `raw` and `start` are never read
[INFO] [stderr]   --> src/viewport.rs:24:5
[INFO] [stderr]    |
[INFO] [stderr] 21 | pub struct CrossTermViewPort {
[INFO] [stderr]    |            ----------------- fields in this struct
[INFO] [stderr] ...
[INFO] [stderr] 24 |     raw: RawScreen,
[INFO] [stderr]    |     ^^^
[INFO] [stderr] 25 |     input: TerminalInput,
[INFO] [stderr] 26 |     start: (usize, usize),
[INFO] [stderr]    |     ^^^^^
[INFO] [stderr] 
[INFO] [stderr] warning: methods `xsize` and `ysize` are never used
[INFO] [stderr]    --> src/world.rs:267:12
[INFO] [stderr]     |
[INFO] [stderr] 257 | impl Dungeon {
[INFO] [stderr]     | ------------ methods in this implementation
[INFO] [stderr] ...
[INFO] [stderr] 267 |     pub fn xsize(&self) -> usize {
[INFO] [stderr]     |            ^^^^^
[INFO] [stderr] ...
[INFO] [stderr] 271 |     pub fn ysize(&self) -> usize {
[INFO] [stderr]     |            ^^^^^
[INFO] [stderr] 
[INFO] [stderr] warning: `roguelike` (bin "roguelike" test) generated 9 warnings
[INFO] [stderr]     Finished `test` profile [unoptimized + debuginfo] target(s) in 0.16s
[INFO] [stderr]      Running unittests src/main.rs (/opt/rustwide/target/debug/deps/roguelike-0393b135b6b0f7a5)
[INFO] [stdout] 
[INFO] [stdout] running 14 tests
[INFO] [stdout] test world::tests::test_link_corridors_returns_a_vec_of_corridors ... ok
[INFO] [stdout] test tiling::tests::new_tilegrid_is_populated_by_empty_invisible_tiles ... ok
[INFO] [stdout] test world::tests::test_link_corridors_returns_a_vec_of_corridors_on_reversed_diagonal_points ... ok
[INFO] [stdout] test tiling::tests::tiles_can_be_revealed ... ok
[INFO] [stdout] test world::tests::test_link_corridors_returns_a_vec_of_corridors_on_reversed_horizontal_points ... ok
[INFO] [stdout] test world::tests::test_link_corridors_with_vertical_aligned_points_returns_one_corridor ... ok
[INFO] [stdout] test world::tests::test_link_corridors_with_horizontal_aligned_points_returns_one_corridor ... ok
[INFO] [stdout] test world::tests::test_make_corridor_detects_horizontal ... ok
[INFO] [stdout] test world::tests::test_make_corridor_detects_vertical ... ok
[INFO] [stdout] test world::tests::test_make_corridor_with_misaligned_points_should_panic ... ok
[INFO] [stdout] test world::tests::test_make_corridor_with_overlapping_points_should_panic ... ok
[INFO] [stdout] test world::tests::test_link_corridors_returns_a_vec_of_corridors_on_reversed_vertical_points ... ok
[INFO] [stdout] test tiling::tests::tilegrid_can_reveal_tiles ... FAILED
[INFO] [stdout] test tiling::tests::test_clear_fog_of_war ... FAILED
[INFO] [stdout] 
[INFO] [stdout] failures:
[INFO] [stdout] 
[INFO] [stdout] ---- tiling::tests::tilegrid_can_reveal_tiles stdout ----
[INFO] [stdout] 
[INFO] [stdout] thread 'tiling::tests::tilegrid_can_reveal_tiles' panicked at src/tiling.rs:157:18:
[INFO] [stdout] index out of bounds: the len is 1 but the index is 1
[INFO] [stdout] stack backtrace:
[INFO] [stdout]    0:     0x64f779561dba - std::backtrace_rs::backtrace::libunwind::trace::hb059275cfc8d6126
[INFO] [stdout]                                at /rustc/6067b36314ab5eb2eb47cecc464545ba58e1ad24/library/std/src/../../backtrace/src/backtrace/libunwind.rs:116:5
[INFO] [stdout]    1:     0x64f779561dba - std::backtrace_rs::backtrace::trace_unsynchronized::h2da071e4327ce3ee
[INFO] [stdout]                                at /rustc/6067b36314ab5eb2eb47cecc464545ba58e1ad24/library/std/src/../../backtrace/src/backtrace/mod.rs:66:5
[INFO] [stdout]    2:     0x64f779561dba - std::sys::backtrace::_print_fmt::h842a1474e6f8d23f
[INFO] [stdout]                                at /rustc/6067b36314ab5eb2eb47cecc464545ba58e1ad24/library/std/src/sys/backtrace.rs:66:9
[INFO] [stdout]    3:     0x64f779561dba - <std::sys::backtrace::BacktraceLock::print::DisplayBacktrace as core::fmt::Display>::fmt::h71a62eb3b9696b12
[INFO] [stdout]                                at /rustc/6067b36314ab5eb2eb47cecc464545ba58e1ad24/library/std/src/sys/backtrace.rs:39:26
[INFO] [stdout]    4:     0x64f7795899e3 - core::fmt::rt::Argument::fmt::hdb6b616786b41dc1
[INFO] [stdout]                                at /rustc/6067b36314ab5eb2eb47cecc464545ba58e1ad24/library/core/src/fmt/rt.rs:177:76
[INFO] [stdout]    5:     0x64f7795899e3 - core::fmt::write::h2cc1698af7e2d686
[INFO] [stdout]                                at /rustc/6067b36314ab5eb2eb47cecc464545ba58e1ad24/library/core/src/fmt/mod.rs:1440:21
[INFO] [stdout]    6:     0x64f77955e913 - std::io::Write::write_fmt::hab1b4cd059a79022
[INFO] [stdout]                                at /rustc/6067b36314ab5eb2eb47cecc464545ba58e1ad24/library/std/src/io/mod.rs:1887:15
[INFO] [stdout]    7:     0x64f779561c02 - std::sys::backtrace::BacktraceLock::print::h147fe35b4ea13b08
[INFO] [stdout]                                at /rustc/6067b36314ab5eb2eb47cecc464545ba58e1ad24/library/std/src/sys/backtrace.rs:42:9
[INFO] [stdout]    8:     0x64f7795631df - std::panicking::default_hook::{{closure}}::hbd44223dbdc0d208
[INFO] [stdout]                                at /rustc/6067b36314ab5eb2eb47cecc464545ba58e1ad24/library/std/src/panicking.rs:298:22
[INFO] [stdout]    9:     0x64f779562ff8 - std::panicking::default_hook::h20f81eb0576efcec
[INFO] [stdout]                                at /rustc/6067b36314ab5eb2eb47cecc464545ba58e1ad24/library/std/src/panicking.rs:322:9
[INFO] [stdout]   10:     0x64f7794f2903 - <alloc::boxed::Box<F,A> as core::ops::function::Fn<Args>>::call::hdb53814c496a4d34
[INFO] [stdout]                                at /rustc/6067b36314ab5eb2eb47cecc464545ba58e1ad24/library/alloc/src/boxed.rs:2027:9
[INFO] [stdout]   11:     0x64f7794f2903 - test::test_main::{{closure}}::hc0a4963c59427c24
[INFO] [stdout]                                at /rustc/6067b36314ab5eb2eb47cecc464545ba58e1ad24/library/test/src/lib.rs:134:21
[INFO] [stdout]   12:     0x64f779563cd3 - <alloc::boxed::Box<F,A> as core::ops::function::Fn<Args>>::call::h591b2225413a77e9
[INFO] [stdout]                                at /rustc/6067b36314ab5eb2eb47cecc464545ba58e1ad24/library/alloc/src/boxed.rs:2027:9
[INFO] [stdout]   13:     0x64f779563cd3 - std::panicking::rust_panic_with_hook::h625eea43051b2edc
[INFO] [stdout]                                at /rustc/6067b36314ab5eb2eb47cecc464545ba58e1ad24/library/std/src/panicking.rs:839:13
[INFO] [stdout]   14:     0x64f77956398a - std::panicking::begin_panic_handler::{{closure}}::h4f9159cfbc3f6bd3
[INFO] [stdout]                                at /rustc/6067b36314ab5eb2eb47cecc464545ba58e1ad24/library/std/src/panicking.rs:704:13
[INFO] [stdout]   15:     0x64f7795622b9 - std::sys::backtrace::__rust_end_short_backtrace::h0390abce48353151
[INFO] [stdout]                                at /rustc/6067b36314ab5eb2eb47cecc464545ba58e1ad24/library/std/src/sys/backtrace.rs:168:18
[INFO] [stdout]   16:     0x64f77956361d - rust_begin_unwind
[INFO] [stdout]                                at /rustc/6067b36314ab5eb2eb47cecc464545ba58e1ad24/library/std/src/panicking.rs:695:5
[INFO] [stdout]   17:     0x64f7795883c0 - core::panicking::panic_fmt::h9e7c637e9e5f29c9
[INFO] [stdout]                                at /rustc/6067b36314ab5eb2eb47cecc464545ba58e1ad24/library/core/src/panicking.rs:75:14
[INFO] [stdout]   18:     0x64f779588541 - core::panicking::panic_bounds_check::hab62625bddb22ea0
[INFO] [stdout]                                at /rustc/6067b36314ab5eb2eb47cecc464545ba58e1ad24/library/core/src/panicking.rs:273:5
[INFO] [stdout]   19:     0x64f7794b3307 - <usize as core::slice::index::SliceIndex<[T]>>::index_mut::heeba2e24cb330aab
[INFO] [stdout]                                at /rustc/6067b36314ab5eb2eb47cecc464545ba58e1ad24/library/core/src/slice/index.rs:280:14
[INFO] [stdout]   20:     0x64f7794b3760 - core::slice::index::<impl core::ops::index::IndexMut<I> for [T]>::index_mut::hc65496bd94a1ae81
[INFO] [stdout]                                at /rustc/6067b36314ab5eb2eb47cecc464545ba58e1ad24/library/core/src/slice/index.rs:27:9
[INFO] [stdout]   21:     0x64f7794b3760 - <alloc::vec::Vec<T,A> as core::ops::index::IndexMut<I>>::index_mut::hd8bbecc75b113f37
[INFO] [stdout]                                at /rustc/6067b36314ab5eb2eb47cecc464545ba58e1ad24/library/alloc/src/vec/mod.rs:3373:9
[INFO] [stdout]   22:     0x64f7794b3c51 - roguelike::tiling::TileGrid::reveal::h84088fe541e3736b
[INFO] [stdout]                                at /opt/rustwide/workdir/src/tiling.rs:157:18
[INFO] [stdout]   23:     0x64f7794b510f - roguelike::tiling::tests::tilegrid_can_reveal_tiles::h96d1a55bd837eca2
[INFO] [stdout]                                at /opt/rustwide/workdir/src/tiling.rs:247:9
[INFO] [stdout]   24:     0x64f7794b50c7 - roguelike::tiling::tests::tilegrid_can_reveal_tiles::{{closure}}::hc9c3291ec532cd50
[INFO] [stdout]                                at /opt/rustwide/workdir/src/tiling.rs:245:35
[INFO] [stdout]   25:     0x64f7794b0f96 - core::ops::function::FnOnce::call_once::h957d38523b3f260a
[INFO] [stdout]                                at /rustc/6067b36314ab5eb2eb47cecc464545ba58e1ad24/library/core/src/ops/function.rs:250:5
[INFO] [stdout]   26:     0x64f7794f805b - core::ops::function::FnOnce::call_once::he27718dfdd183f43
[INFO] [stdout]                                at /rustc/6067b36314ab5eb2eb47cecc464545ba58e1ad24/library/core/src/ops/function.rs:250:5
[INFO] [stdout]   27:     0x64f7794f805b - test::__rust_begin_short_backtrace::h4e84902998457a5d
[INFO] [stdout]                                at /rustc/6067b36314ab5eb2eb47cecc464545ba58e1ad24/library/test/src/lib.rs:632:18
[INFO] [stdout]   28:     0x64f7794f6f93 - test::run_test_in_process::{{closure}}::h7176fd18fc1feca0
[INFO] [stdout]                                at /rustc/6067b36314ab5eb2eb47cecc464545ba58e1ad24/library/test/src/lib.rs:655:60
[INFO] [stdout]   29:     0x64f7794f6f93 - <core::panic::unwind_safe::AssertUnwindSafe<F> as core::ops::function::FnOnce<()>>::call_once::hf79cff2a624d8cf7
[INFO] [stdout]                                at /rustc/6067b36314ab5eb2eb47cecc464545ba58e1ad24/library/core/src/panic/unwind_safe.rs:272:9
[INFO] [stdout]   30:     0x64f7794f6f93 - std::panicking::try::do_call::h3da0561d9ab99c25
[INFO] [stdout]                                at /rustc/6067b36314ab5eb2eb47cecc464545ba58e1ad24/library/std/src/panicking.rs:587:40
[INFO] [stdout]   31:     0x64f7794f6f93 - std::panicking::try::h41c9fa508bc61df6
[INFO] [stdout]                                at /rustc/6067b36314ab5eb2eb47cecc464545ba58e1ad24/library/std/src/panicking.rs:550:19
[INFO] [stdout]   32:     0x64f7794f6f93 - std::panic::catch_unwind::h6b3ff07bb5afad93
[INFO] [stdout]                                at /rustc/6067b36314ab5eb2eb47cecc464545ba58e1ad24/library/std/src/panic.rs:358:14
[INFO] [stdout]   33:     0x64f7794f6f93 - test::run_test_in_process::hc7253dd11b39b9f4
[INFO] [stdout]                                at /rustc/6067b36314ab5eb2eb47cecc464545ba58e1ad24/library/test/src/lib.rs:655:27
[INFO] [stdout]   34:     0x64f7794f6f93 - test::run_test::{{closure}}::hfb2007f8649c30bb
[INFO] [stdout]                                at /rustc/6067b36314ab5eb2eb47cecc464545ba58e1ad24/library/test/src/lib.rs:576:43
[INFO] [stdout]   35:     0x64f7794ba075 - test::run_test::{{closure}}::h56a17aa7a282a9f4
[INFO] [stdout]                                at /rustc/6067b36314ab5eb2eb47cecc464545ba58e1ad24/library/test/src/lib.rs:606:41
[INFO] [stdout]   36:     0x64f7794ba075 - std::sys::backtrace::__rust_begin_short_backtrace::hd2d2d2fb8e8c6aac
[INFO] [stdout]                                at /rustc/6067b36314ab5eb2eb47cecc464545ba58e1ad24/library/std/src/sys/backtrace.rs:152:18
[INFO] [stdout]   37:     0x64f7794bd95a - std::thread::Builder::spawn_unchecked_::{{closure}}::{{closure}}::h4faa3f9db6133423
[INFO] [stdout]                                at /rustc/6067b36314ab5eb2eb47cecc464545ba58e1ad24/library/std/src/thread/mod.rs:559:17
[INFO] [stdout]   38:     0x64f7794bd95a - <core::panic::unwind_safe::AssertUnwindSafe<F> as core::ops::function::FnOnce<()>>::call_once::hf2e855a36a4ea846
[INFO] [stdout]                                at /rustc/6067b36314ab5eb2eb47cecc464545ba58e1ad24/library/core/src/panic/unwind_safe.rs:272:9
[INFO] [stdout]   39:     0x64f7794bd95a - std::panicking::try::do_call::h2f73af3616c35465
[INFO] [stdout]                                at /rustc/6067b36314ab5eb2eb47cecc464545ba58e1ad24/library/std/src/panicking.rs:587:40
[INFO] [stdout]   40:     0x64f7794bd95a - std::panicking::try::hd1660ce9efadef5a
[INFO] [stdout]                                at /rustc/6067b36314ab5eb2eb47cecc464545ba58e1ad24/library/std/src/panicking.rs:550:19
[INFO] [stdout]   41:     0x64f7794bd95a - std::panic::catch_unwind::h5ee8d7823b8ca744
[INFO] [stdout]                                at /rustc/6067b36314ab5eb2eb47cecc464545ba58e1ad24/library/std/src/panic.rs:358:14
[INFO] [stdout]   42:     0x64f7794bd95a - std::thread::Builder::spawn_unchecked_::{{closure}}::h53c3a1894dce8407
[INFO] [stdout]                                at /rustc/6067b36314ab5eb2eb47cecc464545ba58e1ad24/library/std/src/thread/mod.rs:557:30
[INFO] [stdout]   43:     0x64f7794bd95a - core::ops::function::FnOnce::call_once{{vtable.shim}}::h048ce291ad4f62bf
[INFO] [stdout]                                at /rustc/6067b36314ab5eb2eb47cecc464545ba58e1ad24/library/core/src/ops/function.rs:250:5
[INFO] [stdout]   44:     0x64f779567c6b - <alloc::boxed::Box<F,A> as core::ops::function::FnOnce<Args>>::call_once::ha52bedf99a3b4981
[INFO] [stdout]                                at /rustc/6067b36314ab5eb2eb47cecc464545ba58e1ad24/library/alloc/src/boxed.rs:2013:9
[INFO] [stdout]   45:     0x64f779567c6b - <alloc::boxed::Box<F,A> as core::ops::function::FnOnce<Args>>::call_once::h567748934d80ccf8
[INFO] [stdout]                                at /rustc/6067b36314ab5eb2eb47cecc464545ba58e1ad24/library/alloc/src/boxed.rs:2013:9
[INFO] [stdout]   46:     0x64f779567c6b - std::sys::pal::unix::thread::Thread::new::thread_start::h2d970728ae887adc
[INFO] [stdout]                                at /rustc/6067b36314ab5eb2eb47cecc464545ba58e1ad24/library/std/src/sys/pal/unix/thread.rs:106:17
[INFO] [stdout]   47:     0x734db7360ac3 - <unknown>
[INFO] [stdout]   48:     0x734db73f1a04 - clone
[INFO] [stdout]   49:                0x0 - <unknown>
[INFO] [stdout] 
[INFO] [stdout] ---- tiling::tests::test_clear_fog_of_war stdout ----
[INFO] [stdout] From (1, 1) to (3, 3)
[INFO] [stdout] test
[INFO] [stdout]      
[INFO] [stdout]   xxx
[INFO] [stdout]   xxx
[INFO] [stdout]   xxx
[INFO] [stdout]      
[INFO] [stdout] 
[INFO] [stdout] thread 'tiling::tests::test_clear_fog_of_war' panicked at src/tiling.rs:278:5:
[INFO] [stdout] assertion `left == right` failed
[INFO] [stdout]   left: false
[INFO] [stdout]  right: true
[INFO] [stdout] stack backtrace:
[INFO] [stdout]    0:     0x64f779561dba - std::backtrace_rs::backtrace::libunwind::trace::hb059275cfc8d6126
[INFO] [stdout]                                at /rustc/6067b36314ab5eb2eb47cecc464545ba58e1ad24/library/std/src/../../backtrace/src/backtrace/libunwind.rs:116:5
[INFO] [stdout]    1:     0x64f779561dba - std::backtrace_rs::backtrace::trace_unsynchronized::h2da071e4327ce3ee
[INFO] [stdout]                                at /rustc/6067b36314ab5eb2eb47cecc464545ba58e1ad24/library/std/src/../../backtrace/src/backtrace/mod.rs:66:5
[INFO] [stdout]    2:     0x64f779561dba - std::sys::backtrace::_print_fmt::h842a1474e6f8d23f
[INFO] [stdout]                                at /rustc/6067b36314ab5eb2eb47cecc464545ba58e1ad24/library/std/src/sys/backtrace.rs:66:9
[INFO] [stdout]    3:     0x64f779561dba - <std::sys::backtrace::BacktraceLock::print::DisplayBacktrace as core::fmt::Display>::fmt::h71a62eb3b9696b12
[INFO] [stdout]                                at /rustc/6067b36314ab5eb2eb47cecc464545ba58e1ad24/library/std/src/sys/backtrace.rs:39:26
[INFO] [stdout]    4:     0x64f7795899e3 - core::fmt::rt::Argument::fmt::hdb6b616786b41dc1
[INFO] [stdout]                                at /rustc/6067b36314ab5eb2eb47cecc464545ba58e1ad24/library/core/src/fmt/rt.rs:177:76
[INFO] [stdout]    5:     0x64f7795899e3 - core::fmt::write::h2cc1698af7e2d686
[INFO] [stdout]                                at /rustc/6067b36314ab5eb2eb47cecc464545ba58e1ad24/library/core/src/fmt/mod.rs:1440:21
[INFO] [stdout]    6:     0x64f77955e913 - std::io::Write::write_fmt::hab1b4cd059a79022
[INFO] [stdout]                                at /rustc/6067b36314ab5eb2eb47cecc464545ba58e1ad24/library/std/src/io/mod.rs:1887:15
[INFO] [stdout]    7:     0x64f779561c02 - std::sys::backtrace::BacktraceLock::print::h147fe35b4ea13b08
[INFO] [stdout]                                at /rustc/6067b36314ab5eb2eb47cecc464545ba58e1ad24/library/std/src/sys/backtrace.rs:42:9
[INFO] [stdout]    8:     0x64f7795631df - std::panicking::default_hook::{{closure}}::hbd44223dbdc0d208
[INFO] [stdout]                                at /rustc/6067b36314ab5eb2eb47cecc464545ba58e1ad24/library/std/src/panicking.rs:298:22
[INFO] [stdout]    9:     0x64f779562ff8 - std::panicking::default_hook::h20f81eb0576efcec
[INFO] [stdout]                                at /rustc/6067b36314ab5eb2eb47cecc464545ba58e1ad24/library/std/src/panicking.rs:322:9
[INFO] [stdout]   10:     0x64f7794f2903 - <alloc::boxed::Box<F,A> as core::ops::function::Fn<Args>>::call::hdb53814c496a4d34
[INFO] [stdout]                                at /rustc/6067b36314ab5eb2eb47cecc464545ba58e1ad24/library/alloc/src/boxed.rs:2027:9
[INFO] [stdout]   11:     0x64f7794f2903 - test::test_main::{{closure}}::hc0a4963c59427c24
[INFO] [stdout]                                at /rustc/6067b36314ab5eb2eb47cecc464545ba58e1ad24/library/test/src/lib.rs:134:21
[INFO] [stdout]   12:     0x64f779563cd3 - <alloc::boxed::Box<F,A> as core::ops::function::Fn<Args>>::call::h591b2225413a77e9
[INFO] [stdout]                                at /rustc/6067b36314ab5eb2eb47cecc464545ba58e1ad24/library/alloc/src/boxed.rs:2027:9
[INFO] [stdout]   13:     0x64f779563cd3 - std::panicking::rust_panic_with_hook::h625eea43051b2edc
[INFO] [stdout]                                at /rustc/6067b36314ab5eb2eb47cecc464545ba58e1ad24/library/std/src/panicking.rs:839:13
[INFO] [stdout]   14:     0x64f77956398a - std::panicking::begin_panic_handler::{{closure}}::h4f9159cfbc3f6bd3
[INFO] [stdout]                                at /rustc/6067b36314ab5eb2eb47cecc464545ba58e1ad24/library/std/src/panicking.rs:704:13
[INFO] [stdout]   15:     0x64f7795622b9 - std::sys::backtrace::__rust_end_short_backtrace::h0390abce48353151
[INFO] [stdout]                                at /rustc/6067b36314ab5eb2eb47cecc464545ba58e1ad24/library/std/src/sys/backtrace.rs:168:18
[INFO] [stdout]   16:     0x64f77956361d - rust_begin_unwind
[INFO] [stdout]                                at /rustc/6067b36314ab5eb2eb47cecc464545ba58e1ad24/library/std/src/panicking.rs:695:5
[INFO] [stdout]   17:     0x64f7795883c0 - core::panicking::panic_fmt::h9e7c637e9e5f29c9
[INFO] [stdout]                                at /rustc/6067b36314ab5eb2eb47cecc464545ba58e1ad24/library/core/src/panicking.rs:75:14
[INFO] [stdout]   18:     0x64f7795887b2 - core::panicking::assert_failed_inner::h538bec7c1374cd9c
[INFO] [stdout]   19:     0x64f7794b1a5a - core::panicking::assert_failed::hcad97ebc5e6462c4
[INFO] [stdout]                                at /rustc/6067b36314ab5eb2eb47cecc464545ba58e1ad24/library/core/src/panicking.rs:364:5
[INFO] [stdout]   20:     0x64f7794b59a3 - roguelike::tiling::tests::test_clear_fog_of_war::he375cdd28d85e790
[INFO] [stdout]                                at /opt/rustwide/workdir/src/tiling.rs:278:2
[INFO] [stdout]   21:     0x64f7794b52e7 - roguelike::tiling::tests::test_clear_fog_of_war::{{closure}}::h11629eb5b692ff0a
[INFO] [stdout]                                at /opt/rustwide/workdir/src/tiling.rs:253:31
[INFO] [stdout]   22:     0x64f7794b0f56 - core::ops::function::FnOnce::call_once::h6a9a4ea04c39250d
[INFO] [stdout]                                at /rustc/6067b36314ab5eb2eb47cecc464545ba58e1ad24/library/core/src/ops/function.rs:250:5
[INFO] [stdout]   23:     0x64f7794f805b - core::ops::function::FnOnce::call_once::he27718dfdd183f43
[INFO] [stdout]                                at /rustc/6067b36314ab5eb2eb47cecc464545ba58e1ad24/library/core/src/ops/function.rs:250:5
[INFO] [stdout]   24:     0x64f7794f805b - test::__rust_begin_short_backtrace::h4e84902998457a5d
[INFO] [stdout]                                at /rustc/6067b36314ab5eb2eb47cecc464545ba58e1ad24/library/test/src/lib.rs:632:18
[INFO] [stdout]   25:     0x64f7794f6f93 - test::run_test_in_process::{{closure}}::h7176fd18fc1feca0
[INFO] [stdout]                                at /rustc/6067b36314ab5eb2eb47cecc464545ba58e1ad24/library/test/src/lib.rs:655:60
[INFO] [stdout]   26:     0x64f7794f6f93 - <core::panic::unwind_safe::AssertUnwindSafe<F> as core::ops::function::FnOnce<()>>::call_once::hf79cff2a624d8cf7
[INFO] [stdout]                                at /rustc/6067b36314ab5eb2eb47cecc464545ba58e1ad24/library/core/src/panic/unwind_safe.rs:272:9
[INFO] [stdout]   27:     0x64f7794f6f93 - std::panicking::try::do_call::h3da0561d9ab99c25
[INFO] [stdout]                                at /rustc/6067b36314ab5eb2eb47cecc464545ba58e1ad24/library/std/src/panicking.rs:587:40
[INFO] [stdout]   28:     0x64f7794f6f93 - std::panicking::try::h41c9fa508bc61df6
[INFO] [stdout]                                at /rustc/6067b36314ab5eb2eb47cecc464545ba58e1ad24/library/std/src/panicking.rs:550:19
[INFO] [stdout]   29:     0x64f7794f6f93 - std::panic::catch_unwind::h6b3ff07bb5afad93
[INFO] [stdout]                                at /rustc/6067b36314ab5eb2eb47cecc464545ba58e1ad24/library/std/src/panic.rs:358:14
[INFO] [stdout]   30:     0x64f7794f6f93 - test::run_test_in_process::hc7253dd11b39b9f4
[INFO] [stdout]                                at /rustc/6067b36314ab5eb2eb47cecc464545ba58e1ad24/library/test/src/lib.rs:655:27
[INFO] [stdout]   31:     0x64f7794f6f93 - test::run_test::{{closure}}::hfb2007f8649c30bb
[INFO] [stdout]                                at /rustc/6067b36314ab5eb2eb47cecc464545ba58e1ad24/library/test/src/lib.rs:576:43
[INFO] [stdout]   32:     0x64f7794ba075 - test::run_test::{{closure}}::h56a17aa7a282a9f4
[INFO] [stdout]                                at /rustc/6067b36314ab5eb2eb47cecc464545ba58e1ad24/library/test/src/lib.rs:606:41
[INFO] [stdout]   33:     0x64f7794ba075 - std::sys::backtrace::__rust_begin_short_backtrace::hd2d2d2fb8e8c6aac
[INFO] [stdout]                                at /rustc/6067b36314ab5eb2eb47cecc464545ba58e1ad24/library/std/src/sys/backtrace.rs:152:18
[INFO] [stdout]   34:     0x64f7794bd95a - std::thread::Builder::spawn_unchecked_::{{closure}}::{{closure}}::h4faa3f9db6133423
[INFO] [stdout]                                at /rustc/6067b36314ab5eb2eb47cecc464545ba58e1ad24/library/std/src/thread/mod.rs:559:17
[INFO] [stdout]   35:     0x64f7794bd95a - <core::panic::unwind_safe::AssertUnwindSafe<F> as core::ops::function::FnOnce<()>>::call_once::hf2e855a36a4ea846
[INFO] [stdout]                                at /rustc/6067b36314ab5eb2eb47cecc464545ba58e1ad24/library/core/src/panic/unwind_safe.rs:272:9
[INFO] [stdout]   36:     0x64f7794bd95a - std::panicking::try::do_call::h2f73af3616c35465
[INFO] [stdout]                                at /rustc/6067b36314ab5eb2eb47cecc464545ba58e1ad24/library/std/src/panicking.rs:587:40
[INFO] [stdout]   37:     0x64f7794bd95a - std::panicking::try::hd1660ce9efadef5a
[INFO] [stdout]                                at /rustc/6067b36314ab5eb2eb47cecc464545ba58e1ad24/library/std/src/panicking.rs:550:19
[INFO] [stdout]   38:     0x64f7794bd95a - std::panic::catch_unwind::h5ee8d7823b8ca744
[INFO] [stdout]                                at /rustc/6067b36314ab5eb2eb47cecc464545ba58e1ad24/library/std/src/panic.rs:358:14
[INFO] [stdout]   39:     0x64f7794bd95a - std::thread::Builder::spawn_unchecked_::{{closure}}::h53c3a1894dce8407
[INFO] [stdout]                                at /rustc/6067b36314ab5eb2eb47cecc464545ba58e1ad24/library/std/src/thread/mod.rs:557:30
[INFO] [stdout]   40:     0x64f7794bd95a - core::ops::function::FnOnce::call_once{{vtable.shim}}::h048ce291ad4f62bf
[INFO] [stdout]                                at /rustc/6067b36314ab5eb2eb47cecc464545ba58e1ad24/library/core/src/ops/function.rs:250:5
[INFO] [stdout]   41:     0x64f779567c6b - <alloc::boxed::Box<F,A> as core::ops::function::FnOnce<Args>>::call_once::ha52bedf99a3b4981
[INFO] [stdout]                                at /rustc/6067b36314ab5eb2eb47cecc464545ba58e1ad24/library/alloc/src/boxed.rs:2013:9
[INFO] [stdout]   42:     0x64f779567c6b - <alloc::boxed::Box<F,A> as core::ops::function::FnOnce<Args>>::call_once::h567748934d80ccf8
[INFO] [stdout]                                at /rustc/6067b36314ab5eb2eb47cecc464545ba58e1ad24/library/alloc/src/boxed.rs:2013:9
[INFO] [stdout]   43:     0x64f779567c6b - std::sys::pal::unix::thread::Thread::new::thread_start::h2d970728ae887adc
[INFO] [stdout]                                at /rustc/6067b36314ab5eb2eb47cecc464545ba58e1ad24/library/std/src/sys/pal/unix/thread.rs:106:17
[INFO] [stdout]   44:     0x734db7360ac3 - <unknown>
[INFO] [stdout]   45:     0x734db73f1a04 - clone
[INFO] [stdout]   46:                0x0 - <unknown>
[INFO] [stdout] 
[INFO] [stdout] 
[INFO] [stdout] failures:
[INFO] [stdout]     tiling::tests::test_clear_fog_of_war
[INFO] [stdout]     tiling::tests::tilegrid_can_reveal_tiles
[INFO] [stdout] 
[INFO] [stdout] test result: FAILED. 12 passed; 2 failed; 0 ignored; 0 measured; 0 filtered out; finished in 0.05s
[INFO] [stdout] 
[INFO] [stderr] error: test failed, to rerun pass `--bin roguelike`
[INFO] running `Command { std: "docker" "inspect" "6142348c40e5a172d864d68be96d6df66ebec581214b960798f3912526a048bc", kill_on_drop: false }`
[INFO] running `Command { std: "docker" "rm" "-f" "6142348c40e5a172d864d68be96d6df66ebec581214b960798f3912526a048bc", kill_on_drop: false }`
[INFO] [stdout] 6142348c40e5a172d864d68be96d6df66ebec581214b960798f3912526a048bc
