[INFO] cloning repository https://github.com/End-YYDS/chm_core_define
[INFO] running `Command { std: "git" "-c" "credential.helper=" "-c" "credential.helper=/workspace/cargo-home/bin/git-credential-null" "clone" "--bare" "https://github.com/End-YYDS/chm_core_define" "/workspace/cache/git-repos/https%3A%2F%2Fgithub.com%2FEnd-YYDS%2Fchm_core_define", kill_on_drop: false }`
[INFO] [stderr] Cloning into bare repository '/workspace/cache/git-repos/https%3A%2F%2Fgithub.com%2FEnd-YYDS%2Fchm_core_define'...
[INFO] running `Command { std: "git" "rev-parse" "HEAD", kill_on_drop: false }`
[INFO] [stdout] e8359f536fad3d2dfd9387226c87bb27bd6bb421
[INFO] testing End-YYDS/chm_core_define against nightly-2025-01-18+rustflags=-Zrandomize-layout for randomize-layout-2
[INFO] running `Command { std: "git" "clone" "/workspace/cache/git-repos/https%3A%2F%2Fgithub.com%2FEnd-YYDS%2Fchm_core_define" "/workspace/builds/worker-5-tc2/source", kill_on_drop: false }`
[INFO] [stderr] Cloning into '/workspace/builds/worker-5-tc2/source'...
[INFO] [stderr] done.
[INFO] validating manifest of git repo https://github.com/End-YYDS/chm_core_define on toolchain nightly-2025-01-18
[INFO] running `Command { std: CARGO_HOME="/workspace/cargo-home" RUSTUP_HOME="/workspace/rustup-home" "/workspace/cargo-home/bin/cargo" "+nightly-2025-01-18" "metadata" "--manifest-path" "Cargo.toml" "--no-deps", kill_on_drop: false }`
[INFO] started tweaking git repo https://github.com/End-YYDS/chm_core_define
[INFO] finished tweaking git repo https://github.com/End-YYDS/chm_core_define
[INFO] tweaked toml for git repo https://github.com/End-YYDS/chm_core_define written to /workspace/builds/worker-5-tc2/source/Cargo.toml
[INFO] crate git repo https://github.com/End-YYDS/chm_core_define already has a lockfile, it will not be regenerated
[INFO] running `Command { std: CARGO_HOME="/workspace/cargo-home" RUSTUP_HOME="/workspace/rustup-home" "/workspace/cargo-home/bin/cargo" "+nightly-2025-01-18" "fetch" "--manifest-path" "Cargo.toml", kill_on_drop: false }`
[INFO] running `Command { std: "docker" "create" "-v" "/var/lib/crater-agent-workspace/builds/worker-5-tc2/target:/opt/rustwide/target:rw,Z" "-v" "/var/lib/crater-agent-workspace/builds/worker-5-tc2/source:/opt/rustwide/workdir:ro,Z" "-v" "/var/lib/crater-agent-workspace/cargo-home:/opt/rustwide/cargo-home:ro,Z" "-v" "/var/lib/crater-agent-workspace/rustup-home:/opt/rustwide/rustup-home:ro,Z" "-e" "SOURCE_DIR=/opt/rustwide/workdir" "-e" "CARGO_TARGET_DIR=/opt/rustwide/target" "-e" "CARGO_HOME=/opt/rustwide/cargo-home" "-e" "RUSTUP_HOME=/opt/rustwide/rustup-home" "-w" "/opt/rustwide/workdir" "-m" "1610612736" "--user" "0:0" "--network" "none" "ghcr.io/rust-lang/crates-build-env/linux@sha256:819108c5571ea2e421544af4d832f968d213c87fbe3707a016657f43d2f853bc" "/opt/rustwide/cargo-home/bin/cargo" "+nightly-2025-01-18" "metadata" "--no-deps" "--format-version=1", kill_on_drop: false }`
[INFO] [stdout] 8d954e049e0c7da48c90ba8f90d6f6ba83e3f77cc49f80266db2c5914fe675a0
[INFO] running `Command { std: "docker" "start" "-a" "8d954e049e0c7da48c90ba8f90d6f6ba83e3f77cc49f80266db2c5914fe675a0", kill_on_drop: false }`
[INFO] running `Command { std: "docker" "inspect" "8d954e049e0c7da48c90ba8f90d6f6ba83e3f77cc49f80266db2c5914fe675a0", kill_on_drop: false }`
[INFO] running `Command { std: "docker" "rm" "-f" "8d954e049e0c7da48c90ba8f90d6f6ba83e3f77cc49f80266db2c5914fe675a0", kill_on_drop: false }`
[INFO] [stdout] 8d954e049e0c7da48c90ba8f90d6f6ba83e3f77cc49f80266db2c5914fe675a0
[INFO] running `Command { std: "docker" "create" "-v" "/var/lib/crater-agent-workspace/builds/worker-5-tc2/target:/opt/rustwide/target:rw,Z" "-v" "/var/lib/crater-agent-workspace/builds/worker-5-tc2/source:/opt/rustwide/workdir:ro,Z" "-v" "/var/lib/crater-agent-workspace/cargo-home:/opt/rustwide/cargo-home:ro,Z" "-v" "/var/lib/crater-agent-workspace/rustup-home:/opt/rustwide/rustup-home:ro,Z" "-e" "SOURCE_DIR=/opt/rustwide/workdir" "-e" "CARGO_TARGET_DIR=/opt/rustwide/target" "-e" "CARGO_INCREMENTAL=0" "-e" "RUST_BACKTRACE=full" "-e" "RUSTFLAGS=--cap-lints=forbid -Zrandomize-layout" "-e" "RUSTDOCFLAGS=--cap-lints=forbid" "-e" "CARGO_HOME=/opt/rustwide/cargo-home" "-e" "RUSTUP_HOME=/opt/rustwide/rustup-home" "-w" "/opt/rustwide/workdir" "-m" "1610612736" "--user" "0:0" "--network" "none" "ghcr.io/rust-lang/crates-build-env/linux@sha256:819108c5571ea2e421544af4d832f968d213c87fbe3707a016657f43d2f853bc" "/opt/rustwide/cargo-home/bin/cargo" "+nightly-2025-01-18" "build" "--frozen" "--message-format=json", kill_on_drop: false }`
[INFO] [stdout] 0cfe2895968396cea97f11df54b490c1946384c6842424e4e7cc39a4d0a38074
[INFO] running `Command { std: "docker" "start" "-a" "0cfe2895968396cea97f11df54b490c1946384c6842424e4e7cc39a4d0a38074", kill_on_drop: false }`
[INFO] [stderr]    Compiling proc-macro2 v1.0.92
[INFO] [stderr]    Compiling unicode-ident v1.0.14
[INFO] [stderr]    Compiling serde v1.0.217
[INFO] [stderr]    Compiling quote v1.0.38
[INFO] [stderr]    Compiling syn v2.0.95
[INFO] [stderr]    Compiling serde_derive v1.0.217
[INFO] [stderr]    Compiling chm_core_define v0.1.0 (/opt/rustwide/workdir)
[INFO] [stderr]     Finished `dev` profile [unoptimized + debuginfo] target(s) in 12.28s
[INFO] running `Command { std: "docker" "inspect" "0cfe2895968396cea97f11df54b490c1946384c6842424e4e7cc39a4d0a38074", kill_on_drop: false }`
[INFO] running `Command { std: "docker" "rm" "-f" "0cfe2895968396cea97f11df54b490c1946384c6842424e4e7cc39a4d0a38074", kill_on_drop: false }`
[INFO] [stdout] 0cfe2895968396cea97f11df54b490c1946384c6842424e4e7cc39a4d0a38074
[INFO] running `Command { std: "docker" "create" "-v" "/var/lib/crater-agent-workspace/builds/worker-5-tc2/target:/opt/rustwide/target:rw,Z" "-v" "/var/lib/crater-agent-workspace/builds/worker-5-tc2/source:/opt/rustwide/workdir:ro,Z" "-v" "/var/lib/crater-agent-workspace/cargo-home:/opt/rustwide/cargo-home:ro,Z" "-v" "/var/lib/crater-agent-workspace/rustup-home:/opt/rustwide/rustup-home:ro,Z" "-e" "SOURCE_DIR=/opt/rustwide/workdir" "-e" "CARGO_TARGET_DIR=/opt/rustwide/target" "-e" "CARGO_INCREMENTAL=0" "-e" "RUST_BACKTRACE=full" "-e" "RUSTFLAGS=--cap-lints=forbid -Zrandomize-layout" "-e" "RUSTDOCFLAGS=--cap-lints=forbid" "-e" "CARGO_HOME=/opt/rustwide/cargo-home" "-e" "RUSTUP_HOME=/opt/rustwide/rustup-home" "-w" "/opt/rustwide/workdir" "-m" "1610612736" "--user" "0:0" "--network" "none" "ghcr.io/rust-lang/crates-build-env/linux@sha256:819108c5571ea2e421544af4d832f968d213c87fbe3707a016657f43d2f853bc" "/opt/rustwide/cargo-home/bin/cargo" "+nightly-2025-01-18" "test" "--frozen" "--no-run" "--message-format=json", kill_on_drop: false }`
[INFO] [stdout] 47dfed7fdcbec40df582038a12495c57bd33679494c8599f5ac504fd20d15682
[INFO] running `Command { std: "docker" "start" "-a" "47dfed7fdcbec40df582038a12495c57bd33679494c8599f5ac504fd20d15682", kill_on_drop: false }`
[INFO] [stderr]    Compiling chm_core_define v0.1.0 (/opt/rustwide/workdir)
[INFO] [stderr]     Finished `test` profile [unoptimized + debuginfo] target(s) in 0.50s
[INFO] running `Command { std: "docker" "inspect" "47dfed7fdcbec40df582038a12495c57bd33679494c8599f5ac504fd20d15682", kill_on_drop: false }`
[INFO] running `Command { std: "docker" "rm" "-f" "47dfed7fdcbec40df582038a12495c57bd33679494c8599f5ac504fd20d15682", kill_on_drop: false }`
[INFO] [stdout] 47dfed7fdcbec40df582038a12495c57bd33679494c8599f5ac504fd20d15682
[INFO] running `Command { std: "docker" "create" "-v" "/var/lib/crater-agent-workspace/builds/worker-5-tc2/target:/opt/rustwide/target:rw,Z" "-v" "/var/lib/crater-agent-workspace/builds/worker-5-tc2/source:/opt/rustwide/workdir:ro,Z" "-v" "/var/lib/crater-agent-workspace/cargo-home:/opt/rustwide/cargo-home:ro,Z" "-v" "/var/lib/crater-agent-workspace/rustup-home:/opt/rustwide/rustup-home:ro,Z" "-e" "SOURCE_DIR=/opt/rustwide/workdir" "-e" "CARGO_TARGET_DIR=/opt/rustwide/target" "-e" "CARGO_INCREMENTAL=0" "-e" "RUST_BACKTRACE=full" "-e" "RUSTFLAGS=--cap-lints=forbid -Zrandomize-layout" "-e" "RUSTDOCFLAGS=--cap-lints=forbid" "-e" "CARGO_HOME=/opt/rustwide/cargo-home" "-e" "RUSTUP_HOME=/opt/rustwide/rustup-home" "-w" "/opt/rustwide/workdir" "-m" "1610612736" "--user" "0:0" "--network" "none" "ghcr.io/rust-lang/crates-build-env/linux@sha256:819108c5571ea2e421544af4d832f968d213c87fbe3707a016657f43d2f853bc" "/opt/rustwide/cargo-home/bin/cargo" "+nightly-2025-01-18" "test" "--frozen", kill_on_drop: false }`
[INFO] [stdout] b78b8951f29dab130d72fff0bd83701d6bb3e2615ebbb0e354ba8753b251a92d
[INFO] running `Command { std: "docker" "start" "-a" "b78b8951f29dab130d72fff0bd83701d6bb3e2615ebbb0e354ba8753b251a92d", kill_on_drop: false }`
[INFO] [stderr]     Finished `test` profile [unoptimized + debuginfo] target(s) in 0.02s
[INFO] [stderr]      Running unittests src/lib.rs (/opt/rustwide/target/debug/deps/chm_core_define-8fc465bca3f41c46)
[INFO] [stderr]    Doc-tests chm_core_define
[INFO] [stdout] 
[INFO] [stdout] running 0 tests
[INFO] [stdout] 
[INFO] [stdout] test result: ok. 0 passed; 0 failed; 0 ignored; 0 measured; 0 filtered out; finished in 0.00s
[INFO] [stdout] 
[INFO] [stdout] 
[INFO] [stdout] running 9 tests
[INFO] [stdout] test src/plugin_define.rs - plugin_define::declare_plugin (line 84) ... FAILED
[INFO] [stdout] test src/plugin_define.rs - plugin_define::register_plugin (line 270) ... FAILED
[INFO] [stdout] test src/plugin_define.rs - plugin_define::declare_plugin (line 79) ... FAILED
[INFO] [stdout] test src/plugin_define.rs - plugin_define::declare_plugin (line 114) ... FAILED
[INFO] [stdout] test src/plugin_define.rs - plugin_define::declare_plugin (line 94) ... FAILED
[INFO] [stdout] test src/plugin_define.rs - plugin_define::register_plugin (line 275) ... FAILED
[INFO] [stdout] test src/plugin_define.rs - plugin_define::declare_plugin (line 102) ... FAILED
[INFO] [stdout] test src/plugin_define.rs - plugin_define::register_plugin (line 280) ... FAILED
[INFO] [stdout] test src/plugin_define.rs - plugin_define::register_plugin (line 285) ... FAILED
[INFO] [stdout] 
[INFO] [stdout] failures:
[INFO] [stdout] 
[INFO] [stdout] ---- src/plugin_define.rs - plugin_define::declare_plugin (line 84) stdout ----
[INFO] [stdout] error: cannot find macro `declare_plugin` in this scope
[INFO] [stdout]  --> src/plugin_define.rs:85:1
[INFO] [stdout]   |
[INFO] [stdout] 3 | declare_plugin!(MyPlugin, "PluginName", "1.0.0", "This is a plugin with extra fields.",
[INFO] [stdout]   | ^^^^^^^^^^^^^^
[INFO] [stdout]   |
[INFO] [stdout] help: consider importing this macro
[INFO] [stdout]   |
[INFO] [stdout] 2 + use chm_core_define::declare_plugin;
[INFO] [stdout]   |
[INFO] [stdout] 
[INFO] [stdout] error: aborting due to 1 previous error
[INFO] [stdout] 
[INFO] [stdout] Couldn't compile the test.
[INFO] [stdout] ---- src/plugin_define.rs - plugin_define::register_plugin (line 270) stdout ----
[INFO] [stdout] error: cannot find macro `register_plugin` in this scope
[INFO] [stdout]  --> src/plugin_define.rs:271:1
[INFO] [stdout]   |
[INFO] [stdout] 3 | register_plugin!(MyPlugin);
[INFO] [stdout]   | ^^^^^^^^^^^^^^^
[INFO] [stdout]   |
[INFO] [stdout] help: consider importing this macro
[INFO] [stdout]   |
[INFO] [stdout] 2 + use chm_core_define::register_plugin;
[INFO] [stdout]   |
[INFO] [stdout] 
[INFO] [stdout] error: aborting due to 1 previous error
[INFO] [stdout] 
[INFO] [stdout] Couldn't compile the test.
[INFO] [stdout] ---- src/plugin_define.rs - plugin_define::declare_plugin (line 79) stdout ----
[INFO] [stdout] error: cannot find macro `declare_plugin` in this scope
[INFO] [stdout]  --> src/plugin_define.rs:80:1
[INFO] [stdout]   |
[INFO] [stdout] 3 | declare_plugin!(MyPlugin, "PluginName", "1.0.0", "This is a basic plugin.");
[INFO] [stdout]   | ^^^^^^^^^^^^^^
[INFO] [stdout]   |
[INFO] [stdout] help: consider importing this macro
[INFO] [stdout]   |
[INFO] [stdout] 2 + use chm_core_define::declare_plugin;
[INFO] [stdout]   |
[INFO] [stdout] 
[INFO] [stdout] error: aborting due to 1 previous error
[INFO] [stdout] 
[INFO] [stdout] Couldn't compile the test.
[INFO] [stdout] ---- src/plugin_define.rs - plugin_define::declare_plugin (line 114) stdout ----
[INFO] [stdout] error: cannot find macro `declare_plugin` in this scope
[INFO] [stdout]  --> src/plugin_define.rs:115:1
[INFO] [stdout]   |
[INFO] [stdout] 3 | declare_plugin!(MyPlugin, "PluginName", "1.0.0", "This plugin has extra fields and custom methods.",
[INFO] [stdout]   | ^^^^^^^^^^^^^^
[INFO] [stdout]   |
[INFO] [stdout] help: consider importing this macro
[INFO] [stdout]   |
[INFO] [stdout] 2 + use chm_core_define::declare_plugin;
[INFO] [stdout]   |
[INFO] [stdout] 
[INFO] [stdout] error: aborting due to 1 previous error
[INFO] [stdout] 
[INFO] [stdout] Couldn't compile the test.
[INFO] [stdout] ---- src/plugin_define.rs - plugin_define::declare_plugin (line 94) stdout ----
[INFO] [stdout] error: cannot find macro `declare_plugin` in this scope
[INFO] [stdout]  --> src/plugin_define.rs:95:1
[INFO] [stdout]   |
[INFO] [stdout] 3 | declare_plugin!(MyPlugin, "PluginName", "1.0.0", "This is a plugin with custom methods.", methods {
[INFO] [stdout]   | ^^^^^^^^^^^^^^
[INFO] [stdout]   |
[INFO] [stdout] help: consider importing this macro
[INFO] [stdout]   |
[INFO] [stdout] 2 + use chm_core_define::declare_plugin;
[INFO] [stdout]   |
[INFO] [stdout] 
[INFO] [stdout] error: aborting due to 1 previous error
[INFO] [stdout] 
[INFO] [stdout] Couldn't compile the test.
[INFO] [stdout] ---- src/plugin_define.rs - plugin_define::register_plugin (line 275) stdout ----
[INFO] [stdout] error: cannot find macro `register_plugin` in this scope
[INFO] [stdout]  --> src/plugin_define.rs:276:1
[INFO] [stdout]   |
[INFO] [stdout] 3 | register_plugin!(MyPlugin, load = || Box::new(MyPlugin::new()));
[INFO] [stdout]   | ^^^^^^^^^^^^^^^
[INFO] [stdout]   |
[INFO] [stdout] help: consider importing this macro
[INFO] [stdout]   |
[INFO] [stdout] 2 + use chm_core_define::register_plugin;
[INFO] [stdout]   |
[INFO] [stdout] 
[INFO] [stdout] error: aborting due to 1 previous error
[INFO] [stdout] 
[INFO] [stdout] Couldn't compile the test.
[INFO] [stdout] ---- src/plugin_define.rs - plugin_define::declare_plugin (line 102) stdout ----
[INFO] [stdout] error: cannot find macro `declare_plugin` in this scope
[INFO] [stdout]  --> src/plugin_define.rs:103:1
[INFO] [stdout]   |
[INFO] [stdout] 3 | declare_plugin!(MyPlugin, "PluginName", "1.0.0", "This plugin has extra fields and custom methods.",
[INFO] [stdout]   | ^^^^^^^^^^^^^^
[INFO] [stdout]   |
[INFO] [stdout] help: consider importing this macro
[INFO] [stdout]   |
[INFO] [stdout] 2 + use chm_core_define::declare_plugin;
[INFO] [stdout]   |
[INFO] [stdout] 
[INFO] [stdout] error: aborting due to 1 previous error
[INFO] [stdout] 
[INFO] [stdout] Couldn't compile the test.
[INFO] [stdout] ---- src/plugin_define.rs - plugin_define::register_plugin (line 280) stdout ----
[INFO] [stdout] error: cannot find macro `register_plugin` in this scope
[INFO] [stdout]  --> src/plugin_define.rs:281:1
[INFO] [stdout]   |
[INFO] [stdout] 3 | register_plugin!(MyPlugin, unload = || println!("Custom unload logic"));
[INFO] [stdout]   | ^^^^^^^^^^^^^^^
[INFO] [stdout]   |
[INFO] [stdout] help: consider importing this macro
[INFO] [stdout]   |
[INFO] [stdout] 2 + use chm_core_define::register_plugin;
[INFO] [stdout]   |
[INFO] [stdout] 
[INFO] [stdout] error: aborting due to 1 previous error
[INFO] [stdout] 
[INFO] [stdout] Couldn't compile the test.
[INFO] [stdout] ---- src/plugin_define.rs - plugin_define::register_plugin (line 285) stdout ----
[INFO] [stdout] error: cannot find macro `register_plugin` in this scope
[INFO] [stdout]  --> src/plugin_define.rs:286:1
[INFO] [stdout]   |
[INFO] [stdout] 3 | register_plugin!(MyPlugin, load = || Box::new(MyPlugin::new()), unload = || println!("Custom unload logic"));
[INFO] [stdout]   | ^^^^^^^^^^^^^^^
[INFO] [stdout]   |
[INFO] [stdout] help: consider importing this macro
[INFO] [stdout]   |
[INFO] [stdout] 2 + use chm_core_define::register_plugin;
[INFO] [stdout]   |
[INFO] [stdout] 
[INFO] [stdout] error: aborting due to 1 previous error
[INFO] [stdout] 
[INFO] [stdout] Couldn't compile the test.
[INFO] [stdout] 
[INFO] [stdout] failures:
[INFO] [stdout]     src/plugin_define.rs - plugin_define::declare_plugin (line 102)
[INFO] [stdout]     src/plugin_define.rs - plugin_define::declare_plugin (line 114)
[INFO] [stdout]     src/plugin_define.rs - plugin_define::declare_plugin (line 79)
[INFO] [stdout]     src/plugin_define.rs - plugin_define::declare_plugin (line 84)
[INFO] [stdout]     src/plugin_define.rs - plugin_define::declare_plugin (line 94)
[INFO] [stdout]     src/plugin_define.rs - plugin_define::register_plugin (line 270)
[INFO] [stdout]     src/plugin_define.rs - plugin_define::register_plugin (line 275)
[INFO] [stdout]     src/plugin_define.rs - plugin_define::register_plugin (line 280)
[INFO] [stdout]     src/plugin_define.rs - plugin_define::register_plugin (line 285)
[INFO] [stdout] 
[INFO] [stdout] test result: FAILED. 0 passed; 9 failed; 0 ignored; 0 measured; 0 filtered out; finished in 0.45s
[INFO] [stdout] 
[INFO] [stderr] error: doctest failed, to rerun pass `--doc`
[INFO] running `Command { std: "docker" "inspect" "b78b8951f29dab130d72fff0bd83701d6bb3e2615ebbb0e354ba8753b251a92d", kill_on_drop: false }`
[INFO] running `Command { std: "docker" "rm" "-f" "b78b8951f29dab130d72fff0bd83701d6bb3e2615ebbb0e354ba8753b251a92d", kill_on_drop: false }`
[INFO] [stdout] b78b8951f29dab130d72fff0bd83701d6bb3e2615ebbb0e354ba8753b251a92d
