[INFO] cloning repository https://github.com/Emilija99/contract2
[INFO] running `Command { std: "git" "-c" "credential.helper=" "-c" "credential.helper=/workspace/cargo-home/bin/git-credential-null" "clone" "--bare" "https://github.com/Emilija99/contract2" "/workspace/cache/git-repos/https%3A%2F%2Fgithub.com%2FEmilija99%2Fcontract2", kill_on_drop: false }`
[INFO] [stderr] Cloning into bare repository '/workspace/cache/git-repos/https%3A%2F%2Fgithub.com%2FEmilija99%2Fcontract2'...
[INFO] running `Command { std: "git" "rev-parse" "HEAD", kill_on_drop: false }`
[INFO] [stdout] 89c48276b52a898fa9d5f737219bf9ac91c2bf40
[INFO] testing Emilija99/contract2 against nightly-2025-01-18 for randomize-layout-2
[INFO] running `Command { std: "git" "clone" "/workspace/cache/git-repos/https%3A%2F%2Fgithub.com%2FEmilija99%2Fcontract2" "/workspace/builds/worker-7-tc1/source", kill_on_drop: false }`
[INFO] [stderr] Cloning into '/workspace/builds/worker-7-tc1/source'...
[INFO] [stderr] done.
[INFO] [stderr] Updating files:   5% (399/7305)
Updating files:   6% (439/7305)
Updating files:   6% (480/7305)
Updating files:   7% (512/7305)
Updating files:   8% (585/7305)
Updating files:   9% (658/7305)
Updating files:   9% (672/7305)
Updating files:  10% (731/7305)
Updating files:  11% (804/7305)
Updating files:  12% (877/7305)
Updating files:  13% (950/7305)
Updating files:  14% (1023/7305)
Updating files:  15% (1096/7305)
Updating files:  16% (1169/7305)
Updating files:  17% (1242/7305)
Updating files:  18% (1315/7305)
Updating files:  19% (1388/7305)
Updating files:  20% (1461/7305)
Updating files:  21% (1535/7305)
Updating files:  22% (1608/7305)
Updating files:  23% (1681/7305)
Updating files:  24% (1754/7305)
Updating files:  25% (1827/7305)
Updating files:  26% (1900/7305)
Updating files:  27% (1973/7305)
Updating files:  28% (2046/7305)
Updating files:  28% (2072/7305)
Updating files:  29% (2119/7305)
Updating files:  30% (2192/7305)
Updating files:  31% (2265/7305)
Updating files:  32% (2338/7305)
Updating files:  33% (2411/7305)
Updating files:  34% (2484/7305)
Updating files:  35% (2557/7305)
Updating files:  36% (2630/7305)
Updating files:  37% (2703/7305)
Updating files:  38% (2776/7305)
Updating files:  39% (2849/7305)
Updating files:  40% (2922/7305)
Updating files:  41% (2996/7305)
Updating files:  42% (3069/7305)
Updating files:  43% (3142/7305)
Updating files:  44% (3215/7305)
Updating files:  45% (3288/7305)
Updating files:  46% (3361/7305)
Updating files:  47% (3434/7305)
Updating files:  48% (3507/7305)
Updating files:  49% (3580/7305)
Updating files:  50% (3653/7305)
Updating files:  51% (3726/7305)
Updating files:  52% (3799/7305)
Updating files:  53% (3872/7305)
Updating files:  54% (3945/7305)
Updating files:  55% (4018/7305)
Updating files:  56% (4091/7305)
Updating files:  57% (4164/7305)
Updating files:  58% (4237/7305)
Updating files:  59% (4310/7305)
Updating files:  60% (4383/7305)
Updating files:  61% (4457/7305)
Updating files:  62% (4530/7305)
Updating files:  63% (4603/7305)
Updating files:  64% (4676/7305)
Updating files:  65% (4749/7305)
Updating files:  66% (4822/7305)
Updating files:  67% (4895/7305)
Updating files:  68% (4968/7305)
Updating files:  69% (5041/7305)
Updating files:  70% (5114/7305)
Updating files:  71% (5187/7305)
Updating files:  72% (5260/7305)
Updating files:  73% (5333/7305)
Updating files:  74% (5406/7305)
Updating files:  75% (5479/7305)
Updating files:  76% (5552/7305)
Updating files:  77% (5625/7305)
Updating files:  78% (5698/7305)
Updating files:  79% (5771/7305)
Updating files:  80% (5844/7305)
Updating files:  81% (5918/7305)
Updating files:  82% (5991/7305)
Updating files:  83% (6064/7305)
Updating files:  84% (6137/7305)
Updating files:  84% (6177/7305)
Updating files:  85% (6210/7305)
Updating files:  86% (6283/7305)
Updating files:  87% (6356/7305)
Updating files:  88% (6429/7305)
Updating files:  89% (6502/7305)
Updating files:  89% (6563/7305)
Updating files:  90% (6575/7305)
Updating files:  90% (6602/7305)
Updating files:  91% (6648/7305)
Updating files:  92% (6721/7305)
Updating files:  93% (6794/7305)
Updating files:  94% (6867/7305)
Updating files:  94% (6894/7305)
Updating files:  95% (6940/7305)
Updating files:  95% (6954/7305)
Updating files:  96% (7013/7305)
Updating files:  97% (7086/7305)
Updating files:  98% (7159/7305)
Updating files:  99% (7232/7305)
Updating files:  99% (7257/7305)
Updating files: 100% (7305/7305)
Updating files: 100% (7305/7305), done.
[INFO] validating manifest of git repo https://github.com/Emilija99/contract2 on toolchain nightly-2025-01-18
[INFO] running `Command { std: CARGO_HOME="/workspace/cargo-home" RUSTUP_HOME="/workspace/rustup-home" "/workspace/cargo-home/bin/cargo" "+nightly-2025-01-18" "metadata" "--manifest-path" "Cargo.toml" "--no-deps", kill_on_drop: false }`
[INFO] started tweaking git repo https://github.com/Emilija99/contract2
[INFO] finished tweaking git repo https://github.com/Emilija99/contract2
[INFO] tweaked toml for git repo https://github.com/Emilija99/contract2 written to /workspace/builds/worker-7-tc1/source/Cargo.toml
[INFO] crate git repo https://github.com/Emilija99/contract2 already has a lockfile, it will not be regenerated
[INFO] running `Command { std: CARGO_HOME="/workspace/cargo-home" RUSTUP_HOME="/workspace/rustup-home" "/workspace/cargo-home/bin/cargo" "+nightly-2025-01-18" "fetch" "--manifest-path" "Cargo.toml", kill_on_drop: false }`
[INFO] [stderr]     Updating crates.io index
[INFO] [stderr]  Downloading crates ...
[INFO] [stderr]   Downloaded secret-toolkit-storage v0.2.0
[INFO] [stderr]   Downloaded serde-json-wasm v0.2.3
[INFO] [stderr]   Downloaded schemars_derive v0.7.6
[INFO] [stderr]   Downloaded cosmwasm-schema v0.9.4
[INFO] [stderr]   Downloaded secret-toolkit-snip20 v0.2.0
[INFO] [stderr]   Downloaded secret-toolkit-snip721 v0.2.0
[INFO] [stderr]   Downloaded secret-cosmwasm-storage v0.10.0
[INFO] [stderr]   Downloaded bincode2 v2.0.1
[INFO] [stderr]   Downloaded secret-cosmwasm-std v0.10.0
[INFO] [stderr]   Downloaded secret-toolkit-utils v0.2.0
[INFO] [stderr]   Downloaded secret-toolkit-serialization v0.2.0
[INFO] [stderr]   Downloaded schemars v0.7.6
[INFO] [stderr]   Downloaded secret-toolkit v0.2.0
[INFO] running `Command { std: "docker" "create" "-v" "/var/lib/crater-agent-workspace/builds/worker-7-tc1/target:/opt/rustwide/target:rw,Z" "-v" "/var/lib/crater-agent-workspace/builds/worker-7-tc1/source:/opt/rustwide/workdir:ro,Z" "-v" "/var/lib/crater-agent-workspace/cargo-home:/opt/rustwide/cargo-home:ro,Z" "-v" "/var/lib/crater-agent-workspace/rustup-home:/opt/rustwide/rustup-home:ro,Z" "-e" "SOURCE_DIR=/opt/rustwide/workdir" "-e" "CARGO_TARGET_DIR=/opt/rustwide/target" "-e" "CARGO_HOME=/opt/rustwide/cargo-home" "-e" "RUSTUP_HOME=/opt/rustwide/rustup-home" "-w" "/opt/rustwide/workdir" "-m" "1610612736" "--user" "0:0" "--network" "none" "ghcr.io/rust-lang/crates-build-env/linux@sha256:819108c5571ea2e421544af4d832f968d213c87fbe3707a016657f43d2f853bc" "/opt/rustwide/cargo-home/bin/cargo" "+nightly-2025-01-18" "metadata" "--no-deps" "--format-version=1", kill_on_drop: false }`
[INFO] [stdout] ad26cd57b54d16335b600bc05b870aa4855a116ca2be348f7207c4905d0589ec
[INFO] running `Command { std: "docker" "start" "-a" "ad26cd57b54d16335b600bc05b870aa4855a116ca2be348f7207c4905d0589ec", kill_on_drop: false }`
[INFO] running `Command { std: "docker" "inspect" "ad26cd57b54d16335b600bc05b870aa4855a116ca2be348f7207c4905d0589ec", kill_on_drop: false }`
[INFO] running `Command { std: "docker" "rm" "-f" "ad26cd57b54d16335b600bc05b870aa4855a116ca2be348f7207c4905d0589ec", kill_on_drop: false }`
[INFO] [stdout] ad26cd57b54d16335b600bc05b870aa4855a116ca2be348f7207c4905d0589ec
[INFO] running `Command { std: "docker" "create" "-v" "/var/lib/crater-agent-workspace/builds/worker-7-tc1/target:/opt/rustwide/target:rw,Z" "-v" "/var/lib/crater-agent-workspace/builds/worker-7-tc1/source:/opt/rustwide/workdir:ro,Z" "-v" "/var/lib/crater-agent-workspace/cargo-home:/opt/rustwide/cargo-home:ro,Z" "-v" "/var/lib/crater-agent-workspace/rustup-home:/opt/rustwide/rustup-home:ro,Z" "-e" "SOURCE_DIR=/opt/rustwide/workdir" "-e" "CARGO_TARGET_DIR=/opt/rustwide/target" "-e" "CARGO_INCREMENTAL=0" "-e" "RUST_BACKTRACE=full" "-e" "RUSTFLAGS=--cap-lints=forbid" "-e" "RUSTDOCFLAGS=--cap-lints=forbid" "-e" "CARGO_HOME=/opt/rustwide/cargo-home" "-e" "RUSTUP_HOME=/opt/rustwide/rustup-home" "-w" "/opt/rustwide/workdir" "-m" "1610612736" "--user" "0:0" "--network" "none" "ghcr.io/rust-lang/crates-build-env/linux@sha256:819108c5571ea2e421544af4d832f968d213c87fbe3707a016657f43d2f853bc" "/opt/rustwide/cargo-home/bin/cargo" "+nightly-2025-01-18" "build" "--frozen" "--message-format=json", kill_on_drop: false }`
[INFO] [stdout] a36426ad728781703250c1445115d25ec43fe795b803ce5193b41fd2e6dcdda6
[INFO] running `Command { std: "docker" "start" "-a" "a36426ad728781703250c1445115d25ec43fe795b803ce5193b41fd2e6dcdda6", kill_on_drop: false }`
[INFO] [stderr]    Compiling syn v1.0.85
[INFO] [stderr]    Compiling serde_derive v1.0.133
[INFO] [stderr]    Compiling serde v1.0.133
[INFO] [stderr]    Compiling serde_json v1.0.74
[INFO] [stderr]    Compiling doc-comment v0.3.3
[INFO] [stderr]    Compiling itoa v1.0.1
[INFO] [stderr]    Compiling ryu v1.0.9
[INFO] [stderr]    Compiling schemars v0.7.6
[INFO] [stderr]    Compiling base64 v0.11.0
[INFO] [stderr]    Compiling byteorder v1.4.3
[INFO] [stderr]    Compiling quote v1.0.14
[INFO] [stderr]    Compiling serde_derive_internals v0.25.0
[INFO] [stderr]    Compiling schemars_derive v0.7.6
[INFO] [stderr]    Compiling snafu-derive v0.6.10
[INFO] [stderr]    Compiling snafu v0.6.10
[INFO] [stderr]    Compiling serde-json-wasm v0.2.3
[INFO] [stderr]    Compiling bincode2 v2.0.1
[INFO] [stderr]    Compiling secret-cosmwasm-std v0.10.0
[INFO] [stderr]    Compiling secret-toolkit-utils v0.2.0
[INFO] [stderr]    Compiling secret-cosmwasm-storage v0.10.0
[INFO] [stderr]    Compiling secret-toolkit-serialization v0.2.0
[INFO] [stderr]    Compiling secret-toolkit-snip721 v0.2.0
[INFO] [stderr]    Compiling secret-toolkit-snip20 v0.2.0
[INFO] [stderr]    Compiling secret-toolkit-storage v0.2.0
[INFO] [stderr]    Compiling secret-toolkit v0.2.0
[INFO] [stderr]    Compiling sample-project v0.1.0 (/opt/rustwide/workdir/contracts/rock)
[INFO] [stdout] warning: unused import: `Coin`
[INFO] [stdout]  --> contracts/rock/src/msg.rs:1:20
[INFO] [stdout]   |
[INFO] [stdout] 1 | use cosmwasm_std::{Coin, Uint128, HumanAddr, Binary};
[INFO] [stdout]   |                    ^^^^
[INFO] [stdout]   |
[INFO] [stdout]   = note: `#[warn(unused_imports)]` on by default
[INFO] [stdout] 
[INFO] [stdout] 
[INFO] [stdout] warning: unused import: `_serde_json::ser::State`
[INFO] [stdout]  --> contracts/rock/src/state.rs:3:28
[INFO] [stdout]   |
[INFO] [stdout] 3 | use schemars::{JsonSchema, _serde_json::ser::State};
[INFO] [stdout]   |                            ^^^^^^^^^^^^^^^^^^^^^^^
[INFO] [stdout] 
[INFO] [stdout] 
[INFO] [stdout] warning: unused imports: `CosmosMsg`, `WasmMsg`, and `to_binary`
[INFO] [stdout]   --> contracts/rock/src/state.rs:14:17
[INFO] [stdout]    |
[INFO] [stdout] 14 |     from_slice, to_binary, to_vec, Api, CanonicalAddr, CosmosMsg, Extern, HandleResponse,
[INFO] [stdout]    |                 ^^^^^^^^^                              ^^^^^^^^^
[INFO] [stdout] 15 |     HumanAddr, InitResponse, Querier, StdError, StdResult, Storage, Uint128, WasmMsg,
[INFO] [stdout]    |                                                                              ^^^^^^^
[INFO] [stdout] 
[INFO] [stdout] 
[INFO] [stdout] warning: unused import: `Snip20Msg`
[INFO] [stdout]   --> contracts/rock/src/state.rs:22:24
[INFO] [stdout]    |
[INFO] [stdout] 22 | use crate::msg::{Move, Snip20Msg};
[INFO] [stdout]    |                        ^^^^^^^^^
[INFO] [stdout] 
[INFO] [stdout] 
[INFO] [stdout] warning: unused variable: `memo`
[INFO] [stdout]   --> contracts/rock/src/contract.rs:37:13
[INFO] [stdout]    |
[INFO] [stdout] 37 |             memo,
[INFO] [stdout]    |             ^^^^ help: try ignoring the field: `memo: _`
[INFO] [stdout]    |
[INFO] [stdout]    = note: `#[warn(unused_variables)]` on by default
[INFO] [stdout] 
[INFO] [stdout] 
[INFO] [stderr]     Finished `dev` profile [unoptimized + debuginfo] target(s) in 37.58s
[INFO] running `Command { std: "docker" "inspect" "a36426ad728781703250c1445115d25ec43fe795b803ce5193b41fd2e6dcdda6", kill_on_drop: false }`
[INFO] running `Command { std: "docker" "rm" "-f" "a36426ad728781703250c1445115d25ec43fe795b803ce5193b41fd2e6dcdda6", kill_on_drop: false }`
[INFO] [stdout] a36426ad728781703250c1445115d25ec43fe795b803ce5193b41fd2e6dcdda6
[INFO] running `Command { std: "docker" "create" "-v" "/var/lib/crater-agent-workspace/builds/worker-7-tc1/target:/opt/rustwide/target:rw,Z" "-v" "/var/lib/crater-agent-workspace/builds/worker-7-tc1/source:/opt/rustwide/workdir:ro,Z" "-v" "/var/lib/crater-agent-workspace/cargo-home:/opt/rustwide/cargo-home:ro,Z" "-v" "/var/lib/crater-agent-workspace/rustup-home:/opt/rustwide/rustup-home:ro,Z" "-e" "SOURCE_DIR=/opt/rustwide/workdir" "-e" "CARGO_TARGET_DIR=/opt/rustwide/target" "-e" "CARGO_INCREMENTAL=0" "-e" "RUST_BACKTRACE=full" "-e" "RUSTFLAGS=--cap-lints=forbid" "-e" "RUSTDOCFLAGS=--cap-lints=forbid" "-e" "CARGO_HOME=/opt/rustwide/cargo-home" "-e" "RUSTUP_HOME=/opt/rustwide/rustup-home" "-w" "/opt/rustwide/workdir" "-m" "1610612736" "--user" "0:0" "--network" "none" "ghcr.io/rust-lang/crates-build-env/linux@sha256:819108c5571ea2e421544af4d832f968d213c87fbe3707a016657f43d2f853bc" "/opt/rustwide/cargo-home/bin/cargo" "+nightly-2025-01-18" "test" "--frozen" "--no-run" "--message-format=json", kill_on_drop: false }`
[INFO] [stdout] 1d1471ded0429e3fd20e7aa242fb4ff3146f869cba2e8230b35b867a6bdb5faf
[INFO] running `Command { std: "docker" "start" "-a" "1d1471ded0429e3fd20e7aa242fb4ff3146f869cba2e8230b35b867a6bdb5faf", kill_on_drop: false }`
[INFO] [stderr]    Compiling cosmwasm-schema v0.9.4
[INFO] [stdout] warning: unused import: `Coin`
[INFO] [stdout]  --> contracts/rock/src/msg.rs:1:20
[INFO] [stdout]   |
[INFO] [stdout] 1 | use cosmwasm_std::{Coin, Uint128, HumanAddr, Binary};
[INFO] [stdout]   |                    ^^^^
[INFO] [stdout]   |
[INFO] [stdout]   = note: `#[warn(unused_imports)]` on by default
[INFO] [stdout] 
[INFO] [stdout] 
[INFO] [stdout] warning: unused import: `_serde_json::ser::State`
[INFO] [stdout]  --> contracts/rock/src/state.rs:3:28
[INFO] [stdout]   |
[INFO] [stdout] 3 | use schemars::{JsonSchema, _serde_json::ser::State};
[INFO] [stdout]   |                            ^^^^^^^^^^^^^^^^^^^^^^^
[INFO] [stdout] 
[INFO] [stdout] 
[INFO] [stdout] warning: unused imports: `CosmosMsg`, `WasmMsg`, and `to_binary`
[INFO] [stdout]   --> contracts/rock/src/state.rs:14:17
[INFO] [stdout]    |
[INFO] [stdout] 14 |     from_slice, to_binary, to_vec, Api, CanonicalAddr, CosmosMsg, Extern, HandleResponse,
[INFO] [stdout]    |                 ^^^^^^^^^                              ^^^^^^^^^
[INFO] [stdout] 15 |     HumanAddr, InitResponse, Querier, StdError, StdResult, Storage, Uint128, WasmMsg,
[INFO] [stdout]    |                                                                              ^^^^^^^
[INFO] [stdout] 
[INFO] [stdout] 
[INFO] [stdout] warning: unused import: `Snip20Msg`
[INFO] [stdout]   --> contracts/rock/src/state.rs:22:24
[INFO] [stdout]    |
[INFO] [stdout] 22 | use crate::msg::{Move, Snip20Msg};
[INFO] [stdout]    |                        ^^^^^^^^^
[INFO] [stdout] 
[INFO] [stdout] 
[INFO] [stdout] warning: unused variable: `memo`
[INFO] [stdout]   --> contracts/rock/src/contract.rs:37:13
[INFO] [stdout]    |
[INFO] [stdout] 37 |             memo,
[INFO] [stdout]    |             ^^^^ help: try ignoring the field: `memo: _`
[INFO] [stdout]    |
[INFO] [stdout]    = note: `#[warn(unused_variables)]` on by default
[INFO] [stdout] 
[INFO] [stdout] 
[INFO] [stderr]    Compiling sample-project v0.1.0 (/opt/rustwide/workdir/contracts/rock)
[INFO] [stdout] warning: unused import: `Coin`
[INFO] [stdout]  --> contracts/rock/src/msg.rs:1:20
[INFO] [stdout]   |
[INFO] [stdout] 1 | use cosmwasm_std::{Coin, Uint128, HumanAddr, Binary};
[INFO] [stdout]   |                    ^^^^
[INFO] [stdout]   |
[INFO] [stdout]   = note: `#[warn(unused_imports)]` on by default
[INFO] [stdout] 
[INFO] [stdout] 
[INFO] [stdout] warning: unused import: `_serde_json::ser::State`
[INFO] [stdout]  --> contracts/rock/src/state.rs:3:28
[INFO] [stdout]   |
[INFO] [stdout] 3 | use schemars::{JsonSchema, _serde_json::ser::State};
[INFO] [stdout]   |                            ^^^^^^^^^^^^^^^^^^^^^^^
[INFO] [stdout] 
[INFO] [stdout] 
[INFO] [stdout] warning: unused imports: `CosmosMsg`, `WasmMsg`, and `to_binary`
[INFO] [stdout]   --> contracts/rock/src/state.rs:14:17
[INFO] [stdout]    |
[INFO] [stdout] 14 |     from_slice, to_binary, to_vec, Api, CanonicalAddr, CosmosMsg, Extern, HandleResponse,
[INFO] [stdout]    |                 ^^^^^^^^^                              ^^^^^^^^^
[INFO] [stdout] 15 |     HumanAddr, InitResponse, Querier, StdError, StdResult, Storage, Uint128, WasmMsg,
[INFO] [stdout]    |                                                                              ^^^^^^^
[INFO] [stdout] 
[INFO] [stdout] 
[INFO] [stdout] warning: unused import: `Snip20Msg`
[INFO] [stdout]   --> contracts/rock/src/state.rs:22:24
[INFO] [stdout]    |
[INFO] [stdout] 22 | use crate::msg::{Move, Snip20Msg};
[INFO] [stdout]    |                        ^^^^^^^^^
[INFO] [stdout] 
[INFO] [stdout] 
[INFO] [stdout] warning: unreachable expression
[INFO] [stdout]    --> contracts/rock/src/contract.rs:156:24
[INFO] [stdout]     |
[INFO] [stdout] 155 |             snip_addr: todo!(),
[INFO] [stdout]     |                        ------- any code following this expression is unreachable
[INFO] [stdout] 156 |             snip_hash: todo!(),
[INFO] [stdout]     |                        ^^^^^^^ unreachable expression
[INFO] [stdout]     |
[INFO] [stdout]     = note: `#[warn(unreachable_code)]` on by default
[INFO] [stdout]     = note: this warning originates in the macro `todo` (in Nightly builds, run with -Z macro-backtrace for more info)
[INFO] [stdout] 
[INFO] [stdout] 
[INFO] [stdout] warning: unreachable expression
[INFO] [stdout]    --> contracts/rock/src/contract.rs:171:24
[INFO] [stdout]     |
[INFO] [stdout] 170 |             snip_addr: todo!(),
[INFO] [stdout]     |                        ------- any code following this expression is unreachable
[INFO] [stdout] 171 |             snip_hash: todo!(),
[INFO] [stdout]     |                        ^^^^^^^ unreachable expression
[INFO] [stdout]     |
[INFO] [stdout]     = note: this warning originates in the macro `todo` (in Nightly builds, run with -Z macro-backtrace for more info)
[INFO] [stdout] 
[INFO] [stdout] 
[INFO] [stdout] warning: unreachable expression
[INFO] [stdout]    --> contracts/rock/src/contract.rs:210:24
[INFO] [stdout]     |
[INFO] [stdout] 209 |             snip_addr: todo!(),
[INFO] [stdout]     |                        ------- any code following this expression is unreachable
[INFO] [stdout] 210 |             snip_hash: todo!(),
[INFO] [stdout]     |                        ^^^^^^^ unreachable expression
[INFO] [stdout]     |
[INFO] [stdout]     = note: this warning originates in the macro `todo` (in Nightly builds, run with -Z macro-backtrace for more info)
[INFO] [stdout] 
[INFO] [stdout] 
[INFO] [stdout] warning: unused variable: `memo`
[INFO] [stdout]   --> contracts/rock/src/contract.rs:37:13
[INFO] [stdout]    |
[INFO] [stdout] 37 |             memo,
[INFO] [stdout]    |             ^^^^ help: try ignoring the field: `memo: _`
[INFO] [stdout]    |
[INFO] [stdout]    = note: `#[warn(unused_variables)]` on by default
[INFO] [stdout] 
[INFO] [stdout] 
[INFO] [stdout] warning: unused variable: `deps`
[INFO] [stdout]    --> contracts/rock/src/contract.rs:152:14
[INFO] [stdout]     |
[INFO] [stdout] 152 |         let  deps = mock_dependencies(20, &[]);
[INFO] [stdout]     |              ^^^^ help: if this is intentional, prefix it with an underscore: `_deps`
[INFO] [stdout] 
[INFO] [stdout] 
[INFO] [stdout] warning: unused variable: `msg`
[INFO] [stdout]    --> contracts/rock/src/contract.rs:154:13
[INFO] [stdout]     |
[INFO] [stdout] 154 |         let msg = InitMsg {
[INFO] [stdout]     |             ^^^ help: if this is intentional, prefix it with an underscore: `_msg`
[INFO] [stdout] 
[INFO] [stdout] 
[INFO] [stdout] warning: unused variable: `deps`
[INFO] [stdout]    --> contracts/rock/src/contract.rs:167:17
[INFO] [stdout]     |
[INFO] [stdout] 167 |         let mut deps = mock_dependencies(20, &coins(2, "token"));
[INFO] [stdout]     |                 ^^^^ help: if this is intentional, prefix it with an underscore: `_deps`
[INFO] [stdout] 
[INFO] [stdout] 
[INFO] [stdout] warning: unused variable: `msg`
[INFO] [stdout]    --> contracts/rock/src/contract.rs:169:13
[INFO] [stdout]     |
[INFO] [stdout] 169 |         let msg = InitMsg {
[INFO] [stdout]     |             ^^^ help: if this is intentional, prefix it with an underscore: `_msg`
[INFO] [stdout] 
[INFO] [stdout] 
[INFO] [stdout] warning: variable does not need to be mutable
[INFO] [stdout]    --> contracts/rock/src/contract.rs:167:13
[INFO] [stdout]     |
[INFO] [stdout] 167 |         let mut deps = mock_dependencies(20, &coins(2, "token"));
[INFO] [stdout]     |             ----^^^^
[INFO] [stdout]     |             |
[INFO] [stdout]     |             help: remove this `mut`
[INFO] [stdout]     |
[INFO] [stdout]     = note: `#[warn(unused_mut)]` on by default
[INFO] [stdout] 
[INFO] [stdout] 
[INFO] [stdout] warning: unused variable: `deps`
[INFO] [stdout]    --> contracts/rock/src/contract.rs:206:17
[INFO] [stdout]     |
[INFO] [stdout] 206 |         let mut deps = mock_dependencies(20, &coins(2, "token"));
[INFO] [stdout]     |                 ^^^^ help: if this is intentional, prefix it with an underscore: `_deps`
[INFO] [stdout] 
[INFO] [stdout] 
[INFO] [stdout] warning: unused variable: `msg`
[INFO] [stdout]    --> contracts/rock/src/contract.rs:208:13
[INFO] [stdout]     |
[INFO] [stdout] 208 |         let msg = InitMsg {
[INFO] [stdout]     |             ^^^ help: if this is intentional, prefix it with an underscore: `_msg`
[INFO] [stdout] 
[INFO] [stdout] 
[INFO] [stdout] warning: variable does not need to be mutable
[INFO] [stdout]    --> contracts/rock/src/contract.rs:206:13
[INFO] [stdout]     |
[INFO] [stdout] 206 |         let mut deps = mock_dependencies(20, &coins(2, "token"));
[INFO] [stdout]     |             ----^^^^
[INFO] [stdout]     |             |
[INFO] [stdout]     |             help: remove this `mut`
[INFO] [stdout] 
[INFO] [stdout] 
[INFO] [stderr]     Finished `test` profile [unoptimized + debuginfo] target(s) in 1.89s
[INFO] running `Command { std: "docker" "inspect" "1d1471ded0429e3fd20e7aa242fb4ff3146f869cba2e8230b35b867a6bdb5faf", kill_on_drop: false }`
[INFO] running `Command { std: "docker" "rm" "-f" "1d1471ded0429e3fd20e7aa242fb4ff3146f869cba2e8230b35b867a6bdb5faf", kill_on_drop: false }`
[INFO] [stdout] 1d1471ded0429e3fd20e7aa242fb4ff3146f869cba2e8230b35b867a6bdb5faf
[INFO] running `Command { std: "docker" "create" "-v" "/var/lib/crater-agent-workspace/builds/worker-7-tc1/target:/opt/rustwide/target:rw,Z" "-v" "/var/lib/crater-agent-workspace/builds/worker-7-tc1/source:/opt/rustwide/workdir:ro,Z" "-v" "/var/lib/crater-agent-workspace/cargo-home:/opt/rustwide/cargo-home:ro,Z" "-v" "/var/lib/crater-agent-workspace/rustup-home:/opt/rustwide/rustup-home:ro,Z" "-e" "SOURCE_DIR=/opt/rustwide/workdir" "-e" "CARGO_TARGET_DIR=/opt/rustwide/target" "-e" "CARGO_INCREMENTAL=0" "-e" "RUST_BACKTRACE=full" "-e" "RUSTFLAGS=--cap-lints=forbid" "-e" "RUSTDOCFLAGS=--cap-lints=forbid" "-e" "CARGO_HOME=/opt/rustwide/cargo-home" "-e" "RUSTUP_HOME=/opt/rustwide/rustup-home" "-w" "/opt/rustwide/workdir" "-m" "1610612736" "--user" "0:0" "--network" "none" "ghcr.io/rust-lang/crates-build-env/linux@sha256:819108c5571ea2e421544af4d832f968d213c87fbe3707a016657f43d2f853bc" "/opt/rustwide/cargo-home/bin/cargo" "+nightly-2025-01-18" "test" "--frozen", kill_on_drop: false }`
[INFO] [stdout] 947bfee55bbe90cddd0f7ab7beed84d40c8eb1c4925a3a12d71100ddfbe71938
[INFO] running `Command { std: "docker" "start" "-a" "947bfee55bbe90cddd0f7ab7beed84d40c8eb1c4925a3a12d71100ddfbe71938", kill_on_drop: false }`
[INFO] [stderr] warning: unused import: `Coin`
[INFO] [stderr]  --> contracts/rock/src/msg.rs:1:20
[INFO] [stderr]   |
[INFO] [stderr] 1 | use cosmwasm_std::{Coin, Uint128, HumanAddr, Binary};
[INFO] [stderr]   |                    ^^^^
[INFO] [stderr]   |
[INFO] [stderr]   = note: `#[warn(unused_imports)]` on by default
[INFO] [stderr] 
[INFO] [stderr] warning: unused import: `_serde_json::ser::State`
[INFO] [stderr]  --> contracts/rock/src/state.rs:3:28
[INFO] [stderr]   |
[INFO] [stderr] 3 | use schemars::{JsonSchema, _serde_json::ser::State};
[INFO] [stderr]   |                            ^^^^^^^^^^^^^^^^^^^^^^^
[INFO] [stderr] 
[INFO] [stderr] warning: unused imports: `CosmosMsg`, `WasmMsg`, and `to_binary`
[INFO] [stderr]   --> contracts/rock/src/state.rs:14:17
[INFO] [stderr]    |
[INFO] [stderr] 14 |     from_slice, to_binary, to_vec, Api, CanonicalAddr, CosmosMsg, Extern, HandleResponse,
[INFO] [stderr]    |                 ^^^^^^^^^                              ^^^^^^^^^
[INFO] [stderr] 15 |     HumanAddr, InitResponse, Querier, StdError, StdResult, Storage, Uint128, WasmMsg,
[INFO] [stderr]    |                                                                              ^^^^^^^
[INFO] [stderr] 
[INFO] [stderr] warning: unused import: `Snip20Msg`
[INFO] [stderr]   --> contracts/rock/src/state.rs:22:24
[INFO] [stderr]    |
[INFO] [stderr] 22 | use crate::msg::{Move, Snip20Msg};
[INFO] [stderr]    |                        ^^^^^^^^^
[INFO] [stderr] 
[INFO] [stderr] warning: unused variable: `memo`
[INFO] [stderr]   --> contracts/rock/src/contract.rs:37:13
[INFO] [stderr]    |
[INFO] [stderr] 37 |             memo,
[INFO] [stderr]    |             ^^^^ help: try ignoring the field: `memo: _`
[INFO] [stderr]    |
[INFO] [stderr]    = note: `#[warn(unused_variables)]` on by default
[INFO] [stderr] 
[INFO] [stderr] warning: `sample-project` (lib) generated 5 warnings (run `cargo fix --lib -p sample-project` to apply 4 suggestions)
[INFO] [stderr] warning: unreachable expression
[INFO] [stderr]    --> contracts/rock/src/contract.rs:156:24
[INFO] [stderr]     |
[INFO] [stderr] 155 |             snip_addr: todo!(),
[INFO] [stderr]     |                        ------- any code following this expression is unreachable
[INFO] [stderr] 156 |             snip_hash: todo!(),
[INFO] [stderr]     |                        ^^^^^^^ unreachable expression
[INFO] [stderr]     |
[INFO] [stderr]     = note: `#[warn(unreachable_code)]` on by default
[INFO] [stderr]     = note: this warning originates in the macro `todo` (in Nightly builds, run with -Z macro-backtrace for more info)
[INFO] [stderr] 
[INFO] [stderr] warning: unreachable expression
[INFO] [stderr]    --> contracts/rock/src/contract.rs:171:24
[INFO] [stderr]     |
[INFO] [stderr] 170 |             snip_addr: todo!(),
[INFO] [stderr]     |                        ------- any code following this expression is unreachable
[INFO] [stderr] 171 |             snip_hash: todo!(),
[INFO] [stderr]     |                        ^^^^^^^ unreachable expression
[INFO] [stderr]     |
[INFO] [stderr]     = note: this warning originates in the macro `todo` (in Nightly builds, run with -Z macro-backtrace for more info)
[INFO] [stderr] 
[INFO] [stderr] warning: unreachable expression
[INFO] [stderr]    --> contracts/rock/src/contract.rs:210:24
[INFO] [stderr]     |
[INFO] [stderr] 209 |             snip_addr: todo!(),
[INFO] [stderr]     |                        ------- any code following this expression is unreachable
[INFO] [stderr] 210 |             snip_hash: todo!(),
[INFO] [stderr]     |                        ^^^^^^^ unreachable expression
[INFO] [stderr]     |
[INFO] [stderr]     = note: this warning originates in the macro `todo` (in Nightly builds, run with -Z macro-backtrace for more info)
[INFO] [stderr] 
[INFO] [stderr] warning: unused variable: `deps`
[INFO] [stderr]    --> contracts/rock/src/contract.rs:152:14
[INFO] [stderr]     |
[INFO] [stderr] 152 |         let  deps = mock_dependencies(20, &[]);
[INFO] [stderr]     |              ^^^^ help: if this is intentional, prefix it with an underscore: `_deps`
[INFO] [stderr] 
[INFO] [stderr] warning: unused variable: `msg`
[INFO] [stderr]    --> contracts/rock/src/contract.rs:154:13
[INFO] [stderr]     |
[INFO] [stderr] 154 |         let msg = InitMsg {
[INFO] [stderr]     |             ^^^ help: if this is intentional, prefix it with an underscore: `_msg`
[INFO] [stderr] 
[INFO] [stderr] warning: unused variable: `deps`
[INFO] [stderr]    --> contracts/rock/src/contract.rs:167:17
[INFO] [stderr]     |
[INFO] [stderr] 167 |         let mut deps = mock_dependencies(20, &coins(2, "token"));
[INFO] [stderr]     |                 ^^^^ help: if this is intentional, prefix it with an underscore: `_deps`
[INFO] [stderr] 
[INFO] [stderr] warning: unused variable: `msg`
[INFO] [stderr]    --> contracts/rock/src/contract.rs:169:13
[INFO] [stderr]     |
[INFO] [stderr] 169 |         let msg = InitMsg {
[INFO] [stderr]     |             ^^^ help: if this is intentional, prefix it with an underscore: `_msg`
[INFO] [stderr] 
[INFO] [stderr] warning: variable does not need to be mutable
[INFO] [stderr]    --> contracts/rock/src/contract.rs:167:13
[INFO] [stderr]     |
[INFO] [stderr] 167 |         let mut deps = mock_dependencies(20, &coins(2, "token"));
[INFO] [stderr]     |             ----^^^^
[INFO] [stderr]     |             |
[INFO] [stderr]     |             help: remove this `mut`
[INFO] [stderr]     |
[INFO] [stderr]     = note: `#[warn(unused_mut)]` on by default
[INFO] [stderr] 
[INFO] [stderr] warning: unused variable: `deps`
[INFO] [stderr]    --> contracts/rock/src/contract.rs:206:17
[INFO] [stderr]     |
[INFO] [stderr] 206 |         let mut deps = mock_dependencies(20, &coins(2, "token"));
[INFO] [stderr]     |                 ^^^^ help: if this is intentional, prefix it with an underscore: `_deps`
[INFO] [stderr] 
[INFO] [stderr] warning: unused variable: `msg`
[INFO] [stderr]    --> contracts/rock/src/contract.rs:208:13
[INFO] [stderr]     |
[INFO] [stderr] 208 |         let msg = InitMsg {
[INFO] [stderr]     |             ^^^ help: if this is intentional, prefix it with an underscore: `_msg`
[INFO] [stderr] 
[INFO] [stderr] warning: variable does not need to be mutable
[INFO] [stderr]    --> contracts/rock/src/contract.rs:206:13
[INFO] [stderr]     |
[INFO] [stderr] 206 |         let mut deps = mock_dependencies(20, &coins(2, "token"));
[INFO] [stderr]     |             ----^^^^
[INFO] [stderr]     |             |
[INFO] [stderr]     |             help: remove this `mut`
[INFO] [stderr] 
[INFO] [stderr] warning: `sample-project` (lib test) generated 16 warnings (5 duplicates) (run `cargo fix --lib -p sample-project --tests` to apply 2 suggestions)
[INFO] [stderr]     Finished `test` profile [unoptimized + debuginfo] target(s) in 0.07s
[INFO] [stderr]      Running unittests src/lib.rs (/opt/rustwide/target/debug/deps/sample_project-3ed1368f77cacb4e)
[INFO] [stdout] 
[INFO] [stdout] running 3 tests
[INFO] [stdout] test contract::tests::create_room ... FAILED
[INFO] [stdout] test contract::tests::proper_initialization ... FAILED
[INFO] [stdout] test contract::tests::play ... FAILED
[INFO] [stdout] 
[INFO] [stdout] failures:
[INFO] [stdout] 
[INFO] [stdout] ---- contract::tests::create_room stdout ----
[INFO] [stdout] 
[INFO] [stdout] thread 'contract::tests::create_room' panicked at contracts/rock/src/contract.rs:170:24:
[INFO] [stdout] not yet implemented
[INFO] [stdout] stack backtrace:
[INFO] [stdout]    0:     0x571de93d6eca - std::backtrace_rs::backtrace::libunwind::trace::hb059275cfc8d6126
[INFO] [stdout]                                at /rustc/6067b36314ab5eb2eb47cecc464545ba58e1ad24/library/std/src/../../backtrace/src/backtrace/libunwind.rs:116:5
[INFO] [stdout]    1:     0x571de93d6eca - std::backtrace_rs::backtrace::trace_unsynchronized::h2da071e4327ce3ee
[INFO] [stdout]                                at /rustc/6067b36314ab5eb2eb47cecc464545ba58e1ad24/library/std/src/../../backtrace/src/backtrace/mod.rs:66:5
[INFO] [stdout]    2:     0x571de93d6eca - std::sys::backtrace::_print_fmt::h842a1474e6f8d23f
[INFO] [stdout]                                at /rustc/6067b36314ab5eb2eb47cecc464545ba58e1ad24/library/std/src/sys/backtrace.rs:66:9
[INFO] [stdout]    3:     0x571de93d6eca - <std::sys::backtrace::BacktraceLock::print::DisplayBacktrace as core::fmt::Display>::fmt::h71a62eb3b9696b12
[INFO] [stdout]                                at /rustc/6067b36314ab5eb2eb47cecc464545ba58e1ad24/library/std/src/sys/backtrace.rs:39:26
[INFO] [stdout]    4:     0x571de93fe4d3 - core::fmt::rt::Argument::fmt::hdb6b616786b41dc1
[INFO] [stdout]                                at /rustc/6067b36314ab5eb2eb47cecc464545ba58e1ad24/library/core/src/fmt/rt.rs:177:76
[INFO] [stdout]    5:     0x571de93fe4d3 - core::fmt::write::h2cc1698af7e2d686
[INFO] [stdout]                                at /rustc/6067b36314ab5eb2eb47cecc464545ba58e1ad24/library/core/src/fmt/mod.rs:1440:21
[INFO] [stdout]    6:     0x571de93d3a23 - std::io::Write::write_fmt::hab1b4cd059a79022
[INFO] [stdout]                                at /rustc/6067b36314ab5eb2eb47cecc464545ba58e1ad24/library/std/src/io/mod.rs:1887:15
[INFO] [stdout]    7:     0x571de93d6d12 - std::sys::backtrace::BacktraceLock::print::h147fe35b4ea13b08
[INFO] [stdout]                                at /rustc/6067b36314ab5eb2eb47cecc464545ba58e1ad24/library/std/src/sys/backtrace.rs:42:9
[INFO] [stdout]    8:     0x571de93d82ef - std::panicking::default_hook::{{closure}}::hbd44223dbdc0d208
[INFO] [stdout]                                at /rustc/6067b36314ab5eb2eb47cecc464545ba58e1ad24/library/std/src/panicking.rs:298:22
[INFO] [stdout]    9:     0x571de93d8108 - std::panicking::default_hook::h20f81eb0576efcec
[INFO] [stdout]                                at /rustc/6067b36314ab5eb2eb47cecc464545ba58e1ad24/library/std/src/panicking.rs:322:9
[INFO] [stdout]   10:     0x571de9395993 - <alloc::boxed::Box<F,A> as core::ops::function::Fn<Args>>::call::hdb53814c496a4d34
[INFO] [stdout]                                at /rustc/6067b36314ab5eb2eb47cecc464545ba58e1ad24/library/alloc/src/boxed.rs:2027:9
[INFO] [stdout]   11:     0x571de9395993 - test::test_main::{{closure}}::hc0a4963c59427c24
[INFO] [stdout]                                at /rustc/6067b36314ab5eb2eb47cecc464545ba58e1ad24/library/test/src/lib.rs:134:21
[INFO] [stdout]   12:     0x571de93d8de3 - <alloc::boxed::Box<F,A> as core::ops::function::Fn<Args>>::call::h591b2225413a77e9
[INFO] [stdout]                                at /rustc/6067b36314ab5eb2eb47cecc464545ba58e1ad24/library/alloc/src/boxed.rs:2027:9
[INFO] [stdout]   13:     0x571de93d8de3 - std::panicking::rust_panic_with_hook::h625eea43051b2edc
[INFO] [stdout]                                at /rustc/6067b36314ab5eb2eb47cecc464545ba58e1ad24/library/std/src/panicking.rs:839:13
[INFO] [stdout]   14:     0x571de93d8a66 - std::panicking::begin_panic_handler::{{closure}}::h4f9159cfbc3f6bd3
[INFO] [stdout]                                at /rustc/6067b36314ab5eb2eb47cecc464545ba58e1ad24/library/std/src/panicking.rs:697:13
[INFO] [stdout]   15:     0x571de93d73c9 - std::sys::backtrace::__rust_end_short_backtrace::h0390abce48353151
[INFO] [stdout]                                at /rustc/6067b36314ab5eb2eb47cecc464545ba58e1ad24/library/std/src/sys/backtrace.rs:168:18
[INFO] [stdout]   16:     0x571de93d872d - rust_begin_unwind
[INFO] [stdout]                                at /rustc/6067b36314ab5eb2eb47cecc464545ba58e1ad24/library/std/src/panicking.rs:695:5
[INFO] [stdout]   17:     0x571de93fcee0 - core::panicking::panic_fmt::h9e7c637e9e5f29c9
[INFO] [stdout]                                at /rustc/6067b36314ab5eb2eb47cecc464545ba58e1ad24/library/core/src/panicking.rs:75:14
[INFO] [stdout]   18:     0x571de93fcf6c - core::panicking::panic::haa3255ea20181a33
[INFO] [stdout]                                at /rustc/6067b36314ab5eb2eb47cecc464545ba58e1ad24/library/core/src/panicking.rs:145:5
[INFO] [stdout]   19:     0x571de935b745 - sample_project::contract::tests::create_room::h4912b827e8d9cc66
[INFO] [stdout]                                at /opt/rustwide/workdir/contracts/rock/src/contract.rs:170:24
[INFO] [stdout]   20:     0x571de935b647 - sample_project::contract::tests::create_room::{{closure}}::h8e6c4a81d85b5449
[INFO] [stdout]                                at /opt/rustwide/workdir/contracts/rock/src/contract.rs:166:21
[INFO] [stdout]   21:     0x571de935afe6 - core::ops::function::FnOnce::call_once::h0244dd90dd9181f3
[INFO] [stdout]                                at /rustc/6067b36314ab5eb2eb47cecc464545ba58e1ad24/library/core/src/ops/function.rs:250:5
[INFO] [stdout]   22:     0x571de939b0eb - core::ops::function::FnOnce::call_once::he27718dfdd183f43
[INFO] [stdout]                                at /rustc/6067b36314ab5eb2eb47cecc464545ba58e1ad24/library/core/src/ops/function.rs:250:5
[INFO] [stdout]   23:     0x571de939b0eb - test::__rust_begin_short_backtrace::h4e84902998457a5d
[INFO] [stdout]                                at /rustc/6067b36314ab5eb2eb47cecc464545ba58e1ad24/library/test/src/lib.rs:632:18
[INFO] [stdout]   24:     0x571de939a023 - test::run_test_in_process::{{closure}}::h7176fd18fc1feca0
[INFO] [stdout]                                at /rustc/6067b36314ab5eb2eb47cecc464545ba58e1ad24/library/test/src/lib.rs:655:60
[INFO] [stdout]   25:     0x571de939a023 - <core::panic::unwind_safe::AssertUnwindSafe<F> as core::ops::function::FnOnce<()>>::call_once::hf79cff2a624d8cf7
[INFO] [stdout]                                at /rustc/6067b36314ab5eb2eb47cecc464545ba58e1ad24/library/core/src/panic/unwind_safe.rs:272:9
[INFO] [stdout]   26:     0x571de939a023 - std::panicking::try::do_call::h3da0561d9ab99c25
[INFO] [stdout]                                at /rustc/6067b36314ab5eb2eb47cecc464545ba58e1ad24/library/std/src/panicking.rs:587:40
[INFO] [stdout]   27:     0x571de939a023 - std::panicking::try::h41c9fa508bc61df6
[INFO] [stdout]                                at /rustc/6067b36314ab5eb2eb47cecc464545ba58e1ad24/library/std/src/panicking.rs:550:19
[INFO] [stdout]   28:     0x571de939a023 - std::panic::catch_unwind::h6b3ff07bb5afad93
[INFO] [stdout]                                at /rustc/6067b36314ab5eb2eb47cecc464545ba58e1ad24/library/std/src/panic.rs:358:14
[INFO] [stdout]   29:     0x571de939a023 - test::run_test_in_process::hc7253dd11b39b9f4
[INFO] [stdout]                                at /rustc/6067b36314ab5eb2eb47cecc464545ba58e1ad24/library/test/src/lib.rs:655:27
[INFO] [stdout]   30:     0x571de939a023 - test::run_test::{{closure}}::hfb2007f8649c30bb
[INFO] [stdout]                                at /rustc/6067b36314ab5eb2eb47cecc464545ba58e1ad24/library/test/src/lib.rs:576:43
[INFO] [stdout]   31:     0x571de935d105 - test::run_test::{{closure}}::h56a17aa7a282a9f4
[INFO] [stdout]                                at /rustc/6067b36314ab5eb2eb47cecc464545ba58e1ad24/library/test/src/lib.rs:606:41
[INFO] [stdout]   32:     0x571de935d105 - std::sys::backtrace::__rust_begin_short_backtrace::hd2d2d2fb8e8c6aac
[INFO] [stdout]                                at /rustc/6067b36314ab5eb2eb47cecc464545ba58e1ad24/library/std/src/sys/backtrace.rs:152:18
[INFO] [stdout]   33:     0x571de93609ea - std::thread::Builder::spawn_unchecked_::{{closure}}::{{closure}}::h4faa3f9db6133423
[INFO] [stdout]                                at /rustc/6067b36314ab5eb2eb47cecc464545ba58e1ad24/library/std/src/thread/mod.rs:559:17
[INFO] [stdout]   34:     0x571de93609ea - <core::panic::unwind_safe::AssertUnwindSafe<F> as core::ops::function::FnOnce<()>>::call_once::hf2e855a36a4ea846
[INFO] [stdout]                                at /rustc/6067b36314ab5eb2eb47cecc464545ba58e1ad24/library/core/src/panic/unwind_safe.rs:272:9
[INFO] [stdout]   35:     0x571de93609ea - std::panicking::try::do_call::h2f73af3616c35465
[INFO] [stdout]                                at /rustc/6067b36314ab5eb2eb47cecc464545ba58e1ad24/library/std/src/panicking.rs:587:40
[INFO] [stdout]   36:     0x571de93609ea - std::panicking::try::hd1660ce9efadef5a
[INFO] [stdout]                                at /rustc/6067b36314ab5eb2eb47cecc464545ba58e1ad24/library/std/src/panicking.rs:550:19
[INFO] [stdout]   37:     0x571de93609ea - std::panic::catch_unwind::h5ee8d7823b8ca744
[INFO] [stdout]                                at /rustc/6067b36314ab5eb2eb47cecc464545ba58e1ad24/library/std/src/panic.rs:358:14
[INFO] [stdout]   38:     0x571de93609ea - std::thread::Builder::spawn_unchecked_::{{closure}}::h53c3a1894dce8407
[INFO] [stdout]                                at /rustc/6067b36314ab5eb2eb47cecc464545ba58e1ad24/library/std/src/thread/mod.rs:557:30
[INFO] [stdout]   39:     0x571de93609ea - core::ops::function::FnOnce::call_once{{vtable.shim}}::h048ce291ad4f62bf
[INFO] [stdout]                                at /rustc/6067b36314ab5eb2eb47cecc464545ba58e1ad24/library/core/src/ops/function.rs:250:5
[INFO] [stdout]   40:     0x571de93dcd1b - <alloc::boxed::Box<F,A> as core::ops::function::FnOnce<Args>>::call_once::ha52bedf99a3b4981
[INFO] [stdout]                                at /rustc/6067b36314ab5eb2eb47cecc464545ba58e1ad24/library/alloc/src/boxed.rs:2013:9
[INFO] [stdout]   41:     0x571de93dcd1b - <alloc::boxed::Box<F,A> as core::ops::function::FnOnce<Args>>::call_once::h567748934d80ccf8
[INFO] [stdout]                                at /rustc/6067b36314ab5eb2eb47cecc464545ba58e1ad24/library/alloc/src/boxed.rs:2013:9
[INFO] [stdout]   42:     0x571de93dcd1b - std::sys::pal::unix::thread::Thread::new::thread_start::h2d970728ae887adc
[INFO] [stdout]                                at /rustc/6067b36314ab5eb2eb47cecc464545ba58e1ad24/library/std/src/sys/pal/unix/thread.rs:106:17
[INFO] [stdout]   43:     0x71a1fb6e4ac3 - <unknown>
[INFO] [stdout]   44:     0x71a1fb775a04 - clone
[INFO] [stdout]   45:                0x0 - <unknown>
[INFO] [stdout] 
[INFO] [stdout] ---- contract::tests::proper_initialization stdout ----
[INFO] [stdout] 
[INFO] [stdout] thread 'contract::tests::proper_initialization' panicked at contracts/rock/src/contract.rs:155:24:
[INFO] [stdout] not yet implemented
[INFO] [stdout] stack backtrace:
[INFO] [stdout]    0:     0x571de93d6eca - std::backtrace_rs::backtrace::libunwind::trace::hb059275cfc8d6126
[INFO] [stdout]                                at /rustc/6067b36314ab5eb2eb47cecc464545ba58e1ad24/library/std/src/../../backtrace/src/backtrace/libunwind.rs:116:5
[INFO] [stdout]    1:     0x571de93d6eca - std::backtrace_rs::backtrace::trace_unsynchronized::h2da071e4327ce3ee
[INFO] [stdout]                                at /rustc/6067b36314ab5eb2eb47cecc464545ba58e1ad24/library/std/src/../../backtrace/src/backtrace/mod.rs:66:5
[INFO] [stdout]    2:     0x571de93d6eca - std::sys::backtrace::_print_fmt::h842a1474e6f8d23f
[INFO] [stdout]                                at /rustc/6067b36314ab5eb2eb47cecc464545ba58e1ad24/library/std/src/sys/backtrace.rs:66:9
[INFO] [stdout]    3:     0x571de93d6eca - <std::sys::backtrace::BacktraceLock::print::DisplayBacktrace as core::fmt::Display>::fmt::h71a62eb3b9696b12
[INFO] [stdout]                                at /rustc/6067b36314ab5eb2eb47cecc464545ba58e1ad24/library/std/src/sys/backtrace.rs:39:26
[INFO] [stdout]    4:     0x571de93fe4d3 - core::fmt::rt::Argument::fmt::hdb6b616786b41dc1
[INFO] [stdout]                                at /rustc/6067b36314ab5eb2eb47cecc464545ba58e1ad24/library/core/src/fmt/rt.rs:177:76
[INFO] [stdout]    5:     0x571de93fe4d3 - core::fmt::write::h2cc1698af7e2d686
[INFO] [stdout]                                at /rustc/6067b36314ab5eb2eb47cecc464545ba58e1ad24/library/core/src/fmt/mod.rs:1440:21
[INFO] [stdout]    6:     0x571de93d3a23 - std::io::Write::write_fmt::hab1b4cd059a79022
[INFO] [stdout]                                at /rustc/6067b36314ab5eb2eb47cecc464545ba58e1ad24/library/std/src/io/mod.rs:1887:15
[INFO] [stdout]    7:     0x571de93d6d12 - std::sys::backtrace::BacktraceLock::print::h147fe35b4ea13b08
[INFO] [stdout]                                at /rustc/6067b36314ab5eb2eb47cecc464545ba58e1ad24/library/std/src/sys/backtrace.rs:42:9
[INFO] [stdout]    8:     0x571de93d82ef - std::panicking::default_hook::{{closure}}::hbd44223dbdc0d208
[INFO] [stdout]                                at /rustc/6067b36314ab5eb2eb47cecc464545ba58e1ad24/library/std/src/panicking.rs:298:22
[INFO] [stdout]    9:     0x571de93d8108 - std::panicking::default_hook::h20f81eb0576efcec
[INFO] [stdout]                                at /rustc/6067b36314ab5eb2eb47cecc464545ba58e1ad24/library/std/src/panicking.rs:322:9
[INFO] [stdout]   10:     0x571de9395993 - <alloc::boxed::Box<F,A> as core::ops::function::Fn<Args>>::call::hdb53814c496a4d34
[INFO] [stdout]                                at /rustc/6067b36314ab5eb2eb47cecc464545ba58e1ad24/library/alloc/src/boxed.rs:2027:9
[INFO] [stdout]   11:     0x571de9395993 - test::test_main::{{closure}}::hc0a4963c59427c24
[INFO] [stdout]                                at /rustc/6067b36314ab5eb2eb47cecc464545ba58e1ad24/library/test/src/lib.rs:134:21
[INFO] [stdout]   12:     0x571de93d8de3 - <alloc::boxed::Box<F,A> as core::ops::function::Fn<Args>>::call::h591b2225413a77e9
[INFO] [stdout]                                at /rustc/6067b36314ab5eb2eb47cecc464545ba58e1ad24/library/alloc/src/boxed.rs:2027:9
[INFO] [stdout]   13:     0x571de93d8de3 - std::panicking::rust_panic_with_hook::h625eea43051b2edc
[INFO] [stdout]                                at /rustc/6067b36314ab5eb2eb47cecc464545ba58e1ad24/library/std/src/panicking.rs:839:13
[INFO] [stdout]   14:     0x571de93d8a66 - std::panicking::begin_panic_handler::{{closure}}::h4f9159cfbc3f6bd3
[INFO] [stdout]                                at /rustc/6067b36314ab5eb2eb47cecc464545ba58e1ad24/library/std/src/panicking.rs:697:13
[INFO] [stdout]   15:     0x571de93d73c9 - std::sys::backtrace::__rust_end_short_backtrace::h0390abce48353151
[INFO] [stdout]                                at /rustc/6067b36314ab5eb2eb47cecc464545ba58e1ad24/library/std/src/sys/backtrace.rs:168:18
[INFO] [stdout]   16:     0x571de93d872d - rust_begin_unwind
[INFO] [stdout]                                at /rustc/6067b36314ab5eb2eb47cecc464545ba58e1ad24/library/std/src/panicking.rs:695:5
[INFO] [stdout]   17:     0x571de93fcee0 - core::panicking::panic_fmt::h9e7c637e9e5f29c9
[INFO] [stdout]                                at /rustc/6067b36314ab5eb2eb47cecc464545ba58e1ad24/library/core/src/panicking.rs:75:14
[INFO] [stdout]   18:     0x571de93fcf6c - core::panicking::panic::haa3255ea20181a33
[INFO] [stdout]                                at /rustc/6067b36314ab5eb2eb47cecc464545ba58e1ad24/library/core/src/panicking.rs:145:5
[INFO] [stdout]   19:     0x571de935b5eb - sample_project::contract::tests::proper_initialization::h8eac8ee9fb7a1f55
[INFO] [stdout]                                at /opt/rustwide/workdir/contracts/rock/src/contract.rs:155:24
[INFO] [stdout]   20:     0x571de935b597 - sample_project::contract::tests::proper_initialization::{{closure}}::h8f98d40cf3de41a8
[INFO] [stdout]                                at /opt/rustwide/workdir/contracts/rock/src/contract.rs:151:31
[INFO] [stdout]   21:     0x571de935b066 - core::ops::function::FnOnce::call_once::h535e915c91ac6cfc
[INFO] [stdout]                                at /rustc/6067b36314ab5eb2eb47cecc464545ba58e1ad24/library/core/src/ops/function.rs:250:5
[INFO] [stdout]   22:     0x571de939b0eb - core::ops::function::FnOnce::call_once::he27718dfdd183f43
[INFO] [stdout]                                at /rustc/6067b36314ab5eb2eb47cecc464545ba58e1ad24/library/core/src/ops/function.rs:250:5
[INFO] [stdout]   23:     0x571de939b0eb - test::__rust_begin_short_backtrace::h4e84902998457a5d
[INFO] [stdout]                                at /rustc/6067b36314ab5eb2eb47cecc464545ba58e1ad24/library/test/src/lib.rs:632:18
[INFO] [stdout]   24:     0x571de939a023 - test::run_test_in_process::{{closure}}::h7176fd18fc1feca0
[INFO] [stdout]                                at /rustc/6067b36314ab5eb2eb47cecc464545ba58e1ad24/library/test/src/lib.rs:655:60
[INFO] [stdout]   25:     0x571de939a023 - <core::panic::unwind_safe::AssertUnwindSafe<F> as core::ops::function::FnOnce<()>>::call_once::hf79cff2a624d8cf7
[INFO] [stdout]                                at /rustc/6067b36314ab5eb2eb47cecc464545ba58e1ad24/library/core/src/panic/unwind_safe.rs:272:9
[INFO] [stdout]   26:     0x571de939a023 - std::panicking::try::do_call::h3da0561d9ab99c25
[INFO] [stdout]                                at /rustc/6067b36314ab5eb2eb47cecc464545ba58e1ad24/library/std/src/panicking.rs:587:40
[INFO] [stdout]   27:     0x571de939a023 - std::panicking::try::h41c9fa508bc61df6
[INFO] [stdout]                                at /rustc/6067b36314ab5eb2eb47cecc464545ba58e1ad24/library/std/src/panicking.rs:550:19
[INFO] [stdout]   28:     0x571de939a023 - std::panic::catch_unwind::h6b3ff07bb5afad93
[INFO] [stdout]                                at /rustc/6067b36314ab5eb2eb47cecc464545ba58e1ad24/library/std/src/panic.rs:358:14
[INFO] [stdout]   29:     0x571de939a023 - test::run_test_in_process::hc7253dd11b39b9f4
[INFO] [stdout]                                at /rustc/6067b36314ab5eb2eb47cecc464545ba58e1ad24/library/test/src/lib.rs:655:27
[INFO] [stdout]   30:     0x571de939a023 - test::run_test::{{closure}}::hfb2007f8649c30bb
[INFO] [stdout]                                at /rustc/6067b36314ab5eb2eb47cecc464545ba58e1ad24/library/test/src/lib.rs:576:43
[INFO] [stdout]   31:     0x571de935d105 - test::run_test::{{closure}}::h56a17aa7a282a9f4
[INFO] [stdout]                                at /rustc/6067b36314ab5eb2eb47cecc464545ba58e1ad24/library/test/src/lib.rs:606:41
[INFO] [stdout]   32:     0x571de935d105 - std::sys::backtrace::__rust_begin_short_backtrace::hd2d2d2fb8e8c6aac
[INFO] [stdout]                                at /rustc/6067b36314ab5eb2eb47cecc464545ba58e1ad24/library/std/src/sys/backtrace.rs:152:18
[INFO] [stdout]   33:     0x571de93609ea - std::thread::Builder::spawn_unchecked_::{{closure}}::{{closure}}::h4faa3f9db6133423
[INFO] [stdout]                                at /rustc/6067b36314ab5eb2eb47cecc464545ba58e1ad24/library/std/src/thread/mod.rs:559:17
[INFO] [stdout]   34:     0x571de93609ea - <core::panic::unwind_safe::AssertUnwindSafe<F> as core::ops::function::FnOnce<()>>::call_once::hf2e855a36a4ea846
[INFO] [stdout]                                at /rustc/6067b36314ab5eb2eb47cecc464545ba58e1ad24/library/core/src/panic/unwind_safe.rs:272:9
[INFO] [stdout]   35:     0x571de93609ea - std::panicking::try::do_call::h2f73af3616c35465
[INFO] [stdout]                                at /rustc/6067b36314ab5eb2eb47cecc464545ba58e1ad24/library/std/src/panicking.rs:587:40
[INFO] [stdout]   36:     0x571de93609ea - std::panicking::try::hd1660ce9efadef5a
[INFO] [stdout]                                at /rustc/6067b36314ab5eb2eb47cecc464545ba58e1ad24/library/std/src/panicking.rs:550:19
[INFO] [stdout]   37:     0x571de93609ea - std::panic::catch_unwind::h5ee8d7823b8ca744
[INFO] [stdout]                                at /rustc/6067b36314ab5eb2eb47cecc464545ba58e1ad24/library/std/src/panic.rs:358:14
[INFO] [stdout]   38:     0x571de93609ea - std::thread::Builder::spawn_unchecked_::{{closure}}::h53c3a1894dce8407
[INFO] [stdout]                                at /rustc/6067b36314ab5eb2eb47cecc464545ba58e1ad24/library/std/src/thread/mod.rs:557:30
[INFO] [stdout]   39:     0x571de93609ea - core::ops::function::FnOnce::call_once{{vtable.shim}}::h048ce291ad4f62bf
[INFO] [stdout]                                at /rustc/6067b36314ab5eb2eb47cecc464545ba58e1ad24/library/core/src/ops/function.rs:250:5
[INFO] [stdout]   40:     0x571de93dcd1b - <alloc::boxed::Box<F,A> as core::ops::function::FnOnce<Args>>::call_once::ha52bedf99a3b4981
[INFO] [stdout]                                at /rustc/6067b36314ab5eb2eb47cecc464545ba58e1ad24/library/alloc/src/boxed.rs:2013:9
[INFO] [stdout]   41:     0x571de93dcd1b - <alloc::boxed::Box<F,A> as core::ops::function::FnOnce<Args>>::call_once::h567748934d80ccf8
[INFO] [stdout]                                at /rustc/6067b36314ab5eb2eb47cecc464545ba58e1ad24/library/alloc/src/boxed.rs:2013:9
[INFO] [stdout]   42:     0x571de93dcd1b - std::sys::pal::unix::thread::Thread::new::thread_start::h2d970728ae887adc
[INFO] [stdout]                                at /rustc/6067b36314ab5eb2eb47cecc464545ba58e1ad24/library/std/src/sys/pal/unix/thread.rs:106:17
[INFO] [stdout]   43:     0x71a1fb6e4ac3 - <unknown>
[INFO] [stdout]   44:     0x71a1fb775a04 - clone
[INFO] [stdout]   45:                0x0 - <unknown>
[INFO] [stdout] 
[INFO] [stdout] ---- contract::tests::play stdout ----
[INFO] [stdout] 
[INFO] [stdout] thread 'contract::tests::play' panicked at contracts/rock/src/contract.rs:209:24:
[INFO] [stdout] not yet implemented
[INFO] [stdout] stack backtrace:
[INFO] [stdout]    0:     0x571de93d6eca - std::backtrace_rs::backtrace::libunwind::trace::hb059275cfc8d6126
[INFO] [stdout]                                at /rustc/6067b36314ab5eb2eb47cecc464545ba58e1ad24/library/std/src/../../backtrace/src/backtrace/libunwind.rs:116:5
[INFO] [stdout]    1:     0x571de93d6eca - std::backtrace_rs::backtrace::trace_unsynchronized::h2da071e4327ce3ee
[INFO] [stdout]                                at /rustc/6067b36314ab5eb2eb47cecc464545ba58e1ad24/library/std/src/../../backtrace/src/backtrace/mod.rs:66:5
[INFO] [stdout]    2:     0x571de93d6eca - std::sys::backtrace::_print_fmt::h842a1474e6f8d23f
[INFO] [stdout]                                at /rustc/6067b36314ab5eb2eb47cecc464545ba58e1ad24/library/std/src/sys/backtrace.rs:66:9
[INFO] [stdout]    3:     0x571de93d6eca - <std::sys::backtrace::BacktraceLock::print::DisplayBacktrace as core::fmt::Display>::fmt::h71a62eb3b9696b12
[INFO] [stdout]                                at /rustc/6067b36314ab5eb2eb47cecc464545ba58e1ad24/library/std/src/sys/backtrace.rs:39:26
[INFO] [stdout]    4:     0x571de93fe4d3 - core::fmt::rt::Argument::fmt::hdb6b616786b41dc1
[INFO] [stdout]                                at /rustc/6067b36314ab5eb2eb47cecc464545ba58e1ad24/library/core/src/fmt/rt.rs:177:76
[INFO] [stdout]    5:     0x571de93fe4d3 - core::fmt::write::h2cc1698af7e2d686
[INFO] [stdout]                                at /rustc/6067b36314ab5eb2eb47cecc464545ba58e1ad24/library/core/src/fmt/mod.rs:1440:21
[INFO] [stdout]    6:     0x571de93d3a23 - std::io::Write::write_fmt::hab1b4cd059a79022
[INFO] [stdout]                                at /rustc/6067b36314ab5eb2eb47cecc464545ba58e1ad24/library/std/src/io/mod.rs:1887:15
[INFO] [stdout]    7:     0x571de93d6d12 - std::sys::backtrace::BacktraceLock::print::h147fe35b4ea13b08
[INFO] [stdout]                                at /rustc/6067b36314ab5eb2eb47cecc464545ba58e1ad24/library/std/src/sys/backtrace.rs:42:9
[INFO] [stdout]    8:     0x571de93d82ef - std::panicking::default_hook::{{closure}}::hbd44223dbdc0d208
[INFO] [stdout]                                at /rustc/6067b36314ab5eb2eb47cecc464545ba58e1ad24/library/std/src/panicking.rs:298:22
[INFO] [stdout]    9:     0x571de93d8108 - std::panicking::default_hook::h20f81eb0576efcec
[INFO] [stdout]                                at /rustc/6067b36314ab5eb2eb47cecc464545ba58e1ad24/library/std/src/panicking.rs:322:9
[INFO] [stdout]   10:     0x571de9395993 - <alloc::boxed::Box<F,A> as core::ops::function::Fn<Args>>::call::hdb53814c496a4d34
[INFO] [stdout]                                at /rustc/6067b36314ab5eb2eb47cecc464545ba58e1ad24/library/alloc/src/boxed.rs:2027:9
[INFO] [stdout]   11:     0x571de9395993 - test::test_main::{{closure}}::hc0a4963c59427c24
[INFO] [stdout]                                at /rustc/6067b36314ab5eb2eb47cecc464545ba58e1ad24/library/test/src/lib.rs:134:21
[INFO] [stderr] error: test failed, to rerun pass `--lib`
[INFO] [stdout]   12:     0x571de93d8de3 - <alloc::boxed::Box<F,A> as core::ops::function::Fn<Args>>::call::h591b2225413a77e9
[INFO] [stdout]                                at /rustc/6067b36314ab5eb2eb47cecc464545ba58e1ad24/library/alloc/src/boxed.rs:2027:9
[INFO] [stdout]   13:     0x571de93d8de3 - std::panicking::rust_panic_with_hook::h625eea43051b2edc
[INFO] [stdout]                                at /rustc/6067b36314ab5eb2eb47cecc464545ba58e1ad24/library/std/src/panicking.rs:839:13
[INFO] [stdout]   14:     0x571de93d8a66 - std::panicking::begin_panic_handler::{{closure}}::h4f9159cfbc3f6bd3
[INFO] [stdout]                                at /rustc/6067b36314ab5eb2eb47cecc464545ba58e1ad24/library/std/src/panicking.rs:697:13
[INFO] [stdout]   15:     0x571de93d73c9 - std::sys::backtrace::__rust_end_short_backtrace::h0390abce48353151
[INFO] [stdout]                                at /rustc/6067b36314ab5eb2eb47cecc464545ba58e1ad24/library/std/src/sys/backtrace.rs:168:18
[INFO] [stdout]   16:     0x571de93d872d - rust_begin_unwind
[INFO] [stdout]                                at /rustc/6067b36314ab5eb2eb47cecc464545ba58e1ad24/library/std/src/panicking.rs:695:5
[INFO] [stdout]   17:     0x571de93fcee0 - core::panicking::panic_fmt::h9e7c637e9e5f29c9
[INFO] [stdout]                                at /rustc/6067b36314ab5eb2eb47cecc464545ba58e1ad24/library/core/src/panicking.rs:75:14
[INFO] [stdout]   18:     0x571de93fcf6c - core::panicking::panic::haa3255ea20181a33
[INFO] [stdout]                                at /rustc/6067b36314ab5eb2eb47cecc464545ba58e1ad24/library/core/src/panicking.rs:145:5
[INFO] [stdout]   19:     0x571de935b875 - sample_project::contract::tests::play::hc34c38c51b542d70
[INFO] [stdout]                                at /opt/rustwide/workdir/contracts/rock/src/contract.rs:209:24
[INFO] [stdout]   20:     0x571de935b777 - sample_project::contract::tests::play::{{closure}}::h131e97d58520b704
[INFO] [stdout]                                at /opt/rustwide/workdir/contracts/rock/src/contract.rs:205:14
[INFO] [stdout]   21:     0x571de935b0a6 - core::ops::function::FnOnce::call_once::hab9ea82c167038b3
[INFO] [stdout]                                at /rustc/6067b36314ab5eb2eb47cecc464545ba58e1ad24/library/core/src/ops/function.rs:250:5
[INFO] [stdout]   22:     0x571de939b0eb - core::ops::function::FnOnce::call_once::he27718dfdd183f43
[INFO] [stdout]                                at /rustc/6067b36314ab5eb2eb47cecc464545ba58e1ad24/library/core/src/ops/function.rs:250:5
[INFO] [stdout]   23:     0x571de939b0eb - test::__rust_begin_short_backtrace::h4e84902998457a5d
[INFO] [stdout]                                at /rustc/6067b36314ab5eb2eb47cecc464545ba58e1ad24/library/test/src/lib.rs:632:18
[INFO] [stdout]   24:     0x571de939a023 - test::run_test_in_process::{{closure}}::h7176fd18fc1feca0
[INFO] [stdout]                                at /rustc/6067b36314ab5eb2eb47cecc464545ba58e1ad24/library/test/src/lib.rs:655:60
[INFO] [stdout]   25:     0x571de939a023 - <core::panic::unwind_safe::AssertUnwindSafe<F> as core::ops::function::FnOnce<()>>::call_once::hf79cff2a624d8cf7
[INFO] [stdout]                                at /rustc/6067b36314ab5eb2eb47cecc464545ba58e1ad24/library/core/src/panic/unwind_safe.rs:272:9
[INFO] [stdout]   26:     0x571de939a023 - std::panicking::try::do_call::h3da0561d9ab99c25
[INFO] [stdout]                                at /rustc/6067b36314ab5eb2eb47cecc464545ba58e1ad24/library/std/src/panicking.rs:587:40
[INFO] [stdout]   27:     0x571de939a023 - std::panicking::try::h41c9fa508bc61df6
[INFO] [stdout]                                at /rustc/6067b36314ab5eb2eb47cecc464545ba58e1ad24/library/std/src/panicking.rs:550:19
[INFO] [stdout]   28:     0x571de939a023 - std::panic::catch_unwind::h6b3ff07bb5afad93
[INFO] [stdout]                                at /rustc/6067b36314ab5eb2eb47cecc464545ba58e1ad24/library/std/src/panic.rs:358:14
[INFO] [stdout]   29:     0x571de939a023 - test::run_test_in_process::hc7253dd11b39b9f4
[INFO] [stdout]                                at /rustc/6067b36314ab5eb2eb47cecc464545ba58e1ad24/library/test/src/lib.rs:655:27
[INFO] [stdout]   30:     0x571de939a023 - test::run_test::{{closure}}::hfb2007f8649c30bb
[INFO] [stdout]                                at /rustc/6067b36314ab5eb2eb47cecc464545ba58e1ad24/library/test/src/lib.rs:576:43
[INFO] [stdout]   31:     0x571de935d105 - test::run_test::{{closure}}::h56a17aa7a282a9f4
[INFO] [stdout]                                at /rustc/6067b36314ab5eb2eb47cecc464545ba58e1ad24/library/test/src/lib.rs:606:41
[INFO] [stdout]   32:     0x571de935d105 - std::sys::backtrace::__rust_begin_short_backtrace::hd2d2d2fb8e8c6aac
[INFO] [stdout]                                at /rustc/6067b36314ab5eb2eb47cecc464545ba58e1ad24/library/std/src/sys/backtrace.rs:152:18
[INFO] [stdout]   33:     0x571de93609ea - std::thread::Builder::spawn_unchecked_::{{closure}}::{{closure}}::h4faa3f9db6133423
[INFO] [stdout]                                at /rustc/6067b36314ab5eb2eb47cecc464545ba58e1ad24/library/std/src/thread/mod.rs:559:17
[INFO] [stdout]   34:     0x571de93609ea - <core::panic::unwind_safe::AssertUnwindSafe<F> as core::ops::function::FnOnce<()>>::call_once::hf2e855a36a4ea846
[INFO] [stdout]                                at /rustc/6067b36314ab5eb2eb47cecc464545ba58e1ad24/library/core/src/panic/unwind_safe.rs:272:9
[INFO] [stdout]   35:     0x571de93609ea - std::panicking::try::do_call::h2f73af3616c35465
[INFO] [stdout]                                at /rustc/6067b36314ab5eb2eb47cecc464545ba58e1ad24/library/std/src/panicking.rs:587:40
[INFO] [stdout]   36:     0x571de93609ea - std::panicking::try::hd1660ce9efadef5a
[INFO] [stdout]                                at /rustc/6067b36314ab5eb2eb47cecc464545ba58e1ad24/library/std/src/panicking.rs:550:19
[INFO] [stdout]   37:     0x571de93609ea - std::panic::catch_unwind::h5ee8d7823b8ca744
[INFO] [stdout]                                at /rustc/6067b36314ab5eb2eb47cecc464545ba58e1ad24/library/std/src/panic.rs:358:14
[INFO] [stdout]   38:     0x571de93609ea - std::thread::Builder::spawn_unchecked_::{{closure}}::h53c3a1894dce8407
[INFO] [stdout]                                at /rustc/6067b36314ab5eb2eb47cecc464545ba58e1ad24/library/std/src/thread/mod.rs:557:30
[INFO] [stdout]   39:     0x571de93609ea - core::ops::function::FnOnce::call_once{{vtable.shim}}::h048ce291ad4f62bf
[INFO] [stdout]                                at /rustc/6067b36314ab5eb2eb47cecc464545ba58e1ad24/library/core/src/ops/function.rs:250:5
[INFO] [stdout]   40:     0x571de93dcd1b - <alloc::boxed::Box<F,A> as core::ops::function::FnOnce<Args>>::call_once::ha52bedf99a3b4981
[INFO] [stdout]                                at /rustc/6067b36314ab5eb2eb47cecc464545ba58e1ad24/library/alloc/src/boxed.rs:2013:9
[INFO] [stdout]   41:     0x571de93dcd1b - <alloc::boxed::Box<F,A> as core::ops::function::FnOnce<Args>>::call_once::h567748934d80ccf8
[INFO] [stdout]                                at /rustc/6067b36314ab5eb2eb47cecc464545ba58e1ad24/library/alloc/src/boxed.rs:2013:9
[INFO] [stdout]   42:     0x571de93dcd1b - std::sys::pal::unix::thread::Thread::new::thread_start::h2d970728ae887adc
[INFO] [stdout]                                at /rustc/6067b36314ab5eb2eb47cecc464545ba58e1ad24/library/std/src/sys/pal/unix/thread.rs:106:17
[INFO] [stdout]   43:     0x71a1fb6e4ac3 - <unknown>
[INFO] [stdout]   44:     0x71a1fb775a04 - clone
[INFO] [stdout]   45:                0x0 - <unknown>
[INFO] [stdout] 
[INFO] [stdout] 
[INFO] [stdout] failures:
[INFO] [stdout]     contract::tests::create_room
[INFO] [stdout]     contract::tests::play
[INFO] [stdout]     contract::tests::proper_initialization
[INFO] [stdout] 
[INFO] [stdout] test result: FAILED. 0 passed; 3 failed; 0 ignored; 0 measured; 0 filtered out; finished in 0.05s
[INFO] [stdout] 
[INFO] running `Command { std: "docker" "inspect" "947bfee55bbe90cddd0f7ab7beed84d40c8eb1c4925a3a12d71100ddfbe71938", kill_on_drop: false }`
[INFO] running `Command { std: "docker" "rm" "-f" "947bfee55bbe90cddd0f7ab7beed84d40c8eb1c4925a3a12d71100ddfbe71938", kill_on_drop: false }`
[INFO] [stdout] 947bfee55bbe90cddd0f7ab7beed84d40c8eb1c4925a3a12d71100ddfbe71938
