[INFO] cloning repository https://github.com/Ember1100/lists
[INFO] running `Command { std: "git" "-c" "credential.helper=" "-c" "credential.helper=/workspace/cargo-home/bin/git-credential-null" "clone" "--bare" "https://github.com/Ember1100/lists" "/workspace/cache/git-repos/https%3A%2F%2Fgithub.com%2FEmber1100%2Flists", kill_on_drop: false }`
[INFO] [stderr] Cloning into bare repository '/workspace/cache/git-repos/https%3A%2F%2Fgithub.com%2FEmber1100%2Flists'...
[INFO] running `Command { std: "git" "rev-parse" "HEAD", kill_on_drop: false }`
[INFO] [stdout] a14019a9471c4f1e62f9819a91639ce6f1b636ad
[INFO] testing Ember1100/lists against nightly-2025-01-18+rustflags=-Zrandomize-layout for randomize-layout-2
[INFO] running `Command { std: "git" "clone" "/workspace/cache/git-repos/https%3A%2F%2Fgithub.com%2FEmber1100%2Flists" "/workspace/builds/worker-1-tc2/source", kill_on_drop: false }`
[INFO] [stderr] Cloning into '/workspace/builds/worker-1-tc2/source'...
[INFO] [stderr] done.
[INFO] validating manifest of git repo https://github.com/Ember1100/lists on toolchain nightly-2025-01-18
[INFO] running `Command { std: CARGO_HOME="/workspace/cargo-home" RUSTUP_HOME="/workspace/rustup-home" "/workspace/cargo-home/bin/cargo" "+nightly-2025-01-18" "metadata" "--manifest-path" "Cargo.toml" "--no-deps", kill_on_drop: false }`
[INFO] started tweaking git repo https://github.com/Ember1100/lists
[INFO] finished tweaking git repo https://github.com/Ember1100/lists
[INFO] tweaked toml for git repo https://github.com/Ember1100/lists written to /workspace/builds/worker-1-tc2/source/Cargo.toml
[INFO] crate git repo https://github.com/Ember1100/lists already has a lockfile, it will not be regenerated
[INFO] running `Command { std: CARGO_HOME="/workspace/cargo-home" RUSTUP_HOME="/workspace/rustup-home" "/workspace/cargo-home/bin/cargo" "+nightly-2025-01-18" "fetch" "--manifest-path" "Cargo.toml", kill_on_drop: false }`
[INFO] running `Command { std: "docker" "create" "-v" "/var/lib/crater-agent-workspace/builds/worker-1-tc2/target:/opt/rustwide/target:rw,Z" "-v" "/var/lib/crater-agent-workspace/builds/worker-1-tc2/source:/opt/rustwide/workdir:ro,Z" "-v" "/var/lib/crater-agent-workspace/cargo-home:/opt/rustwide/cargo-home:ro,Z" "-v" "/var/lib/crater-agent-workspace/rustup-home:/opt/rustwide/rustup-home:ro,Z" "-e" "SOURCE_DIR=/opt/rustwide/workdir" "-e" "CARGO_TARGET_DIR=/opt/rustwide/target" "-e" "CARGO_HOME=/opt/rustwide/cargo-home" "-e" "RUSTUP_HOME=/opt/rustwide/rustup-home" "-w" "/opt/rustwide/workdir" "-m" "1610612736" "--user" "0:0" "--network" "none" "ghcr.io/rust-lang/crates-build-env/linux@sha256:819108c5571ea2e421544af4d832f968d213c87fbe3707a016657f43d2f853bc" "/opt/rustwide/cargo-home/bin/cargo" "+nightly-2025-01-18" "metadata" "--no-deps" "--format-version=1", kill_on_drop: false }`
[INFO] [stdout] 02fb50657a2c97b8669eeb5175ea4e8400171fadb0f6dc741b353499da3686df
[INFO] running `Command { std: "docker" "start" "-a" "02fb50657a2c97b8669eeb5175ea4e8400171fadb0f6dc741b353499da3686df", kill_on_drop: false }`
[INFO] running `Command { std: "docker" "inspect" "02fb50657a2c97b8669eeb5175ea4e8400171fadb0f6dc741b353499da3686df", kill_on_drop: false }`
[INFO] running `Command { std: "docker" "rm" "-f" "02fb50657a2c97b8669eeb5175ea4e8400171fadb0f6dc741b353499da3686df", kill_on_drop: false }`
[INFO] [stdout] 02fb50657a2c97b8669eeb5175ea4e8400171fadb0f6dc741b353499da3686df
[INFO] running `Command { std: "docker" "create" "-v" "/var/lib/crater-agent-workspace/builds/worker-1-tc2/target:/opt/rustwide/target:rw,Z" "-v" "/var/lib/crater-agent-workspace/builds/worker-1-tc2/source:/opt/rustwide/workdir:ro,Z" "-v" "/var/lib/crater-agent-workspace/cargo-home:/opt/rustwide/cargo-home:ro,Z" "-v" "/var/lib/crater-agent-workspace/rustup-home:/opt/rustwide/rustup-home:ro,Z" "-e" "SOURCE_DIR=/opt/rustwide/workdir" "-e" "CARGO_TARGET_DIR=/opt/rustwide/target" "-e" "CARGO_INCREMENTAL=0" "-e" "RUST_BACKTRACE=full" "-e" "RUSTFLAGS=--cap-lints=forbid -Zrandomize-layout" "-e" "RUSTDOCFLAGS=--cap-lints=forbid" "-e" "CARGO_HOME=/opt/rustwide/cargo-home" "-e" "RUSTUP_HOME=/opt/rustwide/rustup-home" "-w" "/opt/rustwide/workdir" "-m" "1610612736" "--user" "0:0" "--network" "none" "ghcr.io/rust-lang/crates-build-env/linux@sha256:819108c5571ea2e421544af4d832f968d213c87fbe3707a016657f43d2f853bc" "/opt/rustwide/cargo-home/bin/cargo" "+nightly-2025-01-18" "build" "--frozen" "--message-format=json", kill_on_drop: false }`
[INFO] [stdout] ab2bab6c02170058546755b45698d907c28ec891f565137b84b3be45afc00b0e
[INFO] running `Command { std: "docker" "start" "-a" "ab2bab6c02170058546755b45698d907c28ec891f565137b84b3be45afc00b0e", kill_on_drop: false }`
[INFO] [stderr]    Compiling lists v0.1.0 (/opt/rustwide/workdir)
[INFO] [stderr]     Finished `dev` profile [unoptimized + debuginfo] target(s) in 0.24s
[INFO] running `Command { std: "docker" "inspect" "ab2bab6c02170058546755b45698d907c28ec891f565137b84b3be45afc00b0e", kill_on_drop: false }`
[INFO] running `Command { std: "docker" "rm" "-f" "ab2bab6c02170058546755b45698d907c28ec891f565137b84b3be45afc00b0e", kill_on_drop: false }`
[INFO] [stdout] ab2bab6c02170058546755b45698d907c28ec891f565137b84b3be45afc00b0e
[INFO] running `Command { std: "docker" "create" "-v" "/var/lib/crater-agent-workspace/builds/worker-1-tc2/target:/opt/rustwide/target:rw,Z" "-v" "/var/lib/crater-agent-workspace/builds/worker-1-tc2/source:/opt/rustwide/workdir:ro,Z" "-v" "/var/lib/crater-agent-workspace/cargo-home:/opt/rustwide/cargo-home:ro,Z" "-v" "/var/lib/crater-agent-workspace/rustup-home:/opt/rustwide/rustup-home:ro,Z" "-e" "SOURCE_DIR=/opt/rustwide/workdir" "-e" "CARGO_TARGET_DIR=/opt/rustwide/target" "-e" "CARGO_INCREMENTAL=0" "-e" "RUST_BACKTRACE=full" "-e" "RUSTFLAGS=--cap-lints=forbid -Zrandomize-layout" "-e" "RUSTDOCFLAGS=--cap-lints=forbid" "-e" "CARGO_HOME=/opt/rustwide/cargo-home" "-e" "RUSTUP_HOME=/opt/rustwide/rustup-home" "-w" "/opt/rustwide/workdir" "-m" "1610612736" "--user" "0:0" "--network" "none" "ghcr.io/rust-lang/crates-build-env/linux@sha256:819108c5571ea2e421544af4d832f968d213c87fbe3707a016657f43d2f853bc" "/opt/rustwide/cargo-home/bin/cargo" "+nightly-2025-01-18" "test" "--frozen" "--no-run" "--message-format=json", kill_on_drop: false }`
[INFO] [stdout] b66ce4bcd68a4e1bc5f0536350b0a4a3842a5ea91d2c21eb5aee16073916a0cc
[INFO] running `Command { std: "docker" "start" "-a" "b66ce4bcd68a4e1bc5f0536350b0a4a3842a5ea91d2c21eb5aee16073916a0cc", kill_on_drop: false }`
[INFO] [stderr]    Compiling lists v0.1.0 (/opt/rustwide/workdir)
[INFO] [stderr]     Finished `test` profile [unoptimized + debuginfo] target(s) in 1.21s
[INFO] running `Command { std: "docker" "inspect" "b66ce4bcd68a4e1bc5f0536350b0a4a3842a5ea91d2c21eb5aee16073916a0cc", kill_on_drop: false }`
[INFO] running `Command { std: "docker" "rm" "-f" "b66ce4bcd68a4e1bc5f0536350b0a4a3842a5ea91d2c21eb5aee16073916a0cc", kill_on_drop: false }`
[INFO] [stdout] b66ce4bcd68a4e1bc5f0536350b0a4a3842a5ea91d2c21eb5aee16073916a0cc
[INFO] running `Command { std: "docker" "create" "-v" "/var/lib/crater-agent-workspace/builds/worker-1-tc2/target:/opt/rustwide/target:rw,Z" "-v" "/var/lib/crater-agent-workspace/builds/worker-1-tc2/source:/opt/rustwide/workdir:ro,Z" "-v" "/var/lib/crater-agent-workspace/cargo-home:/opt/rustwide/cargo-home:ro,Z" "-v" "/var/lib/crater-agent-workspace/rustup-home:/opt/rustwide/rustup-home:ro,Z" "-e" "SOURCE_DIR=/opt/rustwide/workdir" "-e" "CARGO_TARGET_DIR=/opt/rustwide/target" "-e" "CARGO_INCREMENTAL=0" "-e" "RUST_BACKTRACE=full" "-e" "RUSTFLAGS=--cap-lints=forbid -Zrandomize-layout" "-e" "RUSTDOCFLAGS=--cap-lints=forbid" "-e" "CARGO_HOME=/opt/rustwide/cargo-home" "-e" "RUSTUP_HOME=/opt/rustwide/rustup-home" "-w" "/opt/rustwide/workdir" "-m" "1610612736" "--user" "0:0" "--network" "none" "ghcr.io/rust-lang/crates-build-env/linux@sha256:819108c5571ea2e421544af4d832f968d213c87fbe3707a016657f43d2f853bc" "/opt/rustwide/cargo-home/bin/cargo" "+nightly-2025-01-18" "test" "--frozen", kill_on_drop: false }`
[INFO] [stdout] 4eaea3ae5a511d115914f527628e6e4d9157e9b63869f675d976e717f6380bef
[INFO] running `Command { std: "docker" "start" "-a" "4eaea3ae5a511d115914f527628e6e4d9157e9b63869f675d976e717f6380bef", kill_on_drop: false }`
[INFO] [stderr]     Finished `test` profile [unoptimized + debuginfo] target(s) in 0.02s
[INFO] [stderr]      Running unittests src/lib.rs (/opt/rustwide/target/debug/deps/lists-a81ad5babba9b5bc)
[INFO] [stdout] 
[INFO] [stdout] running 31 tests
[INFO] [stdout] test fifth::test::into_iter ... ok
[INFO] [stdout] test fifth::test::basics ... ok
[INFO] [stdout] test fifth::test::iter ... ok
[INFO] [stdout] test fifth::test::iter_mut ... ok
[INFO] [stdout] test fifth::test::miri_food ... ok
[INFO] [stdout] test linked_list::test::test_basic ... ok
[INFO] [stdout] test linked_list::test::test_basic_front ... ok
[INFO] [stdout] test linked_list::test::test_cursor_move_peek ... ok
[INFO] [stdout] test linked_list::test::test_cursor_mut_insert ... ok
[INFO] [stdout] test linked_list::test::test_eq ... ok
[INFO] [stdout] test linked_list::test::test_debug ... ok
[INFO] [stdout] test linked_list::test::test_hashmap ... ok
[INFO] [stdout] test linked_list::test::test_iterator ... ok
[INFO] [stdout] test linked_list::test::test_iterator_double_end ... ok
[INFO] [stdout] test linked_list::test::test_mut_iter ... ok
[INFO] [stdout] test linked_list::test::test_ord ... ok
[INFO] [stdout] test linked_list::test::test_rev_iter ... ok
[INFO] [stdout] test tests::basics ... ok
[INFO] [stdout] test tests::basics2 ... ok
[INFO] [stdout] test tests::basics3 ... ok
[INFO] [stdout] test tests::basics_third ... ok
[INFO] [stdout] test tests::fourth ... ok
[INFO] [stdout] test tests::fourth_into_iter ... ok
[INFO] [stdout] test tests::fourth_peek ... ok
[INFO] [stdout] test tests::into_iter ... ok
[INFO] [stdout] test linked_list::test::test_ord_nan ... ok
[INFO] [stdout] test tests::it_works ... ok
[INFO] [stdout] test tests::iter ... ok
[INFO] [stdout] test tests::iter_mut ... ok
[INFO] [stdout] test tests::iter_third ... ok
[INFO] [stdout] test linked_list::test::test_iterator_mut_double_end ... ok
[INFO] [stdout] 
[INFO] [stdout] test result: ok. 31 passed; 0 failed; 0 ignored; 0 measured; 0 filtered out; finished in 0.02s
[INFO] [stdout] 
[INFO] [stderr]    Doc-tests lists
[INFO] [stdout] 
[INFO] [stdout] running 1 test
[INFO] [stdout] test src/linked_list.rs - linked_list::assert_properties::iter_mut_invariant (line 742) - compile fail ... FAILED
[INFO] [stdout] 
[INFO] [stdout] failures:
[INFO] [stdout] 
[INFO] [stdout] ---- src/linked_list.rs - linked_list::assert_properties::iter_mut_invariant (line 742) stdout ----
[INFO] [stdout] error[E0432]: unresolved import `linked_list`
[INFO] [stdout]  --> src/linked_list.rs:743:5
[INFO] [stdout]   |
[INFO] [stdout] 3 | use linked_list::IterMut;
[INFO] [stdout]   |     ^^^^^^^^^^^ help: a similar path exists: `lists::linked_list`
[INFO] [stdout] 
[INFO] [stdout] error: aborting due to 1 previous error
[INFO] [stdout] 
[INFO] [stdout] For more information about this error, try `rustc --explain E0432`.
[INFO] [stdout] Some expected error codes were not found: ["E0308"]
[INFO] [stdout] 
[INFO] [stdout] failures:
[INFO] [stdout]     src/linked_list.rs - linked_list::assert_properties::iter_mut_invariant (line 742)
[INFO] [stdout] 
[INFO] [stdout] test result: FAILED. 0 passed; 1 failed; 0 ignored; 0 measured; 0 filtered out; finished in 0.04s
[INFO] [stdout] 
[INFO] [stderr] error: doctest failed, to rerun pass `--doc`
[INFO] running `Command { std: "docker" "inspect" "4eaea3ae5a511d115914f527628e6e4d9157e9b63869f675d976e717f6380bef", kill_on_drop: false }`
[INFO] running `Command { std: "docker" "rm" "-f" "4eaea3ae5a511d115914f527628e6e4d9157e9b63869f675d976e717f6380bef", kill_on_drop: false }`
[INFO] [stdout] 4eaea3ae5a511d115914f527628e6e4d9157e9b63869f675d976e717f6380bef
