[INFO] cloning repository https://github.com/Elvyria/thumbnailer-bridge
[INFO] running `Command { std: "git" "-c" "credential.helper=" "-c" "credential.helper=/workspace/cargo-home/bin/git-credential-null" "clone" "--bare" "https://github.com/Elvyria/thumbnailer-bridge" "/workspace/cache/git-repos/https%3A%2F%2Fgithub.com%2FElvyria%2Fthumbnailer-bridge", kill_on_drop: false }`
[INFO] [stderr] Cloning into bare repository '/workspace/cache/git-repos/https%3A%2F%2Fgithub.com%2FElvyria%2Fthumbnailer-bridge'...
[INFO] running `Command { std: "git" "rev-parse" "HEAD", kill_on_drop: false }`
[INFO] [stdout] df5cdd87c087d3c4def0fff7988fa3be5059a5c0
[INFO] testing Elvyria/thumbnailer-bridge against nightly-2025-01-18+rustflags=-Zrandomize-layout for randomize-layout-2
[INFO] running `Command { std: "git" "clone" "/workspace/cache/git-repos/https%3A%2F%2Fgithub.com%2FElvyria%2Fthumbnailer-bridge" "/workspace/builds/worker-1-tc2/source", kill_on_drop: false }`
[INFO] [stderr] Cloning into '/workspace/builds/worker-1-tc2/source'...
[INFO] [stderr] done.
[INFO] validating manifest of git repo https://github.com/Elvyria/thumbnailer-bridge on toolchain nightly-2025-01-18
[INFO] running `Command { std: CARGO_HOME="/workspace/cargo-home" RUSTUP_HOME="/workspace/rustup-home" "/workspace/cargo-home/bin/cargo" "+nightly-2025-01-18" "metadata" "--manifest-path" "Cargo.toml" "--no-deps", kill_on_drop: false }`
[INFO] started tweaking git repo https://github.com/Elvyria/thumbnailer-bridge
[INFO] finished tweaking git repo https://github.com/Elvyria/thumbnailer-bridge
[INFO] tweaked toml for git repo https://github.com/Elvyria/thumbnailer-bridge written to /workspace/builds/worker-1-tc2/source/Cargo.toml
[INFO] crate git repo https://github.com/Elvyria/thumbnailer-bridge already has a lockfile, it will not be regenerated
[INFO] running `Command { std: CARGO_HOME="/workspace/cargo-home" RUSTUP_HOME="/workspace/rustup-home" "/workspace/cargo-home/bin/cargo" "+nightly-2025-01-18" "fetch" "--manifest-path" "Cargo.toml", kill_on_drop: false }`
[INFO] [stderr]     Blocking waiting for file lock on package cache
[INFO] [stderr]     Blocking waiting for file lock on package cache
[INFO] running `Command { std: "docker" "create" "-v" "/var/lib/crater-agent-workspace/builds/worker-1-tc2/target:/opt/rustwide/target:rw,Z" "-v" "/var/lib/crater-agent-workspace/builds/worker-1-tc2/source:/opt/rustwide/workdir:ro,Z" "-v" "/var/lib/crater-agent-workspace/cargo-home:/opt/rustwide/cargo-home:ro,Z" "-v" "/var/lib/crater-agent-workspace/rustup-home:/opt/rustwide/rustup-home:ro,Z" "-e" "SOURCE_DIR=/opt/rustwide/workdir" "-e" "CARGO_TARGET_DIR=/opt/rustwide/target" "-e" "CARGO_HOME=/opt/rustwide/cargo-home" "-e" "RUSTUP_HOME=/opt/rustwide/rustup-home" "-w" "/opt/rustwide/workdir" "-m" "1610612736" "--user" "0:0" "--network" "none" "ghcr.io/rust-lang/crates-build-env/linux@sha256:819108c5571ea2e421544af4d832f968d213c87fbe3707a016657f43d2f853bc" "/opt/rustwide/cargo-home/bin/cargo" "+nightly-2025-01-18" "metadata" "--no-deps" "--format-version=1", kill_on_drop: false }`
[INFO] [stdout] 9e4c15d11ffd189b2005564e02122d1910b2abf55ac13dad92db602d7f63a4d1
[INFO] running `Command { std: "docker" "start" "-a" "9e4c15d11ffd189b2005564e02122d1910b2abf55ac13dad92db602d7f63a4d1", kill_on_drop: false }`
[INFO] running `Command { std: "docker" "inspect" "9e4c15d11ffd189b2005564e02122d1910b2abf55ac13dad92db602d7f63a4d1", kill_on_drop: false }`
[INFO] running `Command { std: "docker" "rm" "-f" "9e4c15d11ffd189b2005564e02122d1910b2abf55ac13dad92db602d7f63a4d1", kill_on_drop: false }`
[INFO] [stdout] 9e4c15d11ffd189b2005564e02122d1910b2abf55ac13dad92db602d7f63a4d1
[INFO] running `Command { std: "docker" "create" "-v" "/var/lib/crater-agent-workspace/builds/worker-1-tc2/target:/opt/rustwide/target:rw,Z" "-v" "/var/lib/crater-agent-workspace/builds/worker-1-tc2/source:/opt/rustwide/workdir:ro,Z" "-v" "/var/lib/crater-agent-workspace/cargo-home:/opt/rustwide/cargo-home:ro,Z" "-v" "/var/lib/crater-agent-workspace/rustup-home:/opt/rustwide/rustup-home:ro,Z" "-e" "SOURCE_DIR=/opt/rustwide/workdir" "-e" "CARGO_TARGET_DIR=/opt/rustwide/target" "-e" "CARGO_INCREMENTAL=0" "-e" "RUST_BACKTRACE=full" "-e" "RUSTFLAGS=--cap-lints=forbid -Zrandomize-layout" "-e" "RUSTDOCFLAGS=--cap-lints=forbid" "-e" "CARGO_HOME=/opt/rustwide/cargo-home" "-e" "RUSTUP_HOME=/opt/rustwide/rustup-home" "-w" "/opt/rustwide/workdir" "-m" "1610612736" "--user" "0:0" "--network" "none" "ghcr.io/rust-lang/crates-build-env/linux@sha256:819108c5571ea2e421544af4d832f968d213c87fbe3707a016657f43d2f853bc" "/opt/rustwide/cargo-home/bin/cargo" "+nightly-2025-01-18" "build" "--frozen" "--message-format=json", kill_on_drop: false }`
[INFO] [stdout] e987ee599031bcc423401b6575e1e9bd7c766dfc2fe67ad8bfaaf90104387b3b
[INFO] running `Command { std: "docker" "start" "-a" "e987ee599031bcc423401b6575e1e9bd7c766dfc2fe67ad8bfaaf90104387b3b", kill_on_drop: false }`
[INFO] [stderr]    Compiling autocfg v1.1.0
[INFO] [stderr]    Compiling libc v0.2.146
[INFO] [stderr]    Compiling proc-macro2 v1.0.60
[INFO] [stderr]    Compiling unicode-ident v1.0.9
[INFO] [stderr]    Compiling quote v1.0.28
[INFO] [stderr]    Compiling bitflags v1.3.2
[INFO] [stderr]    Compiling crossbeam-utils v0.8.16
[INFO] [stderr]    Compiling io-lifetimes v1.0.11
[INFO] [stderr]    Compiling rustix v0.37.20
[INFO] [stderr]    Compiling linux-raw-sys v0.3.8
[INFO] [stderr]    Compiling memchr v2.5.0
[INFO] [stderr]    Compiling syn v1.0.109
[INFO] [stderr]    Compiling once_cell v1.18.0
[INFO] [stderr]    Compiling utf8parse v0.2.1
[INFO] [stderr]    Compiling colorchoice v1.0.0
[INFO] [stderr]    Compiling hashbrown v0.12.3
[INFO] [stderr]    Compiling rayon-core v1.11.0
[INFO] [stderr]    Compiling anstyle-query v1.0.0
[INFO] [stderr]    Compiling anstyle v1.0.0
[INFO] [stderr]    Compiling anstyle-parse v0.2.0
[INFO] [stderr]    Compiling thiserror v1.0.40
[INFO] [stderr]    Compiling clap_lex v0.5.0
[INFO] [stderr]    Compiling anyhow v1.0.71
[INFO] [stderr]    Compiling heck v0.4.1
[INFO] [stderr]    Compiling minimal-lexical v0.2.1
[INFO] [stderr]    Compiling memoffset v0.9.0
[INFO] [stderr]    Compiling crossbeam-epoch v0.9.15
[INFO] [stderr]    Compiling memoffset v0.7.1
[INFO] [stderr]    Compiling indexmap v1.9.3
[INFO] [stderr]    Compiling strsim v0.10.0
[INFO] [stderr]    Compiling fixedbitset v0.4.2
[INFO] [stderr]    Compiling path-dedot v3.1.0
[INFO] [stderr]    Compiling either v1.8.1
[INFO] [stderr]    Compiling bytecount v0.6.3
[INFO] [stderr]    Compiling path-absolutize v3.1.0
[INFO] [stderr]    Compiling crossbeam-channel v0.5.8
[INFO] [stderr]    Compiling md5 v0.7.0
[INFO] [stderr]    Compiling nom v7.1.3
[INFO] [stderr]    Compiling crossbeam-deque v0.8.3
[INFO] [stderr]    Compiling syn v2.0.18
[INFO] [stderr]    Compiling petgraph v0.6.3
[INFO] [stderr]    Compiling num_cpus v1.15.0
[INFO] [stderr]    Compiling nix v0.26.2
[INFO] [stderr]    Compiling rustbus_derive v0.5.0
[INFO] [stderr]    Compiling rayon v1.7.0
[INFO] [stderr]    Compiling tree_magic_mini v3.0.3
[INFO] [stderr]    Compiling is-terminal v0.4.7
[INFO] [stderr]    Compiling anstream v0.3.2
[INFO] [stderr]    Compiling clap_builder v4.3.4
[INFO] [stderr]    Compiling thiserror-impl v1.0.40
[INFO] [stderr]    Compiling clap_derive v4.3.2
[INFO] [stderr]    Compiling rustbus v0.19.2
[INFO] [stderr]    Compiling clap v4.3.4
[INFO] [stderr]    Compiling thumbnailer-bridge v0.1.2 (/opt/rustwide/workdir)
[INFO] [stdout] warning: unreachable expression
[INFO] [stdout]   --> src/rpc.rs:95:5
[INFO] [stdout]    |
[INFO] [stdout] 81 | /     loop {
[INFO] [stdout] 82 | |         let signal = conn.wait_signal(Timeout::Infinite)?;
[INFO] [stdout] 83 | |
[INFO] [stdout] 84 | |         if signal.dynheader.signature == Some("uas".to_owned()) {
[INFO] [stdout] ...  |
[INFO] [stdout] 93 | |     }
[INFO] [stdout]    | |_____- any code following this expression is unreachable
[INFO] [stdout] 94 |
[INFO] [stdout] 95 |       Ok(())
[INFO] [stdout]    |       ^^^^^^ unreachable expression
[INFO] [stdout]    |
[INFO] [stdout]    = note: `#[warn(unreachable_code)]` on by default
[INFO] [stdout] 
[INFO] [stdout] 
[INFO] [stderr]     Finished `dev` profile [unoptimized + debuginfo] target(s) in 42.03s
[INFO] running `Command { std: "docker" "inspect" "e987ee599031bcc423401b6575e1e9bd7c766dfc2fe67ad8bfaaf90104387b3b", kill_on_drop: false }`
[INFO] running `Command { std: "docker" "rm" "-f" "e987ee599031bcc423401b6575e1e9bd7c766dfc2fe67ad8bfaaf90104387b3b", kill_on_drop: false }`
[INFO] [stdout] e987ee599031bcc423401b6575e1e9bd7c766dfc2fe67ad8bfaaf90104387b3b
[INFO] running `Command { std: "docker" "create" "-v" "/var/lib/crater-agent-workspace/builds/worker-1-tc2/target:/opt/rustwide/target:rw,Z" "-v" "/var/lib/crater-agent-workspace/builds/worker-1-tc2/source:/opt/rustwide/workdir:ro,Z" "-v" "/var/lib/crater-agent-workspace/cargo-home:/opt/rustwide/cargo-home:ro,Z" "-v" "/var/lib/crater-agent-workspace/rustup-home:/opt/rustwide/rustup-home:ro,Z" "-e" "SOURCE_DIR=/opt/rustwide/workdir" "-e" "CARGO_TARGET_DIR=/opt/rustwide/target" "-e" "CARGO_INCREMENTAL=0" "-e" "RUST_BACKTRACE=full" "-e" "RUSTFLAGS=--cap-lints=forbid -Zrandomize-layout" "-e" "RUSTDOCFLAGS=--cap-lints=forbid" "-e" "CARGO_HOME=/opt/rustwide/cargo-home" "-e" "RUSTUP_HOME=/opt/rustwide/rustup-home" "-w" "/opt/rustwide/workdir" "-m" "1610612736" "--user" "0:0" "--network" "none" "ghcr.io/rust-lang/crates-build-env/linux@sha256:819108c5571ea2e421544af4d832f968d213c87fbe3707a016657f43d2f853bc" "/opt/rustwide/cargo-home/bin/cargo" "+nightly-2025-01-18" "test" "--frozen" "--no-run" "--message-format=json", kill_on_drop: false }`
[INFO] [stdout] ede351adcd57363b7b7f953f1ee69a62fbf63fb64cfe8422f57fd0fd1c7d6e03
[INFO] running `Command { std: "docker" "start" "-a" "ede351adcd57363b7b7f953f1ee69a62fbf63fb64cfe8422f57fd0fd1c7d6e03", kill_on_drop: false }`
[INFO] [stderr]    Compiling filetime v0.2.21
[INFO] [stderr]    Compiling thumbnailer-bridge v0.1.2 (/opt/rustwide/workdir)
[INFO] [stdout] warning: unreachable expression
[INFO] [stdout]   --> src/rpc.rs:95:5
[INFO] [stdout]    |
[INFO] [stdout] 81 | /     loop {
[INFO] [stdout] 82 | |         let signal = conn.wait_signal(Timeout::Infinite)?;
[INFO] [stdout] 83 | |
[INFO] [stdout] 84 | |         if signal.dynheader.signature == Some("uas".to_owned()) {
[INFO] [stdout] ...  |
[INFO] [stdout] 93 | |     }
[INFO] [stdout]    | |_____- any code following this expression is unreachable
[INFO] [stdout] 94 |
[INFO] [stdout] 95 |       Ok(())
[INFO] [stdout]    |       ^^^^^^ unreachable expression
[INFO] [stdout]    |
[INFO] [stdout]    = note: `#[warn(unreachable_code)]` on by default
[INFO] [stdout] 
[INFO] [stdout] 
[INFO] [stderr]     Finished `test` profile [unoptimized + debuginfo] target(s) in 1.60s
[INFO] running `Command { std: "docker" "inspect" "ede351adcd57363b7b7f953f1ee69a62fbf63fb64cfe8422f57fd0fd1c7d6e03", kill_on_drop: false }`
[INFO] running `Command { std: "docker" "rm" "-f" "ede351adcd57363b7b7f953f1ee69a62fbf63fb64cfe8422f57fd0fd1c7d6e03", kill_on_drop: false }`
[INFO] [stdout] ede351adcd57363b7b7f953f1ee69a62fbf63fb64cfe8422f57fd0fd1c7d6e03
[INFO] running `Command { std: "docker" "create" "-v" "/var/lib/crater-agent-workspace/builds/worker-1-tc2/target:/opt/rustwide/target:rw,Z" "-v" "/var/lib/crater-agent-workspace/builds/worker-1-tc2/source:/opt/rustwide/workdir:ro,Z" "-v" "/var/lib/crater-agent-workspace/cargo-home:/opt/rustwide/cargo-home:ro,Z" "-v" "/var/lib/crater-agent-workspace/rustup-home:/opt/rustwide/rustup-home:ro,Z" "-e" "SOURCE_DIR=/opt/rustwide/workdir" "-e" "CARGO_TARGET_DIR=/opt/rustwide/target" "-e" "CARGO_INCREMENTAL=0" "-e" "RUST_BACKTRACE=full" "-e" "RUSTFLAGS=--cap-lints=forbid -Zrandomize-layout" "-e" "RUSTDOCFLAGS=--cap-lints=forbid" "-e" "CARGO_HOME=/opt/rustwide/cargo-home" "-e" "RUSTUP_HOME=/opt/rustwide/rustup-home" "-w" "/opt/rustwide/workdir" "-m" "1610612736" "--user" "0:0" "--network" "none" "ghcr.io/rust-lang/crates-build-env/linux@sha256:819108c5571ea2e421544af4d832f968d213c87fbe3707a016657f43d2f853bc" "/opt/rustwide/cargo-home/bin/cargo" "+nightly-2025-01-18" "test" "--frozen", kill_on_drop: false }`
[INFO] [stdout] ed56e6cea2e955c995eb1c3a00e513d9737b226d5716b6ea0264b901213c7147
[INFO] running `Command { std: "docker" "start" "-a" "ed56e6cea2e955c995eb1c3a00e513d9737b226d5716b6ea0264b901213c7147", kill_on_drop: false }`
[INFO] [stderr] warning: unreachable expression
[INFO] [stderr]   --> src/rpc.rs:95:5
[INFO] [stderr]    |
[INFO] [stderr] 81 | /     loop {
[INFO] [stderr] 82 | |         let signal = conn.wait_signal(Timeout::Infinite)?;
[INFO] [stderr] 83 | |
[INFO] [stderr] 84 | |         if signal.dynheader.signature == Some("uas".to_owned()) {
[INFO] [stderr] ...  |
[INFO] [stderr] 93 | |     }
[INFO] [stderr]    | |_____- any code following this expression is unreachable
[INFO] [stderr] 94 |
[INFO] [stderr] 95 |       Ok(())
[INFO] [stderr]    |       ^^^^^^ unreachable expression
[INFO] [stderr]    |
[INFO] [stderr]    = note: `#[warn(unreachable_code)]` on by default
[INFO] [stderr] 
[INFO] [stderr] warning: `thumbnailer-bridge` (bin "thumbnailer-bridge" test) generated 1 warning
[INFO] [stderr]     Finished `test` profile [unoptimized + debuginfo] target(s) in 0.12s
[INFO] [stdout] 
[INFO] [stderr]      Running unittests src/main.rs (/opt/rustwide/target/debug/deps/thumbnailer_bridge-87fe2ece44fc5661)
[INFO] [stdout] running 3 tests
[INFO] [stdout] test png::tests::mtime ... ok
[INFO] [stdout] test uri::tests::file ... ok
[INFO] [stdout] test tests::thumbnail_is_valid ... FAILED
[INFO] [stdout] 
[INFO] [stdout] failures:
[INFO] [stdout] 
[INFO] [stdout] ---- tests::thumbnail_is_valid stdout ----
[INFO] [stdout] 
[INFO] [stdout] thread 'tests::thumbnail_is_valid' panicked at src/main.rs:280:66:
[INFO] [stdout] called `Result::unwrap()` on an `Err` value: Os { code: 30, kind: ReadOnlyFilesystem, message: "Read-only file system" }
[INFO] [stdout] stack backtrace:
[INFO] [stdout]    0:     0x60632d45e15a - std::backtrace_rs::backtrace::libunwind::trace::hb059275cfc8d6126
[INFO] [stdout]                                at /rustc/6067b36314ab5eb2eb47cecc464545ba58e1ad24/library/std/src/../../backtrace/src/backtrace/libunwind.rs:116:5
[INFO] [stdout]    1:     0x60632d45e15a - std::backtrace_rs::backtrace::trace_unsynchronized::h2da071e4327ce3ee
[INFO] [stdout]                                at /rustc/6067b36314ab5eb2eb47cecc464545ba58e1ad24/library/std/src/../../backtrace/src/backtrace/mod.rs:66:5
[INFO] [stdout]    2:     0x60632d45e15a - std::sys::backtrace::_print_fmt::h842a1474e6f8d23f
[INFO] [stdout]                                at /rustc/6067b36314ab5eb2eb47cecc464545ba58e1ad24/library/std/src/sys/backtrace.rs:66:9
[INFO] [stdout]    3:     0x60632d45e15a - <std::sys::backtrace::BacktraceLock::print::DisplayBacktrace as core::fmt::Display>::fmt::h71a62eb3b9696b12
[INFO] [stdout]                                at /rustc/6067b36314ab5eb2eb47cecc464545ba58e1ad24/library/std/src/sys/backtrace.rs:39:26
[INFO] [stdout]    4:     0x60632d485703 - core::fmt::rt::Argument::fmt::hdb6b616786b41dc1
[INFO] [stdout]                                at /rustc/6067b36314ab5eb2eb47cecc464545ba58e1ad24/library/core/src/fmt/rt.rs:177:76
[INFO] [stdout]    5:     0x60632d485703 - core::fmt::write::h2cc1698af7e2d686
[INFO] [stdout]                                at /rustc/6067b36314ab5eb2eb47cecc464545ba58e1ad24/library/core/src/fmt/mod.rs:1440:21
[INFO] [stdout]    6:     0x60632d45acb3 - std::io::Write::write_fmt::hab1b4cd059a79022
[INFO] [stdout]                                at /rustc/6067b36314ab5eb2eb47cecc464545ba58e1ad24/library/std/src/io/mod.rs:1887:15
[INFO] [stdout]    7:     0x60632d45dfa2 - std::sys::backtrace::BacktraceLock::print::h147fe35b4ea13b08
[INFO] [stdout]                                at /rustc/6067b36314ab5eb2eb47cecc464545ba58e1ad24/library/std/src/sys/backtrace.rs:42:9
[INFO] [stdout]    8:     0x60632d45f57f - std::panicking::default_hook::{{closure}}::hbd44223dbdc0d208
[INFO] [stdout]                                at /rustc/6067b36314ab5eb2eb47cecc464545ba58e1ad24/library/std/src/panicking.rs:298:22
[INFO] [stdout]    9:     0x60632d45f398 - std::panicking::default_hook::h20f81eb0576efcec
[INFO] [stdout]                                at /rustc/6067b36314ab5eb2eb47cecc464545ba58e1ad24/library/std/src/panicking.rs:322:9
[INFO] [stdout]   10:     0x60632d41ef53 - <alloc::boxed::Box<F,A> as core::ops::function::Fn<Args>>::call::hdb53814c496a4d34
[INFO] [stdout]                                at /rustc/6067b36314ab5eb2eb47cecc464545ba58e1ad24/library/alloc/src/boxed.rs:2027:9
[INFO] [stdout]   11:     0x60632d41ef53 - test::test_main::{{closure}}::hc0a4963c59427c24
[INFO] [stdout]                                at /rustc/6067b36314ab5eb2eb47cecc464545ba58e1ad24/library/test/src/lib.rs:134:21
[INFO] [stdout]   12:     0x60632d460073 - <alloc::boxed::Box<F,A> as core::ops::function::Fn<Args>>::call::h591b2225413a77e9
[INFO] [stdout]                                at /rustc/6067b36314ab5eb2eb47cecc464545ba58e1ad24/library/alloc/src/boxed.rs:2027:9
[INFO] [stdout]   13:     0x60632d460073 - std::panicking::rust_panic_with_hook::h625eea43051b2edc
[INFO] [stdout]                                at /rustc/6067b36314ab5eb2eb47cecc464545ba58e1ad24/library/std/src/panicking.rs:839:13
[INFO] [stdout]   14:     0x60632d45fd2a - std::panicking::begin_panic_handler::{{closure}}::h4f9159cfbc3f6bd3
[INFO] [stdout]                                at /rustc/6067b36314ab5eb2eb47cecc464545ba58e1ad24/library/std/src/panicking.rs:704:13
[INFO] [stdout]   15:     0x60632d45e659 - std::sys::backtrace::__rust_end_short_backtrace::h0390abce48353151
[INFO] [stdout]                                at /rustc/6067b36314ab5eb2eb47cecc464545ba58e1ad24/library/std/src/sys/backtrace.rs:168:18
[INFO] [stdout]   16:     0x60632d45f9bd - rust_begin_unwind
[INFO] [stdout]                                at /rustc/6067b36314ab5eb2eb47cecc464545ba58e1ad24/library/std/src/panicking.rs:695:5
[INFO] [stdout]   17:     0x60632d4841b0 - core::panicking::panic_fmt::h9e7c637e9e5f29c9
[INFO] [stdout]                                at /rustc/6067b36314ab5eb2eb47cecc464545ba58e1ad24/library/core/src/panicking.rs:75:14
[INFO] [stdout]   18:     0x60632d484556 - core::result::unwrap_failed::h7979f09313fe1849
[INFO] [stdout]                                at /rustc/6067b36314ab5eb2eb47cecc464545ba58e1ad24/library/core/src/result.rs:1704:5
[INFO] [stdout]   19:     0x60632d3e4b0d - core::result::Result<T,E>::unwrap::h69ee1c051072c772
[INFO] [stdout]                                at /rustc/6067b36314ab5eb2eb47cecc464545ba58e1ad24/library/core/src/result.rs:1109:23
[INFO] [stdout]   20:     0x60632d3e4b0d - thumbnailer_bridge::tests::thumbnail_is_valid::hd633a0624b8bac76
[INFO] [stdout]                                at /opt/rustwide/workdir/src/main.rs:280:9
[INFO] [stdout]   21:     0x60632d3e4a57 - thumbnailer_bridge::tests::thumbnail_is_valid::{{closure}}::h57a97733f4b776f5
[INFO] [stdout]                                at /opt/rustwide/workdir/src/main.rs:278:28
[INFO] [stdout]   22:     0x60632d3e1b66 - core::ops::function::FnOnce::call_once::h39d225e6336e9ffa
[INFO] [stdout]                                at /rustc/6067b36314ab5eb2eb47cecc464545ba58e1ad24/library/core/src/ops/function.rs:250:5
[INFO] [stdout]   23:     0x60632d4246ab - core::ops::function::FnOnce::call_once::he27718dfdd183f43
[INFO] [stdout]                                at /rustc/6067b36314ab5eb2eb47cecc464545ba58e1ad24/library/core/src/ops/function.rs:250:5
[INFO] [stdout]   24:     0x60632d4246ab - test::__rust_begin_short_backtrace::h4e84902998457a5d
[INFO] [stdout]                                at /rustc/6067b36314ab5eb2eb47cecc464545ba58e1ad24/library/test/src/lib.rs:632:18
[INFO] [stdout]   25:     0x60632d4235e3 - test::run_test_in_process::{{closure}}::h7176fd18fc1feca0
[INFO] [stdout]                                at /rustc/6067b36314ab5eb2eb47cecc464545ba58e1ad24/library/test/src/lib.rs:655:60
[INFO] [stdout]   26:     0x60632d4235e3 - <core::panic::unwind_safe::AssertUnwindSafe<F> as core::ops::function::FnOnce<()>>::call_once::hf79cff2a624d8cf7
[INFO] [stdout]                                at /rustc/6067b36314ab5eb2eb47cecc464545ba58e1ad24/library/core/src/panic/unwind_safe.rs:272:9
[INFO] [stdout]   27:     0x60632d4235e3 - std::panicking::try::do_call::h3da0561d9ab99c25
[INFO] [stdout]                                at /rustc/6067b36314ab5eb2eb47cecc464545ba58e1ad24/library/std/src/panicking.rs:587:40
[INFO] [stdout]   28:     0x60632d4235e3 - std::panicking::try::h41c9fa508bc61df6
[INFO] [stdout]                                at /rustc/6067b36314ab5eb2eb47cecc464545ba58e1ad24/library/std/src/panicking.rs:550:19
[INFO] [stdout]   29:     0x60632d4235e3 - std::panic::catch_unwind::h6b3ff07bb5afad93
[INFO] [stdout]                                at /rustc/6067b36314ab5eb2eb47cecc464545ba58e1ad24/library/std/src/panic.rs:358:14
[INFO] [stdout]   30:     0x60632d4235e3 - test::run_test_in_process::hc7253dd11b39b9f4
[INFO] [stdout]                                at /rustc/6067b36314ab5eb2eb47cecc464545ba58e1ad24/library/test/src/lib.rs:655:27
[INFO] [stdout]   31:     0x60632d4235e3 - test::run_test::{{closure}}::hfb2007f8649c30bb
[INFO] [stdout]                                at /rustc/6067b36314ab5eb2eb47cecc464545ba58e1ad24/library/test/src/lib.rs:576:43
[INFO] [stdout]   32:     0x60632d3e66c5 - test::run_test::{{closure}}::h56a17aa7a282a9f4
[INFO] [stdout]                                at /rustc/6067b36314ab5eb2eb47cecc464545ba58e1ad24/library/test/src/lib.rs:606:41
[INFO] [stdout]   33:     0x60632d3e66c5 - std::sys::backtrace::__rust_begin_short_backtrace::hd2d2d2fb8e8c6aac
[INFO] [stdout]                                at /rustc/6067b36314ab5eb2eb47cecc464545ba58e1ad24/library/std/src/sys/backtrace.rs:152:18
[INFO] [stdout]   34:     0x60632d3e9faa - std::thread::Builder::spawn_unchecked_::{{closure}}::{{closure}}::h4faa3f9db6133423
[INFO] [stdout]                                at /rustc/6067b36314ab5eb2eb47cecc464545ba58e1ad24/library/std/src/thread/mod.rs:559:17
[INFO] [stdout]   35:     0x60632d3e9faa - <core::panic::unwind_safe::AssertUnwindSafe<F> as core::ops::function::FnOnce<()>>::call_once::hf2e855a36a4ea846
[INFO] [stdout]                                at /rustc/6067b36314ab5eb2eb47cecc464545ba58e1ad24/library/core/src/panic/unwind_safe.rs:272:9
[INFO] [stdout]   36:     0x60632d3e9faa - std::panicking::try::do_call::h2f73af3616c35465
[INFO] [stdout]                                at /rustc/6067b36314ab5eb2eb47cecc464545ba58e1ad24/library/std/src/panicking.rs:587:40
[INFO] [stdout]   37:     0x60632d3e9faa - std::panicking::try::hd1660ce9efadef5a
[INFO] [stdout]                                at /rustc/6067b36314ab5eb2eb47cecc464545ba58e1ad24/library/std/src/panicking.rs:550:19
[INFO] [stdout]   38:     0x60632d3e9faa - std::panic::catch_unwind::h5ee8d7823b8ca744
[INFO] [stdout]                                at /rustc/6067b36314ab5eb2eb47cecc464545ba58e1ad24/library/std/src/panic.rs:358:14
[INFO] [stdout]   39:     0x60632d3e9faa - std::thread::Builder::spawn_unchecked_::{{closure}}::h53c3a1894dce8407
[INFO] [stdout]                                at /rustc/6067b36314ab5eb2eb47cecc464545ba58e1ad24/library/std/src/thread/mod.rs:557:30
[INFO] [stdout]   40:     0x60632d3e9faa - core::ops::function::FnOnce::call_once{{vtable.shim}}::h048ce291ad4f62bf
[INFO] [stdout]                                at /rustc/6067b36314ab5eb2eb47cecc464545ba58e1ad24/library/core/src/ops/function.rs:250:5
[INFO] [stdout]   41:     0x60632d463fbb - <alloc::boxed::Box<F,A> as core::ops::function::FnOnce<Args>>::call_once::ha52bedf99a3b4981
[INFO] [stdout]                                at /rustc/6067b36314ab5eb2eb47cecc464545ba58e1ad24/library/alloc/src/boxed.rs:2013:9
[INFO] [stdout]   42:     0x60632d463fbb - <alloc::boxed::Box<F,A> as core::ops::function::FnOnce<Args>>::call_once::h567748934d80ccf8
[INFO] [stdout]                                at /rustc/6067b36314ab5eb2eb47cecc464545ba58e1ad24/library/alloc/src/boxed.rs:2013:9
[INFO] [stdout]   43:     0x60632d463fbb - std::sys::pal::unix::thread::Thread::new::thread_start::h2d970728ae887adc
[INFO] [stdout]                                at /rustc/6067b36314ab5eb2eb47cecc464545ba58e1ad24/library/std/src/sys/pal/unix/thread.rs:106:17
[INFO] [stdout]   44:     0x76b3b5542ac3 - <unknown>
[INFO] [stdout]   45:     0x76b3b55d3a04 - clone
[INFO] [stdout]   46:                0x0 - <unknown>
[INFO] [stdout] 
[INFO] [stdout] 
[INFO] [stdout] failures:
[INFO] [stdout]     tests::thumbnail_is_valid
[INFO] [stdout] 
[INFO] [stdout] test result: FAILED. 2 passed; 1 failed; 0 ignored; 0 measured; 0 filtered out; finished in 0.10s
[INFO] [stdout] 
[INFO] [stderr] error: test failed, to rerun pass `--bin thumbnailer-bridge`
[INFO] running `Command { std: "docker" "inspect" "ed56e6cea2e955c995eb1c3a00e513d9737b226d5716b6ea0264b901213c7147", kill_on_drop: false }`
[INFO] running `Command { std: "docker" "rm" "-f" "ed56e6cea2e955c995eb1c3a00e513d9737b226d5716b6ea0264b901213c7147", kill_on_drop: false }`
[INFO] [stdout] ed56e6cea2e955c995eb1c3a00e513d9737b226d5716b6ea0264b901213c7147
