[INFO] cloning repository https://github.com/EluvK/cli-tools-rs
[INFO] running `Command { std: "git" "-c" "credential.helper=" "-c" "credential.helper=/workspace/cargo-home/bin/git-credential-null" "clone" "--bare" "https://github.com/EluvK/cli-tools-rs" "/workspace/cache/git-repos/https%3A%2F%2Fgithub.com%2FEluvK%2Fcli-tools-rs", kill_on_drop: false }`
[INFO] [stderr] Cloning into bare repository '/workspace/cache/git-repos/https%3A%2F%2Fgithub.com%2FEluvK%2Fcli-tools-rs'...
[INFO] running `Command { std: "git" "rev-parse" "HEAD", kill_on_drop: false }`
[INFO] [stdout] f8ca6ed1e3b9be2d6f75678a14af2b27aede6207
[INFO] testing EluvK/cli-tools-rs against nightly-2025-01-18 for randomize-layout-2
[INFO] running `Command { std: "git" "clone" "/workspace/cache/git-repos/https%3A%2F%2Fgithub.com%2FEluvK%2Fcli-tools-rs" "/workspace/builds/worker-1-tc1/source", kill_on_drop: false }`
[INFO] [stderr] Cloning into '/workspace/builds/worker-1-tc1/source'...
[INFO] [stderr] done.
[INFO] validating manifest of git repo https://github.com/EluvK/cli-tools-rs on toolchain nightly-2025-01-18
[INFO] running `Command { std: CARGO_HOME="/workspace/cargo-home" RUSTUP_HOME="/workspace/rustup-home" "/workspace/cargo-home/bin/cargo" "+nightly-2025-01-18" "metadata" "--manifest-path" "Cargo.toml" "--no-deps", kill_on_drop: false }`
[INFO] started tweaking git repo https://github.com/EluvK/cli-tools-rs
[INFO] finished tweaking git repo https://github.com/EluvK/cli-tools-rs
[INFO] tweaked toml for git repo https://github.com/EluvK/cli-tools-rs written to /workspace/builds/worker-1-tc1/source/Cargo.toml
[INFO] crate git repo https://github.com/EluvK/cli-tools-rs already has a lockfile, it will not be regenerated
[INFO] running `Command { std: CARGO_HOME="/workspace/cargo-home" RUSTUP_HOME="/workspace/rustup-home" "/workspace/cargo-home/bin/cargo" "+nightly-2025-01-18" "fetch" "--manifest-path" "Cargo.toml", kill_on_drop: false }`
[INFO] [stderr]  Downloading crates ...
[INFO] [stderr]   Downloaded block-padding v0.3.2
[INFO] [stderr]   Downloaded group v0.12.0
[INFO] [stderr]   Downloaded base64ct v1.5.2
[INFO] [stderr]   Downloaded k256 v0.11.4
[INFO] [stderr]   Downloaded rfc6979 v0.3.0
[INFO] [stderr]   Downloaded clap_derive v4.0.18
[INFO] [stderr]   Downloaded const-oid v0.9.0
[INFO] [stderr]   Downloaded der v0.6.0
[INFO] [stderr]   Downloaded ctr v0.9.1
[INFO] [stderr]   Downloaded crypto-bigint v0.4.8
[INFO] [stderr]   Downloaded aes v0.8.1
[INFO] [stderr]   Downloaded ff v0.12.0
[INFO] [stderr]   Downloaded ecdsa v0.14.4
[INFO] [stderr]   Downloaded clap v4.0.18
[INFO] running `Command { std: "docker" "create" "-v" "/var/lib/crater-agent-workspace/builds/worker-1-tc1/target:/opt/rustwide/target:rw,Z" "-v" "/var/lib/crater-agent-workspace/builds/worker-1-tc1/source:/opt/rustwide/workdir:ro,Z" "-v" "/var/lib/crater-agent-workspace/cargo-home:/opt/rustwide/cargo-home:ro,Z" "-v" "/var/lib/crater-agent-workspace/rustup-home:/opt/rustwide/rustup-home:ro,Z" "-e" "SOURCE_DIR=/opt/rustwide/workdir" "-e" "CARGO_TARGET_DIR=/opt/rustwide/target" "-e" "CARGO_HOME=/opt/rustwide/cargo-home" "-e" "RUSTUP_HOME=/opt/rustwide/rustup-home" "-w" "/opt/rustwide/workdir" "-m" "1610612736" "--user" "0:0" "--network" "none" "ghcr.io/rust-lang/crates-build-env/linux@sha256:819108c5571ea2e421544af4d832f968d213c87fbe3707a016657f43d2f853bc" "/opt/rustwide/cargo-home/bin/cargo" "+nightly-2025-01-18" "metadata" "--no-deps" "--format-version=1", kill_on_drop: false }`
[INFO] [stdout] 87c4531739c6f60bd51510fa2fb0543adace7110041a43a3346a655fb976a5ee
[INFO] running `Command { std: "docker" "start" "-a" "87c4531739c6f60bd51510fa2fb0543adace7110041a43a3346a655fb976a5ee", kill_on_drop: false }`
[INFO] running `Command { std: "docker" "inspect" "87c4531739c6f60bd51510fa2fb0543adace7110041a43a3346a655fb976a5ee", kill_on_drop: false }`
[INFO] running `Command { std: "docker" "rm" "-f" "87c4531739c6f60bd51510fa2fb0543adace7110041a43a3346a655fb976a5ee", kill_on_drop: false }`
[INFO] [stdout] 87c4531739c6f60bd51510fa2fb0543adace7110041a43a3346a655fb976a5ee
[INFO] running `Command { std: "docker" "create" "-v" "/var/lib/crater-agent-workspace/builds/worker-1-tc1/target:/opt/rustwide/target:rw,Z" "-v" "/var/lib/crater-agent-workspace/builds/worker-1-tc1/source:/opt/rustwide/workdir:ro,Z" "-v" "/var/lib/crater-agent-workspace/cargo-home:/opt/rustwide/cargo-home:ro,Z" "-v" "/var/lib/crater-agent-workspace/rustup-home:/opt/rustwide/rustup-home:ro,Z" "-e" "SOURCE_DIR=/opt/rustwide/workdir" "-e" "CARGO_TARGET_DIR=/opt/rustwide/target" "-e" "CARGO_INCREMENTAL=0" "-e" "RUST_BACKTRACE=full" "-e" "RUSTFLAGS=--cap-lints=forbid" "-e" "RUSTDOCFLAGS=--cap-lints=forbid" "-e" "CARGO_HOME=/opt/rustwide/cargo-home" "-e" "RUSTUP_HOME=/opt/rustwide/rustup-home" "-w" "/opt/rustwide/workdir" "-m" "1610612736" "--user" "0:0" "--network" "none" "ghcr.io/rust-lang/crates-build-env/linux@sha256:819108c5571ea2e421544af4d832f968d213c87fbe3707a016657f43d2f853bc" "/opt/rustwide/cargo-home/bin/cargo" "+nightly-2025-01-18" "build" "--frozen" "--message-format=json", kill_on_drop: false }`
[INFO] [stdout] 1398e2b2a37c20fa600e4b2ec959a18e93953a75d764fa3c84bc6d01f301f165
[INFO] running `Command { std: "docker" "start" "-a" "1398e2b2a37c20fa600e4b2ec959a18e93953a75d764fa3c84bc6d01f301f165", kill_on_drop: false }`
[INFO] [stderr]    Compiling typenum v1.15.0
[INFO] [stderr]    Compiling libc v0.2.132
[INFO] [stderr]    Compiling proc-macro2 v1.0.43
[INFO] [stderr]    Compiling unicode-ident v1.0.3
[INFO] [stderr]    Compiling subtle v2.4.1
[INFO] [stderr]    Compiling quote v1.0.21
[INFO] [stderr]    Compiling syn v1.0.99
[INFO] [stderr]    Compiling base64ct v1.5.2
[INFO] [stderr]    Compiling zeroize v1.5.7
[INFO] [stderr]    Compiling serde_derive v1.0.144
[INFO] [stderr]    Compiling once_cell v1.13.1
[INFO] [stderr]    Compiling serde v1.0.144
[INFO] [stderr]    Compiling byteorder v1.4.3
[INFO] [stderr]    Compiling const-oid v0.9.0
[INFO] [stderr]    Compiling os_str_bytes v6.3.0
[INFO] [stderr]    Compiling heck v0.4.0
[INFO] [stderr]    Compiling hex v0.4.3
[INFO] [stderr]    Compiling der v0.6.0
[INFO] [stderr]    Compiling radium v0.7.0
[INFO] [stderr]    Compiling crunchy v0.2.2
[INFO] [stderr]    Compiling rustc-hex v2.1.0
[INFO] [stderr]    Compiling tap v1.0.1
[INFO] [stderr]    Compiling libm v0.2.5
[INFO] [stderr]    Compiling strsim v0.10.0
[INFO] [stderr]    Compiling termcolor v1.1.3
[INFO] [stderr]    Compiling base16ct v0.1.1
[INFO] [stderr]    Compiling cpufeatures v0.2.4
[INFO] [stderr]    Compiling wyz v0.5.0
[INFO] [stderr]    Compiling indexmap v1.9.1
[INFO] [stderr]    Compiling num-traits v0.2.15
[INFO] [stderr]    Compiling keccak v0.1.2
[INFO] [stderr]    Compiling bytes v1.2.1
[INFO] [stderr]    Compiling funty v2.0.0
[INFO] [stderr]    Compiling pem-rfc7468 v0.3.1
[INFO] [stderr]    Compiling generic-array v0.14.6
[INFO] [stderr]    Compiling num-integer v0.1.45
[INFO] [stderr]    Compiling spki v0.6.0
[INFO] [stderr]    Compiling byte-slice-cast v1.2.1
[INFO] [stderr]    Compiling getrandom v0.2.7
[INFO] [stderr]    Compiling atty v0.2.14
[INFO] [stderr]    Compiling pkcs8 v0.9.0
[INFO] [stderr]    Compiling bitvec v1.0.1
[INFO] [stderr]    Compiling rlp v0.5.1
[INFO] [stderr]    Compiling arrayvec v0.7.2
[INFO] [stderr]    Compiling serde_json v1.0.85
[INFO] [stderr]    Compiling const-oid v0.7.1
[INFO] [stderr]    Compiling tiny-keccak v2.0.2
[INFO] [stderr]    Compiling rand_core v0.6.3
[INFO] [stderr]    Compiling proc-macro-error-attr v1.0.4
[INFO] [stderr]    Compiling clap_lex v0.2.4
[INFO] [stderr]    Compiling num-iter v0.1.43
[INFO] [stderr]    Compiling itoa v1.0.3
[INFO] [stderr]    Compiling ryu v1.0.11
[INFO] [stderr]    Compiling textwrap v0.15.0
[INFO] [stderr]    Compiling crypto-common v0.1.6
[INFO] [stderr]    Compiling block-buffer v0.10.2
[INFO] [stderr]    Compiling rand_chacha v0.3.1
[INFO] [stderr]    Compiling block-padding v0.3.2
[INFO] [stderr]    Compiling digest v0.10.5
[INFO] [stderr]    Compiling crypto-bigint v0.4.8
[INFO] [stderr]    Compiling ff v0.12.0
[INFO] [stderr]    Compiling sec1 v0.3.0
[INFO] [stderr]    Compiling inout v0.1.3
[INFO] [stderr]    Compiling crypto-bigint v0.3.2
[INFO] [stderr]    Compiling group v0.12.0
[INFO] [stderr]    Compiling password-hash v0.4.2
[INFO] [stderr]    Compiling impl-rlp v0.3.0
[INFO] [stderr]    Compiling rand v0.8.5
[INFO] [stderr]    Compiling cipher v0.4.3
[INFO] [stderr]    Compiling hmac v0.12.1
[INFO] [stderr]    Compiling sha3 v0.10.2
[INFO] [stderr]    Compiling sha2 v0.10.6
[INFO] [stderr]    Compiling signature v1.6.0
[INFO] [stderr]    Compiling salsa20 v0.10.2
[INFO] [stderr]    Compiling pbkdf2 v0.11.0
[INFO] [stderr]    Compiling ctr v0.9.1
[INFO] [stderr]    Compiling aes v0.8.1
[INFO] [stderr]    Compiling uint v0.9.3
[INFO] [stderr]    Compiling spin v0.5.2
[INFO] [stderr]    Compiling der v0.5.1
[INFO] [stderr]    Compiling num-bigint-dig v0.8.1
[INFO] [stderr]    Compiling scrypt v0.10.0
[INFO] [stderr]    Compiling lazy_static v1.4.0
[INFO] [stderr]    Compiling smallvec v1.9.0
[INFO] [stderr]    Compiling clap_lex v0.3.0
[INFO] [stderr]    Compiling hkdf v0.12.3
[INFO] [stderr]    Compiling cbc v0.1.2
[INFO] [stderr]    Compiling elliptic-curve v0.12.3
[INFO] [stderr]    Compiling rfc6979 v0.3.0
[INFO] [stderr]    Compiling ripemd v0.1.3
[INFO] [stderr]    Compiling base58 v0.2.0
[INFO] [stderr]    Compiling base64 v0.13.1
[INFO] [stderr]    Compiling ecdsa v0.14.4
[INFO] [stderr]    Compiling fixed-hash v0.7.0
[INFO] [stderr]    Compiling k256 v0.11.4
[INFO] [stderr]    Compiling spki v0.5.4
[INFO] [stderr]    Compiling pkcs8 v0.8.0
[INFO] [stderr]    Compiling pkcs1 v0.3.3
[INFO] [stderr]    Compiling toml v0.5.9
[INFO] [stderr]    Compiling rsa v0.6.1
[INFO] [stderr]    Compiling proc-macro-error v1.0.4
[INFO] [stderr]    Compiling thiserror-impl v1.0.32
[INFO] [stderr]    Compiling impl-trait-for-tuples v0.2.2
[INFO] [stderr]    Compiling clap_derive v3.2.17
[INFO] [stderr]    Compiling clap_derive v4.0.18
[INFO] [stderr]    Compiling thiserror v1.0.32
[INFO] [stderr]    Compiling proc-macro-crate v1.2.1
[INFO] [stderr]    Compiling parity-scale-codec-derive v3.1.3
[INFO] [stderr]    Compiling clap v4.0.18
[INFO] [stderr]    Compiling clap v3.2.17
[INFO] [stderr]    Compiling rsa-tools-rs v0.1.0 (/opt/rustwide/workdir/rsa)
[INFO] [stderr]    Compiling impl-serde v0.3.2
[INFO] [stderr]    Compiling parity-scale-codec v3.1.5
[INFO] [stderr]    Compiling uuid v1.1.2
[INFO] [stderr]    Compiling ethbloom v0.12.1
[INFO] [stderr]    Compiling impl-codec v0.6.0
[INFO] [stderr]    Compiling primitive-types v0.11.1
[INFO] [stderr]    Compiling top-keystore-tools-rs v0.1.0 (/opt/rustwide/workdir/top_keystore)
[INFO] [stderr]    Compiling ethereum-types v0.13.1
[INFO] [stderr]    Compiling keystore-tools-rs v0.1.0 (/opt/rustwide/workdir/keystore)
[INFO] [stderr]     Finished `dev` profile [unoptimized + debuginfo] target(s) in 37.87s
[INFO] running `Command { std: "docker" "inspect" "1398e2b2a37c20fa600e4b2ec959a18e93953a75d764fa3c84bc6d01f301f165", kill_on_drop: false }`
[INFO] running `Command { std: "docker" "rm" "-f" "1398e2b2a37c20fa600e4b2ec959a18e93953a75d764fa3c84bc6d01f301f165", kill_on_drop: false }`
[INFO] [stdout] 1398e2b2a37c20fa600e4b2ec959a18e93953a75d764fa3c84bc6d01f301f165
[INFO] running `Command { std: "docker" "create" "-v" "/var/lib/crater-agent-workspace/builds/worker-1-tc1/target:/opt/rustwide/target:rw,Z" "-v" "/var/lib/crater-agent-workspace/builds/worker-1-tc1/source:/opt/rustwide/workdir:ro,Z" "-v" "/var/lib/crater-agent-workspace/cargo-home:/opt/rustwide/cargo-home:ro,Z" "-v" "/var/lib/crater-agent-workspace/rustup-home:/opt/rustwide/rustup-home:ro,Z" "-e" "SOURCE_DIR=/opt/rustwide/workdir" "-e" "CARGO_TARGET_DIR=/opt/rustwide/target" "-e" "CARGO_INCREMENTAL=0" "-e" "RUST_BACKTRACE=full" "-e" "RUSTFLAGS=--cap-lints=forbid" "-e" "RUSTDOCFLAGS=--cap-lints=forbid" "-e" "CARGO_HOME=/opt/rustwide/cargo-home" "-e" "RUSTUP_HOME=/opt/rustwide/rustup-home" "-w" "/opt/rustwide/workdir" "-m" "1610612736" "--user" "0:0" "--network" "none" "ghcr.io/rust-lang/crates-build-env/linux@sha256:819108c5571ea2e421544af4d832f968d213c87fbe3707a016657f43d2f853bc" "/opt/rustwide/cargo-home/bin/cargo" "+nightly-2025-01-18" "test" "--frozen" "--no-run" "--message-format=json", kill_on_drop: false }`
[INFO] [stdout] 8764b4e81fda837dff9720644478d4c6596882f434580c0979f6ed0c7c58366f
[INFO] running `Command { std: "docker" "start" "-a" "8764b4e81fda837dff9720644478d4c6596882f434580c0979f6ed0c7c58366f", kill_on_drop: false }`
[INFO] [stderr]    Compiling top-keystore-tools-rs v0.1.0 (/opt/rustwide/workdir/top_keystore)
[INFO] [stderr]    Compiling keystore-tools-rs v0.1.0 (/opt/rustwide/workdir/keystore)
[INFO] [stderr]    Compiling rsa-tools-rs v0.1.0 (/opt/rustwide/workdir/rsa)
[INFO] [stderr]     Finished `test` profile [unoptimized + debuginfo] target(s) in 3.43s
[INFO] running `Command { std: "docker" "inspect" "8764b4e81fda837dff9720644478d4c6596882f434580c0979f6ed0c7c58366f", kill_on_drop: false }`
[INFO] running `Command { std: "docker" "rm" "-f" "8764b4e81fda837dff9720644478d4c6596882f434580c0979f6ed0c7c58366f", kill_on_drop: false }`
[INFO] [stdout] 8764b4e81fda837dff9720644478d4c6596882f434580c0979f6ed0c7c58366f
[INFO] running `Command { std: "docker" "create" "-v" "/var/lib/crater-agent-workspace/builds/worker-1-tc1/target:/opt/rustwide/target:rw,Z" "-v" "/var/lib/crater-agent-workspace/builds/worker-1-tc1/source:/opt/rustwide/workdir:ro,Z" "-v" "/var/lib/crater-agent-workspace/cargo-home:/opt/rustwide/cargo-home:ro,Z" "-v" "/var/lib/crater-agent-workspace/rustup-home:/opt/rustwide/rustup-home:ro,Z" "-e" "SOURCE_DIR=/opt/rustwide/workdir" "-e" "CARGO_TARGET_DIR=/opt/rustwide/target" "-e" "CARGO_INCREMENTAL=0" "-e" "RUST_BACKTRACE=full" "-e" "RUSTFLAGS=--cap-lints=forbid" "-e" "RUSTDOCFLAGS=--cap-lints=forbid" "-e" "CARGO_HOME=/opt/rustwide/cargo-home" "-e" "RUSTUP_HOME=/opt/rustwide/rustup-home" "-w" "/opt/rustwide/workdir" "-m" "1610612736" "--user" "0:0" "--network" "none" "ghcr.io/rust-lang/crates-build-env/linux@sha256:819108c5571ea2e421544af4d832f968d213c87fbe3707a016657f43d2f853bc" "/opt/rustwide/cargo-home/bin/cargo" "+nightly-2025-01-18" "test" "--frozen", kill_on_drop: false }`
[INFO] [stdout] 9d0faa5b505b915994daeda5b3a6077b0615e125bdbb1f3ffaf49d2908e0ad66
[INFO] running `Command { std: "docker" "start" "-a" "9d0faa5b505b915994daeda5b3a6077b0615e125bdbb1f3ffaf49d2908e0ad66", kill_on_drop: false }`
[INFO] [stderr]     Finished `test` profile [unoptimized + debuginfo] target(s) in 0.19s
[INFO] [stderr]      Running unittests src/lib.rs (/opt/rustwide/target/debug/deps/keystore_tools_rs-61d644806d77b4a0)
[INFO] [stdout] 
[INFO] [stdout] running 1 test
[INFO] [stdout] test keystore::tests::test_keystore_ds_from_json_data ... ok
[INFO] [stdout] 
[INFO] [stdout] test result: ok. 1 passed; 0 failed; 0 ignored; 0 measured; 0 filtered out; finished in 0.00s
[INFO] [stdout] 
[INFO] [stdout] 
[INFO] [stdout] running 0 tests
[INFO] [stdout] 
[INFO] [stdout] test result: ok. 0 passed; 0 failed; 0 ignored; 0 measured; 0 filtered out; finished in 0.00s
[INFO] [stdout] 
[INFO] [stderr]      Running unittests bin/keystore_decryptor.rs (/opt/rustwide/target/debug/deps/keystore_decryptor-03f6ab46db4eabd0)
[INFO] [stderr]      Running unittests bin/keystore_generator.rs (/opt/rustwide/target/debug/deps/keystore_generator-a9133e926dbfa24c)
[INFO] [stdout] 
[INFO] [stdout] running 0 tests
[INFO] [stdout] 
[INFO] [stdout] test result: ok. 0 passed; 0 failed; 0 ignored; 0 measured; 0 filtered out; finished in 0.00s
[INFO] [stdout] 
[INFO] [stderr]      Running unittests bin/rsa_crypto.rs (/opt/rustwide/target/debug/deps/rsa_crypto-37cb372edd1d5ccf)
[INFO] [stdout] 
[INFO] [stdout] running 0 tests
[INFO] [stdout] 
[INFO] [stdout] test result: ok. 0 passed; 0 failed; 0 ignored; 0 measured; 0 filtered out; finished in 0.00s
[INFO] [stdout] 
[INFO] [stderr]      Running unittests bin/rsa_generator.rs (/opt/rustwide/target/debug/deps/rsa_generator-66678877c2b6c656)
[INFO] [stdout] 
[INFO] [stdout] running 0 tests
[INFO] [stdout] 
[INFO] [stdout] test result: ok. 0 passed; 0 failed; 0 ignored; 0 measured; 0 filtered out; finished in 0.00s
[INFO] [stdout] 
[INFO] [stderr]      Running unittests src/lib.rs (/opt/rustwide/target/debug/deps/top_keystore_tools_rs-bb9a3589fddb6952)
[INFO] [stdout] 
[INFO] [stdout] running 4 tests
[INFO] [stdout] test t0_type::tests::test_keystore_ds_from_json_data ... ok
[INFO] [stdout] test t0_algorithm::tests::test_t0_generate ... ok
[INFO] [stdout] test t8_type::tests::test_keystore_ds_from_json_data ... FAILED
[INFO] [stdout] test t8_algorithm::tests::test_t0_generate ... ok
[INFO] [stdout] 
[INFO] [stdout] failures:
[INFO] [stdout] 
[INFO] [stdout] ---- t8_type::tests::test_keystore_ds_from_json_data stdout ----
[INFO] [stdout] 
[INFO] [stdout] thread 't8_type::tests::test_keystore_ds_from_json_data' panicked at top_keystore/src/t8_type.rs:114:9:
[INFO] [stdout] assertion `left == right` failed
[INFO] [stdout]   left: [49, 101, 101, 97, 49, 50, 48, 56, 50, 48, 57, 101, 101, 50, 49, 48, 49, 50, 57, 50, 57, 102, 101, 52, 101, 97, 54, 56, 102, 98, 55, 50, 55, 56, 102, 98, 55, 56, 55, 51]
[INFO] [stdout]  right: [30, 234, 18, 8, 32, 158, 226, 16, 18, 146, 159, 228, 234, 104, 251, 114, 120, 251, 120, 115]
[INFO] [stdout] stack backtrace:
[INFO] [stdout]    0:     0x55fbf9733aba - std::backtrace_rs::backtrace::libunwind::trace::hb059275cfc8d6126
[INFO] [stdout]                                at /rustc/6067b36314ab5eb2eb47cecc464545ba58e1ad24/library/std/src/../../backtrace/src/backtrace/libunwind.rs:116:5
[INFO] [stdout]    1:     0x55fbf9733aba - std::backtrace_rs::backtrace::trace_unsynchronized::h2da071e4327ce3ee
[INFO] [stdout]                                at /rustc/6067b36314ab5eb2eb47cecc464545ba58e1ad24/library/std/src/../../backtrace/src/backtrace/mod.rs:66:5
[INFO] [stdout]    2:     0x55fbf9733aba - std::sys::backtrace::_print_fmt::h842a1474e6f8d23f
[INFO] [stdout]                                at /rustc/6067b36314ab5eb2eb47cecc464545ba58e1ad24/library/std/src/sys/backtrace.rs:66:9
[INFO] [stdout]    3:     0x55fbf9733aba - <std::sys::backtrace::BacktraceLock::print::DisplayBacktrace as core::fmt::Display>::fmt::h71a62eb3b9696b12
[INFO] [stdout]                                at /rustc/6067b36314ab5eb2eb47cecc464545ba58e1ad24/library/std/src/sys/backtrace.rs:39:26
[INFO] [stdout]    4:     0x55fbf975b733 - core::fmt::rt::Argument::fmt::hdb6b616786b41dc1
[INFO] [stdout]                                at /rustc/6067b36314ab5eb2eb47cecc464545ba58e1ad24/library/core/src/fmt/rt.rs:177:76
[INFO] [stdout]    5:     0x55fbf975b733 - core::fmt::write::h2cc1698af7e2d686
[INFO] [stdout]                                at /rustc/6067b36314ab5eb2eb47cecc464545ba58e1ad24/library/core/src/fmt/mod.rs:1440:21
[INFO] [stdout]    6:     0x55fbf9730613 - std::io::Write::write_fmt::hab1b4cd059a79022
[INFO] [stdout]                                at /rustc/6067b36314ab5eb2eb47cecc464545ba58e1ad24/library/std/src/io/mod.rs:1887:15
[INFO] [stdout]    7:     0x55fbf9733902 - std::sys::backtrace::BacktraceLock::print::h147fe35b4ea13b08
[INFO] [stdout]                                at /rustc/6067b36314ab5eb2eb47cecc464545ba58e1ad24/library/std/src/sys/backtrace.rs:42:9
[INFO] [stdout]    8:     0x55fbf9734edf - std::panicking::default_hook::{{closure}}::hbd44223dbdc0d208
[INFO] [stdout]                                at /rustc/6067b36314ab5eb2eb47cecc464545ba58e1ad24/library/std/src/panicking.rs:298:22
[INFO] [stdout]    9:     0x55fbf9734cf8 - std::panicking::default_hook::h20f81eb0576efcec
[INFO] [stdout]                                at /rustc/6067b36314ab5eb2eb47cecc464545ba58e1ad24/library/std/src/panicking.rs:322:9
[INFO] [stdout]   10:     0x55fbf9659603 - <alloc::boxed::Box<F,A> as core::ops::function::Fn<Args>>::call::hdb53814c496a4d34
[INFO] [stdout]                                at /rustc/6067b36314ab5eb2eb47cecc464545ba58e1ad24/library/alloc/src/boxed.rs:2027:9
[INFO] [stdout]   11:     0x55fbf9659603 - test::test_main::{{closure}}::hc0a4963c59427c24
[INFO] [stdout]                                at /rustc/6067b36314ab5eb2eb47cecc464545ba58e1ad24/library/test/src/lib.rs:134:21
[INFO] [stdout]   12:     0x55fbf97359d3 - <alloc::boxed::Box<F,A> as core::ops::function::Fn<Args>>::call::h591b2225413a77e9
[INFO] [stdout]                                at /rustc/6067b36314ab5eb2eb47cecc464545ba58e1ad24/library/alloc/src/boxed.rs:2027:9
[INFO] [stdout]   13:     0x55fbf97359d3 - std::panicking::rust_panic_with_hook::h625eea43051b2edc
[INFO] [stdout]                                at /rustc/6067b36314ab5eb2eb47cecc464545ba58e1ad24/library/std/src/panicking.rs:839:13
[INFO] [stdout]   14:     0x55fbf973568a - std::panicking::begin_panic_handler::{{closure}}::h4f9159cfbc3f6bd3
[INFO] [stdout]                                at /rustc/6067b36314ab5eb2eb47cecc464545ba58e1ad24/library/std/src/panicking.rs:704:13
[INFO] [stdout]   15:     0x55fbf9733fb9 - std::sys::backtrace::__rust_end_short_backtrace::h0390abce48353151
[INFO] [stdout]                                at /rustc/6067b36314ab5eb2eb47cecc464545ba58e1ad24/library/std/src/sys/backtrace.rs:168:18
[INFO] [stdout]   16:     0x55fbf973531d - rust_begin_unwind
[INFO] [stdout]                                at /rustc/6067b36314ab5eb2eb47cecc464545ba58e1ad24/library/std/src/panicking.rs:695:5
[INFO] [stdout]   17:     0x55fbf975a110 - core::panicking::panic_fmt::h9e7c637e9e5f29c9
[INFO] [stdout]                                at /rustc/6067b36314ab5eb2eb47cecc464545ba58e1ad24/library/core/src/panicking.rs:75:14
[INFO] [stdout]   18:     0x55fbf975a502 - core::panicking::assert_failed_inner::h538bec7c1374cd9c
[INFO] [stdout]   19:     0x55fbf95ea7b8 - core::panicking::assert_failed::hc7cce2b27079cee9
[INFO] [stdout]                                at /rustc/6067b36314ab5eb2eb47cecc464545ba58e1ad24/library/core/src/panicking.rs:364:5
[INFO] [stdout]   20:     0x55fbf95fc110 - top_keystore_tools_rs::t8_type::tests::test_keystore_ds_from_json_data::h335a6670c8734d7b
[INFO] [stdout]                                at /opt/rustwide/workdir/top_keystore/src/t8_type.rs:114:9
[INFO] [stdout]   21:     0x55fbf95fbd87 - top_keystore_tools_rs::t8_type::tests::test_keystore_ds_from_json_data::{{closure}}::h37b78dab7ae6ec65
[INFO] [stdout]                                at /opt/rustwide/workdir/top_keystore/src/t8_type.rs:85:41
[INFO] [stdout]   22:     0x55fbf95e85a6 - core::ops::function::FnOnce::call_once::hab1f7af0dc935135
[INFO] [stdout]                                at /rustc/6067b36314ab5eb2eb47cecc464545ba58e1ad24/library/core/src/ops/function.rs:250:5
[INFO] [stdout]   23:     0x55fbf965ed5b - core::ops::function::FnOnce::call_once::he27718dfdd183f43
[INFO] [stdout]                                at /rustc/6067b36314ab5eb2eb47cecc464545ba58e1ad24/library/core/src/ops/function.rs:250:5
[INFO] [stdout]   24:     0x55fbf965ed5b - test::__rust_begin_short_backtrace::h4e84902998457a5d
[INFO] [stdout]                                at /rustc/6067b36314ab5eb2eb47cecc464545ba58e1ad24/library/test/src/lib.rs:632:18
[INFO] [stdout]   25:     0x55fbf965dc93 - test::run_test_in_process::{{closure}}::h7176fd18fc1feca0
[INFO] [stdout]                                at /rustc/6067b36314ab5eb2eb47cecc464545ba58e1ad24/library/test/src/lib.rs:655:60
[INFO] [stdout]   26:     0x55fbf965dc93 - <core::panic::unwind_safe::AssertUnwindSafe<F> as core::ops::function::FnOnce<()>>::call_once::hf79cff2a624d8cf7
[INFO] [stdout]                                at /rustc/6067b36314ab5eb2eb47cecc464545ba58e1ad24/library/core/src/panic/unwind_safe.rs:272:9
[INFO] [stdout]   27:     0x55fbf965dc93 - std::panicking::try::do_call::h3da0561d9ab99c25
[INFO] [stdout]                                at /rustc/6067b36314ab5eb2eb47cecc464545ba58e1ad24/library/std/src/panicking.rs:587:40
[INFO] [stdout]   28:     0x55fbf965dc93 - std::panicking::try::h41c9fa508bc61df6
[INFO] [stdout]                                at /rustc/6067b36314ab5eb2eb47cecc464545ba58e1ad24/library/std/src/panicking.rs:550:19
[INFO] [stdout]   29:     0x55fbf965dc93 - std::panic::catch_unwind::h6b3ff07bb5afad93
[INFO] [stdout]                                at /rustc/6067b36314ab5eb2eb47cecc464545ba58e1ad24/library/std/src/panic.rs:358:14
[INFO] [stdout]   30:     0x55fbf965dc93 - test::run_test_in_process::hc7253dd11b39b9f4
[INFO] [stdout]                                at /rustc/6067b36314ab5eb2eb47cecc464545ba58e1ad24/library/test/src/lib.rs:655:27
[INFO] [stdout]   31:     0x55fbf965dc93 - test::run_test::{{closure}}::hfb2007f8649c30bb
[INFO] [stdout]                                at /rustc/6067b36314ab5eb2eb47cecc464545ba58e1ad24/library/test/src/lib.rs:576:43
[INFO] [stdout]   32:     0x55fbf9620d75 - test::run_test::{{closure}}::h56a17aa7a282a9f4
[INFO] [stdout]                                at /rustc/6067b36314ab5eb2eb47cecc464545ba58e1ad24/library/test/src/lib.rs:606:41
[INFO] [stdout]   33:     0x55fbf9620d75 - std::sys::backtrace::__rust_begin_short_backtrace::hd2d2d2fb8e8c6aac
[INFO] [stdout]                                at /rustc/6067b36314ab5eb2eb47cecc464545ba58e1ad24/library/std/src/sys/backtrace.rs:152:18
[INFO] [stdout]   34:     0x55fbf962465a - std::thread::Builder::spawn_unchecked_::{{closure}}::{{closure}}::h4faa3f9db6133423
[INFO] [stdout]                                at /rustc/6067b36314ab5eb2eb47cecc464545ba58e1ad24/library/std/src/thread/mod.rs:559:17
[INFO] [stdout]   35:     0x55fbf962465a - <core::panic::unwind_safe::AssertUnwindSafe<F> as core::ops::function::FnOnce<()>>::call_once::hf2e855a36a4ea846
[INFO] [stdout]                                at /rustc/6067b36314ab5eb2eb47cecc464545ba58e1ad24/library/core/src/panic/unwind_safe.rs:272:9
[INFO] [stdout]   36:     0x55fbf962465a - std::panicking::try::do_call::h2f73af3616c35465
[INFO] [stdout]                                at /rustc/6067b36314ab5eb2eb47cecc464545ba58e1ad24/library/std/src/panicking.rs:587:40
[INFO] [stdout]   37:     0x55fbf962465a - std::panicking::try::hd1660ce9efadef5a
[INFO] [stdout]                                at /rustc/6067b36314ab5eb2eb47cecc464545ba58e1ad24/library/std/src/panicking.rs:550:19
[INFO] [stdout]   38:     0x55fbf962465a - std::panic::catch_unwind::h5ee8d7823b8ca744
[INFO] [stdout]                                at /rustc/6067b36314ab5eb2eb47cecc464545ba58e1ad24/library/std/src/panic.rs:358:14
[INFO] [stdout]   39:     0x55fbf962465a - std::thread::Builder::spawn_unchecked_::{{closure}}::h53c3a1894dce8407
[INFO] [stdout]                                at /rustc/6067b36314ab5eb2eb47cecc464545ba58e1ad24/library/std/src/thread/mod.rs:557:30
[INFO] [stdout]   40:     0x55fbf962465a - core::ops::function::FnOnce::call_once{{vtable.shim}}::h048ce291ad4f62bf
[INFO] [stdout]                                at /rustc/6067b36314ab5eb2eb47cecc464545ba58e1ad24/library/core/src/ops/function.rs:250:5
[INFO] [stdout]   41:     0x55fbf973990b - <alloc::boxed::Box<F,A> as core::ops::function::FnOnce<Args>>::call_once::ha52bedf99a3b4981
[INFO] [stdout]                                at /rustc/6067b36314ab5eb2eb47cecc464545ba58e1ad24/library/alloc/src/boxed.rs:2013:9
[INFO] [stdout]   42:     0x55fbf973990b - <alloc::boxed::Box<F,A> as core::ops::function::FnOnce<Args>>::call_once::h567748934d80ccf8
[INFO] [stdout]                                at /rustc/6067b36314ab5eb2eb47cecc464545ba58e1ad24/library/alloc/src/boxed.rs:2013:9
[INFO] [stdout]   43:     0x55fbf973990b - std::sys::pal::unix::thread::Thread::new::thread_start::h2d970728ae887adc
[INFO] [stdout]                                at /rustc/6067b36314ab5eb2eb47cecc464545ba58e1ad24/library/std/src/sys/pal/unix/thread.rs:106:17
[INFO] [stdout]   44:     0x7f76f8baaac3 - <unknown>
[INFO] [stdout]   45:     0x7f76f8c3ba04 - clone
[INFO] [stdout]   46:                0x0 - <unknown>
[INFO] [stdout] 
[INFO] [stdout] 
[INFO] [stdout] failures:
[INFO] [stdout]     t8_type::tests::test_keystore_ds_from_json_data
[INFO] [stdout] 
[INFO] [stdout] test result: FAILED. 3 passed; 1 failed; 0 ignored; 0 measured; 0 filtered out; finished in 51.05s
[INFO] [stdout] 
[INFO] [stderr] error: test failed, to rerun pass `-p top-keystore-tools-rs --lib`
[INFO] running `Command { std: "docker" "inspect" "9d0faa5b505b915994daeda5b3a6077b0615e125bdbb1f3ffaf49d2908e0ad66", kill_on_drop: false }`
[INFO] running `Command { std: "docker" "rm" "-f" "9d0faa5b505b915994daeda5b3a6077b0615e125bdbb1f3ffaf49d2908e0ad66", kill_on_drop: false }`
[INFO] [stdout] 9d0faa5b505b915994daeda5b3a6077b0615e125bdbb1f3ffaf49d2908e0ad66
