[INFO] cloning repository https://github.com/Einstellung/tyPlookup
[INFO] running `Command { std: "git" "-c" "credential.helper=" "-c" "credential.helper=/workspace/cargo-home/bin/git-credential-null" "clone" "--bare" "https://github.com/Einstellung/tyPlookup" "/workspace/cache/git-repos/https%3A%2F%2Fgithub.com%2FEinstellung%2FtyPlookup", kill_on_drop: false }`
[INFO] [stderr] Cloning into bare repository '/workspace/cache/git-repos/https%3A%2F%2Fgithub.com%2FEinstellung%2FtyPlookup'...
[INFO] running `Command { std: "git" "rev-parse" "HEAD", kill_on_drop: false }`
[INFO] [stdout] 7080fa3d5d80c71399967f87d7c85374fa235e66
[INFO] testing Einstellung/tyPlookup against nightly-2025-01-18 for randomize-layout-2
[INFO] running `Command { std: "git" "clone" "/workspace/cache/git-repos/https%3A%2F%2Fgithub.com%2FEinstellung%2FtyPlookup" "/workspace/builds/worker-1-tc1/source", kill_on_drop: false }`
[INFO] [stderr] Cloning into '/workspace/builds/worker-1-tc1/source'...
[INFO] [stderr] done.
[INFO] validating manifest of git repo https://github.com/Einstellung/tyPlookup on toolchain nightly-2025-01-18
[INFO] running `Command { std: CARGO_HOME="/workspace/cargo-home" RUSTUP_HOME="/workspace/rustup-home" "/workspace/cargo-home/bin/cargo" "+nightly-2025-01-18" "metadata" "--manifest-path" "Cargo.toml" "--no-deps", kill_on_drop: false }`
[INFO] started tweaking git repo https://github.com/Einstellung/tyPlookup
[INFO] finished tweaking git repo https://github.com/Einstellung/tyPlookup
[INFO] tweaked toml for git repo https://github.com/Einstellung/tyPlookup written to /workspace/builds/worker-1-tc1/source/Cargo.toml
[INFO] crate git repo https://github.com/Einstellung/tyPlookup already has a lockfile, it will not be regenerated
[INFO] running `Command { std: CARGO_HOME="/workspace/cargo-home" RUSTUP_HOME="/workspace/rustup-home" "/workspace/cargo-home/bin/cargo" "+nightly-2025-01-18" "fetch" "--manifest-path" "Cargo.toml", kill_on_drop: false }`
[INFO] [stderr] warning: virtual workspace defaulting to `resolver = "1"` despite one or more workspace members being on edition 2021 which implies `resolver = "2"`
[INFO] [stderr] note: to keep the current resolver, specify `workspace.resolver = "1"` in the workspace root's manifest
[INFO] [stderr] note: to use the edition 2021 resolver, specify `workspace.resolver = "2"` in the workspace root's manifest
[INFO] [stderr] note: for more details see https://doc.rust-lang.org/cargo/reference/resolver.html#resolver-versions
[INFO] [stderr]     Updating crates.io index
[INFO] [stderr]  Downloading crates ...
[INFO] [stderr]   Downloaded ark-bls12-381 v0.3.0
[INFO] [stderr]   Downloaded synstructure v0.12.5
[INFO] [stderr]   Downloaded ark-serialize-derive v0.3.0
[INFO] [stderr]   Downloaded zeroize v1.4.1
[INFO] [stderr]   Downloaded ark-poly v0.3.0
[INFO] [stderr]   Downloaded num-bigint v0.4.2
[INFO] [stderr]   Downloaded pulldown-cmark v0.9.2
[INFO] [stderr]   Downloaded syn v1.0.76
[INFO] [stderr]   Downloaded libc v0.2.102
[INFO] running `Command { std: "docker" "create" "-v" "/var/lib/crater-agent-workspace/builds/worker-1-tc1/target:/opt/rustwide/target:rw,Z" "-v" "/var/lib/crater-agent-workspace/builds/worker-1-tc1/source:/opt/rustwide/workdir:ro,Z" "-v" "/var/lib/crater-agent-workspace/cargo-home:/opt/rustwide/cargo-home:ro,Z" "-v" "/var/lib/crater-agent-workspace/rustup-home:/opt/rustwide/rustup-home:ro,Z" "-e" "SOURCE_DIR=/opt/rustwide/workdir" "-e" "CARGO_TARGET_DIR=/opt/rustwide/target" "-e" "CARGO_HOME=/opt/rustwide/cargo-home" "-e" "RUSTUP_HOME=/opt/rustwide/rustup-home" "-w" "/opt/rustwide/workdir" "-m" "1610612736" "--user" "0:0" "--network" "none" "ghcr.io/rust-lang/crates-build-env/linux@sha256:819108c5571ea2e421544af4d832f968d213c87fbe3707a016657f43d2f853bc" "/opt/rustwide/cargo-home/bin/cargo" "+nightly-2025-01-18" "metadata" "--no-deps" "--format-version=1", kill_on_drop: false }`
[INFO] [stdout] 16de1024a098855abb2dfacf84edae82a50a9c22c57c6cb984c8336d3a68eaa4
[INFO] running `Command { std: "docker" "start" "-a" "16de1024a098855abb2dfacf84edae82a50a9c22c57c6cb984c8336d3a68eaa4", kill_on_drop: false }`
[INFO] running `Command { std: "docker" "inspect" "16de1024a098855abb2dfacf84edae82a50a9c22c57c6cb984c8336d3a68eaa4", kill_on_drop: false }`
[INFO] running `Command { std: "docker" "rm" "-f" "16de1024a098855abb2dfacf84edae82a50a9c22c57c6cb984c8336d3a68eaa4", kill_on_drop: false }`
[INFO] [stdout] 16de1024a098855abb2dfacf84edae82a50a9c22c57c6cb984c8336d3a68eaa4
[INFO] running `Command { std: "docker" "create" "-v" "/var/lib/crater-agent-workspace/builds/worker-1-tc1/target:/opt/rustwide/target:rw,Z" "-v" "/var/lib/crater-agent-workspace/builds/worker-1-tc1/source:/opt/rustwide/workdir:ro,Z" "-v" "/var/lib/crater-agent-workspace/cargo-home:/opt/rustwide/cargo-home:ro,Z" "-v" "/var/lib/crater-agent-workspace/rustup-home:/opt/rustwide/rustup-home:ro,Z" "-e" "SOURCE_DIR=/opt/rustwide/workdir" "-e" "CARGO_TARGET_DIR=/opt/rustwide/target" "-e" "CARGO_INCREMENTAL=0" "-e" "RUST_BACKTRACE=full" "-e" "RUSTFLAGS=--cap-lints=forbid" "-e" "RUSTDOCFLAGS=--cap-lints=forbid" "-e" "CARGO_HOME=/opt/rustwide/cargo-home" "-e" "RUSTUP_HOME=/opt/rustwide/rustup-home" "-w" "/opt/rustwide/workdir" "-m" "1610612736" "--user" "0:0" "--network" "none" "ghcr.io/rust-lang/crates-build-env/linux@sha256:819108c5571ea2e421544af4d832f968d213c87fbe3707a016657f43d2f853bc" "/opt/rustwide/cargo-home/bin/cargo" "+nightly-2025-01-18" "build" "--frozen" "--message-format=json", kill_on_drop: false }`
[INFO] [stdout] b6483a941e64d8018e0029b763714f684514728e5bcaad66b3b0c28133a7b025
[INFO] running `Command { std: "docker" "start" "-a" "b6483a941e64d8018e0029b763714f684514728e5bcaad66b3b0c28133a7b025", kill_on_drop: false }`
[INFO] [stderr] warning: virtual workspace defaulting to `resolver = "1"` despite one or more workspace members being on edition 2021 which implies `resolver = "2"`
[INFO] [stderr] note: to keep the current resolver, specify `workspace.resolver = "1"` in the workspace root's manifest
[INFO] [stderr] note: to use the edition 2021 resolver, specify `workspace.resolver = "2"` in the workspace root's manifest
[INFO] [stderr] note: for more details see https://doc.rust-lang.org/cargo/reference/resolver.html#resolver-versions
[INFO] [stderr]    Compiling proc-macro2 v1.0.29
[INFO] [stderr]    Compiling version_check v0.9.3
[INFO] [stderr]    Compiling unicode-xid v0.2.2
[INFO] [stderr]    Compiling syn v1.0.76
[INFO] [stderr]    Compiling libc v0.2.102
[INFO] [stderr]    Compiling autocfg v1.0.1
[INFO] [stderr]    Compiling typenum v1.14.0
[INFO] [stderr]    Compiling ucd-trie v0.1.3
[INFO] [stderr]    Compiling serde_derive v1.0.136
[INFO] [stderr]    Compiling serde v1.0.136
[INFO] [stderr]    Compiling ppv-lite86 v0.2.10
[INFO] [stderr]    Compiling serde_json v1.0.85
[INFO] [stderr]    Compiling semver v1.0.13
[INFO] [stderr]    Compiling camino v1.1.1
[INFO] [stderr]    Compiling memchr v2.5.0
[INFO] [stderr]    Compiling paste v1.0.5
[INFO] [stderr]    Compiling once_cell v1.8.0
[INFO] [stderr]    Compiling pest v2.1.3
[INFO] [stderr]    Compiling itoa v1.0.3
[INFO] [stderr]    Compiling ryu v1.0.11
[INFO] [stderr]    Compiling pulldown-cmark v0.9.2
[INFO] [stderr]    Compiling remove_dir_all v0.5.3
[INFO] [stderr]    Compiling fastrand v1.8.0
[INFO] [stderr]    Compiling num-traits v0.2.14
[INFO] [stderr]    Compiling num-integer v0.1.44
[INFO] [stderr]    Compiling num-bigint v0.4.2
[INFO] [stderr]    Compiling same-file v1.0.6
[INFO] [stderr]    Compiling generic-array v0.14.4
[INFO] [stderr]    Compiling unicase v2.6.0
[INFO] [stderr]    Compiling ahash v0.7.4
[INFO] [stderr]    Compiling error-chain v0.12.4
[INFO] [stderr]    Compiling bitflags v1.3.2
[INFO] [stderr]    Compiling walkdir v2.3.2
[INFO] [stderr]    Compiling bytecount v0.6.3
[INFO] [stderr]    Compiling glob v0.3.0
[INFO] [stderr]    Compiling subtle v2.4.1
[INFO] [stderr]    Compiling opaque-debug v0.3.0
[INFO] [stderr]    Compiling quote v1.0.9
[INFO] [stderr]    Compiling getrandom v0.2.3
[INFO] [stderr]    Compiling tempfile v3.3.0
[INFO] [stderr]    Compiling semver-parser v0.10.2
[INFO] [stderr]    Compiling rand_core v0.6.3
[INFO] [stderr]    Compiling rand_chacha v0.3.1
[INFO] [stderr]    Compiling hashbrown v0.11.2
[INFO] [stderr]    Compiling semver v0.11.0
[INFO] [stderr]    Compiling rand v0.8.4
[INFO] [stderr]    Compiling rustc_version v0.3.3
[INFO] [stderr]    Compiling ark-ff v0.3.0
[INFO] [stderr]    Compiling digest v0.9.0
[INFO] [stderr]    Compiling crypto-mac v0.8.0
[INFO] [stderr]    Compiling blake2 v0.9.2
[INFO] [stderr]    Compiling ark-std v0.3.0
[INFO] [stderr]    Compiling synstructure v0.12.5
[INFO] [stderr]    Compiling ark-serialize-derive v0.3.0
[INFO] [stderr]    Compiling zeroize_derive v1.1.0
[INFO] [stderr]    Compiling ark-ff-asm v0.3.0
[INFO] [stderr]    Compiling ark-ff-macros v0.3.0
[INFO] [stderr]    Compiling derivative v2.2.0
[INFO] [stderr]    Compiling zeroize v1.4.1
[INFO] [stderr]    Compiling ark-serialize v0.3.0
[INFO] [stderr]    Compiling cargo-platform v0.1.2
[INFO] [stderr]    Compiling cargo_metadata v0.14.2
[INFO] [stderr]    Compiling skeptic v0.13.7
[INFO] [stderr]    Compiling plonk v0.1.0 (/opt/rustwide/workdir/plonk)
[INFO] [stderr]    Compiling ark-ec v0.3.0
[INFO] [stderr]    Compiling ark-poly v0.3.0
[INFO] [stderr]    Compiling ark-bls12-381 v0.3.0
[INFO] [stderr]    Compiling kgz v0.1.0 (/opt/rustwide/workdir/kgz)
[INFO] [stderr]    Compiling permutation v0.1.0 (/opt/rustwide/workdir/permutation)
[INFO] [stdout] warning: struct `LookupTable` is never constructed
[INFO] [stdout]   --> plonk/src/single_lookup.rs:17:12
[INFO] [stdout]    |
[INFO] [stdout] 17 | pub struct LookupTable {
[INFO] [stdout]    |            ^^^^^^^^^^^
[INFO] [stdout]    |
[INFO] [stdout]    = note: `#[warn(dead_code)]` on by default
[INFO] [stdout] 
[INFO] [stdout] 
[INFO] [stdout] warning: struct `FTable` is never constructed
[INFO] [stdout]   --> plonk/src/single_lookup.rs:25:12
[INFO] [stdout]    |
[INFO] [stdout] 25 | pub struct FTable {
[INFO] [stdout]    |            ^^^^^^
[INFO] [stdout] 
[INFO] [stdout] 
[INFO] [stdout] warning: associated items `new` and `add_table` are never used
[INFO] [stdout]   --> plonk/src/single_lookup.rs:30:12
[INFO] [stdout]    |
[INFO] [stdout] 29 | impl FTable {
[INFO] [stdout]    | ----------- associated items in this implementation
[INFO] [stdout] 30 |     pub fn new() -> Self {
[INFO] [stdout]    |            ^^^
[INFO] [stdout] ...
[INFO] [stdout] 33 |     pub fn add_table(&mut self, f_table: Vec<impl Into<Fr>>) {
[INFO] [stdout]    |            ^^^^^^^^^
[INFO] [stdout] 
[INFO] [stdout] 
[INFO] [stdout] warning: struct `LookupProof` is never constructed
[INFO] [stdout]   --> plonk/src/single_lookup.rs:44:12
[INFO] [stdout]    |
[INFO] [stdout] 44 | pub struct LookupProof {
[INFO] [stdout]    |            ^^^^^^^^^^^
[INFO] [stdout] 
[INFO] [stdout] 
[INFO] [stdout] warning: multiple associated items are never used
[INFO] [stdout]    --> plonk/src/single_lookup.rs:52:12
[INFO] [stdout]     |
[INFO] [stdout] 51  | impl LookupTable {
[INFO] [stdout]     | ---------------- associated items in this implementation
[INFO] [stdout] 52  |     pub fn new(inputs: Vec<impl Into<Fr>>) -> Self {
[INFO] [stdout]     |            ^^^
[INFO] [stdout] ...
[INFO] [stdout] 66  |     pub fn prove(&mut self, f_table: FTable) -> LookupProof {
[INFO] [stdout]     |            ^^^^^
[INFO] [stdout] ...
[INFO] [stdout] 147 |     pub fn verify(&self, proof: LookupProof) -> bool {
[INFO] [stdout]     |            ^^^^^^
[INFO] [stdout] ...
[INFO] [stdout] 195 |     fn fill_table(&mut self, f_table: MultiSet) -> MultiSet {
[INFO] [stdout]     |        ^^^^^^^^^^
[INFO] [stdout] ...
[INFO] [stdout] 228 |     fn generate_s(&self, f_table: MultiSet) -> (MultiSet, MultiSet) {
[INFO] [stdout]     |        ^^^^^^^^^^
[INFO] [stdout] ...
[INFO] [stdout] 245 |     fn compute_accumulator(
[INFO] [stdout]     |        ^^^^^^^^^^^^^^^^^^^
[INFO] [stdout] ...
[INFO] [stdout] 279 |     fn quotient_polynomial(
[INFO] [stdout]     |        ^^^^^^^^^^^^^^^^^^^
[INFO] [stdout] ...
[INFO] [stdout] 339 |     fn linearisation_poly(
[INFO] [stdout]     |        ^^^^^^^^^^^^^^^^^^
[INFO] [stdout] ...
[INFO] [stdout] 396 |     fn linearisation_commitment(
[INFO] [stdout]     |        ^^^^^^^^^^^^^^^^^^^^^^^^
[INFO] [stdout] 
[INFO] [stdout] 
[INFO] [stdout] warning: function `generate_poly_commitment` is never used
[INFO] [stdout]    --> plonk/src/single_lookup.rs:433:4
[INFO] [stdout]     |
[INFO] [stdout] 433 | fn generate_poly_commitment(
[INFO] [stdout]     |    ^^^^^^^^^^^^^^^^^^^^^^^^
[INFO] [stdout] 
[INFO] [stdout] 
[INFO] [stdout] warning: function `compute_f_xw` is never used
[INFO] [stdout]    --> plonk/src/single_lookup.rs:443:4
[INFO] [stdout]     |
[INFO] [stdout] 443 | fn compute_f_xw(poly: &Poly, w: Fr) -> Poly {
[INFO] [stdout]     |    ^^^^^^^^^^^^
[INFO] [stdout] 
[INFO] [stdout] 
[INFO] [stdout] warning: associated function `new` is never used
[INFO] [stdout]   --> plonk/src/multiset.rs:30:12
[INFO] [stdout]    |
[INFO] [stdout] 29 | impl MultiSet {
[INFO] [stdout]    | ------------- associated function in this implementation
[INFO] [stdout] 30 |     pub fn new() -> Self {
[INFO] [stdout]    |            ^^^
[INFO] [stdout] 
[INFO] [stdout] 
[INFO] [stderr]     Finished `dev` profile [unoptimized + debuginfo] target(s) in 31.03s
[INFO] running `Command { std: "docker" "inspect" "b6483a941e64d8018e0029b763714f684514728e5bcaad66b3b0c28133a7b025", kill_on_drop: false }`
[INFO] running `Command { std: "docker" "rm" "-f" "b6483a941e64d8018e0029b763714f684514728e5bcaad66b3b0c28133a7b025", kill_on_drop: false }`
[INFO] [stdout] b6483a941e64d8018e0029b763714f684514728e5bcaad66b3b0c28133a7b025
[INFO] running `Command { std: "docker" "create" "-v" "/var/lib/crater-agent-workspace/builds/worker-1-tc1/target:/opt/rustwide/target:rw,Z" "-v" "/var/lib/crater-agent-workspace/builds/worker-1-tc1/source:/opt/rustwide/workdir:ro,Z" "-v" "/var/lib/crater-agent-workspace/cargo-home:/opt/rustwide/cargo-home:ro,Z" "-v" "/var/lib/crater-agent-workspace/rustup-home:/opt/rustwide/rustup-home:ro,Z" "-e" "SOURCE_DIR=/opt/rustwide/workdir" "-e" "CARGO_TARGET_DIR=/opt/rustwide/target" "-e" "CARGO_INCREMENTAL=0" "-e" "RUST_BACKTRACE=full" "-e" "RUSTFLAGS=--cap-lints=forbid" "-e" "RUSTDOCFLAGS=--cap-lints=forbid" "-e" "CARGO_HOME=/opt/rustwide/cargo-home" "-e" "RUSTUP_HOME=/opt/rustwide/rustup-home" "-w" "/opt/rustwide/workdir" "-m" "1610612736" "--user" "0:0" "--network" "none" "ghcr.io/rust-lang/crates-build-env/linux@sha256:819108c5571ea2e421544af4d832f968d213c87fbe3707a016657f43d2f853bc" "/opt/rustwide/cargo-home/bin/cargo" "+nightly-2025-01-18" "test" "--frozen" "--no-run" "--message-format=json", kill_on_drop: false }`
[INFO] [stdout] aef353ee094dfca0e108b24b7cf076fea9495734493231731be67a622d111eca
[INFO] running `Command { std: "docker" "start" "-a" "aef353ee094dfca0e108b24b7cf076fea9495734493231731be67a622d111eca", kill_on_drop: false }`
[INFO] [stderr] warning: virtual workspace defaulting to `resolver = "1"` despite one or more workspace members being on edition 2021 which implies `resolver = "2"`
[INFO] [stderr] note: to keep the current resolver, specify `workspace.resolver = "1"` in the workspace root's manifest
[INFO] [stderr] note: to use the edition 2021 resolver, specify `workspace.resolver = "2"` in the workspace root's manifest
[INFO] [stderr] note: for more details see https://doc.rust-lang.org/cargo/reference/resolver.html#resolver-versions
[INFO] [stderr]    Compiling serde v1.0.136
[INFO] [stderr]    Compiling memchr v2.5.0
[INFO] [stderr]    Compiling semver v1.0.13
[INFO] [stderr]    Compiling camino v1.1.1
[INFO] [stderr]    Compiling unicase v2.6.0
[INFO] [stderr]    Compiling serde_json v1.0.85
[INFO] [stderr]    Compiling itoa v1.0.3
[INFO] [stderr]    Compiling ryu v1.0.11
[INFO] [stderr]    Compiling error-chain v0.12.4
[INFO] [stderr]    Compiling remove_dir_all v0.5.3
[INFO] [stderr]    Compiling pulldown-cmark v0.9.2
[INFO] [stderr]    Compiling fastrand v1.8.0
[INFO] [stderr]    Compiling same-file v1.0.6
[INFO] [stderr]    Compiling bytecount v0.6.3
[INFO] [stderr]    Compiling glob v0.3.0
[INFO] [stderr]    Compiling permutation v0.1.0 (/opt/rustwide/workdir/permutation)
[INFO] [stderr]    Compiling kgz v0.1.0 (/opt/rustwide/workdir/kgz)
[INFO] [stderr]    Compiling walkdir v2.3.2
[INFO] [stderr]    Compiling tempfile v3.3.0
[INFO] [stderr]    Compiling cargo-platform v0.1.2
[INFO] [stderr]    Compiling cargo_metadata v0.14.2
[INFO] [stderr]    Compiling skeptic v0.13.7
[INFO] [stderr]    Compiling plonk v0.1.0 (/opt/rustwide/workdir/plonk)
[INFO] [stdout] warning: struct `LookupTable` is never constructed
[INFO] [stdout]   --> plonk/src/single_lookup.rs:17:12
[INFO] [stdout]    |
[INFO] [stdout] 17 | pub struct LookupTable {
[INFO] [stdout]    |            ^^^^^^^^^^^
[INFO] [stdout]    |
[INFO] [stdout]    = note: `#[warn(dead_code)]` on by default
[INFO] [stdout] 
[INFO] [stdout] 
[INFO] [stdout] warning: struct `FTable` is never constructed
[INFO] [stdout]   --> plonk/src/single_lookup.rs:25:12
[INFO] [stdout]    |
[INFO] [stdout] 25 | pub struct FTable {
[INFO] [stdout]    |            ^^^^^^
[INFO] [stdout] 
[INFO] [stdout] 
[INFO] [stdout] warning: associated items `new` and `add_table` are never used
[INFO] [stdout]   --> plonk/src/single_lookup.rs:30:12
[INFO] [stdout]    |
[INFO] [stdout] 29 | impl FTable {
[INFO] [stdout]    | ----------- associated items in this implementation
[INFO] [stdout] 30 |     pub fn new() -> Self {
[INFO] [stdout]    |            ^^^
[INFO] [stdout] ...
[INFO] [stdout] 33 |     pub fn add_table(&mut self, f_table: Vec<impl Into<Fr>>) {
[INFO] [stdout]    |            ^^^^^^^^^
[INFO] [stdout] 
[INFO] [stdout] 
[INFO] [stdout] warning: struct `LookupProof` is never constructed
[INFO] [stdout]   --> plonk/src/single_lookup.rs:44:12
[INFO] [stdout]    |
[INFO] [stdout] 44 | pub struct LookupProof {
[INFO] [stdout]    |            ^^^^^^^^^^^
[INFO] [stdout] 
[INFO] [stdout] 
[INFO] [stdout] warning: multiple associated items are never used
[INFO] [stdout]    --> plonk/src/single_lookup.rs:52:12
[INFO] [stdout]     |
[INFO] [stdout] 51  | impl LookupTable {
[INFO] [stdout]     | ---------------- associated items in this implementation
[INFO] [stdout] 52  |     pub fn new(inputs: Vec<impl Into<Fr>>) -> Self {
[INFO] [stdout]     |            ^^^
[INFO] [stdout] ...
[INFO] [stdout] 66  |     pub fn prove(&mut self, f_table: FTable) -> LookupProof {
[INFO] [stdout]     |            ^^^^^
[INFO] [stdout] ...
[INFO] [stdout] 147 |     pub fn verify(&self, proof: LookupProof) -> bool {
[INFO] [stdout]     |            ^^^^^^
[INFO] [stdout] ...
[INFO] [stdout] 195 |     fn fill_table(&mut self, f_table: MultiSet) -> MultiSet {
[INFO] [stdout]     |        ^^^^^^^^^^
[INFO] [stdout] ...
[INFO] [stdout] 228 |     fn generate_s(&self, f_table: MultiSet) -> (MultiSet, MultiSet) {
[INFO] [stdout]     |        ^^^^^^^^^^
[INFO] [stdout] ...
[INFO] [stdout] 245 |     fn compute_accumulator(
[INFO] [stdout]     |        ^^^^^^^^^^^^^^^^^^^
[INFO] [stdout] ...
[INFO] [stdout] 279 |     fn quotient_polynomial(
[INFO] [stdout]     |        ^^^^^^^^^^^^^^^^^^^
[INFO] [stdout] ...
[INFO] [stdout] 339 |     fn linearisation_poly(
[INFO] [stdout]     |        ^^^^^^^^^^^^^^^^^^
[INFO] [stdout] ...
[INFO] [stdout] 396 |     fn linearisation_commitment(
[INFO] [stdout]     |        ^^^^^^^^^^^^^^^^^^^^^^^^
[INFO] [stdout] 
[INFO] [stdout] 
[INFO] [stdout] warning: function `generate_poly_commitment` is never used
[INFO] [stdout]    --> plonk/src/single_lookup.rs:433:4
[INFO] [stdout]     |
[INFO] [stdout] 433 | fn generate_poly_commitment(
[INFO] [stdout]     |    ^^^^^^^^^^^^^^^^^^^^^^^^
[INFO] [stdout] 
[INFO] [stdout] 
[INFO] [stdout] warning: function `compute_f_xw` is never used
[INFO] [stdout]    --> plonk/src/single_lookup.rs:443:4
[INFO] [stdout]     |
[INFO] [stdout] 443 | fn compute_f_xw(poly: &Poly, w: Fr) -> Poly {
[INFO] [stdout]     |    ^^^^^^^^^^^^
[INFO] [stdout] 
[INFO] [stdout] 
[INFO] [stdout] warning: associated function `new` is never used
[INFO] [stdout]   --> plonk/src/multiset.rs:30:12
[INFO] [stdout]    |
[INFO] [stdout] 29 | impl MultiSet {
[INFO] [stdout]    | ------------- associated function in this implementation
[INFO] [stdout] 30 |     pub fn new() -> Self {
[INFO] [stdout]    |            ^^^
[INFO] [stdout] 
[INFO] [stdout] 
[INFO] [stderr]     Finished `test` profile [unoptimized + debuginfo] target(s) in 10.89s
[INFO] running `Command { std: "docker" "inspect" "aef353ee094dfca0e108b24b7cf076fea9495734493231731be67a622d111eca", kill_on_drop: false }`
[INFO] running `Command { std: "docker" "rm" "-f" "aef353ee094dfca0e108b24b7cf076fea9495734493231731be67a622d111eca", kill_on_drop: false }`
[INFO] [stdout] aef353ee094dfca0e108b24b7cf076fea9495734493231731be67a622d111eca
[INFO] running `Command { std: "docker" "create" "-v" "/var/lib/crater-agent-workspace/builds/worker-1-tc1/target:/opt/rustwide/target:rw,Z" "-v" "/var/lib/crater-agent-workspace/builds/worker-1-tc1/source:/opt/rustwide/workdir:ro,Z" "-v" "/var/lib/crater-agent-workspace/cargo-home:/opt/rustwide/cargo-home:ro,Z" "-v" "/var/lib/crater-agent-workspace/rustup-home:/opt/rustwide/rustup-home:ro,Z" "-e" "SOURCE_DIR=/opt/rustwide/workdir" "-e" "CARGO_TARGET_DIR=/opt/rustwide/target" "-e" "CARGO_INCREMENTAL=0" "-e" "RUST_BACKTRACE=full" "-e" "RUSTFLAGS=--cap-lints=forbid" "-e" "RUSTDOCFLAGS=--cap-lints=forbid" "-e" "CARGO_HOME=/opt/rustwide/cargo-home" "-e" "RUSTUP_HOME=/opt/rustwide/rustup-home" "-w" "/opt/rustwide/workdir" "-m" "1610612736" "--user" "0:0" "--network" "none" "ghcr.io/rust-lang/crates-build-env/linux@sha256:819108c5571ea2e421544af4d832f968d213c87fbe3707a016657f43d2f853bc" "/opt/rustwide/cargo-home/bin/cargo" "+nightly-2025-01-18" "test" "--frozen", kill_on_drop: false }`
[INFO] [stdout] 40f73d7a1f70ecc04a134bf79d879b6c34fef3ba27a364cb60fe151c22be101c
[INFO] running `Command { std: "docker" "start" "-a" "40f73d7a1f70ecc04a134bf79d879b6c34fef3ba27a364cb60fe151c22be101c", kill_on_drop: false }`
[INFO] [stderr] warning: virtual workspace defaulting to `resolver = "1"` despite one or more workspace members being on edition 2021 which implies `resolver = "2"`
[INFO] [stderr] note: to keep the current resolver, specify `workspace.resolver = "1"` in the workspace root's manifest
[INFO] [stderr] note: to use the edition 2021 resolver, specify `workspace.resolver = "2"` in the workspace root's manifest
[INFO] [stderr] note: for more details see https://doc.rust-lang.org/cargo/reference/resolver.html#resolver-versions
[INFO] [stderr] warning: struct `LookupTable` is never constructed
[INFO] [stderr]   --> plonk/src/single_lookup.rs:17:12
[INFO] [stderr]    |
[INFO] [stderr] 17 | pub struct LookupTable {
[INFO] [stderr]    |            ^^^^^^^^^^^
[INFO] [stderr]    |
[INFO] [stderr]    = note: `#[warn(dead_code)]` on by default
[INFO] [stderr] 
[INFO] [stderr] warning: struct `FTable` is never constructed
[INFO] [stderr]   --> plonk/src/single_lookup.rs:25:12
[INFO] [stderr]    |
[INFO] [stderr] 25 | pub struct FTable {
[INFO] [stderr]    |            ^^^^^^
[INFO] [stderr] 
[INFO] [stderr] warning: associated items `new` and `add_table` are never used
[INFO] [stderr]   --> plonk/src/single_lookup.rs:30:12
[INFO] [stderr]    |
[INFO] [stderr] 29 | impl FTable {
[INFO] [stderr]    | ----------- associated items in this implementation
[INFO] [stderr] 30 |     pub fn new() -> Self {
[INFO] [stderr]    |            ^^^
[INFO] [stderr] ...
[INFO] [stderr] 33 |     pub fn add_table(&mut self, f_table: Vec<impl Into<Fr>>) {
[INFO] [stderr]    |            ^^^^^^^^^
[INFO] [stderr] 
[INFO] [stderr] warning: struct `LookupProof` is never constructed
[INFO] [stderr]   --> plonk/src/single_lookup.rs:44:12
[INFO] [stderr]    |
[INFO] [stderr] 44 | pub struct LookupProof {
[INFO] [stderr]    |            ^^^^^^^^^^^
[INFO] [stderr] 
[INFO] [stderr] warning: multiple associated items are never used
[INFO] [stderr]    --> plonk/src/single_lookup.rs:52:12
[INFO] [stderr]     |
[INFO] [stderr] 51  | impl LookupTable {
[INFO] [stderr]     | ---------------- associated items in this implementation
[INFO] [stderr] 52  |     pub fn new(inputs: Vec<impl Into<Fr>>) -> Self {
[INFO] [stderr]     |            ^^^
[INFO] [stderr] ...
[INFO] [stderr] 66  |     pub fn prove(&mut self, f_table: FTable) -> LookupProof {
[INFO] [stderr]     |            ^^^^^
[INFO] [stderr] ...
[INFO] [stderr] 147 |     pub fn verify(&self, proof: LookupProof) -> bool {
[INFO] [stderr]     |            ^^^^^^
[INFO] [stderr] ...
[INFO] [stderr] 195 |     fn fill_table(&mut self, f_table: MultiSet) -> MultiSet {
[INFO] [stderr]     |        ^^^^^^^^^^
[INFO] [stderr] ...
[INFO] [stderr] 228 |     fn generate_s(&self, f_table: MultiSet) -> (MultiSet, MultiSet) {
[INFO] [stderr]     |        ^^^^^^^^^^
[INFO] [stderr] ...
[INFO] [stderr] 245 |     fn compute_accumulator(
[INFO] [stderr]     |        ^^^^^^^^^^^^^^^^^^^
[INFO] [stderr] ...
[INFO] [stderr] 279 |     fn quotient_polynomial(
[INFO] [stderr]     |        ^^^^^^^^^^^^^^^^^^^
[INFO] [stderr] ...
[INFO] [stderr] 339 |     fn linearisation_poly(
[INFO] [stderr]     |        ^^^^^^^^^^^^^^^^^^
[INFO] [stderr] ...
[INFO] [stderr] 396 |     fn linearisation_commitment(
[INFO] [stderr]     |        ^^^^^^^^^^^^^^^^^^^^^^^^
[INFO] [stderr] 
[INFO] [stderr] warning: function `generate_poly_commitment` is never used
[INFO] [stderr]    --> plonk/src/single_lookup.rs:433:4
[INFO] [stderr]     |
[INFO] [stderr] 433 | fn generate_poly_commitment(
[INFO] [stderr]     |    ^^^^^^^^^^^^^^^^^^^^^^^^
[INFO] [stderr] 
[INFO] [stderr] warning: function `compute_f_xw` is never used
[INFO] [stderr]    --> plonk/src/single_lookup.rs:443:4
[INFO] [stderr]     |
[INFO] [stderr] 443 | fn compute_f_xw(poly: &Poly, w: Fr) -> Poly {
[INFO] [stderr]     |    ^^^^^^^^^^^^
[INFO] [stderr] 
[INFO] [stderr] warning: associated function `new` is never used
[INFO] [stderr]   --> plonk/src/multiset.rs:30:12
[INFO] [stderr]    |
[INFO] [stderr] 29 | impl MultiSet {
[INFO] [stderr]    | ------------- associated function in this implementation
[INFO] [stderr] 30 |     pub fn new() -> Self {
[INFO] [stderr]    |            ^^^
[INFO] [stderr] 
[INFO] [stderr] warning: `plonk` (lib) generated 8 warnings
[INFO] [stderr]     Finished `test` profile [unoptimized + debuginfo] target(s) in 0.08s
[INFO] [stderr]      Running unittests src/lib.rs (/opt/rustwide/target/debug/deps/kgz-fb0814194298c48b)
[INFO] [stdout] 
[INFO] [stdout] running 2 tests
[INFO] [stdout] test scalar_mul ... ok
[INFO] [stdout] test commit ... ok
[INFO] [stdout] 
[INFO] [stdout] test result: ok. 2 passed; 0 failed; 0 ignored; 0 measured; 0 filtered out; finished in 0.07s
[INFO] [stdout] 
[INFO] [stderr]      Running unittests src/lib.rs (/opt/rustwide/target/debug/deps/permutation-c00f140d949d08b9)
[INFO] [stdout] 
[INFO] [stdout] running 0 tests
[INFO] [stdout] 
[INFO] [stdout] test result: ok. 0 passed; 0 failed; 0 ignored; 0 measured; 0 filtered out; finished in 0.00s
[INFO] [stdout] 
[INFO] [stderr]      Running unittests src/lib.rs (/opt/rustwide/target/debug/deps/plonk-5d938017da324266)
[INFO] [stdout] 
[INFO] [stdout] running 7 tests
[INFO] [stdout] test utils::sliced ... ok
[INFO] [stdout] test single_lookup::tests::test_lookup_table ... ok
[INFO] [stdout] test utils::slicing ... ok
[INFO] [stdout] test utils::l0 ... ok
[INFO] [stdout] test builder::test::circuit1_test ... ok
[INFO] [stdout] test builder::test::circuit2_test ... ok
[INFO] [stdout] test builder::test::circuit2_test_bad_inputs - should panic ... ok
[INFO] [stdout] 
[INFO] [stdout] test result: ok. 7 passed; 0 failed; 0 ignored; 0 measured; 0 filtered out; finished in 1.95s
[INFO] [stdout] 
[INFO] [stderr]      Running tests/skeptic.rs (/opt/rustwide/target/debug/deps/skeptic-d4fff6a8e3c40dcc)
[INFO] [stdout] 
[INFO] [stdout] running 1 test
[INFO] [stdout] test readme_line_9 ... FAILED
[INFO] [stdout] 
[INFO] [stdout] failures:
[INFO] [stdout] 
[INFO] [stdout] ---- readme_line_9 stdout ----
[INFO] [stdout] error[E0601]: `main` function not found in crate `test`
[INFO] [stdout]  --> /tmp/rust-skepticoShfqT/test.rs:9:2
[INFO] [stdout]   |
[INFO] [stdout] 9 | }
[INFO] [stdout]   |  ^ consider adding a `main` function to `/tmp/rust-skepticoShfqT/test.rs`
[INFO] [stdout] 
[INFO] [stdout] error[E0433]: failed to resolve: use of undeclared type `LookupTable`
[INFO] [stdout]  --> /tmp/rust-skepticoShfqT/test.rs:3:21
[INFO] [stdout]   |
[INFO] [stdout] 3 |     let mut table = LookupTable::new(vec![2, 3, 4]);
[INFO] [stdout]   |                     ^^^^^^^^^^^ use of undeclared type `LookupTable`
[INFO] [stdout] 
[INFO] [stdout] error[E0433]: failed to resolve: use of undeclared type `FTable`
[INFO] [stdout]  --> /tmp/rust-skepticoShfqT/test.rs:4:23
[INFO] [stdout]   |
[INFO] [stdout] 4 |     let mut f_table = FTable::new();
[INFO] [stdout]   |                       ^^^^^^ use of undeclared type `FTable`
[INFO] [stdout] 
[INFO] [stdout] error: aborting due to 3 previous errors
[INFO] [stdout] 
[INFO] [stdout] Some errors have detailed explanations: E0433, E0601.
[INFO] [stdout] For more information about an error, try `rustc --explain E0433`.
[INFO] [stdout] 
[INFO] [stdout] thread 'readme_line_9' panicked at /opt/rustwide/cargo-home/registry/src/index.crates.io-1949cf8c6b5b557f/skeptic-0.13.7/src/rt.rs:127:9:
[INFO] [stdout] Command failed:
[INFO] [stdout] "rustc" "/tmp/rust-skepticoShfqT/test.rs" "--verbose" "--crate-type=bin" "--edition=2021" "-L" "/opt/rustwide/target/debug" "-L" "/opt/rustwide/target/debug/deps" "--target" "x86_64-unknown-linux-gnu" "-o" "/tmp/rust-skepticoShfqT/out.exe"
[INFO] [stdout] stack backtrace:
[INFO] [stdout]    0:     0x61169cc3dc3a - std::backtrace_rs::backtrace::libunwind::trace::hb059275cfc8d6126
[INFO] [stdout]                                at /rustc/6067b36314ab5eb2eb47cecc464545ba58e1ad24/library/std/src/../../backtrace/src/backtrace/libunwind.rs:116:5
[INFO] [stdout]    1:     0x61169cc3dc3a - std::backtrace_rs::backtrace::trace_unsynchronized::h2da071e4327ce3ee
[INFO] [stdout]                                at /rustc/6067b36314ab5eb2eb47cecc464545ba58e1ad24/library/std/src/../../backtrace/src/backtrace/mod.rs:66:5
[INFO] [stdout]    2:     0x61169cc3dc3a - std::sys::backtrace::_print_fmt::h842a1474e6f8d23f
[INFO] [stdout]                                at /rustc/6067b36314ab5eb2eb47cecc464545ba58e1ad24/library/std/src/sys/backtrace.rs:66:9
[INFO] [stdout]    3:     0x61169cc3dc3a - <std::sys::backtrace::BacktraceLock::print::DisplayBacktrace as core::fmt::Display>::fmt::h71a62eb3b9696b12
[INFO] [stdout]                                at /rustc/6067b36314ab5eb2eb47cecc464545ba58e1ad24/library/std/src/sys/backtrace.rs:39:26
[INFO] [stdout]    4:     0x61169cc67103 - core::fmt::rt::Argument::fmt::hdb6b616786b41dc1
[INFO] [stdout]                                at /rustc/6067b36314ab5eb2eb47cecc464545ba58e1ad24/library/core/src/fmt/rt.rs:177:76
[INFO] [stdout]    5:     0x61169cc67103 - core::fmt::write::h2cc1698af7e2d686
[INFO] [stdout]                                at /rustc/6067b36314ab5eb2eb47cecc464545ba58e1ad24/library/core/src/fmt/mod.rs:1440:21
[INFO] [stdout]    6:     0x61169cc3a253 - std::io::Write::write_fmt::hab1b4cd059a79022
[INFO] [stdout]                                at /rustc/6067b36314ab5eb2eb47cecc464545ba58e1ad24/library/std/src/io/mod.rs:1887:15
[INFO] [stdout]    7:     0x61169cc3da82 - std::sys::backtrace::BacktraceLock::print::h147fe35b4ea13b08
[INFO] [stdout]                                at /rustc/6067b36314ab5eb2eb47cecc464545ba58e1ad24/library/std/src/sys/backtrace.rs:42:9
[INFO] [stdout]    8:     0x61169cc3f0df - std::panicking::default_hook::{{closure}}::hbd44223dbdc0d208
[INFO] [stdout]                                at /rustc/6067b36314ab5eb2eb47cecc464545ba58e1ad24/library/std/src/panicking.rs:298:22
[INFO] [stdout]    9:     0x61169cc3eef8 - std::panicking::default_hook::h20f81eb0576efcec
[INFO] [stdout]                                at /rustc/6067b36314ab5eb2eb47cecc464545ba58e1ad24/library/std/src/panicking.rs:322:9
[INFO] [stdout]   10:     0x61169cb52183 - <alloc::boxed::Box<F,A> as core::ops::function::Fn<Args>>::call::hdb53814c496a4d34
[INFO] [stdout]                                at /rustc/6067b36314ab5eb2eb47cecc464545ba58e1ad24/library/alloc/src/boxed.rs:2027:9
[INFO] [stdout]   11:     0x61169cb52183 - test::test_main::{{closure}}::hc0a4963c59427c24
[INFO] [stdout]                                at /rustc/6067b36314ab5eb2eb47cecc464545ba58e1ad24/library/test/src/lib.rs:134:21
[INFO] [stdout]   12:     0x61169cc3fbd3 - <alloc::boxed::Box<F,A> as core::ops::function::Fn<Args>>::call::h591b2225413a77e9
[INFO] [stdout]                                at /rustc/6067b36314ab5eb2eb47cecc464545ba58e1ad24/library/alloc/src/boxed.rs:2027:9
[INFO] [stdout]   13:     0x61169cc3fbd3 - std::panicking::rust_panic_with_hook::h625eea43051b2edc
[INFO] [stdout]                                at /rustc/6067b36314ab5eb2eb47cecc464545ba58e1ad24/library/std/src/panicking.rs:839:13
[INFO] [stdout]   14:     0x61169cc3f88a - std::panicking::begin_panic_handler::{{closure}}::h4f9159cfbc3f6bd3
[INFO] [stdout]                                at /rustc/6067b36314ab5eb2eb47cecc464545ba58e1ad24/library/std/src/panicking.rs:704:13
[INFO] [stdout]   15:     0x61169cc3e139 - std::sys::backtrace::__rust_end_short_backtrace::h0390abce48353151
[INFO] [stdout]                                at /rustc/6067b36314ab5eb2eb47cecc464545ba58e1ad24/library/std/src/sys/backtrace.rs:168:18
[INFO] [stdout]   16:     0x61169cc3f51d - rust_begin_unwind
[INFO] [stdout]                                at /rustc/6067b36314ab5eb2eb47cecc464545ba58e1ad24/library/std/src/panicking.rs:695:5
[INFO] [stdout]   17:     0x61169cc65800 - core::panicking::panic_fmt::h9e7c637e9e5f29c9
[INFO] [stdout]                                at /rustc/6067b36314ab5eb2eb47cecc464545ba58e1ad24/library/core/src/panicking.rs:75:14
[INFO] [stdout]   18:     0x61169cb5f442 - skeptic::rt::interpret_output::hb78da7e307bbf034
[INFO] [stdout]                                at /opt/rustwide/cargo-home/registry/src/index.crates.io-1949cf8c6b5b557f/skeptic-0.13.7/src/rt.rs:127:9
[INFO] [stdout]   19:     0x61169cb5e67e - skeptic::rt::handle_test::h10f2e004410c15dd
[INFO] [stdout]                                at /opt/rustwide/cargo-home/registry/src/index.crates.io-1949cf8c6b5b557f/skeptic-0.13.7/src/rt.rs:111:5
[INFO] [stdout]   20:     0x61169cb5d916 - skeptic::rt::run_test::hfc33d8e3437f1416
[INFO] [stdout]                                at /opt/rustwide/cargo-home/registry/src/index.crates.io-1949cf8c6b5b557f/skeptic-0.13.7/src/rt.rs:25:5
[INFO] [stdout]   21:     0x61169cb18053 - skeptic::readme_line_9::h92766d300636ec8b
[INFO] [stdout]                                at /opt/rustwide/target/debug/build/plonk-d569d2633a9b52d8/out/skeptic-tests.rs:13:5
[INFO] [stdout]   22:     0x61169cb17f67 - skeptic::readme_line_9::{{closure}}::hafe7505717bcea7f
[INFO] [stdout]                                at /opt/rustwide/target/debug/build/plonk-d569d2633a9b52d8/out/skeptic-tests.rs:2:27
[INFO] [stdout]   23:     0x61169cb17a36 - core::ops::function::FnOnce::call_once::h04af39a5a8c7d5fe
[INFO] [stdout]                                at /rustc/6067b36314ab5eb2eb47cecc464545ba58e1ad24/library/core/src/ops/function.rs:250:5
[INFO] [stdout]   24:     0x61169cb578db - core::ops::function::FnOnce::call_once::he27718dfdd183f43
[INFO] [stdout]                                at /rustc/6067b36314ab5eb2eb47cecc464545ba58e1ad24/library/core/src/ops/function.rs:250:5
[INFO] [stdout]   25:     0x61169cb578db - test::__rust_begin_short_backtrace::h4e84902998457a5d
[INFO] [stdout]                                at /rustc/6067b36314ab5eb2eb47cecc464545ba58e1ad24/library/test/src/lib.rs:632:18
[INFO] [stdout]   26:     0x61169cb56813 - test::run_test_in_process::{{closure}}::h7176fd18fc1feca0
[INFO] [stdout]                                at /rustc/6067b36314ab5eb2eb47cecc464545ba58e1ad24/library/test/src/lib.rs:655:60
[INFO] [stdout]   27:     0x61169cb56813 - <core::panic::unwind_safe::AssertUnwindSafe<F> as core::ops::function::FnOnce<()>>::call_once::hf79cff2a624d8cf7
[INFO] [stdout]                                at /rustc/6067b36314ab5eb2eb47cecc464545ba58e1ad24/library/core/src/panic/unwind_safe.rs:272:9
[INFO] [stdout]   28:     0x61169cb56813 - std::panicking::try::do_call::h3da0561d9ab99c25
[INFO] [stdout]                                at /rustc/6067b36314ab5eb2eb47cecc464545ba58e1ad24/library/std/src/panicking.rs:587:40
[INFO] [stdout]   29:     0x61169cb56813 - std::panicking::try::h41c9fa508bc61df6
[INFO] [stdout]                                at /rustc/6067b36314ab5eb2eb47cecc464545ba58e1ad24/library/std/src/panicking.rs:550:19
[INFO] [stdout]   30:     0x61169cb56813 - std::panic::catch_unwind::h6b3ff07bb5afad93
[INFO] [stdout]                                at /rustc/6067b36314ab5eb2eb47cecc464545ba58e1ad24/library/std/src/panic.rs:358:14
[INFO] [stdout]   31:     0x61169cb56813 - test::run_test_in_process::hc7253dd11b39b9f4
[INFO] [stdout]                                at /rustc/6067b36314ab5eb2eb47cecc464545ba58e1ad24/library/test/src/lib.rs:655:27
[INFO] [stdout]   32:     0x61169cb56813 - test::run_test::{{closure}}::hfb2007f8649c30bb
[INFO] [stdout]                                at /rustc/6067b36314ab5eb2eb47cecc464545ba58e1ad24/library/test/src/lib.rs:576:43
[INFO] [stdout]   33:     0x61169cb198f5 - test::run_test::{{closure}}::h56a17aa7a282a9f4
[INFO] [stdout]                                at /rustc/6067b36314ab5eb2eb47cecc464545ba58e1ad24/library/test/src/lib.rs:606:41
[INFO] [stdout]   34:     0x61169cb198f5 - std::sys::backtrace::__rust_begin_short_backtrace::hd2d2d2fb8e8c6aac
[INFO] [stdout]                                at /rustc/6067b36314ab5eb2eb47cecc464545ba58e1ad24/library/std/src/sys/backtrace.rs:152:18
[INFO] [stdout]   35:     0x61169cb1d1da - std::thread::Builder::spawn_unchecked_::{{closure}}::{{closure}}::h4faa3f9db6133423
[INFO] [stdout]                                at /rustc/6067b36314ab5eb2eb47cecc464545ba58e1ad24/library/std/src/thread/mod.rs:559:17
[INFO] [stdout]   36:     0x61169cb1d1da - <core::panic::unwind_safe::AssertUnwindSafe<F> as core::ops::function::FnOnce<()>>::call_once::hf2e855a36a4ea846
[INFO] [stdout]                                at /rustc/6067b36314ab5eb2eb47cecc464545ba58e1ad24/library/core/src/panic/unwind_safe.rs:272:9
[INFO] [stdout]   37:     0x61169cb1d1da - std::panicking::try::do_call::h2f73af3616c35465
[INFO] [stdout]                                at /rustc/6067b36314ab5eb2eb47cecc464545ba58e1ad24/library/std/src/panicking.rs:587:40
[INFO] [stdout]   38:     0x61169cb1d1da - std::panicking::try::hd1660ce9efadef5a
[INFO] [stdout]                                at /rustc/6067b36314ab5eb2eb47cecc464545ba58e1ad24/library/std/src/panicking.rs:550:19
[INFO] [stdout]   39:     0x61169cb1d1da - std::panic::catch_unwind::h5ee8d7823b8ca744
[INFO] [stdout]                                at /rustc/6067b36314ab5eb2eb47cecc464545ba58e1ad24/library/std/src/panic.rs:358:14
[INFO] [stdout]   40:     0x61169cb1d1da - std::thread::Builder::spawn_unchecked_::{{closure}}::h53c3a1894dce8407
[INFO] [stdout]                                at /rustc/6067b36314ab5eb2eb47cecc464545ba58e1ad24/library/std/src/thread/mod.rs:557:30
[INFO] [stdout]   41:     0x61169cb1d1da - core::ops::function::FnOnce::call_once{{vtable.shim}}::h048ce291ad4f62bf
[INFO] [stdout]                                at /rustc/6067b36314ab5eb2eb47cecc464545ba58e1ad24/library/core/src/ops/function.rs:250:5
[INFO] [stdout]   42:     0x61169cc453ab - <alloc::boxed::Box<F,A> as core::ops::function::FnOnce<Args>>::call_once::ha52bedf99a3b4981
[INFO] [stdout]                                at /rustc/6067b36314ab5eb2eb47cecc464545ba58e1ad24/library/alloc/src/boxed.rs:2013:9
[INFO] [stdout]   43:     0x61169cc453ab - <alloc::boxed::Box<F,A> as core::ops::function::FnOnce<Args>>::call_once::h567748934d80ccf8
[INFO] [stdout]                                at /rustc/6067b36314ab5eb2eb47cecc464545ba58e1ad24/library/alloc/src/boxed.rs:2013:9
[INFO] [stdout]   44:     0x61169cc453ab - std::sys::pal::unix::thread::Thread::new::thread_start::h2d970728ae887adc
[INFO] [stdout]                                at /rustc/6067b36314ab5eb2eb47cecc464545ba58e1ad24/library/std/src/sys/pal/unix/thread.rs:106:17
[INFO] [stdout]   45:     0x756e1378bac3 - <unknown>
[INFO] [stdout]   46:     0x756e1381ca04 - clone
[INFO] [stdout]   47:                0x0 - <unknown>
[INFO] [stdout] 
[INFO] [stdout] 
[INFO] [stdout] failures:
[INFO] [stdout]     readme_line_9
[INFO] [stdout] 
[INFO] [stdout] test result: FAILED. 0 passed; 1 failed; 0 ignored; 0 measured; 0 filtered out; finished in 0.46s
[INFO] [stdout] 
[INFO] [stderr] error: test failed, to rerun pass `-p plonk --test skeptic`
[INFO] running `Command { std: "docker" "inspect" "40f73d7a1f70ecc04a134bf79d879b6c34fef3ba27a364cb60fe151c22be101c", kill_on_drop: false }`
[INFO] running `Command { std: "docker" "rm" "-f" "40f73d7a1f70ecc04a134bf79d879b6c34fef3ba27a364cb60fe151c22be101c", kill_on_drop: false }`
[INFO] [stdout] 40f73d7a1f70ecc04a134bf79d879b6c34fef3ba27a364cb60fe151c22be101c
