[INFO] cloning repository https://github.com/Easpect/AOC
[INFO] running `Command { std: "git" "-c" "credential.helper=" "-c" "credential.helper=/workspace/cargo-home/bin/git-credential-null" "clone" "--bare" "https://github.com/Easpect/AOC" "/workspace/cache/git-repos/https%3A%2F%2Fgithub.com%2FEaspect%2FAOC", kill_on_drop: false }`
[INFO] [stderr] Cloning into bare repository '/workspace/cache/git-repos/https%3A%2F%2Fgithub.com%2FEaspect%2FAOC'...
[INFO] running `Command { std: "git" "rev-parse" "HEAD", kill_on_drop: false }`
[INFO] [stdout] 6a067cb1ee8072e53bb5eb72b5f579c6725bc989
[INFO] testing Easpect/AOC against nightly-2025-01-18+rustflags=-Zrandomize-layout for randomize-layout-2
[INFO] running `Command { std: "git" "clone" "/workspace/cache/git-repos/https%3A%2F%2Fgithub.com%2FEaspect%2FAOC" "/workspace/builds/worker-6-tc2/source", kill_on_drop: false }`
[INFO] [stderr] Cloning into '/workspace/builds/worker-6-tc2/source'...
[INFO] [stderr] done.
[INFO] validating manifest of git repo https://github.com/Easpect/AOC on toolchain nightly-2025-01-18
[INFO] running `Command { std: CARGO_HOME="/workspace/cargo-home" RUSTUP_HOME="/workspace/rustup-home" "/workspace/cargo-home/bin/cargo" "+nightly-2025-01-18" "metadata" "--manifest-path" "Cargo.toml" "--no-deps", kill_on_drop: false }`
[INFO] removed /workspace/builds/worker-6-tc2/source/.cargo/config.toml
[INFO] started tweaking git repo https://github.com/Easpect/AOC
[INFO] finished tweaking git repo https://github.com/Easpect/AOC
[INFO] tweaked toml for git repo https://github.com/Easpect/AOC written to /workspace/builds/worker-6-tc2/source/Cargo.toml
[INFO] crate git repo https://github.com/Easpect/AOC already has a lockfile, it will not be regenerated
[INFO] running `Command { std: CARGO_HOME="/workspace/cargo-home" RUSTUP_HOME="/workspace/rustup-home" "/workspace/cargo-home/bin/cargo" "+nightly-2025-01-18" "fetch" "--manifest-path" "Cargo.toml", kill_on_drop: false }`
[INFO] running `Command { std: "docker" "create" "-v" "/var/lib/crater-agent-workspace/builds/worker-6-tc2/target:/opt/rustwide/target:rw,Z" "-v" "/var/lib/crater-agent-workspace/builds/worker-6-tc2/source:/opt/rustwide/workdir:ro,Z" "-v" "/var/lib/crater-agent-workspace/cargo-home:/opt/rustwide/cargo-home:ro,Z" "-v" "/var/lib/crater-agent-workspace/rustup-home:/opt/rustwide/rustup-home:ro,Z" "-e" "SOURCE_DIR=/opt/rustwide/workdir" "-e" "CARGO_TARGET_DIR=/opt/rustwide/target" "-e" "CARGO_HOME=/opt/rustwide/cargo-home" "-e" "RUSTUP_HOME=/opt/rustwide/rustup-home" "-w" "/opt/rustwide/workdir" "-m" "1610612736" "--user" "0:0" "--network" "none" "ghcr.io/rust-lang/crates-build-env/linux@sha256:819108c5571ea2e421544af4d832f968d213c87fbe3707a016657f43d2f853bc" "/opt/rustwide/cargo-home/bin/cargo" "+nightly-2025-01-18" "metadata" "--no-deps" "--format-version=1", kill_on_drop: false }`
[INFO] [stdout] f06182aa5b7a0fd59092033e06074531e574169f56da00aa4bf3121293f58a17
[INFO] running `Command { std: "docker" "start" "-a" "f06182aa5b7a0fd59092033e06074531e574169f56da00aa4bf3121293f58a17", kill_on_drop: false }`
[INFO] running `Command { std: "docker" "inspect" "f06182aa5b7a0fd59092033e06074531e574169f56da00aa4bf3121293f58a17", kill_on_drop: false }`
[INFO] running `Command { std: "docker" "rm" "-f" "f06182aa5b7a0fd59092033e06074531e574169f56da00aa4bf3121293f58a17", kill_on_drop: false }`
[INFO] [stdout] f06182aa5b7a0fd59092033e06074531e574169f56da00aa4bf3121293f58a17
[INFO] running `Command { std: "docker" "create" "-v" "/var/lib/crater-agent-workspace/builds/worker-6-tc2/target:/opt/rustwide/target:rw,Z" "-v" "/var/lib/crater-agent-workspace/builds/worker-6-tc2/source:/opt/rustwide/workdir:ro,Z" "-v" "/var/lib/crater-agent-workspace/cargo-home:/opt/rustwide/cargo-home:ro,Z" "-v" "/var/lib/crater-agent-workspace/rustup-home:/opt/rustwide/rustup-home:ro,Z" "-e" "SOURCE_DIR=/opt/rustwide/workdir" "-e" "CARGO_TARGET_DIR=/opt/rustwide/target" "-e" "CARGO_INCREMENTAL=0" "-e" "RUST_BACKTRACE=full" "-e" "RUSTFLAGS=--cap-lints=forbid -Zrandomize-layout" "-e" "RUSTDOCFLAGS=--cap-lints=forbid" "-e" "CARGO_HOME=/opt/rustwide/cargo-home" "-e" "RUSTUP_HOME=/opt/rustwide/rustup-home" "-w" "/opt/rustwide/workdir" "-m" "1610612736" "--user" "0:0" "--network" "none" "ghcr.io/rust-lang/crates-build-env/linux@sha256:819108c5571ea2e421544af4d832f968d213c87fbe3707a016657f43d2f853bc" "/opt/rustwide/cargo-home/bin/cargo" "+nightly-2025-01-18" "build" "--frozen" "--message-format=json", kill_on_drop: false }`
[INFO] [stdout] 3523ef29cd359d458bf3e3fa5b81d58a0c6b6148d5b8f96bd8b7c38e9bab824e
[INFO] running `Command { std: "docker" "start" "-a" "3523ef29cd359d458bf3e3fa5b81d58a0c6b6148d5b8f96bd8b7c38e9bab824e", kill_on_drop: false }`
[INFO] [stderr]    Compiling tinyjson v2.5.1
[INFO] [stderr]    Compiling pico-args v0.5.0
[INFO] [stderr]    Compiling advent_of_code v0.11.0 (/opt/rustwide/workdir)
[INFO] [stdout] warning: unnecessary parentheses around `return` value
[INFO] [stdout]   --> src/bin/01.rs:25:11
[INFO] [stdout]    |
[INFO] [stdout] 25 |     return(returnSum);
[INFO] [stdout]    |           ^         ^
[INFO] [stdout]    |
[INFO] [stdout]    = note: `#[warn(unused_parens)]` on by default
[INFO] [stdout] help: remove these parentheses
[INFO] [stdout]    |
[INFO] [stdout] 25 -     return(returnSum);
[INFO] [stdout] 25 +     return returnSum;
[INFO] [stdout]    |
[INFO] [stdout] 
[INFO] [stdout] 
[INFO] [stdout] warning: unnecessary parentheses around `if` condition
[INFO] [stdout]   --> src/bin/01.rs:46:15
[INFO] [stdout]    |
[INFO] [stdout] 46 |             if(leftList[i] == rightList[j])
[INFO] [stdout]    |               ^                           ^
[INFO] [stdout]    |
[INFO] [stdout] help: remove these parentheses
[INFO] [stdout]    |
[INFO] [stdout] 46 -             if(leftList[i] == rightList[j])
[INFO] [stdout] 46 +             if leftList[i] == rightList[j]
[INFO] [stdout]    |
[INFO] [stdout] 
[INFO] [stdout] 
[INFO] [stdout] warning: unnecessary parentheses around `return` value
[INFO] [stdout]   --> src/bin/01.rs:54:11
[INFO] [stdout]    |
[INFO] [stdout] 54 |     return(returnSum);
[INFO] [stdout]    |           ^         ^
[INFO] [stdout]    |
[INFO] [stdout] help: remove these parentheses
[INFO] [stdout]    |
[INFO] [stdout] 54 -     return(returnSum);
[INFO] [stdout] 54 +     return returnSum;
[INFO] [stdout]    |
[INFO] [stdout] 
[INFO] [stdout] 
[INFO] [stdout] warning: unnecessary parentheses around `if` condition
[INFO] [stdout]   --> src/bin/02.rs:29:11
[INFO] [stdout]    |
[INFO] [stdout] 29 |         if(firstCheck <= 0 || firstCheck > 3)
[INFO] [stdout]    |           ^                                 ^
[INFO] [stdout]    |
[INFO] [stdout]    = note: `#[warn(unused_parens)]` on by default
[INFO] [stdout] help: remove these parentheses
[INFO] [stdout]    |
[INFO] [stdout] 29 -         if(firstCheck <= 0 || firstCheck > 3)
[INFO] [stdout] 29 +         if firstCheck <= 0 || firstCheck > 3
[INFO] [stdout]    |
[INFO] [stdout] 
[INFO] [stdout] 
[INFO] [stdout] warning: unnecessary parentheses around `return` value
[INFO] [stdout]   --> src/bin/02.rs:67:11
[INFO] [stdout]    |
[INFO] [stdout] 67 |     return(Some(totalSafe.try_into().unwrap()));
[INFO] [stdout]    |           ^                                   ^
[INFO] [stdout]    |
[INFO] [stdout] help: remove these parentheses
[INFO] [stdout]    |
[INFO] [stdout] 67 -     return(Some(totalSafe.try_into().unwrap()));
[INFO] [stdout] 67 +     return Some(totalSafe.try_into().unwrap());
[INFO] [stdout]    |
[INFO] [stdout] 
[INFO] [stdout] 
[INFO] [stdout] warning: unnecessary parentheses around `if` condition
[INFO] [stdout]   --> src/bin/02.rs:99:11
[INFO] [stdout]    |
[INFO] [stdout] 99 |         if(firstCheck <= 0 || firstCheck > 3)
[INFO] [stdout]    |           ^                                 ^
[INFO] [stdout]    |
[INFO] [stdout] help: remove these parentheses
[INFO] [stdout]    |
[INFO] [stdout] 99 -         if(firstCheck <= 0 || firstCheck > 3)
[INFO] [stdout] 99 +         if firstCheck <= 0 || firstCheck > 3
[INFO] [stdout]    |
[INFO] [stdout] 
[INFO] [stdout] 
[INFO] [stdout] warning: unnecessary parentheses around `return` value
[INFO] [stdout]    --> src/bin/02.rs:158:11
[INFO] [stdout]     |
[INFO] [stdout] 158 |     return(Some(totalSafe.try_into().unwrap()));
[INFO] [stdout]     |           ^                                   ^
[INFO] [stdout]     |
[INFO] [stdout] help: remove these parentheses
[INFO] [stdout]     |
[INFO] [stdout] 158 -     return(Some(totalSafe.try_into().unwrap()));
[INFO] [stdout] 158 +     return Some(totalSafe.try_into().unwrap());
[INFO] [stdout]     |
[INFO] [stdout] 
[INFO] [stdout] 
[INFO] [stdout] warning: variable `totalSum` should have a snake case name
[INFO] [stdout]  --> src/bin/01.rs:4:13
[INFO] [stdout]   |
[INFO] [stdout] 4 |     let mut totalSum= 0;
[INFO] [stdout]   |             ^^^^^^^^ help: convert the identifier to snake case: `total_sum`
[INFO] [stdout]   |
[INFO] [stdout]   = note: `#[warn(non_snake_case)]` on by default
[INFO] [stdout] 
[INFO] [stdout] 
[INFO] [stdout] warning: variable `leftList` should have a snake case name
[INFO] [stdout]  --> src/bin/01.rs:5:13
[INFO] [stdout]   |
[INFO] [stdout] 5 |     let mut leftList = Vec::new();
[INFO] [stdout]   |             ^^^^^^^^ help: convert the identifier to snake case: `left_list`
[INFO] [stdout] 
[INFO] [stdout] 
[INFO] [stdout] warning: variable `rightList` should have a snake case name
[INFO] [stdout]  --> src/bin/01.rs:6:13
[INFO] [stdout]   |
[INFO] [stdout] 6 |     let mut rightList = Vec::new();
[INFO] [stdout]   |             ^^^^^^^^^ help: convert the identifier to snake case: `right_list`
[INFO] [stdout] 
[INFO] [stdout] 
[INFO] [stdout] warning: variable `numVec` should have a snake case name
[INFO] [stdout]   --> src/bin/01.rs:10:13
[INFO] [stdout]    |
[INFO] [stdout] 10 |         let numVec : Vec<_>=line.split("   ").map(|c| c.parse::<i32>().unwrap()).collect();
[INFO] [stdout]    |             ^^^^^^ help: convert the identifier to snake case: `num_vec`
[INFO] [stdout] 
[INFO] [stdout] 
[INFO] [stdout] warning: variable `vecSize` should have a snake case name
[INFO] [stdout]   --> src/bin/01.rs:16:9
[INFO] [stdout]    |
[INFO] [stdout] 16 |     let vecSize = leftList.len();
[INFO] [stdout]    |         ^^^^^^^ help: convert the identifier to snake case: `vec_size`
[INFO] [stdout] 
[INFO] [stdout] 
[INFO] [stdout] warning: variable `vecSum` should have a snake case name
[INFO] [stdout]   --> src/bin/01.rs:19:13
[INFO] [stdout]    |
[INFO] [stdout] 19 |         let vecSum = rightList[i] - leftList[i];
[INFO] [stdout]    |             ^^^^^^ help: convert the identifier to snake case: `vec_sum`
[INFO] [stdout] 
[INFO] [stdout] 
[INFO] [stdout] warning: variable `sumAdd` should have a snake case name
[INFO] [stdout]   --> src/bin/01.rs:20:13
[INFO] [stdout]    |
[INFO] [stdout] 20 |         let sumAdd = vecSum.abs();
[INFO] [stdout]    |             ^^^^^^ help: convert the identifier to snake case: `sum_add`
[INFO] [stdout] 
[INFO] [stdout] 
[INFO] [stdout] warning: variable `returnSum` should have a snake case name
[INFO] [stdout]   --> src/bin/01.rs:24:9
[INFO] [stdout]    |
[INFO] [stdout] 24 |     let returnSum: Option<u32> = Some(totalSum.try_into().unwrap());
[INFO] [stdout]    |         ^^^^^^^^^ help: convert the identifier to snake case: `return_sum`
[INFO] [stdout] 
[INFO] [stdout] 
[INFO] [stdout] warning: variable `totalSum` should have a snake case name
[INFO] [stdout]   --> src/bin/01.rs:29:13
[INFO] [stdout]    |
[INFO] [stdout] 29 |     let mut totalSum = 0;
[INFO] [stdout]    |             ^^^^^^^^ help: convert the identifier to snake case: `total_sum`
[INFO] [stdout] 
[INFO] [stdout] 
[INFO] [stdout] warning: variable `leftList` should have a snake case name
[INFO] [stdout]   --> src/bin/01.rs:30:13
[INFO] [stdout]    |
[INFO] [stdout] 30 |     let mut leftList = Vec::new();
[INFO] [stdout]    |             ^^^^^^^^ help: convert the identifier to snake case: `left_list`
[INFO] [stdout] 
[INFO] [stdout] 
[INFO] [stdout] warning: variable `rightList` should have a snake case name
[INFO] [stdout]   --> src/bin/01.rs:31:13
[INFO] [stdout]    |
[INFO] [stdout] 31 |     let mut rightList = Vec::new();
[INFO] [stdout]    |             ^^^^^^^^^ help: convert the identifier to snake case: `right_list`
[INFO] [stdout] 
[INFO] [stdout] 
[INFO] [stdout] warning: variable `numVec` should have a snake case name
[INFO] [stdout]   --> src/bin/01.rs:35:13
[INFO] [stdout]    |
[INFO] [stdout] 35 |         let numVec : Vec<_>=line.split("   ").map(|c| c.parse::<i32>().unwrap()).collect();
[INFO] [stdout]    |             ^^^^^^ help: convert the identifier to snake case: `num_vec`
[INFO] [stdout] 
[INFO] [stdout] 
[INFO] [stdout] warning: variable `vecSize` should have a snake case name
[INFO] [stdout]   --> src/bin/01.rs:40:9
[INFO] [stdout]    |
[INFO] [stdout] 40 |     let vecSize = leftList.len();
[INFO] [stdout]    |         ^^^^^^^ help: convert the identifier to snake case: `vec_size`
[INFO] [stdout] 
[INFO] [stdout] 
[INFO] [stdout] warning: variable `returnSum` should have a snake case name
[INFO] [stdout]   --> src/bin/01.rs:53:9
[INFO] [stdout]    |
[INFO] [stdout] 53 |     let returnSum: Option<u32> = Some(totalSum.try_into().unwrap());
[INFO] [stdout]    |         ^^^^^^^^^ help: convert the identifier to snake case: `return_sum`
[INFO] [stdout] 
[INFO] [stdout] 
[INFO] [stdout] warning: variable does not need to be mutable
[INFO] [stdout]   --> src/bin/02.rs:12:13
[INFO] [stdout]    |
[INFO] [stdout] 12 |         let mut firstVal;
[INFO] [stdout]    |             ----^^^^^^^^
[INFO] [stdout]    |             |
[INFO] [stdout]    |             help: remove this `mut`
[INFO] [stdout]    |
[INFO] [stdout]    = note: `#[warn(unused_mut)]` on by default
[INFO] [stdout] 
[INFO] [stdout] 
[INFO] [stdout] warning: variable does not need to be mutable
[INFO] [stdout]   --> src/bin/02.rs:81:13
[INFO] [stdout]    |
[INFO] [stdout] 81 |         let mut firstVal;
[INFO] [stdout]    |             ----^^^^^^^^
[INFO] [stdout]    |             |
[INFO] [stdout]    |             help: remove this `mut`
[INFO] [stdout] 
[INFO] [stdout] 
[INFO] [stdout] warning: variable `totalSafe` should have a snake case name
[INFO] [stdout]  --> src/bin/02.rs:4:13
[INFO] [stdout]   |
[INFO] [stdout] 4 |     let mut totalSafe = 0;
[INFO] [stdout]   |             ^^^^^^^^^ help: convert the identifier to snake case: `total_safe`
[INFO] [stdout]   |
[INFO] [stdout]   = note: `#[warn(non_snake_case)]` on by default
[INFO] [stdout] 
[INFO] [stdout] 
[INFO] [stdout] warning: variable `reportSize` should have a snake case name
[INFO] [stdout]  --> src/bin/02.rs:9:13
[INFO] [stdout]   |
[INFO] [stdout] 9 |         let reportSize = reactor.len();
[INFO] [stdout]   |             ^^^^^^^^^^ help: convert the identifier to snake case: `report_size`
[INFO] [stdout] 
[INFO] [stdout] 
[INFO] [stdout] warning: variable `firstVal` should have a snake case name
[INFO] [stdout]   --> src/bin/02.rs:12:17
[INFO] [stdout]    |
[INFO] [stdout] 12 |         let mut firstVal;
[INFO] [stdout]    |                 ^^^^^^^^ help: convert the identifier to snake case: `first_val`
[INFO] [stdout] 
[INFO] [stdout] 
[INFO] [stdout] warning: variable `currVal` should have a snake case name
[INFO] [stdout]   --> src/bin/02.rs:13:17
[INFO] [stdout]    |
[INFO] [stdout] 13 |         let mut currVal;
[INFO] [stdout]    |                 ^^^^^^^ help: convert the identifier to snake case: `curr_val`
[INFO] [stdout] 
[INFO] [stdout] 
[INFO] [stdout] warning: variable `firstCheck` should have a snake case name
[INFO] [stdout]   --> src/bin/02.rs:28:13
[INFO] [stdout]    |
[INFO] [stdout] 28 |         let firstCheck = (reactor[1] - reactor[0]).abs();
[INFO] [stdout]    |             ^^^^^^^^^^ help: convert the identifier to snake case: `first_check`
[INFO] [stdout] 
[INFO] [stdout] 
[INFO] [stdout] warning: variable `totalSafe` should have a snake case name
[INFO] [stdout]   --> src/bin/02.rs:73:13
[INFO] [stdout]    |
[INFO] [stdout] 73 |     let mut totalSafe = 0;
[INFO] [stdout]    |             ^^^^^^^^^ help: convert the identifier to snake case: `total_safe`
[INFO] [stdout] 
[INFO] [stdout] 
[INFO] [stdout] warning: variable `reportSize` should have a snake case name
[INFO] [stdout]   --> src/bin/02.rs:78:13
[INFO] [stdout]    |
[INFO] [stdout] 78 |         let reportSize = reactor.len();
[INFO] [stdout]    |             ^^^^^^^^^^ help: convert the identifier to snake case: `report_size`
[INFO] [stdout] 
[INFO] [stdout] 
[INFO] [stdout] warning: variable `firstVal` should have a snake case name
[INFO] [stdout]   --> src/bin/02.rs:81:17
[INFO] [stdout]    |
[INFO] [stdout] 81 |         let mut firstVal;
[INFO] [stdout]    |                 ^^^^^^^^ help: convert the identifier to snake case: `first_val`
[INFO] [stdout] 
[INFO] [stdout] 
[INFO] [stdout] warning: variable `currVal` should have a snake case name
[INFO] [stdout]   --> src/bin/02.rs:82:17
[INFO] [stdout]    |
[INFO] [stdout] 82 |         let mut currVal;
[INFO] [stdout]    |                 ^^^^^^^ help: convert the identifier to snake case: `curr_val`
[INFO] [stdout] 
[INFO] [stdout] 
[INFO] [stdout] warning: variable `firstCheck` should have a snake case name
[INFO] [stdout]   --> src/bin/02.rs:98:13
[INFO] [stdout]    |
[INFO] [stdout] 98 |         let firstCheck = (reactor[1] - reactor[0]).abs();
[INFO] [stdout]    |             ^^^^^^^^^^ help: convert the identifier to snake case: `first_check`
[INFO] [stdout] 
[INFO] [stdout] 
[INFO] [stderr]     Finished `dev` profile [unoptimized + debuginfo] target(s) in 2.07s
[INFO] running `Command { std: "docker" "inspect" "3523ef29cd359d458bf3e3fa5b81d58a0c6b6148d5b8f96bd8b7c38e9bab824e", kill_on_drop: false }`
[INFO] running `Command { std: "docker" "rm" "-f" "3523ef29cd359d458bf3e3fa5b81d58a0c6b6148d5b8f96bd8b7c38e9bab824e", kill_on_drop: false }`
[INFO] [stdout] 3523ef29cd359d458bf3e3fa5b81d58a0c6b6148d5b8f96bd8b7c38e9bab824e
[INFO] running `Command { std: "docker" "create" "-v" "/var/lib/crater-agent-workspace/builds/worker-6-tc2/target:/opt/rustwide/target:rw,Z" "-v" "/var/lib/crater-agent-workspace/builds/worker-6-tc2/source:/opt/rustwide/workdir:ro,Z" "-v" "/var/lib/crater-agent-workspace/cargo-home:/opt/rustwide/cargo-home:ro,Z" "-v" "/var/lib/crater-agent-workspace/rustup-home:/opt/rustwide/rustup-home:ro,Z" "-e" "SOURCE_DIR=/opt/rustwide/workdir" "-e" "CARGO_TARGET_DIR=/opt/rustwide/target" "-e" "CARGO_INCREMENTAL=0" "-e" "RUST_BACKTRACE=full" "-e" "RUSTFLAGS=--cap-lints=forbid -Zrandomize-layout" "-e" "RUSTDOCFLAGS=--cap-lints=forbid" "-e" "CARGO_HOME=/opt/rustwide/cargo-home" "-e" "RUSTUP_HOME=/opt/rustwide/rustup-home" "-w" "/opt/rustwide/workdir" "-m" "1610612736" "--user" "0:0" "--network" "none" "ghcr.io/rust-lang/crates-build-env/linux@sha256:819108c5571ea2e421544af4d832f968d213c87fbe3707a016657f43d2f853bc" "/opt/rustwide/cargo-home/bin/cargo" "+nightly-2025-01-18" "test" "--frozen" "--no-run" "--message-format=json", kill_on_drop: false }`
[INFO] [stdout] 0af7cacab5b60b864879fdb4975d044c280fbe5a166e7bdd683937c3659dc51a
[INFO] running `Command { std: "docker" "start" "-a" "0af7cacab5b60b864879fdb4975d044c280fbe5a166e7bdd683937c3659dc51a", kill_on_drop: false }`
[INFO] [stderr]    Compiling advent_of_code v0.11.0 (/opt/rustwide/workdir)
[INFO] [stdout] warning: unnecessary parentheses around `if` condition
[INFO] [stdout]   --> src/bin/02.rs:29:11
[INFO] [stdout]    |
[INFO] [stdout] 29 |         if(firstCheck <= 0 || firstCheck > 3)
[INFO] [stdout]    |           ^                                 ^
[INFO] [stdout]    |
[INFO] [stdout]    = note: `#[warn(unused_parens)]` on by default
[INFO] [stdout] help: remove these parentheses
[INFO] [stdout]    |
[INFO] [stdout] 29 -         if(firstCheck <= 0 || firstCheck > 3)
[INFO] [stdout] 29 +         if firstCheck <= 0 || firstCheck > 3
[INFO] [stdout]    |
[INFO] [stdout] 
[INFO] [stdout] 
[INFO] [stdout] warning: unnecessary parentheses around `return` value
[INFO] [stdout]   --> src/bin/02.rs:67:11
[INFO] [stdout]    |
[INFO] [stdout] 67 |     return(Some(totalSafe.try_into().unwrap()));
[INFO] [stdout]    |           ^                                   ^
[INFO] [stdout]    |
[INFO] [stdout] help: remove these parentheses
[INFO] [stdout]    |
[INFO] [stdout] 67 -     return(Some(totalSafe.try_into().unwrap()));
[INFO] [stdout] 67 +     return Some(totalSafe.try_into().unwrap());
[INFO] [stdout]    |
[INFO] [stdout] 
[INFO] [stdout] 
[INFO] [stdout] warning: unnecessary parentheses around `if` condition
[INFO] [stdout]   --> src/bin/02.rs:99:11
[INFO] [stdout]    |
[INFO] [stdout] 99 |         if(firstCheck <= 0 || firstCheck > 3)
[INFO] [stdout]    |           ^                                 ^
[INFO] [stdout]    |
[INFO] [stdout] help: remove these parentheses
[INFO] [stdout]    |
[INFO] [stdout] 99 -         if(firstCheck <= 0 || firstCheck > 3)
[INFO] [stdout] 99 +         if firstCheck <= 0 || firstCheck > 3
[INFO] [stdout]    |
[INFO] [stdout] 
[INFO] [stdout] 
[INFO] [stdout] warning: unnecessary parentheses around `return` value
[INFO] [stdout]    --> src/bin/02.rs:158:11
[INFO] [stdout]     |
[INFO] [stdout] 158 |     return(Some(totalSafe.try_into().unwrap()));
[INFO] [stdout]     |           ^                                   ^
[INFO] [stdout]     |
[INFO] [stdout] help: remove these parentheses
[INFO] [stdout]     |
[INFO] [stdout] 158 -     return(Some(totalSafe.try_into().unwrap()));
[INFO] [stdout] 158 +     return Some(totalSafe.try_into().unwrap());
[INFO] [stdout]     |
[INFO] [stdout] 
[INFO] [stdout] 
[INFO] [stdout] warning: unnecessary parentheses around `return` value
[INFO] [stdout]   --> src/bin/01.rs:25:11
[INFO] [stdout]    |
[INFO] [stdout] 25 |     return(returnSum);
[INFO] [stdout]    |           ^         ^
[INFO] [stdout]    |
[INFO] [stdout]    = note: `#[warn(unused_parens)]` on by default
[INFO] [stdout] help: remove these parentheses
[INFO] [stdout]    |
[INFO] [stdout] 25 -     return(returnSum);
[INFO] [stdout] 25 +     return returnSum;
[INFO] [stdout]    |
[INFO] [stdout] 
[INFO] [stdout] 
[INFO] [stdout] warning: unnecessary parentheses around `if` condition
[INFO] [stdout]   --> src/bin/01.rs:46:15
[INFO] [stdout]    |
[INFO] [stdout] 46 |             if(leftList[i] == rightList[j])
[INFO] [stdout]    |               ^                           ^
[INFO] [stdout]    |
[INFO] [stdout] help: remove these parentheses
[INFO] [stdout]    |
[INFO] [stdout] 46 -             if(leftList[i] == rightList[j])
[INFO] [stdout] 46 +             if leftList[i] == rightList[j]
[INFO] [stdout]    |
[INFO] [stdout] 
[INFO] [stdout] 
[INFO] [stdout] warning: unnecessary parentheses around `return` value
[INFO] [stdout]   --> src/bin/01.rs:54:11
[INFO] [stdout]    |
[INFO] [stdout] 54 |     return(returnSum);
[INFO] [stdout]    |           ^         ^
[INFO] [stdout]    |
[INFO] [stdout] help: remove these parentheses
[INFO] [stdout]    |
[INFO] [stdout] 54 -     return(returnSum);
[INFO] [stdout] 54 +     return returnSum;
[INFO] [stdout]    |
[INFO] [stdout] 
[INFO] [stdout] 
[INFO] [stdout] warning: variable does not need to be mutable
[INFO] [stdout]   --> src/bin/02.rs:12:13
[INFO] [stdout]    |
[INFO] [stdout] 12 |         let mut firstVal;
[INFO] [stdout]    |             ----^^^^^^^^
[INFO] [stdout]    |             |
[INFO] [stdout]    |             help: remove this `mut`
[INFO] [stdout]    |
[INFO] [stdout]    = note: `#[warn(unused_mut)]` on by default
[INFO] [stdout] 
[INFO] [stdout] 
[INFO] [stdout] warning: variable does not need to be mutable
[INFO] [stdout]   --> src/bin/02.rs:81:13
[INFO] [stdout]    |
[INFO] [stdout] 81 |         let mut firstVal;
[INFO] [stdout]    |             ----^^^^^^^^
[INFO] [stdout]    |             |
[INFO] [stdout]    |             help: remove this `mut`
[INFO] [stdout] 
[INFO] [stdout] 
[INFO] [stdout] warning: variable `totalSafe` should have a snake case name
[INFO] [stdout]  --> src/bin/02.rs:4:13
[INFO] [stdout]   |
[INFO] [stdout] 4 |     let mut totalSafe = 0;
[INFO] [stdout]   |             ^^^^^^^^^ help: convert the identifier to snake case: `total_safe`
[INFO] [stdout]   |
[INFO] [stdout]   = note: `#[warn(non_snake_case)]` on by default
[INFO] [stdout] 
[INFO] [stdout] 
[INFO] [stdout] warning: variable `reportSize` should have a snake case name
[INFO] [stdout]  --> src/bin/02.rs:9:13
[INFO] [stdout]   |
[INFO] [stdout] 9 |         let reportSize = reactor.len();
[INFO] [stdout]   |             ^^^^^^^^^^ help: convert the identifier to snake case: `report_size`
[INFO] [stdout] 
[INFO] [stdout] 
[INFO] [stdout] warning: variable `firstVal` should have a snake case name
[INFO] [stdout]   --> src/bin/02.rs:12:17
[INFO] [stdout]    |
[INFO] [stdout] 12 |         let mut firstVal;
[INFO] [stdout]    |                 ^^^^^^^^ help: convert the identifier to snake case: `first_val`
[INFO] [stdout] 
[INFO] [stdout] 
[INFO] [stdout] warning: variable `currVal` should have a snake case name
[INFO] [stdout]   --> src/bin/02.rs:13:17
[INFO] [stdout]    |
[INFO] [stdout] 13 |         let mut currVal;
[INFO] [stdout]    |                 ^^^^^^^ help: convert the identifier to snake case: `curr_val`
[INFO] [stdout] 
[INFO] [stdout] 
[INFO] [stdout] warning: variable `firstCheck` should have a snake case name
[INFO] [stdout]   --> src/bin/02.rs:28:13
[INFO] [stdout]    |
[INFO] [stdout] 28 |         let firstCheck = (reactor[1] - reactor[0]).abs();
[INFO] [stdout]    |             ^^^^^^^^^^ help: convert the identifier to snake case: `first_check`
[INFO] [stdout] 
[INFO] [stdout] 
[INFO] [stdout] warning: variable `totalSafe` should have a snake case name
[INFO] [stdout]   --> src/bin/02.rs:73:13
[INFO] [stdout]    |
[INFO] [stdout] 73 |     let mut totalSafe = 0;
[INFO] [stdout]    |             ^^^^^^^^^ help: convert the identifier to snake case: `total_safe`
[INFO] [stdout] 
[INFO] [stdout] 
[INFO] [stdout] warning: variable `reportSize` should have a snake case name
[INFO] [stdout]   --> src/bin/02.rs:78:13
[INFO] [stdout]    |
[INFO] [stdout] 78 |         let reportSize = reactor.len();
[INFO] [stdout]    |             ^^^^^^^^^^ help: convert the identifier to snake case: `report_size`
[INFO] [stdout] 
[INFO] [stdout] 
[INFO] [stdout] warning: variable `firstVal` should have a snake case name
[INFO] [stdout]   --> src/bin/02.rs:81:17
[INFO] [stdout]    |
[INFO] [stdout] 81 |         let mut firstVal;
[INFO] [stdout]    |                 ^^^^^^^^ help: convert the identifier to snake case: `first_val`
[INFO] [stdout] 
[INFO] [stdout] 
[INFO] [stdout] warning: variable `currVal` should have a snake case name
[INFO] [stdout]   --> src/bin/02.rs:82:17
[INFO] [stdout]    |
[INFO] [stdout] 82 |         let mut currVal;
[INFO] [stdout]    |                 ^^^^^^^ help: convert the identifier to snake case: `curr_val`
[INFO] [stdout] 
[INFO] [stdout] 
[INFO] [stdout] warning: variable `firstCheck` should have a snake case name
[INFO] [stdout]   --> src/bin/02.rs:98:13
[INFO] [stdout]    |
[INFO] [stdout] 98 |         let firstCheck = (reactor[1] - reactor[0]).abs();
[INFO] [stdout]    |             ^^^^^^^^^^ help: convert the identifier to snake case: `first_check`
[INFO] [stdout] 
[INFO] [stdout] 
[INFO] [stdout] warning: variable `totalSum` should have a snake case name
[INFO] [stdout]  --> src/bin/01.rs:4:13
[INFO] [stdout]   |
[INFO] [stdout] 4 |     let mut totalSum= 0;
[INFO] [stdout]   |             ^^^^^^^^ help: convert the identifier to snake case: `total_sum`
[INFO] [stdout]   |
[INFO] [stdout]   = note: `#[warn(non_snake_case)]` on by default
[INFO] [stdout] 
[INFO] [stdout] 
[INFO] [stdout] warning: variable `leftList` should have a snake case name
[INFO] [stdout]  --> src/bin/01.rs:5:13
[INFO] [stdout]   |
[INFO] [stdout] 5 |     let mut leftList = Vec::new();
[INFO] [stdout]   |             ^^^^^^^^ help: convert the identifier to snake case: `left_list`
[INFO] [stdout] 
[INFO] [stdout] 
[INFO] [stdout] warning: variable `rightList` should have a snake case name
[INFO] [stdout]  --> src/bin/01.rs:6:13
[INFO] [stdout]   |
[INFO] [stdout] 6 |     let mut rightList = Vec::new();
[INFO] [stdout]   |             ^^^^^^^^^ help: convert the identifier to snake case: `right_list`
[INFO] [stdout] 
[INFO] [stdout] 
[INFO] [stdout] warning: variable `numVec` should have a snake case name
[INFO] [stdout]   --> src/bin/01.rs:10:13
[INFO] [stdout]    |
[INFO] [stdout] 10 |         let numVec : Vec<_>=line.split("   ").map(|c| c.parse::<i32>().unwrap()).collect();
[INFO] [stdout]    |             ^^^^^^ help: convert the identifier to snake case: `num_vec`
[INFO] [stdout] 
[INFO] [stdout] 
[INFO] [stdout] warning: variable `vecSize` should have a snake case name
[INFO] [stdout]   --> src/bin/01.rs:16:9
[INFO] [stdout]    |
[INFO] [stdout] 16 |     let vecSize = leftList.len();
[INFO] [stdout]    |         ^^^^^^^ help: convert the identifier to snake case: `vec_size`
[INFO] [stdout] 
[INFO] [stdout] 
[INFO] [stdout] warning: variable `vecSum` should have a snake case name
[INFO] [stdout]   --> src/bin/01.rs:19:13
[INFO] [stdout]    |
[INFO] [stdout] 19 |         let vecSum = rightList[i] - leftList[i];
[INFO] [stdout]    |             ^^^^^^ help: convert the identifier to snake case: `vec_sum`
[INFO] [stdout] 
[INFO] [stdout] 
[INFO] [stdout] warning: variable `sumAdd` should have a snake case name
[INFO] [stdout]   --> src/bin/01.rs:20:13
[INFO] [stdout]    |
[INFO] [stdout] 20 |         let sumAdd = vecSum.abs();
[INFO] [stdout]    |             ^^^^^^ help: convert the identifier to snake case: `sum_add`
[INFO] [stdout] 
[INFO] [stdout] 
[INFO] [stdout] warning: variable `returnSum` should have a snake case name
[INFO] [stdout]   --> src/bin/01.rs:24:9
[INFO] [stdout]    |
[INFO] [stdout] 24 |     let returnSum: Option<u32> = Some(totalSum.try_into().unwrap());
[INFO] [stdout]    |         ^^^^^^^^^ help: convert the identifier to snake case: `return_sum`
[INFO] [stdout] 
[INFO] [stdout] 
[INFO] [stdout] warning: variable `totalSum` should have a snake case name
[INFO] [stdout]   --> src/bin/01.rs:29:13
[INFO] [stdout]    |
[INFO] [stdout] 29 |     let mut totalSum = 0;
[INFO] [stdout]    |             ^^^^^^^^ help: convert the identifier to snake case: `total_sum`
[INFO] [stdout] 
[INFO] [stdout] 
[INFO] [stdout] warning: variable `leftList` should have a snake case name
[INFO] [stdout]   --> src/bin/01.rs:30:13
[INFO] [stdout]    |
[INFO] [stdout] 30 |     let mut leftList = Vec::new();
[INFO] [stdout]    |             ^^^^^^^^ help: convert the identifier to snake case: `left_list`
[INFO] [stdout] 
[INFO] [stdout] 
[INFO] [stdout] warning: variable `rightList` should have a snake case name
[INFO] [stdout]   --> src/bin/01.rs:31:13
[INFO] [stdout]    |
[INFO] [stdout] 31 |     let mut rightList = Vec::new();
[INFO] [stdout]    |             ^^^^^^^^^ help: convert the identifier to snake case: `right_list`
[INFO] [stdout] 
[INFO] [stdout] 
[INFO] [stdout] warning: variable `numVec` should have a snake case name
[INFO] [stdout]   --> src/bin/01.rs:35:13
[INFO] [stdout]    |
[INFO] [stdout] 35 |         let numVec : Vec<_>=line.split("   ").map(|c| c.parse::<i32>().unwrap()).collect();
[INFO] [stdout]    |             ^^^^^^ help: convert the identifier to snake case: `num_vec`
[INFO] [stdout] 
[INFO] [stdout] 
[INFO] [stdout] warning: variable `vecSize` should have a snake case name
[INFO] [stdout]   --> src/bin/01.rs:40:9
[INFO] [stdout]    |
[INFO] [stdout] 40 |     let vecSize = leftList.len();
[INFO] [stdout]    |         ^^^^^^^ help: convert the identifier to snake case: `vec_size`
[INFO] [stdout] 
[INFO] [stdout] 
[INFO] [stdout] warning: variable `returnSum` should have a snake case name
[INFO] [stdout]   --> src/bin/01.rs:53:9
[INFO] [stdout]    |
[INFO] [stdout] 53 |     let returnSum: Option<u32> = Some(totalSum.try_into().unwrap());
[INFO] [stdout]    |         ^^^^^^^^^ help: convert the identifier to snake case: `return_sum`
[INFO] [stdout] 
[INFO] [stdout] 
[INFO] [stderr]     Finished `test` profile [unoptimized + debuginfo] target(s) in 0.87s
[INFO] running `Command { std: "docker" "inspect" "0af7cacab5b60b864879fdb4975d044c280fbe5a166e7bdd683937c3659dc51a", kill_on_drop: false }`
[INFO] running `Command { std: "docker" "rm" "-f" "0af7cacab5b60b864879fdb4975d044c280fbe5a166e7bdd683937c3659dc51a", kill_on_drop: false }`
[INFO] [stdout] 0af7cacab5b60b864879fdb4975d044c280fbe5a166e7bdd683937c3659dc51a
[INFO] running `Command { std: "docker" "create" "-v" "/var/lib/crater-agent-workspace/builds/worker-6-tc2/target:/opt/rustwide/target:rw,Z" "-v" "/var/lib/crater-agent-workspace/builds/worker-6-tc2/source:/opt/rustwide/workdir:ro,Z" "-v" "/var/lib/crater-agent-workspace/cargo-home:/opt/rustwide/cargo-home:ro,Z" "-v" "/var/lib/crater-agent-workspace/rustup-home:/opt/rustwide/rustup-home:ro,Z" "-e" "SOURCE_DIR=/opt/rustwide/workdir" "-e" "CARGO_TARGET_DIR=/opt/rustwide/target" "-e" "CARGO_INCREMENTAL=0" "-e" "RUST_BACKTRACE=full" "-e" "RUSTFLAGS=--cap-lints=forbid -Zrandomize-layout" "-e" "RUSTDOCFLAGS=--cap-lints=forbid" "-e" "CARGO_HOME=/opt/rustwide/cargo-home" "-e" "RUSTUP_HOME=/opt/rustwide/rustup-home" "-w" "/opt/rustwide/workdir" "-m" "1610612736" "--user" "0:0" "--network" "none" "ghcr.io/rust-lang/crates-build-env/linux@sha256:819108c5571ea2e421544af4d832f968d213c87fbe3707a016657f43d2f853bc" "/opt/rustwide/cargo-home/bin/cargo" "+nightly-2025-01-18" "test" "--frozen", kill_on_drop: false }`
[INFO] [stdout] 4296cc8df14ffda047af83f5636b25cd699b9c5be5a943fdcd9269761e9c84fe
[INFO] running `Command { std: "docker" "start" "-a" "4296cc8df14ffda047af83f5636b25cd699b9c5be5a943fdcd9269761e9c84fe", kill_on_drop: false }`
[INFO] [stderr] warning: unnecessary parentheses around `if` condition
[INFO] [stderr]   --> src/bin/02.rs:29:11
[INFO] [stderr]    |
[INFO] [stderr] 29 |         if(firstCheck <= 0 || firstCheck > 3)
[INFO] [stderr]    |           ^                                 ^
[INFO] [stderr]    |
[INFO] [stderr]    = note: `#[warn(unused_parens)]` on by default
[INFO] [stderr] help: remove these parentheses
[INFO] [stderr]    |
[INFO] [stderr] 29 -         if(firstCheck <= 0 || firstCheck > 3)
[INFO] [stderr] 29 +         if firstCheck <= 0 || firstCheck > 3
[INFO] [stderr]    |
[INFO] [stderr] 
[INFO] [stderr] warning: unnecessary parentheses around `return` value
[INFO] [stderr]   --> src/bin/02.rs:67:11
[INFO] [stderr]    |
[INFO] [stderr] 67 |     return(Some(totalSafe.try_into().unwrap()));
[INFO] [stderr]    |           ^                                   ^
[INFO] [stderr]    |
[INFO] [stderr] help: remove these parentheses
[INFO] [stderr]    |
[INFO] [stderr] 67 -     return(Some(totalSafe.try_into().unwrap()));
[INFO] [stderr] 67 +     return Some(totalSafe.try_into().unwrap());
[INFO] [stderr]    |
[INFO] [stderr] 
[INFO] [stderr] warning: unnecessary parentheses around `if` condition
[INFO] [stderr]   --> src/bin/02.rs:99:11
[INFO] [stderr]    |
[INFO] [stderr] 99 |         if(firstCheck <= 0 || firstCheck > 3)
[INFO] [stderr]    |           ^                                 ^
[INFO] [stderr]    |
[INFO] [stderr] help: remove these parentheses
[INFO] [stderr]    |
[INFO] [stderr] 99 -         if(firstCheck <= 0 || firstCheck > 3)
[INFO] [stderr] 99 +         if firstCheck <= 0 || firstCheck > 3
[INFO] [stderr]    |
[INFO] [stderr] 
[INFO] [stderr] warning: unnecessary parentheses around `return` value
[INFO] [stderr]    --> src/bin/02.rs:158:11
[INFO] [stderr]     |
[INFO] [stderr] 158 |     return(Some(totalSafe.try_into().unwrap()));
[INFO] [stderr]     |           ^                                   ^
[INFO] [stderr]     |
[INFO] [stderr] help: remove these parentheses
[INFO] [stderr]     |
[INFO] [stderr] 158 -     return(Some(totalSafe.try_into().unwrap()));
[INFO] [stderr] 158 +     return Some(totalSafe.try_into().unwrap());
[INFO] [stderr]     |
[INFO] [stderr] 
[INFO] [stderr] warning: variable does not need to be mutable
[INFO] [stderr]   --> src/bin/02.rs:12:13
[INFO] [stderr]    |
[INFO] [stderr] 12 |         let mut firstVal;
[INFO] [stderr]    |             ----^^^^^^^^
[INFO] [stderr]    |             |
[INFO] [stderr]    |             help: remove this `mut`
[INFO] [stderr]    |
[INFO] [stderr]    = note: `#[warn(unused_mut)]` on by default
[INFO] [stderr] 
[INFO] [stderr] warning: variable does not need to be mutable
[INFO] [stderr]   --> src/bin/02.rs:81:13
[INFO] [stderr]    |
[INFO] [stderr] 81 |         let mut firstVal;
[INFO] [stderr]    |             ----^^^^^^^^
[INFO] [stderr]    |             |
[INFO] [stderr]    |             help: remove this `mut`
[INFO] [stderr] 
[INFO] [stderr] warning: variable `totalSafe` should have a snake case name
[INFO] [stderr]  --> src/bin/02.rs:4:13
[INFO] [stderr]   |
[INFO] [stderr] 4 |     let mut totalSafe = 0;
[INFO] [stderr]   |             ^^^^^^^^^ help: convert the identifier to snake case: `total_safe`
[INFO] [stderr]   |
[INFO] [stderr]   = note: `#[warn(non_snake_case)]` on by default
[INFO] [stderr] 
[INFO] [stderr] warning: variable `reportSize` should have a snake case name
[INFO] [stderr]  --> src/bin/02.rs:9:13
[INFO] [stderr]   |
[INFO] [stderr] 9 |         let reportSize = reactor.len();
[INFO] [stderr]   |             ^^^^^^^^^^ help: convert the identifier to snake case: `report_size`
[INFO] [stderr] 
[INFO] [stderr] warning: variable `firstVal` should have a snake case name
[INFO] [stderr]   --> src/bin/02.rs:12:17
[INFO] [stderr]    |
[INFO] [stderr] 12 |         let mut firstVal;
[INFO] [stderr]    |                 ^^^^^^^^ help: convert the identifier to snake case: `first_val`
[INFO] [stderr] 
[INFO] [stderr] warning: variable `currVal` should have a snake case name
[INFO] [stderr]   --> src/bin/02.rs:13:17
[INFO] [stderr]    |
[INFO] [stderr] 13 |         let mut currVal;
[INFO] [stderr]    |                 ^^^^^^^ help: convert the identifier to snake case: `curr_val`
[INFO] [stderr] 
[INFO] [stderr] warning: variable `firstCheck` should have a snake case name
[INFO] [stderr]   --> src/bin/02.rs:28:13
[INFO] [stderr]    |
[INFO] [stderr] 28 |         let firstCheck = (reactor[1] - reactor[0]).abs();
[INFO] [stderr]    |             ^^^^^^^^^^ help: convert the identifier to snake case: `first_check`
[INFO] [stderr] 
[INFO] [stderr] warning: variable `totalSafe` should have a snake case name
[INFO] [stderr]   --> src/bin/02.rs:73:13
[INFO] [stderr]    |
[INFO] [stderr] 73 |     let mut totalSafe = 0;
[INFO] [stderr]    |             ^^^^^^^^^ help: convert the identifier to snake case: `total_safe`
[INFO] [stderr] 
[INFO] [stderr] warning: variable `reportSize` should have a snake case name
[INFO] [stderr]   --> src/bin/02.rs:78:13
[INFO] [stderr]    |
[INFO] [stderr] 78 |         let reportSize = reactor.len();
[INFO] [stderr]    |             ^^^^^^^^^^ help: convert the identifier to snake case: `report_size`
[INFO] [stderr] 
[INFO] [stderr] warning: variable `firstVal` should have a snake case name
[INFO] [stderr]   --> src/bin/02.rs:81:17
[INFO] [stderr]    |
[INFO] [stderr] 81 |         let mut firstVal;
[INFO] [stderr]    |                 ^^^^^^^^ help: convert the identifier to snake case: `first_val`
[INFO] [stderr] 
[INFO] [stderr] warning: variable `currVal` should have a snake case name
[INFO] [stderr]   --> src/bin/02.rs:82:17
[INFO] [stderr]    |
[INFO] [stderr] 82 |         let mut currVal;
[INFO] [stderr]    |                 ^^^^^^^ help: convert the identifier to snake case: `curr_val`
[INFO] [stderr] 
[INFO] [stderr] warning: variable `firstCheck` should have a snake case name
[INFO] [stderr]   --> src/bin/02.rs:98:13
[INFO] [stderr]    |
[INFO] [stderr] 98 |         let firstCheck = (reactor[1] - reactor[0]).abs();
[INFO] [stderr]    |             ^^^^^^^^^^ help: convert the identifier to snake case: `first_check`
[INFO] [stderr] 
[INFO] [stderr] warning: `advent_of_code` (bin "02" test) generated 16 warnings (run `cargo fix --bin "02" --tests` to apply 6 suggestions)
[INFO] [stderr] warning: unnecessary parentheses around `return` value
[INFO] [stderr]   --> src/bin/01.rs:25:11
[INFO] [stderr]    |
[INFO] [stderr] 25 |     return(returnSum);
[INFO] [stderr]    |           ^         ^
[INFO] [stderr]    |
[INFO] [stderr]    = note: `#[warn(unused_parens)]` on by default
[INFO] [stderr] help: remove these parentheses
[INFO] [stderr]    |
[INFO] [stderr] 25 -     return(returnSum);
[INFO] [stderr] 25 +     return returnSum;
[INFO] [stderr]    |
[INFO] [stderr] 
[INFO] [stderr] warning: unnecessary parentheses around `if` condition
[INFO] [stderr]   --> src/bin/01.rs:46:15
[INFO] [stderr]    |
[INFO] [stderr] 46 |             if(leftList[i] == rightList[j])
[INFO] [stderr]    |               ^                           ^
[INFO] [stderr]    |
[INFO] [stderr] help: remove these parentheses
[INFO] [stderr]    |
[INFO] [stderr] 46 -             if(leftList[i] == rightList[j])
[INFO] [stderr] 46 +             if leftList[i] == rightList[j]
[INFO] [stderr]    |
[INFO] [stderr] 
[INFO] [stderr] warning: unnecessary parentheses around `return` value
[INFO] [stderr]   --> src/bin/01.rs:54:11
[INFO] [stderr]    |
[INFO] [stderr] 54 |     return(returnSum);
[INFO] [stderr]    |           ^         ^
[INFO] [stderr]    |
[INFO] [stderr] help: remove these parentheses
[INFO] [stderr]    |
[INFO] [stderr] 54 -     return(returnSum);
[INFO] [stderr] 54 +     return returnSum;
[INFO] [stderr]    |
[INFO] [stderr] 
[INFO] [stderr] warning: variable `totalSum` should have a snake case name
[INFO] [stderr]  --> src/bin/01.rs:4:13
[INFO] [stderr]   |
[INFO] [stderr] 4 |     let mut totalSum= 0;
[INFO] [stderr]   |             ^^^^^^^^ help: convert the identifier to snake case: `total_sum`
[INFO] [stderr]   |
[INFO] [stderr]   = note: `#[warn(non_snake_case)]` on by default
[INFO] [stderr] 
[INFO] [stderr] warning: variable `leftList` should have a snake case name
[INFO] [stderr]  --> src/bin/01.rs:5:13
[INFO] [stderr]   |
[INFO] [stderr] 5 |     let mut leftList = Vec::new();
[INFO] [stderr]   |             ^^^^^^^^ help: convert the identifier to snake case: `left_list`
[INFO] [stderr] 
[INFO] [stderr] warning: variable `rightList` should have a snake case name
[INFO] [stderr]  --> src/bin/01.rs:6:13
[INFO] [stderr]   |
[INFO] [stderr] 6 |     let mut rightList = Vec::new();
[INFO] [stderr]   |             ^^^^^^^^^ help: convert the identifier to snake case: `right_list`
[INFO] [stderr] 
[INFO] [stderr] warning: variable `numVec` should have a snake case name
[INFO] [stderr]   --> src/bin/01.rs:10:13
[INFO] [stderr]    |
[INFO] [stderr] 10 |         let numVec : Vec<_>=line.split("   ").map(|c| c.parse::<i32>().unwrap()).collect();
[INFO] [stderr]    |             ^^^^^^ help: convert the identifier to snake case: `num_vec`
[INFO] [stderr] 
[INFO] [stderr] warning: variable `vecSize` should have a snake case name
[INFO] [stderr]   --> src/bin/01.rs:16:9
[INFO] [stderr]    |
[INFO] [stderr] 16 |     let vecSize = leftList.len();
[INFO] [stderr]    |         ^^^^^^^ help: convert the identifier to snake case: `vec_size`
[INFO] [stderr] 
[INFO] [stderr] warning: variable `vecSum` should have a snake case name
[INFO] [stderr]   --> src/bin/01.rs:19:13
[INFO] [stderr]    |
[INFO] [stderr] 19 |         let vecSum = rightList[i] - leftList[i];
[INFO] [stderr]    |             ^^^^^^ help: convert the identifier to snake case: `vec_sum`
[INFO] [stderr] 
[INFO] [stderr] warning: variable `sumAdd` should have a snake case name
[INFO] [stderr]   --> src/bin/01.rs:20:13
[INFO] [stderr]    |
[INFO] [stderr] 20 |         let sumAdd = vecSum.abs();
[INFO] [stderr]    |             ^^^^^^ help: convert the identifier to snake case: `sum_add`
[INFO] [stderr] 
[INFO] [stderr] warning: variable `returnSum` should have a snake case name
[INFO] [stderr]   --> src/bin/01.rs:24:9
[INFO] [stderr]    |
[INFO] [stderr] 24 |     let returnSum: Option<u32> = Some(totalSum.try_into().unwrap());
[INFO] [stderr]    |         ^^^^^^^^^ help: convert the identifier to snake case: `return_sum`
[INFO] [stderr] 
[INFO] [stderr] warning: variable `totalSum` should have a snake case name
[INFO] [stderr]   --> src/bin/01.rs:29:13
[INFO] [stderr]    |
[INFO] [stderr] 29 |     let mut totalSum = 0;
[INFO] [stderr]    |             ^^^^^^^^ help: convert the identifier to snake case: `total_sum`
[INFO] [stderr] 
[INFO] [stderr] warning: variable `leftList` should have a snake case name
[INFO] [stderr]   --> src/bin/01.rs:30:13
[INFO] [stderr]    |
[INFO] [stderr] 30 |     let mut leftList = Vec::new();
[INFO] [stderr]    |             ^^^^^^^^ help: convert the identifier to snake case: `left_list`
[INFO] [stderr] 
[INFO] [stderr] warning: variable `rightList` should have a snake case name
[INFO] [stderr]   --> src/bin/01.rs:31:13
[INFO] [stderr]    |
[INFO] [stderr] 31 |     let mut rightList = Vec::new();
[INFO] [stderr]    |             ^^^^^^^^^ help: convert the identifier to snake case: `right_list`
[INFO] [stderr] 
[INFO] [stderr] warning: variable `numVec` should have a snake case name
[INFO] [stderr]   --> src/bin/01.rs:35:13
[INFO] [stderr]    |
[INFO] [stderr] 35 |         let numVec : Vec<_>=line.split("   ").map(|c| c.parse::<i32>().unwrap()).collect();
[INFO] [stderr]    |             ^^^^^^ help: convert the identifier to snake case: `num_vec`
[INFO] [stderr] 
[INFO] [stderr] warning: variable `vecSize` should have a snake case name
[INFO] [stderr]   --> src/bin/01.rs:40:9
[INFO] [stderr]    |
[INFO] [stderr] 40 |     let vecSize = leftList.len();
[INFO] [stderr]    |         ^^^^^^^ help: convert the identifier to snake case: `vec_size`
[INFO] [stderr] 
[INFO] [stderr] warning: variable `returnSum` should have a snake case name
[INFO] [stderr]   --> src/bin/01.rs:53:9
[INFO] [stderr]    |
[INFO] [stderr] 53 |     let returnSum: Option<u32> = Some(totalSum.try_into().unwrap());
[INFO] [stderr]    |         ^^^^^^^^^ help: convert the identifier to snake case: `return_sum`
[INFO] [stderr] 
[INFO] [stderr] warning: `advent_of_code` (bin "01" test) generated 17 warnings (run `cargo fix --bin "01" --tests` to apply 3 suggestions)
[INFO] [stderr]     Finished `test` profile [unoptimized + debuginfo] target(s) in 0.03s
[INFO] [stderr]      Running unittests src/lib.rs (/opt/rustwide/target/debug/deps/advent_of_code-275d707dbadb6dcd)
[INFO] [stdout] 
[INFO] [stdout] running 0 tests
[INFO] [stdout] 
[INFO] [stdout] test result: ok. 0 passed; 0 failed; 0 ignored; 0 measured; 0 filtered out; finished in 0.00s
[INFO] [stdout] 
[INFO] [stderr]      Running unittests src/bin/01.rs (/opt/rustwide/target/debug/deps/01-2d41a79ac07ebfbc)
[INFO] [stdout] 
[INFO] [stdout] running 2 tests
[INFO] [stdout] test tests::test_part_two ... ok
[INFO] [stderr]      Running unittests src/bin/02.rs (/opt/rustwide/target/debug/deps/02-2d50c395be4d8dab)
[INFO] [stdout] test tests::test_part_one ... ok
[INFO] [stdout] 
[INFO] [stdout] test result: ok. 2 passed; 0 failed; 0 ignored; 0 measured; 0 filtered out; finished in 0.00s
[INFO] [stdout] 
[INFO] [stdout] 
[INFO] [stdout] running 2 tests
[INFO] [stdout] test tests::test_part_one ... ok
[INFO] [stdout] test tests::test_part_two ... FAILED
[INFO] [stdout] 
[INFO] [stdout] failures:
[INFO] [stdout] 
[INFO] [stdout] ---- tests::test_part_two stdout ----
[INFO] [stdout] 
[INFO] [stdout] thread 'tests::test_part_two' panicked at src/bin/02.rs:174:9:
[INFO] [stdout] assertion `left == right` failed
[INFO] [stdout]   left: Some(2)
[INFO] [stdout]  right: Some(4)
[INFO] [stdout] stack backtrace:
[INFO] [stdout]    0:     0x5d24c2ffd5aa - std::backtrace_rs::backtrace::libunwind::trace::hb059275cfc8d6126
[INFO] [stdout]                                at /rustc/6067b36314ab5eb2eb47cecc464545ba58e1ad24/library/std/src/../../backtrace/src/backtrace/libunwind.rs:116:5
[INFO] [stdout]    1:     0x5d24c2ffd5aa - std::backtrace_rs::backtrace::trace_unsynchronized::h2da071e4327ce3ee
[INFO] [stdout]                                at /rustc/6067b36314ab5eb2eb47cecc464545ba58e1ad24/library/std/src/../../backtrace/src/backtrace/mod.rs:66:5
[INFO] [stdout]    2:     0x5d24c2ffd5aa - std::sys::backtrace::_print_fmt::h842a1474e6f8d23f
[INFO] [stdout]                                at /rustc/6067b36314ab5eb2eb47cecc464545ba58e1ad24/library/std/src/sys/backtrace.rs:66:9
[INFO] [stdout]    3:     0x5d24c2ffd5aa - <std::sys::backtrace::BacktraceLock::print::DisplayBacktrace as core::fmt::Display>::fmt::h71a62eb3b9696b12
[INFO] [stdout]                                at /rustc/6067b36314ab5eb2eb47cecc464545ba58e1ad24/library/std/src/sys/backtrace.rs:39:26
[INFO] [stdout]    4:     0x5d24c3024bf3 - core::fmt::rt::Argument::fmt::hdb6b616786b41dc1
[INFO] [stdout]                                at /rustc/6067b36314ab5eb2eb47cecc464545ba58e1ad24/library/core/src/fmt/rt.rs:177:76
[INFO] [stdout]    5:     0x5d24c3024bf3 - core::fmt::write::h2cc1698af7e2d686
[INFO] [stdout]                                at /rustc/6067b36314ab5eb2eb47cecc464545ba58e1ad24/library/core/src/fmt/mod.rs:1440:21
[INFO] [stdout]    6:     0x5d24c2ff9f63 - std::io::Write::write_fmt::hab1b4cd059a79022
[INFO] [stdout]                                at /rustc/6067b36314ab5eb2eb47cecc464545ba58e1ad24/library/std/src/io/mod.rs:1887:15
[INFO] [stdout]    7:     0x5d24c2ffd3f2 - std::sys::backtrace::BacktraceLock::print::h147fe35b4ea13b08
[INFO] [stdout]                                at /rustc/6067b36314ab5eb2eb47cecc464545ba58e1ad24/library/std/src/sys/backtrace.rs:42:9
[INFO] [stdout]    8:     0x5d24c2ffe9cf - std::panicking::default_hook::{{closure}}::hbd44223dbdc0d208
[INFO] [stdout]                                at /rustc/6067b36314ab5eb2eb47cecc464545ba58e1ad24/library/std/src/panicking.rs:298:22
[INFO] [stdout]    9:     0x5d24c2ffe7e8 - std::panicking::default_hook::h20f81eb0576efcec
[INFO] [stdout]                                at /rustc/6067b36314ab5eb2eb47cecc464545ba58e1ad24/library/std/src/panicking.rs:322:9
[INFO] [stdout]   10:     0x5d24c2fc36a3 - <alloc::boxed::Box<F,A> as core::ops::function::Fn<Args>>::call::hdb53814c496a4d34
[INFO] [stdout]                                at /rustc/6067b36314ab5eb2eb47cecc464545ba58e1ad24/library/alloc/src/boxed.rs:2027:9
[INFO] [stdout]   11:     0x5d24c2fc36a3 - test::test_main::{{closure}}::hc0a4963c59427c24
[INFO] [stdout]                                at /rustc/6067b36314ab5eb2eb47cecc464545ba58e1ad24/library/test/src/lib.rs:134:21
[INFO] [stdout]   12:     0x5d24c2fff4c3 - <alloc::boxed::Box<F,A> as core::ops::function::Fn<Args>>::call::h591b2225413a77e9
[INFO] [stdout]                                at /rustc/6067b36314ab5eb2eb47cecc464545ba58e1ad24/library/alloc/src/boxed.rs:2027:9
[INFO] [stdout]   13:     0x5d24c2fff4c3 - std::panicking::rust_panic_with_hook::h625eea43051b2edc
[INFO] [stdout]                                at /rustc/6067b36314ab5eb2eb47cecc464545ba58e1ad24/library/std/src/panicking.rs:839:13
[INFO] [stdout]   14:     0x5d24c2fff17a - std::panicking::begin_panic_handler::{{closure}}::h4f9159cfbc3f6bd3
[INFO] [stdout]                                at /rustc/6067b36314ab5eb2eb47cecc464545ba58e1ad24/library/std/src/panicking.rs:704:13
[INFO] [stdout]   15:     0x5d24c2ffdaa9 - std::sys::backtrace::__rust_end_short_backtrace::h0390abce48353151
[INFO] [stdout]                                at /rustc/6067b36314ab5eb2eb47cecc464545ba58e1ad24/library/std/src/sys/backtrace.rs:168:18
[INFO] [stdout]   16:     0x5d24c2ffee0d - rust_begin_unwind
[INFO] [stdout]                                at /rustc/6067b36314ab5eb2eb47cecc464545ba58e1ad24/library/std/src/panicking.rs:695:5
[INFO] [stdout]   17:     0x5d24c30236a0 - core::panicking::panic_fmt::h9e7c637e9e5f29c9
[INFO] [stdout]                                at /rustc/6067b36314ab5eb2eb47cecc464545ba58e1ad24/library/core/src/panicking.rs:75:14
[INFO] [stdout]   18:     0x5d24c30239c2 - core::panicking::assert_failed_inner::h538bec7c1374cd9c
[INFO] [stdout]   19:     0x5d24c2f86eca - core::panicking::assert_failed::hdafb46d8d86e03b6
[INFO] [stdout]                                at /rustc/6067b36314ab5eb2eb47cecc464545ba58e1ad24/library/core/src/panicking.rs:364:5
[INFO] [stdout]   20:     0x5d24c2f8957a - _02::tests::test_part_two::h10680f9779381b25
[INFO] [stdout]                                at /opt/rustwide/workdir/src/bin/02.rs:174:9
[INFO] [stdout]   21:     0x5d24c2f89467 - _02::tests::test_part_two::{{closure}}::hc79718b62913de61
[INFO] [stdout]                                at /opt/rustwide/workdir/src/bin/02.rs:172:23
[INFO] [stdout]   22:     0x5d24c2f86226 - core::ops::function::FnOnce::call_once::he0d94c7f0aaf0724
[INFO] [stdout]                                at /rustc/6067b36314ab5eb2eb47cecc464545ba58e1ad24/library/core/src/ops/function.rs:250:5
[INFO] [stdout]   23:     0x5d24c2fc8dfb - core::ops::function::FnOnce::call_once::he27718dfdd183f43
[INFO] [stdout]                                at /rustc/6067b36314ab5eb2eb47cecc464545ba58e1ad24/library/core/src/ops/function.rs:250:5
[INFO] [stdout]   24:     0x5d24c2fc8dfb - test::__rust_begin_short_backtrace::h4e84902998457a5d
[INFO] [stdout]                                at /rustc/6067b36314ab5eb2eb47cecc464545ba58e1ad24/library/test/src/lib.rs:632:18
[INFO] [stdout]   25:     0x5d24c2fc7d33 - test::run_test_in_process::{{closure}}::h7176fd18fc1feca0
[INFO] [stdout]                                at /rustc/6067b36314ab5eb2eb47cecc464545ba58e1ad24/library/test/src/lib.rs:655:60
[INFO] [stdout]   26:     0x5d24c2fc7d33 - <core::panic::unwind_safe::AssertUnwindSafe<F> as core::ops::function::FnOnce<()>>::call_once::hf79cff2a624d8cf7
[INFO] [stdout]                                at /rustc/6067b36314ab5eb2eb47cecc464545ba58e1ad24/library/core/src/panic/unwind_safe.rs:272:9
[INFO] [stdout]   27:     0x5d24c2fc7d33 - std::panicking::try::do_call::h3da0561d9ab99c25
[INFO] [stdout]                                at /rustc/6067b36314ab5eb2eb47cecc464545ba58e1ad24/library/std/src/panicking.rs:587:40
[INFO] [stdout]   28:     0x5d24c2fc7d33 - std::panicking::try::h41c9fa508bc61df6
[INFO] [stdout]                                at /rustc/6067b36314ab5eb2eb47cecc464545ba58e1ad24/library/std/src/panicking.rs:550:19
[INFO] [stdout]   29:     0x5d24c2fc7d33 - std::panic::catch_unwind::h6b3ff07bb5afad93
[INFO] [stdout]                                at /rustc/6067b36314ab5eb2eb47cecc464545ba58e1ad24/library/std/src/panic.rs:358:14
[INFO] [stdout]   30:     0x5d24c2fc7d33 - test::run_test_in_process::hc7253dd11b39b9f4
[INFO] [stdout]                                at /rustc/6067b36314ab5eb2eb47cecc464545ba58e1ad24/library/test/src/lib.rs:655:27
[INFO] [stdout]   31:     0x5d24c2fc7d33 - test::run_test::{{closure}}::hfb2007f8649c30bb
[INFO] [stdout]                                at /rustc/6067b36314ab5eb2eb47cecc464545ba58e1ad24/library/test/src/lib.rs:576:43
[INFO] [stdout]   32:     0x5d24c2f8ae15 - test::run_test::{{closure}}::h56a17aa7a282a9f4
[INFO] [stdout]                                at /rustc/6067b36314ab5eb2eb47cecc464545ba58e1ad24/library/test/src/lib.rs:606:41
[INFO] [stdout]   33:     0x5d24c2f8ae15 - std::sys::backtrace::__rust_begin_short_backtrace::hd2d2d2fb8e8c6aac
[INFO] [stdout]                                at /rustc/6067b36314ab5eb2eb47cecc464545ba58e1ad24/library/std/src/sys/backtrace.rs:152:18
[INFO] [stdout]   34:     0x5d24c2f8e6fa - std::thread::Builder::spawn_unchecked_::{{closure}}::{{closure}}::h4faa3f9db6133423
[INFO] [stdout]                                at /rustc/6067b36314ab5eb2eb47cecc464545ba58e1ad24/library/std/src/thread/mod.rs:559:17
[INFO] [stdout]   35:     0x5d24c2f8e6fa - <core::panic::unwind_safe::AssertUnwindSafe<F> as core::ops::function::FnOnce<()>>::call_once::hf2e855a36a4ea846
[INFO] [stdout]                                at /rustc/6067b36314ab5eb2eb47cecc464545ba58e1ad24/library/core/src/panic/unwind_safe.rs:272:9
[INFO] [stdout]   36:     0x5d24c2f8e6fa - std::panicking::try::do_call::h2f73af3616c35465
[INFO] [stdout]                                at /rustc/6067b36314ab5eb2eb47cecc464545ba58e1ad24/library/std/src/panicking.rs:587:40
[INFO] [stdout]   37:     0x5d24c2f8e6fa - std::panicking::try::hd1660ce9efadef5a
[INFO] [stdout]                                at /rustc/6067b36314ab5eb2eb47cecc464545ba58e1ad24/library/std/src/panicking.rs:550:19
[INFO] [stdout]   38:     0x5d24c2f8e6fa - std::panic::catch_unwind::h5ee8d7823b8ca744
[INFO] [stdout]                                at /rustc/6067b36314ab5eb2eb47cecc464545ba58e1ad24/library/std/src/panic.rs:358:14
[INFO] [stdout]   39:     0x5d24c2f8e6fa - std::thread::Builder::spawn_unchecked_::{{closure}}::h53c3a1894dce8407
[INFO] [stdout]                                at /rustc/6067b36314ab5eb2eb47cecc464545ba58e1ad24/library/std/src/thread/mod.rs:557:30
[INFO] [stdout]   40:     0x5d24c2f8e6fa - core::ops::function::FnOnce::call_once{{vtable.shim}}::h048ce291ad4f62bf
[INFO] [stdout]                                at /rustc/6067b36314ab5eb2eb47cecc464545ba58e1ad24/library/core/src/ops/function.rs:250:5
[INFO] [stdout]   41:     0x5d24c30033fb - <alloc::boxed::Box<F,A> as core::ops::function::FnOnce<Args>>::call_once::ha52bedf99a3b4981
[INFO] [stdout]                                at /rustc/6067b36314ab5eb2eb47cecc464545ba58e1ad24/library/alloc/src/boxed.rs:2013:9
[INFO] [stdout]   42:     0x5d24c30033fb - <alloc::boxed::Box<F,A> as core::ops::function::FnOnce<Args>>::call_once::h567748934d80ccf8
[INFO] [stdout]                                at /rustc/6067b36314ab5eb2eb47cecc464545ba58e1ad24/library/alloc/src/boxed.rs:2013:9
[INFO] [stdout]   43:     0x5d24c30033fb - std::sys::pal::unix::thread::Thread::new::thread_start::h2d970728ae887adc
[INFO] [stdout]                                at /rustc/6067b36314ab5eb2eb47cecc464545ba58e1ad24/library/std/src/sys/pal/unix/thread.rs:106:17
[INFO] [stdout]   44:     0x72f8d2ee3ac3 - <unknown>
[INFO] [stdout]   45:     0x72f8d2f74a04 - clone
[INFO] [stdout]   46:                0x0 - <unknown>
[INFO] [stdout] 
[INFO] [stdout] 
[INFO] [stdout] failures:
[INFO] [stdout]     tests::test_part_two
[INFO] [stdout] 
[INFO] [stdout] test result: FAILED. 1 passed; 1 failed; 0 ignored; 0 measured; 0 filtered out; finished in 0.03s
[INFO] [stdout] 
[INFO] [stderr] error: test failed, to rerun pass `--bin 02`
[INFO] running `Command { std: "docker" "inspect" "4296cc8df14ffda047af83f5636b25cd699b9c5be5a943fdcd9269761e9c84fe", kill_on_drop: false }`
[INFO] running `Command { std: "docker" "rm" "-f" "4296cc8df14ffda047af83f5636b25cd699b9c5be5a943fdcd9269761e9c84fe", kill_on_drop: false }`
[INFO] [stdout] 4296cc8df14ffda047af83f5636b25cd699b9c5be5a943fdcd9269761e9c84fe
