[INFO] cloning repository https://github.com/Duumbo/impurity
[INFO] running `Command { std: "git" "-c" "credential.helper=" "-c" "credential.helper=/workspace/cargo-home/bin/git-credential-null" "clone" "--bare" "https://github.com/Duumbo/impurity" "/workspace/cache/git-repos/https%3A%2F%2Fgithub.com%2FDuumbo%2Fimpurity", kill_on_drop: false }`
[INFO] [stderr] Cloning into bare repository '/workspace/cache/git-repos/https%3A%2F%2Fgithub.com%2FDuumbo%2Fimpurity'...
[INFO] running `Command { std: "git" "rev-parse" "HEAD", kill_on_drop: false }`
[INFO] [stdout] b161eaa301762e41d6eb016d7c6c4281f249867a
[INFO] testing Duumbo/impurity against nightly-2025-01-18 for randomize-layout-2
[INFO] running `Command { std: "git" "clone" "/workspace/cache/git-repos/https%3A%2F%2Fgithub.com%2FDuumbo%2Fimpurity" "/workspace/builds/worker-7-tc1/source", kill_on_drop: false }`
[INFO] [stderr] Cloning into '/workspace/builds/worker-7-tc1/source'...
[INFO] [stderr] done.
[INFO] validating manifest of git repo https://github.com/Duumbo/impurity on toolchain nightly-2025-01-18
[INFO] running `Command { std: CARGO_HOME="/workspace/cargo-home" RUSTUP_HOME="/workspace/rustup-home" "/workspace/cargo-home/bin/cargo" "+nightly-2025-01-18" "metadata" "--manifest-path" "Cargo.toml" "--no-deps", kill_on_drop: false }`
[INFO] started tweaking git repo https://github.com/Duumbo/impurity
[INFO] finished tweaking git repo https://github.com/Duumbo/impurity
[INFO] tweaked toml for git repo https://github.com/Duumbo/impurity written to /workspace/builds/worker-7-tc1/source/Cargo.toml
[INFO] crate git repo https://github.com/Duumbo/impurity already has a lockfile, it will not be regenerated
[INFO] running `Command { std: CARGO_HOME="/workspace/cargo-home" RUSTUP_HOME="/workspace/rustup-home" "/workspace/cargo-home/bin/cargo" "+nightly-2025-01-18" "fetch" "--manifest-path" "Cargo.toml", kill_on_drop: false }`
[INFO] [stderr]     Updating crates.io index
[INFO] [stderr]  Downloading crates ...
[INFO] [stderr]   Downloaded assert v0.7.4
[INFO] [stderr]   Downloaded pyo3-macros v0.21.2
[INFO] [stderr]   Downloaded blas-sys v0.7.1
[INFO] [stderr]   Downloaded target-lexicon v0.12.14
[INFO] [stderr]   Downloaded blas v0.22.0
[INFO] [stderr]   Downloaded filetime v0.2.21
[INFO] [stderr]   Downloaded clap v4.3.3
[INFO] [stderr]   Downloaded oci-spec v0.5.8
[INFO] [stderr]   Downloaded num-complex v0.4.3
[INFO] [stderr]   Downloaded serde v1.0.180
[INFO] [stderr]   Downloaded ureq v2.7.1
[INFO] [stderr]   Downloaded xattr v0.2.3
[INFO] [stderr]   Downloaded clap_builder v4.3.3
[INFO] [stderr]   Downloaded rustls-webpki v0.101.2
[INFO] [stderr]   Downloaded tar v0.4.39
[INFO] [stderr]   Downloaded lapack v0.19.0
[INFO] [stderr]   Downloaded pyo3-ffi v0.21.2
[INFO] [stderr]   Downloaded pyo3-macros-backend v0.21.2
[INFO] [stderr]   Downloaded rand_mt v4.2.2
[INFO] [stderr]   Downloaded ocipkg v0.2.8
[INFO] [stderr]   Downloaded pfapack v0.2.0
[INFO] [stderr]   Downloaded rustix v0.37.20
[INFO] [stderr]   Downloaded pyo3-build-config v0.21.2
[INFO] [stderr]   Downloaded serde_derive v1.0.180
[INFO] [stderr]   Downloaded pyo3 v0.21.2
[INFO] [stderr]   Downloaded libc v0.2.146
[INFO] [stderr]   Downloaded pfapack-sys v0.1.1
[INFO] [stderr]   Downloaded lapack-sys v0.14.0
[INFO] running `Command { std: "docker" "create" "-v" "/var/lib/crater-agent-workspace/builds/worker-7-tc1/target:/opt/rustwide/target:rw,Z" "-v" "/var/lib/crater-agent-workspace/builds/worker-7-tc1/source:/opt/rustwide/workdir:ro,Z" "-v" "/var/lib/crater-agent-workspace/cargo-home:/opt/rustwide/cargo-home:ro,Z" "-v" "/var/lib/crater-agent-workspace/rustup-home:/opt/rustwide/rustup-home:ro,Z" "-e" "SOURCE_DIR=/opt/rustwide/workdir" "-e" "CARGO_TARGET_DIR=/opt/rustwide/target" "-e" "CARGO_HOME=/opt/rustwide/cargo-home" "-e" "RUSTUP_HOME=/opt/rustwide/rustup-home" "-w" "/opt/rustwide/workdir" "-m" "1610612736" "--user" "0:0" "--network" "none" "ghcr.io/rust-lang/crates-build-env/linux@sha256:819108c5571ea2e421544af4d832f968d213c87fbe3707a016657f43d2f853bc" "/opt/rustwide/cargo-home/bin/cargo" "+nightly-2025-01-18" "metadata" "--no-deps" "--format-version=1", kill_on_drop: false }`
[INFO] [stdout] 95d80940bd32fc68181df6ef904f391804b0a34d305dc690ad0141a48db313af
[INFO] running `Command { std: "docker" "start" "-a" "95d80940bd32fc68181df6ef904f391804b0a34d305dc690ad0141a48db313af", kill_on_drop: false }`
[INFO] running `Command { std: "docker" "inspect" "95d80940bd32fc68181df6ef904f391804b0a34d305dc690ad0141a48db313af", kill_on_drop: false }`
[INFO] running `Command { std: "docker" "rm" "-f" "95d80940bd32fc68181df6ef904f391804b0a34d305dc690ad0141a48db313af", kill_on_drop: false }`
[INFO] [stdout] 95d80940bd32fc68181df6ef904f391804b0a34d305dc690ad0141a48db313af
[INFO] running `Command { std: "docker" "create" "-v" "/var/lib/crater-agent-workspace/builds/worker-7-tc1/target:/opt/rustwide/target:rw,Z" "-v" "/var/lib/crater-agent-workspace/builds/worker-7-tc1/source:/opt/rustwide/workdir:ro,Z" "-v" "/var/lib/crater-agent-workspace/cargo-home:/opt/rustwide/cargo-home:ro,Z" "-v" "/var/lib/crater-agent-workspace/rustup-home:/opt/rustwide/rustup-home:ro,Z" "-e" "SOURCE_DIR=/opt/rustwide/workdir" "-e" "CARGO_TARGET_DIR=/opt/rustwide/target" "-e" "CARGO_INCREMENTAL=0" "-e" "RUST_BACKTRACE=full" "-e" "RUSTFLAGS=--cap-lints=forbid" "-e" "RUSTDOCFLAGS=--cap-lints=forbid" "-e" "CARGO_HOME=/opt/rustwide/cargo-home" "-e" "RUSTUP_HOME=/opt/rustwide/rustup-home" "-w" "/opt/rustwide/workdir" "-m" "1610612736" "--user" "0:0" "--network" "none" "ghcr.io/rust-lang/crates-build-env/linux@sha256:819108c5571ea2e421544af4d832f968d213c87fbe3707a016657f43d2f853bc" "/opt/rustwide/cargo-home/bin/cargo" "+nightly-2025-01-18" "build" "--frozen" "--message-format=json", kill_on_drop: false }`
[INFO] [stdout] 46e0e181c95ff5e223b44a83fc84e17db44da55e3734f6f7fa993aed84e203c6
[INFO] running `Command { std: "docker" "start" "-a" "46e0e181c95ff5e223b44a83fc84e17db44da55e3734f6f7fa993aed84e203c6", kill_on_drop: false }`
[INFO] [stderr]    Compiling libc v0.2.146
[INFO] [stderr]    Compiling proc-macro2 v1.0.66
[INFO] [stderr]    Compiling unicode-ident v1.0.9
[INFO] [stderr]    Compiling syn v1.0.109
[INFO] [stderr]    Compiling cc v1.0.79
[INFO] [stderr]    Compiling num-traits v0.2.15
[INFO] [stderr]    Compiling ident_case v1.0.1
[INFO] [stderr]    Compiling once_cell v1.18.0
[INFO] [stderr]    Compiling fnv v1.0.7
[INFO] [stderr]    Compiling strsim v0.10.0
[INFO] [stderr]    Compiling typenum v1.16.0
[INFO] [stderr]    Compiling untrusted v0.7.1
[INFO] [stderr]    Compiling spin v0.5.2
[INFO] [stderr]    Compiling generic-array v0.14.7
[INFO] [stderr]    Compiling serde v1.0.180
[INFO] [stderr]    Compiling proc-macro-error-attr v1.0.4
[INFO] [stderr]    Compiling serde_derive v1.0.180
[INFO] [stderr]    Compiling tinyvec_macros v0.1.1
[INFO] [stderr]    Compiling quote v1.0.32
[INFO] [stderr]    Compiling tinyvec v1.6.0
[INFO] [stderr]    Compiling aho-corasick v1.0.2
[INFO] [stderr]    Compiling ring v0.16.20
[INFO] [stderr]    Compiling proc-macro-error v1.0.4
[INFO] [stderr]    Compiling itoa v1.0.6
[INFO] [stderr]    Compiling ryu v1.0.13
[INFO] [stderr]    Compiling serde_json v1.0.104
[INFO] [stderr]    Compiling crc32fast v1.3.2
[INFO] [stderr]    Compiling unicode-normalization v0.1.22
[INFO] [stderr]    Compiling syn v2.0.28
[INFO] [stderr]    Compiling percent-encoding v2.3.0
[INFO] [stderr]    Compiling anyhow v1.0.72
[INFO] [stderr]    Compiling thiserror v1.0.44
[INFO] [stderr]    Compiling adler v1.0.2
[INFO] [stderr]    Compiling rustls v0.21.6
[INFO] [stderr]    Compiling log v0.4.21
[INFO] [stderr]    Compiling unicode-bidi v0.3.13
[INFO] [stderr]    Compiling miniz_oxide v0.7.1
[INFO] [stderr]    Compiling crypto-common v0.1.6
[INFO] [stderr]    Compiling idna v0.4.0
[INFO] [stderr]    Compiling block-buffer v0.10.4
[INFO] [stderr]    Compiling walkdir v2.3.3
[INFO] [stderr]    Compiling form_urlencoded v1.2.0
[INFO] [stderr]    Compiling num-integer v0.1.45
[INFO] [stderr]    Compiling memoffset v0.9.0
[INFO] [stderr]    Compiling crossbeam-utils v0.8.16
[INFO] [stderr]    Compiling flate2 v1.0.26
[INFO] [stderr]    Compiling url v2.4.0
[INFO] [stderr]    Compiling digest v0.10.7
[INFO] [stderr]    Compiling num-complex v0.4.3
[INFO] [stderr]    Compiling dirs-sys v0.3.7
[INFO] [stderr]    Compiling xattr v0.2.3
[INFO] [stderr]    Compiling getrandom v0.2.10
[INFO] [stderr]    Compiling time v0.1.45
[INFO] [stderr]    Compiling filetime v0.2.21
[INFO] [stderr]    Compiling crossbeam-epoch v0.9.15
[INFO] [stderr]    Compiling thiserror-impl v1.0.44
[INFO] [stderr]    Compiling rustls-webpki v0.101.2
[INFO] [stderr]    Compiling darling_core v0.14.4
[INFO] [stderr]    Compiling rustls-webpki v0.100.1
[INFO] [stderr]    Compiling sct v0.7.0
[INFO] [stderr]    Compiling regex-syntax v0.7.2
[INFO] [stderr]    Compiling base64 v0.21.2
[INFO] [stderr]    Compiling webpki-roots v0.23.1
[INFO] [stderr]    Compiling iana-time-zone v0.1.57
[INFO] [stderr]    Compiling cpufeatures v0.2.9
[INFO] [stderr]    Compiling sha2 v0.10.7
[INFO] [stderr]    Compiling chrono v0.4.26
[INFO] [stderr]    Compiling tar v0.4.39
[INFO] [stderr]    Compiling uuid v1.4.1
[INFO] [stderr]    Compiling directories v4.0.1
[INFO] [stderr]    Compiling toml v0.5.11
[INFO] [stderr]    Compiling regex v1.8.4
[INFO] [stderr]    Compiling num-bigint v0.4.3
[INFO] [stderr]    Compiling getset v0.1.2
[INFO] [stderr]    Compiling base64 v0.13.1
[INFO] [stderr]    Compiling pfapack-sys v0.1.1
[INFO] [stderr]    Compiling base16ct v0.1.1
[INFO] [stderr]    Compiling ureq v2.7.1
[INFO] [stderr]    Compiling darling_macro v0.14.4
[INFO] [stderr]    Compiling rand_core v0.6.4
[INFO] [stderr]    Compiling darling v0.14.4
[INFO] [stderr]    Compiling intel-mkl-tool v0.8.1
[INFO] [stderr]    Compiling derive_builder_core v0.11.2
[INFO] [stderr]    Compiling num-rational v0.4.1
[INFO] [stderr]    Compiling num-iter v0.1.43
[INFO] [stderr]    Compiling utf8parse v0.2.2
[INFO] [stderr]    Compiling portable-atomic v1.6.0
[INFO] [stderr]    Compiling rayon-core v1.12.1
[INFO] [stderr]    Compiling anstyle-parse v0.2.4
[INFO] [stderr]    Compiling crossbeam-deque v0.8.3
[INFO] [stderr]    Compiling unicode-width v0.1.14
[INFO] [stderr]    Compiling ppv-lite86 v0.2.17
[INFO] [stderr]    Compiling colorchoice v1.0.1
[INFO] [stderr]    Compiling is_terminal_polyfill v1.70.0
[INFO] [stderr]    Compiling derive_builder_macro v0.11.2
[INFO] [stderr]    Compiling anstyle v1.0.7
[INFO] [stderr]    Compiling anstyle-query v1.1.0
[INFO] [stderr]    Compiling pfapack v0.2.0
[INFO] [stderr]    Compiling anstream v0.6.14
[INFO] [stderr]    Compiling rand_chacha v0.3.1
[INFO] [stderr]    Compiling console v0.15.8
[INFO] [stderr]    Compiling derive_builder v0.11.2
[INFO] [stderr]    Compiling oci-spec v0.5.8
[INFO] [stderr]    Compiling env_filter v0.1.0
[INFO] [stderr]    Compiling lapack-sys v0.14.0
[INFO] [stderr]    Compiling blas-sys v0.7.1
[INFO] [stderr]    Compiling csv-core v0.1.10
[INFO] [stderr]    Compiling number_prefix v0.4.0
[INFO] [stderr]    Compiling either v1.8.1
[INFO] [stderr]    Compiling convert_case v0.4.0
[INFO] [stderr]    Compiling env_logger v0.11.3
[INFO] [stderr]    Compiling lapack v0.19.0
[INFO] [stderr]    Compiling rayon v1.10.0
[INFO] [stderr]    Compiling indicatif v0.17.8
[INFO] [stderr]    Compiling derive_more v0.99.17
[INFO] [stderr]    Compiling blas v0.22.0
[INFO] [stderr]    Compiling num v0.4.0
[INFO] [stderr]    Compiling rand v0.8.5
[INFO] [stderr]    Compiling rand_mt v4.2.2
[INFO] [stderr]    Compiling csv v1.2.2
[INFO] [stderr]    Compiling ocipkg v0.2.8
[INFO] [stderr]    Compiling intel-mkl-src v0.8.1
[INFO] [stderr]    Compiling impurity v0.1.0 (/opt/rustwide/workdir)
[INFO] [stderr]     Finished `dev` profile [unoptimized + debuginfo] target(s) in 1m 24s
[INFO] running `Command { std: "docker" "inspect" "46e0e181c95ff5e223b44a83fc84e17db44da55e3734f6f7fa993aed84e203c6", kill_on_drop: false }`
[INFO] running `Command { std: "docker" "rm" "-f" "46e0e181c95ff5e223b44a83fc84e17db44da55e3734f6f7fa993aed84e203c6", kill_on_drop: false }`
[INFO] [stdout] 46e0e181c95ff5e223b44a83fc84e17db44da55e3734f6f7fa993aed84e203c6
[INFO] running `Command { std: "docker" "create" "-v" "/var/lib/crater-agent-workspace/builds/worker-7-tc1/target:/opt/rustwide/target:rw,Z" "-v" "/var/lib/crater-agent-workspace/builds/worker-7-tc1/source:/opt/rustwide/workdir:ro,Z" "-v" "/var/lib/crater-agent-workspace/cargo-home:/opt/rustwide/cargo-home:ro,Z" "-v" "/var/lib/crater-agent-workspace/rustup-home:/opt/rustwide/rustup-home:ro,Z" "-e" "SOURCE_DIR=/opt/rustwide/workdir" "-e" "CARGO_TARGET_DIR=/opt/rustwide/target" "-e" "CARGO_INCREMENTAL=0" "-e" "RUST_BACKTRACE=full" "-e" "RUSTFLAGS=--cap-lints=forbid" "-e" "RUSTDOCFLAGS=--cap-lints=forbid" "-e" "CARGO_HOME=/opt/rustwide/cargo-home" "-e" "RUSTUP_HOME=/opt/rustwide/rustup-home" "-w" "/opt/rustwide/workdir" "-m" "1610612736" "--user" "0:0" "--network" "none" "ghcr.io/rust-lang/crates-build-env/linux@sha256:819108c5571ea2e421544af4d832f968d213c87fbe3707a016657f43d2f853bc" "/opt/rustwide/cargo-home/bin/cargo" "+nightly-2025-01-18" "test" "--frozen" "--no-run" "--message-format=json", kill_on_drop: false }`
[INFO] [stdout] 34eeb8f4e5141887e5658d5cecc0c9722703661795a30001d64e268165b1b216
[INFO] running `Command { std: "docker" "start" "-a" "34eeb8f4e5141887e5658d5cecc0c9722703661795a30001d64e268165b1b216", kill_on_drop: false }`
[INFO] [stderr]    Compiling libc v0.2.146
[INFO] [stderr]    Compiling num-traits v0.2.15
[INFO] [stderr]    Compiling once_cell v1.18.0
[INFO] [stderr]    Compiling serde_json v1.0.104
[INFO] [stderr]    Compiling serde v1.0.180
[INFO] [stderr]    Compiling either v1.8.1
[INFO] [stderr]    Compiling bitflags v1.3.2
[INFO] [stderr]    Compiling io-lifetimes v1.0.11
[INFO] [stderr]    Compiling rayon v1.10.0
[INFO] [stderr]    Compiling rustix v0.37.20
[INFO] [stderr]    Compiling plotters-backend v0.3.4
[INFO] [stderr]    Compiling clap_lex v0.5.0
[INFO] [stderr]    Compiling ring v0.16.20
[INFO] [stderr]    Compiling time v0.1.45
[INFO] [stderr]    Compiling dirs-sys v0.3.7
[INFO] [stderr]    Compiling getrandom v0.2.10
[INFO] [stderr]    Compiling filetime v0.2.21
[INFO] [stderr]    Compiling xattr v0.2.3
[INFO] [stderr]    Compiling num-complex v0.4.3
[INFO] [stderr]    Compiling tar v0.4.39
[INFO] [stderr]    Compiling num-integer v0.1.45
[INFO] [stderr]    Compiling uuid v1.4.1
[INFO] [stderr]    Compiling chrono v0.4.26
[INFO] [stderr]    Compiling directories v4.0.1
[INFO] [stderr]    Compiling oci-spec v0.5.8
[INFO] [stderr]    Compiling rand_core v0.6.4
[INFO] [stderr]    Compiling num-bigint v0.4.3
[INFO] [stderr]    Compiling rustls-webpki v0.100.1
[INFO] [stderr]    Compiling sct v0.7.0
[INFO] [stderr]    Compiling rustls-webpki v0.101.2
[INFO] [stderr]    Compiling rand_chacha v0.3.1
[INFO] [stderr]    Compiling webpki-roots v0.23.1
[INFO] [stderr]    Compiling pfapack-sys v0.1.1
[INFO] [stderr]    Compiling num-iter v0.1.43
[INFO] [stderr]    Compiling console v0.15.8
[INFO] [stderr]    Compiling rustls v0.21.6
[INFO] [stderr]    Compiling blas-sys v0.7.1
[INFO] [stderr]    Compiling lapack-sys v0.14.0
[INFO] [stderr]    Compiling blas v0.22.0
[INFO] [stderr]    Compiling pfapack v0.2.0
[INFO] [stderr]    Compiling num-rational v0.4.1
[INFO] [stderr]    Compiling lapack v0.19.0
[INFO] [stderr]    Compiling rand v0.8.5
[INFO] [stderr]    Compiling csv v1.2.2
[INFO] [stderr]    Compiling num v0.4.0
[INFO] [stderr]    Compiling indicatif v0.17.8
[INFO] [stderr]    Compiling rand_mt v4.2.2
[INFO] [stderr]    Compiling half v1.8.2
[INFO] [stderr]    Compiling ciborium-io v0.2.1
[INFO] [stderr]    Compiling linux-raw-sys v0.3.8
[INFO] [stderr]    Compiling ciborium-ll v0.2.1
[INFO] [stderr]    Compiling clap_builder v4.3.3
[INFO] [stderr]    Compiling plotters-svg v0.3.3
[INFO] [stderr]    Compiling itertools v0.10.5
[INFO] [stderr]    Compiling cast v0.3.0
[INFO] [stderr]    Compiling plotters v0.3.4
[INFO] [stderr]    Compiling ciborium v0.2.1
[INFO] [stderr]    Compiling tinytemplate v1.2.1
[INFO] [stderr]    Compiling ureq v2.7.1
[INFO] [stderr]    Compiling criterion-plot v0.5.0
[INFO] [stderr]    Compiling oorandom v11.1.3
[INFO] [stderr]    Compiling clap v4.3.3
[INFO] [stderr]    Compiling anes v0.1.6
[INFO] [stderr]    Compiling assert v0.7.4
[INFO] [stderr]    Compiling is-terminal v0.4.7
[INFO] [stderr]    Compiling ocipkg v0.2.8
[INFO] [stderr]    Compiling criterion v0.5.1
[INFO] [stderr]    Compiling intel-mkl-src v0.8.1
[INFO] [stderr]    Compiling impurity v0.1.0 (/opt/rustwide/workdir)
[INFO] [stdout] warning: unused import: `std::ptr::addr_of`
[INFO] [stdout]  --> tests/vmc_clean_updates.rs:1:5
[INFO] [stdout]   |
[INFO] [stdout] 1 | use std::ptr::addr_of;
[INFO] [stdout]   |     ^^^^^^^^^^^^^^^^^
[INFO] [stdout]   |
[INFO] [stdout]   = note: `#[warn(unused_imports)]` on by default
[INFO] [stdout] 
[INFO] [stdout] 
[INFO] [stdout] warning: unused import: `std::slice::from_raw_parts as slice`
[INFO] [stdout]  --> tests/vmc_clean_updates.rs:2:5
[INFO] [stdout]   |
[INFO] [stdout] 2 | use std::slice::from_raw_parts as slice;
[INFO] [stdout]   |     ^^^^^^^^^^^^^^^^^^^^^^^^^^^^^^^^^^^
[INFO] [stdout] 
[INFO] [stdout] 
[INFO] [stdout] warning: unused variable: `c`
[INFO] [stdout]   --> tests/vmc_2sites.rs:61:9
[INFO] [stdout]    |
[INFO] [stdout] 61 |     let c = sq(<f64>::abs(f01uu - f10uu));
[INFO] [stdout]    |         ^ help: if this is intentional, prefix it with an underscore: `_c`
[INFO] [stdout]    |
[INFO] [stdout]    = note: `#[warn(unused_variables)]` on by default
[INFO] [stdout] 
[INFO] [stdout] 
[INFO] [stdout] warning: unused variable: `d`
[INFO] [stdout]   --> tests/vmc_2sites.rs:62:9
[INFO] [stdout]    |
[INFO] [stdout] 62 |     let d = sq(<f64>::abs(f01dd - f10dd));
[INFO] [stdout]    |         ^ help: if this is intentional, prefix it with an underscore: `_d`
[INFO] [stdout] 
[INFO] [stdout] 
[INFO] [stdout] warning: variants `F3` and `F12` are never constructed
[INFO] [stdout]   --> tests/vmc_2sites.rs:35:5
[INFO] [stdout]    |
[INFO] [stdout] 34 | enum State {
[INFO] [stdout]    |      ----- variants in this enum
[INFO] [stdout] 35 |     F3,
[INFO] [stdout]    |     ^^
[INFO] [stdout] ...
[INFO] [stdout] 40 |     F12
[INFO] [stdout]    |     ^^^
[INFO] [stdout]    |
[INFO] [stdout]    = note: `State` has a derived impl for the trait `Debug`, but this is intentionally ignored during dead code analysis
[INFO] [stdout]    = note: `#[warn(dead_code)]` on by default
[INFO] [stdout] 
[INFO] [stdout] 
[INFO] [stdout] warning: type alias `BitSize` is never used
[INFO] [stdout]    --> src/fock_state.rs:652:10
[INFO] [stdout]     |
[INFO] [stdout] 652 |     type BitSize = u16;
[INFO] [stdout]     |          ^^^^^^^
[INFO] [stdout]     |
[INFO] [stdout]     = note: `#[warn(dead_code)]` on by default
[INFO] [stdout] 
[INFO] [stdout] 
[INFO] [stderr]     Finished `test` profile [unoptimized + debuginfo] target(s) in 57.26s
[INFO] running `Command { std: "docker" "inspect" "34eeb8f4e5141887e5658d5cecc0c9722703661795a30001d64e268165b1b216", kill_on_drop: false }`
[INFO] running `Command { std: "docker" "rm" "-f" "34eeb8f4e5141887e5658d5cecc0c9722703661795a30001d64e268165b1b216", kill_on_drop: false }`
[INFO] [stdout] 34eeb8f4e5141887e5658d5cecc0c9722703661795a30001d64e268165b1b216
[INFO] running `Command { std: "docker" "create" "-v" "/var/lib/crater-agent-workspace/builds/worker-7-tc1/target:/opt/rustwide/target:rw,Z" "-v" "/var/lib/crater-agent-workspace/builds/worker-7-tc1/source:/opt/rustwide/workdir:ro,Z" "-v" "/var/lib/crater-agent-workspace/cargo-home:/opt/rustwide/cargo-home:ro,Z" "-v" "/var/lib/crater-agent-workspace/rustup-home:/opt/rustwide/rustup-home:ro,Z" "-e" "SOURCE_DIR=/opt/rustwide/workdir" "-e" "CARGO_TARGET_DIR=/opt/rustwide/target" "-e" "CARGO_INCREMENTAL=0" "-e" "RUST_BACKTRACE=full" "-e" "RUSTFLAGS=--cap-lints=forbid" "-e" "RUSTDOCFLAGS=--cap-lints=forbid" "-e" "CARGO_HOME=/opt/rustwide/cargo-home" "-e" "RUSTUP_HOME=/opt/rustwide/rustup-home" "-w" "/opt/rustwide/workdir" "-m" "1610612736" "--user" "0:0" "--network" "none" "ghcr.io/rust-lang/crates-build-env/linux@sha256:819108c5571ea2e421544af4d832f968d213c87fbe3707a016657f43d2f853bc" "/opt/rustwide/cargo-home/bin/cargo" "+nightly-2025-01-18" "test" "--frozen", kill_on_drop: false }`
[INFO] [stdout] f93a2c312e596286401119ae309a87d50bbe77ac4186684457df0a3ccf971bed
[INFO] running `Command { std: "docker" "start" "-a" "f93a2c312e596286401119ae309a87d50bbe77ac4186684457df0a3ccf971bed", kill_on_drop: false }`
[INFO] [stderr] warning: type alias `BitSize` is never used
[INFO] [stderr]    --> src/fock_state.rs:652:10
[INFO] [stderr]     |
[INFO] [stderr] 652 |     type BitSize = u16;
[INFO] [stderr]     |          ^^^^^^^
[INFO] [stderr]     |
[INFO] [stderr]     = note: `#[warn(dead_code)]` on by default
[INFO] [stderr] 
[INFO] [stderr] warning: unused import: `std::ptr::addr_of`
[INFO] [stderr]  --> tests/vmc_clean_updates.rs:1:5
[INFO] [stderr]   |
[INFO] [stderr] 1 | use std::ptr::addr_of;
[INFO] [stderr]   |     ^^^^^^^^^^^^^^^^^
[INFO] [stderr]   |
[INFO] [stderr]   = note: `#[warn(unused_imports)]` on by default
[INFO] [stderr] 
[INFO] [stderr] warning: unused import: `std::slice::from_raw_parts as slice`
[INFO] [stderr]  --> tests/vmc_clean_updates.rs:2:5
[INFO] [stderr]   |
[INFO] [stderr] 2 | use std::slice::from_raw_parts as slice;
[INFO] [stderr]   |     ^^^^^^^^^^^^^^^^^^^^^^^^^^^^^^^^^^^
[INFO] [stderr] 
[INFO] [stderr] warning: unused variable: `c`
[INFO] [stderr]   --> tests/vmc_2sites.rs:61:9
[INFO] [stderr]    |
[INFO] [stderr] 61 |     let c = sq(<f64>::abs(f01uu - f10uu));
[INFO] [stderr]    |         ^ help: if this is intentional, prefix it with an underscore: `_c`
[INFO] [stderr]    |
[INFO] [stderr]    = note: `#[warn(unused_variables)]` on by default
[INFO] [stderr] 
[INFO] [stderr] warning: unused variable: `d`
[INFO] [stderr]   --> tests/vmc_2sites.rs:62:9
[INFO] [stderr]    |
[INFO] [stderr] 62 |     let d = sq(<f64>::abs(f01dd - f10dd));
[INFO] [stderr]    |         ^ help: if this is intentional, prefix it with an underscore: `_d`
[INFO] [stderr] 
[INFO] [stderr] warning: variants `F3` and `F12` are never constructed
[INFO] [stderr]   --> tests/vmc_2sites.rs:35:5
[INFO] [stderr]    |
[INFO] [stderr] 34 | enum State {
[INFO] [stderr]    |      ----- variants in this enum
[INFO] [stderr] 35 |     F3,
[INFO] [stderr]    |     ^^
[INFO] [stderr] ...
[INFO] [stderr] 40 |     F12
[INFO] [stderr]    |     ^^^
[INFO] [stderr]    |
[INFO] [stderr]    = note: `State` has a derived impl for the trait `Debug`, but this is intentionally ignored during dead code analysis
[INFO] [stderr]    = note: `#[warn(dead_code)]` on by default
[INFO] [stderr] 
[INFO] [stderr] warning: `impurity` (lib test) generated 1 warning
[INFO] [stderr] warning: `impurity` (test "vmc_clean_updates") generated 2 warnings (run `cargo fix --test "vmc_clean_updates"` to apply 2 suggestions)
[INFO] [stderr] warning: `impurity` (test "vmc_2sites") generated 3 warnings
[INFO] [stderr]     Finished `test` profile [unoptimized + debuginfo] target(s) in 0.35s
[INFO] [stderr]      Running unittests src/lib.rs (/opt/rustwide/target/debug/deps/impurity-0362851a38a0cfe0)
[INFO] [stdout] 
[INFO] [stdout] running 14 tests
[INFO] [stdout] test gutzwiller::test::test_fast_update_gutzwiller_exp_u8 ... ok
[INFO] [stdout] test gutzwiller::test::test_gutzwiller_exp_spin_state ... ok
[INFO] [stdout] test gutzwiller::test::test_gutzwiller_exp_u8 ... ok
[INFO] [stdout] test jastrow::test::test_jastrow_easy ... ok
[INFO] [stdout] test jastrow::test::test_fast_update_jastrow_u8 ... ok
[INFO] [stdout] test gutzwiller::test::test_fast_update_gutzwiller_exp_u8_5sites ... ok
[INFO] [stdout] test jastrow::test::test_jastrow_u8_5sites ... ok
[INFO] [stdout] test test::test_random_state_generator ... ok
[INFO] [stdout] test pfaffian::tests::test_pfaffian_8sites_u8_update_matrix ... ok
[INFO] [stdout] test pfaffian::tests::test_pfaffian_8sites_u8_update_spin_up ... ok
[INFO] [stdout] test pfaffian::tests::test_pfaffian_8sites_u8_update_spin_down ... ok
[INFO] [stdout] test jastrow::test::test_jastrow_u8 ... ok
[INFO] [stdout] test pfaffian::tests::test_pfaffian_8sites_u8 ... ok
[INFO] [stdout] test pfaffian::tests::test_pfaffian_update_random_no_sign_correction ... ok
[INFO] [stdout] 
[INFO] [stdout] test result: ok. 14 passed; 0 failed; 0 ignored; 0 measured; 0 filtered out; finished in 1.21s
[INFO] [stdout] 
[INFO] [stderr]      Running unittests src/bin/boboche2000.rs (/opt/rustwide/target/debug/deps/boboche2000-1fbe0ea09ed7983a)
[INFO] [stdout] 
[INFO] [stdout] running 0 tests
[INFO] [stdout] 
[INFO] [stdout] test result: ok. 0 passed; 0 failed; 0 ignored; 0 measured; 0 filtered out; finished in 0.00s
[INFO] [stdout] 
[INFO] [stderr]      Running unittests src/bin/dvmc_fastupdate.rs (/opt/rustwide/target/debug/deps/dvmc_fastupdate-c1a4e00212f35cf8)
[INFO] [stdout] 
[INFO] [stdout] running 0 tests
[INFO] [stdout] 
[INFO] [stdout] test result: ok. 0 passed; 0 failed; 0 ignored; 0 measured; 0 filtered out; finished in 0.00s
[INFO] [stdout] 
[INFO] [stderr]      Running tests/parse_orbitale_test.rs (/opt/rustwide/target/debug/deps/parse_orbitale_test-e7d0e9aeabc3ccec)
[INFO] [stdout] 
[INFO] [stdout] running 4 tests
[INFO] [stdout] test test_parse_2x2 ... ignored
[INFO] [stdout] test test_parse_3x3 ... ignored
[INFO] [stdout] test test_csv_parse_error ... ok
[INFO] [stdout] test test_int_parse_error ... ok
[INFO] [stdout] 
[INFO] [stdout] test result: ok. 2 passed; 0 failed; 2 ignored; 0 measured; 0 filtered out; finished in 0.01s
[INFO] [stdout] 
[INFO] [stderr]      Running tests/vmc_2sites.rs (/opt/rustwide/target/debug/deps/vmc_2sites-23fba65fde069bbd)
[INFO] [stdout] 
[INFO] [stdout] running 1 test
[INFO] [stdout] test comupte_energy_from_all_states ... FAILED
[INFO] [stdout] 
[INFO] [stdout] failures:
[INFO] [stdout] 
[INFO] [stdout] ---- comupte_energy_from_all_states stdout ----
[INFO] [stdout] bitmasks: [SpinState { state: [128] }]
[INFO] [stdout] fij: [0.0, 0.0, 0.0, 0.0, 0.41, -0.18, 0.11, 0.84, 0.0, 0.0, 0.0, 0.0, 0.0, 0.0, 0.0, 0.0]
[INFO] [stdout] vij: [0.0, 0.3, 0.3, 0.0]
[INFO] [stdout] gi: [-0.7, -0.5]
[INFO] [stdout] Basis states.
[INFO] [stdout] State 0 : |10:10>
[INFO] [stdout] State 1 : |10:01>
[INFO] [stdout] State 2 : |01:10>
[INFO] [stdout] State 3 : |01:01>
[INFO] [stdout] X^[-1] = 
[INFO] [stdout] |        0    -2.439 |
[INFO] [stdout] |    2.439         0 |
[INFO] [stdout] Pfaffian: 0.41
[INFO] [stdout] Proj: -1
[INFO] [stdout] <F10|psi> = 0.15083057088029134
[INFO] [stdout] Potential energy: 0.6033222835211653
[INFO] [stdout] Kinetic energy: 0.06999999999999999
[INFO] [stdout] |10> pot: 0.6033222835211653, kin: 0.06999999999999999
[INFO] [stdout] Energy: 3.210760398155182
[INFO] [stdout] |10> pot: 0.6033222835211653, kin: 0.06999999999999999
[INFO] [stdout] X^[-1] = 
[INFO] [stdout] |        0     5.556 |
[INFO] [stdout] |   -5.556         0 |
[INFO] [stdout] Pfaffian: -0.18
[INFO] [stdout] Proj: 0
[INFO] [stdout] <F9|psi> = -0.18
[INFO] [stdout] Potential energy: -0
[INFO] [stdout] Kinetic energy: -0.5282669007387574
[INFO] [stdout] |9> pot: 0, kin: -0.5282669007387575
[INFO] [stdout] Energy: -2.519058831200646
[INFO] [stdout] |9> pot: 0, kin: -0.5282669007387575
[INFO] [stdout] X^[-1] = 
[INFO] [stdout] |        0    -9.091 |
[INFO] [stdout] |    9.091         0 |
[INFO] [stdout] Pfaffian: 0.11
[INFO] [stdout] Proj: 0
[INFO] [stdout] <F6|psi> = 0.11
[INFO] [stdout] Potential energy: 0
[INFO] [stdout] Kinetic energy: -0.5282669007387575
[INFO] [stdout] |6> pot: 0, kin: -0.5282669007387575
[INFO] [stdout] Energy: -2.5190588312006463
[INFO] [stdout] |6> pot: 0, kin: -0.5282669007387575
[INFO] [stdout] X^[-1] = 
[INFO] [stdout] |        0     -1.19 |
[INFO] [stdout] |     1.19         0 |
[INFO] [stdout] Pfaffian: 0.84
[INFO] [stdout] Proj: -0.8
[INFO] [stdout] <F5|psi> = 0.3774363298584661
[INFO] [stdout] Potential energy: 1.5097453194338644
[INFO] [stdout] Kinetic energy: 0.06999999999999999
[INFO] [stdout] |5> pot: 1.5097453194338644, kin: 0.06999999999999999
[INFO] [stdout] Energy: 7.533069727447718
[INFO] [stdout] |5> pot: 1.5097453194338644, kin: 0.06999999999999999
[INFO] [stdout] 
[INFO] [stdout] thread 'comupte_energy_from_all_states' panicked at /opt/rustwide/workdir/src/monte_carlo.rs:121:46:
[INFO] [stdout] called `Result::unwrap()` on an `Err` value: Os { code: 30, kind: ReadOnlyFilesystem, message: "Read-only file system" }
[INFO] [stdout] stack backtrace:
[INFO] [stdout]    0:     0x632460740a4a - std::backtrace_rs::backtrace::libunwind::trace::hb059275cfc8d6126
[INFO] [stdout]                                at /rustc/6067b36314ab5eb2eb47cecc464545ba58e1ad24/library/std/src/../../backtrace/src/backtrace/libunwind.rs:116:5
[INFO] [stdout]    1:     0x632460740a4a - std::backtrace_rs::backtrace::trace_unsynchronized::h2da071e4327ce3ee
[INFO] [stdout]                                at /rustc/6067b36314ab5eb2eb47cecc464545ba58e1ad24/library/std/src/../../backtrace/src/backtrace/mod.rs:66:5
[INFO] [stdout]    2:     0x632460740a4a - std::sys::backtrace::_print_fmt::h842a1474e6f8d23f
[INFO] [stdout]                                at /rustc/6067b36314ab5eb2eb47cecc464545ba58e1ad24/library/std/src/sys/backtrace.rs:66:9
[INFO] [stdout]    3:     0x632460740a4a - <std::sys::backtrace::BacktraceLock::print::DisplayBacktrace as core::fmt::Display>::fmt::h71a62eb3b9696b12
[INFO] [stdout]                                at /rustc/6067b36314ab5eb2eb47cecc464545ba58e1ad24/library/std/src/sys/backtrace.rs:39:26
[INFO] [stdout]    4:     0x6324607692b3 - core::fmt::rt::Argument::fmt::hdb6b616786b41dc1
[INFO] [stdout]                                at /rustc/6067b36314ab5eb2eb47cecc464545ba58e1ad24/library/core/src/fmt/rt.rs:177:76
[INFO] [stdout]    5:     0x6324607692b3 - core::fmt::write::h2cc1698af7e2d686
[INFO] [stdout]                                at /rustc/6067b36314ab5eb2eb47cecc464545ba58e1ad24/library/core/src/fmt/mod.rs:1440:21
[INFO] [stdout]    6:     0x63246073d5a3 - std::io::Write::write_fmt::hab1b4cd059a79022
[INFO] [stdout]                                at /rustc/6067b36314ab5eb2eb47cecc464545ba58e1ad24/library/std/src/io/mod.rs:1887:15
[INFO] [stdout]    7:     0x632460740892 - std::sys::backtrace::BacktraceLock::print::h147fe35b4ea13b08
[INFO] [stdout]                                at /rustc/6067b36314ab5eb2eb47cecc464545ba58e1ad24/library/std/src/sys/backtrace.rs:42:9
[INFO] [stdout]    8:     0x632460741e6f - std::panicking::default_hook::{{closure}}::hbd44223dbdc0d208
[INFO] [stdout]                                at /rustc/6067b36314ab5eb2eb47cecc464545ba58e1ad24/library/std/src/panicking.rs:298:22
[INFO] [stdout]    9:     0x632460741c88 - std::panicking::default_hook::h20f81eb0576efcec
[INFO] [stdout]                                at /rustc/6067b36314ab5eb2eb47cecc464545ba58e1ad24/library/std/src/panicking.rs:322:9
[INFO] [stdout]   10:     0x6324606e2eb3 - <alloc::boxed::Box<F,A> as core::ops::function::Fn<Args>>::call::hdb53814c496a4d34
[INFO] [stdout]                                at /rustc/6067b36314ab5eb2eb47cecc464545ba58e1ad24/library/alloc/src/boxed.rs:2027:9
[INFO] [stdout]   11:     0x6324606e2eb3 - test::test_main::{{closure}}::hc0a4963c59427c24
[INFO] [stdout]                                at /rustc/6067b36314ab5eb2eb47cecc464545ba58e1ad24/library/test/src/lib.rs:134:21
[INFO] [stdout]   12:     0x632460742963 - <alloc::boxed::Box<F,A> as core::ops::function::Fn<Args>>::call::h591b2225413a77e9
[INFO] [stdout]                                at /rustc/6067b36314ab5eb2eb47cecc464545ba58e1ad24/library/alloc/src/boxed.rs:2027:9
[INFO] [stdout]   13:     0x632460742963 - std::panicking::rust_panic_with_hook::h625eea43051b2edc
[INFO] [stdout]                                at /rustc/6067b36314ab5eb2eb47cecc464545ba58e1ad24/library/std/src/panicking.rs:839:13
[INFO] [stdout]   14:     0x63246074261a - std::panicking::begin_panic_handler::{{closure}}::h4f9159cfbc3f6bd3
[INFO] [stdout]                                at /rustc/6067b36314ab5eb2eb47cecc464545ba58e1ad24/library/std/src/panicking.rs:704:13
[INFO] [stdout]   15:     0x632460740f49 - std::sys::backtrace::__rust_end_short_backtrace::h0390abce48353151
[INFO] [stdout]                                at /rustc/6067b36314ab5eb2eb47cecc464545ba58e1ad24/library/std/src/sys/backtrace.rs:168:18
[INFO] [stdout]   16:     0x6324607422ad - rust_begin_unwind
[INFO] [stdout]                                at /rustc/6067b36314ab5eb2eb47cecc464545ba58e1ad24/library/std/src/panicking.rs:695:5
[INFO] [stdout]   17:     0x6324607674d0 - core::panicking::panic_fmt::h9e7c637e9e5f29c9
[INFO] [stdout]                                at /rustc/6067b36314ab5eb2eb47cecc464545ba58e1ad24/library/core/src/panicking.rs:75:14
[INFO] [stdout]   18:     0x632460767946 - core::result::unwrap_failed::h7979f09313fe1849
[INFO] [stdout]                                at /rustc/6067b36314ab5eb2eb47cecc464545ba58e1ad24/library/core/src/result.rs:1704:5
[INFO] [stdout]   19:     0x632460513410 - core::result::Result<T,E>::unwrap::h171690cecfdc779c
[INFO] [stdout]                                at /rustc/6067b36314ab5eb2eb47cecc464545ba58e1ad24/library/core/src/result.rs:1109:23
[INFO] [stdout]   20:     0x632460513410 - impurity::monte_carlo::compute_mean_energy::h94873f2c10f88994
[INFO] [stdout]                                at /opt/rustwide/workdir/src/monte_carlo.rs:121:23
[INFO] [stdout]   21:     0x63246050aa1e - vmc_2sites::comupte_energy_from_all_states::hc4baebce40e40a64
[INFO] [stdout]                                at /opt/rustwide/workdir/tests/vmc_2sites.rs:323:53
[INFO] [stdout]   22:     0x632460509c47 - vmc_2sites::comupte_energy_from_all_states::{{closure}}::hd034346e8f69a8e3
[INFO] [stdout]                                at /opt/rustwide/workdir/tests/vmc_2sites.rs:210:36
[INFO] [stdout]   23:     0x63246050c9f6 - core::ops::function::FnOnce::call_once::ha5bb9252cf1b0392
[INFO] [stdout]                                at /rustc/6067b36314ab5eb2eb47cecc464545ba58e1ad24/library/core/src/ops/function.rs:250:5
[INFO] [stdout]   24:     0x6324606e860b - core::ops::function::FnOnce::call_once::he27718dfdd183f43
[INFO] [stdout]                                at /rustc/6067b36314ab5eb2eb47cecc464545ba58e1ad24/library/core/src/ops/function.rs:250:5
[INFO] [stdout]   25:     0x6324606e860b - test::__rust_begin_short_backtrace::h4e84902998457a5d
[INFO] [stdout]                                at /rustc/6067b36314ab5eb2eb47cecc464545ba58e1ad24/library/test/src/lib.rs:632:18
[INFO] [stdout]   26:     0x6324606e7543 - test::run_test_in_process::{{closure}}::h7176fd18fc1feca0
[INFO] [stdout]                                at /rustc/6067b36314ab5eb2eb47cecc464545ba58e1ad24/library/test/src/lib.rs:655:60
[INFO] [stdout]   27:     0x6324606e7543 - <core::panic::unwind_safe::AssertUnwindSafe<F> as core::ops::function::FnOnce<()>>::call_once::hf79cff2a624d8cf7
[INFO] [stdout]                                at /rustc/6067b36314ab5eb2eb47cecc464545ba58e1ad24/library/core/src/panic/unwind_safe.rs:272:9
[INFO] [stdout]   28:     0x6324606e7543 - std::panicking::try::do_call::h3da0561d9ab99c25
[INFO] [stdout]                                at /rustc/6067b36314ab5eb2eb47cecc464545ba58e1ad24/library/std/src/panicking.rs:587:40
[INFO] [stdout]   29:     0x6324606e7543 - std::panicking::try::h41c9fa508bc61df6
[INFO] [stdout]                                at /rustc/6067b36314ab5eb2eb47cecc464545ba58e1ad24/library/std/src/panicking.rs:550:19
[INFO] [stdout]   30:     0x6324606e7543 - std::panic::catch_unwind::h6b3ff07bb5afad93
[INFO] [stdout]                                at /rustc/6067b36314ab5eb2eb47cecc464545ba58e1ad24/library/std/src/panic.rs:358:14
[INFO] [stdout]   31:     0x6324606e7543 - test::run_test_in_process::hc7253dd11b39b9f4
[INFO] [stdout]                                at /rustc/6067b36314ab5eb2eb47cecc464545ba58e1ad24/library/test/src/lib.rs:655:27
[INFO] [stdout]   32:     0x6324606e7543 - test::run_test::{{closure}}::hfb2007f8649c30bb
[INFO] [stdout]                                at /rustc/6067b36314ab5eb2eb47cecc464545ba58e1ad24/library/test/src/lib.rs:576:43
[INFO] [stdout]   33:     0x6324606aa625 - test::run_test::{{closure}}::h56a17aa7a282a9f4
[INFO] [stdout]                                at /rustc/6067b36314ab5eb2eb47cecc464545ba58e1ad24/library/test/src/lib.rs:606:41
[INFO] [stdout]   34:     0x6324606aa625 - std::sys::backtrace::__rust_begin_short_backtrace::hd2d2d2fb8e8c6aac
[INFO] [stdout]                                at /rustc/6067b36314ab5eb2eb47cecc464545ba58e1ad24/library/std/src/sys/backtrace.rs:152:18
[INFO] [stdout]   35:     0x6324606adf0a - std::thread::Builder::spawn_unchecked_::{{closure}}::{{closure}}::h4faa3f9db6133423
[INFO] [stdout]                                at /rustc/6067b36314ab5eb2eb47cecc464545ba58e1ad24/library/std/src/thread/mod.rs:559:17
[INFO] [stdout]   36:     0x6324606adf0a - <core::panic::unwind_safe::AssertUnwindSafe<F> as core::ops::function::FnOnce<()>>::call_once::hf2e855a36a4ea846
[INFO] [stdout]                                at /rustc/6067b36314ab5eb2eb47cecc464545ba58e1ad24/library/core/src/panic/unwind_safe.rs:272:9
[INFO] [stdout]   37:     0x6324606adf0a - std::panicking::try::do_call::h2f73af3616c35465
[INFO] [stdout]                                at /rustc/6067b36314ab5eb2eb47cecc464545ba58e1ad24/library/std/src/panicking.rs:587:40
[INFO] [stdout]   38:     0x6324606adf0a - std::panicking::try::hd1660ce9efadef5a
[INFO] [stdout]                                at /rustc/6067b36314ab5eb2eb47cecc464545ba58e1ad24/library/std/src/panicking.rs:550:19
[INFO] [stdout]   39:     0x6324606adf0a - std::panic::catch_unwind::h5ee8d7823b8ca744
[INFO] [stdout]                                at /rustc/6067b36314ab5eb2eb47cecc464545ba58e1ad24/library/std/src/panic.rs:358:14
[INFO] [stdout]   40:     0x6324606adf0a - std::thread::Builder::spawn_unchecked_::{{closure}}::h53c3a1894dce8407
[INFO] [stdout]                                at /rustc/6067b36314ab5eb2eb47cecc464545ba58e1ad24/library/std/src/thread/mod.rs:557:30
[INFO] [stdout]   41:     0x6324606adf0a - core::ops::function::FnOnce::call_once{{vtable.shim}}::h048ce291ad4f62bf
[INFO] [stdout]                                at /rustc/6067b36314ab5eb2eb47cecc464545ba58e1ad24/library/core/src/ops/function.rs:250:5
[INFO] [stdout]   42:     0x6324607468ab - <alloc::boxed::Box<F,A> as core::ops::function::FnOnce<Args>>::call_once::ha52bedf99a3b4981
[INFO] [stdout]                                at /rustc/6067b36314ab5eb2eb47cecc464545ba58e1ad24/library/alloc/src/boxed.rs:2013:9
[INFO] [stdout]   43:     0x6324607468ab - <alloc::boxed::Box<F,A> as core::ops::function::FnOnce<Args>>::call_once::h567748934d80ccf8
[INFO] [stdout]                                at /rustc/6067b36314ab5eb2eb47cecc464545ba58e1ad24/library/alloc/src/boxed.rs:2013:9
[INFO] [stdout]   44:     0x6324607468ab - std::sys::pal::unix::thread::Thread::new::thread_start::h2d970728ae887adc
[INFO] [stdout]                                at /rustc/6067b36314ab5eb2eb47cecc464545ba58e1ad24/library/std/src/sys/pal/unix/thread.rs:106:17
[INFO] [stdout]   45:     0x7e074c8b1ac3 - <unknown>
[INFO] [stdout]   46:     0x7e074c942a04 - clone
[INFO] [stdout]   47:                0x0 - <unknown>
[INFO] [stdout] 
[INFO] [stdout] 
[INFO] [stdout] failures:
[INFO] [stdout]     comupte_energy_from_all_states
[INFO] [stdout] 
[INFO] [stdout] test result: FAILED. 0 passed; 1 failed; 0 ignored; 0 measured; 0 filtered out; finished in 0.11s
[INFO] [stdout] 
[INFO] [stderr] error: test failed, to rerun pass `--test vmc_2sites`
[INFO] running `Command { std: "docker" "inspect" "f93a2c312e596286401119ae309a87d50bbe77ac4186684457df0a3ccf971bed", kill_on_drop: false }`
[INFO] running `Command { std: "docker" "rm" "-f" "f93a2c312e596286401119ae309a87d50bbe77ac4186684457df0a3ccf971bed", kill_on_drop: false }`
[INFO] [stdout] f93a2c312e596286401119ae309a87d50bbe77ac4186684457df0a3ccf971bed
