[INFO] cloning repository https://github.com/DustinsCode/aoc24-rust
[INFO] running `Command { std: "git" "-c" "credential.helper=" "-c" "credential.helper=/workspace/cargo-home/bin/git-credential-null" "clone" "--bare" "https://github.com/DustinsCode/aoc24-rust" "/workspace/cache/git-repos/https%3A%2F%2Fgithub.com%2FDustinsCode%2Faoc24-rust", kill_on_drop: false }`
[INFO] [stderr] Cloning into bare repository '/workspace/cache/git-repos/https%3A%2F%2Fgithub.com%2FDustinsCode%2Faoc24-rust'...
[INFO] running `Command { std: "git" "rev-parse" "HEAD", kill_on_drop: false }`
[INFO] [stdout] 64faca5f669fabdf58882e709a5e3856081577bd
[INFO] testing DustinsCode/aoc24-rust against nightly-2025-01-18+rustflags=-Zrandomize-layout for randomize-layout-2
[INFO] running `Command { std: "git" "clone" "/workspace/cache/git-repos/https%3A%2F%2Fgithub.com%2FDustinsCode%2Faoc24-rust" "/workspace/builds/worker-6-tc2/source", kill_on_drop: false }`
[INFO] [stderr] Cloning into '/workspace/builds/worker-6-tc2/source'...
[INFO] [stderr] done.
[INFO] validating manifest of git repo https://github.com/DustinsCode/aoc24-rust on toolchain nightly-2025-01-18
[INFO] running `Command { std: CARGO_HOME="/workspace/cargo-home" RUSTUP_HOME="/workspace/rustup-home" "/workspace/cargo-home/bin/cargo" "+nightly-2025-01-18" "metadata" "--manifest-path" "Cargo.toml" "--no-deps", kill_on_drop: false }`
[INFO] removed /workspace/builds/worker-6-tc2/source/.cargo/config.toml
[INFO] started tweaking git repo https://github.com/DustinsCode/aoc24-rust
[INFO] finished tweaking git repo https://github.com/DustinsCode/aoc24-rust
[INFO] tweaked toml for git repo https://github.com/DustinsCode/aoc24-rust written to /workspace/builds/worker-6-tc2/source/Cargo.toml
[INFO] crate git repo https://github.com/DustinsCode/aoc24-rust already has a lockfile, it will not be regenerated
[INFO] running `Command { std: CARGO_HOME="/workspace/cargo-home" RUSTUP_HOME="/workspace/rustup-home" "/workspace/cargo-home/bin/cargo" "+nightly-2025-01-18" "fetch" "--manifest-path" "Cargo.toml", kill_on_drop: false }`
[INFO] running `Command { std: "docker" "create" "-v" "/var/lib/crater-agent-workspace/builds/worker-6-tc2/target:/opt/rustwide/target:rw,Z" "-v" "/var/lib/crater-agent-workspace/builds/worker-6-tc2/source:/opt/rustwide/workdir:ro,Z" "-v" "/var/lib/crater-agent-workspace/cargo-home:/opt/rustwide/cargo-home:ro,Z" "-v" "/var/lib/crater-agent-workspace/rustup-home:/opt/rustwide/rustup-home:ro,Z" "-e" "SOURCE_DIR=/opt/rustwide/workdir" "-e" "CARGO_TARGET_DIR=/opt/rustwide/target" "-e" "CARGO_HOME=/opt/rustwide/cargo-home" "-e" "RUSTUP_HOME=/opt/rustwide/rustup-home" "-w" "/opt/rustwide/workdir" "-m" "1610612736" "--user" "0:0" "--network" "none" "ghcr.io/rust-lang/crates-build-env/linux@sha256:819108c5571ea2e421544af4d832f968d213c87fbe3707a016657f43d2f853bc" "/opt/rustwide/cargo-home/bin/cargo" "+nightly-2025-01-18" "metadata" "--no-deps" "--format-version=1", kill_on_drop: false }`
[INFO] [stdout] 9801cb1b8056f701664f5edecea14394818fa45d2766dcf934fad83265f98b49
[INFO] running `Command { std: "docker" "start" "-a" "9801cb1b8056f701664f5edecea14394818fa45d2766dcf934fad83265f98b49", kill_on_drop: false }`
[INFO] running `Command { std: "docker" "inspect" "9801cb1b8056f701664f5edecea14394818fa45d2766dcf934fad83265f98b49", kill_on_drop: false }`
[INFO] running `Command { std: "docker" "rm" "-f" "9801cb1b8056f701664f5edecea14394818fa45d2766dcf934fad83265f98b49", kill_on_drop: false }`
[INFO] [stdout] 9801cb1b8056f701664f5edecea14394818fa45d2766dcf934fad83265f98b49
[INFO] running `Command { std: "docker" "create" "-v" "/var/lib/crater-agent-workspace/builds/worker-6-tc2/target:/opt/rustwide/target:rw,Z" "-v" "/var/lib/crater-agent-workspace/builds/worker-6-tc2/source:/opt/rustwide/workdir:ro,Z" "-v" "/var/lib/crater-agent-workspace/cargo-home:/opt/rustwide/cargo-home:ro,Z" "-v" "/var/lib/crater-agent-workspace/rustup-home:/opt/rustwide/rustup-home:ro,Z" "-e" "SOURCE_DIR=/opt/rustwide/workdir" "-e" "CARGO_TARGET_DIR=/opt/rustwide/target" "-e" "CARGO_INCREMENTAL=0" "-e" "RUST_BACKTRACE=full" "-e" "RUSTFLAGS=--cap-lints=forbid -Zrandomize-layout" "-e" "RUSTDOCFLAGS=--cap-lints=forbid" "-e" "CARGO_HOME=/opt/rustwide/cargo-home" "-e" "RUSTUP_HOME=/opt/rustwide/rustup-home" "-w" "/opt/rustwide/workdir" "-m" "1610612736" "--user" "0:0" "--network" "none" "ghcr.io/rust-lang/crates-build-env/linux@sha256:819108c5571ea2e421544af4d832f968d213c87fbe3707a016657f43d2f853bc" "/opt/rustwide/cargo-home/bin/cargo" "+nightly-2025-01-18" "build" "--frozen" "--message-format=json", kill_on_drop: false }`
[INFO] [stdout] cdb353fcc2a5344eb56525c7da3d9fe0d9de1c24bdb604749b4903b5e6169c81
[INFO] running `Command { std: "docker" "start" "-a" "cdb353fcc2a5344eb56525c7da3d9fe0d9de1c24bdb604749b4903b5e6169c81", kill_on_drop: false }`
[INFO] [stderr]    Compiling memchr v2.6.4
[INFO] [stderr]    Compiling regex-syntax v0.8.5
[INFO] [stderr]    Compiling aho-corasick v1.1.3
[INFO] [stderr]    Compiling regex-automata v0.4.9
[INFO] [stderr]    Compiling regex v1.11.1
[INFO] [stderr]    Compiling advent_of_code v0.11.0 (/opt/rustwide/workdir)
[INFO] [stdout] warning: unused variable: `page`
[INFO] [stdout]   --> src/bin/05.rs:85:18
[INFO] [stdout]    |
[INFO] [stdout] 85 | pub fn sort_page(page: &[u32], rules: &HashMap<u32, Vec<u32>>) -> Vec<u32> {
[INFO] [stdout]    |                  ^^^^ help: if this is intentional, prefix it with an underscore: `_page`
[INFO] [stdout]    |
[INFO] [stdout]    = note: `#[warn(unused_variables)]` on by default
[INFO] [stdout] 
[INFO] [stdout] 
[INFO] [stdout] warning: unused variable: `rules`
[INFO] [stdout]   --> src/bin/05.rs:85:32
[INFO] [stdout]    |
[INFO] [stdout] 85 | pub fn sort_page(page: &[u32], rules: &HashMap<u32, Vec<u32>>) -> Vec<u32> {
[INFO] [stdout]    |                                ^^^^^ help: if this is intentional, prefix it with an underscore: `_rules`
[INFO] [stdout] 
[INFO] [stdout] 
[INFO] [stderr]     Finished `dev` profile [unoptimized + debuginfo] target(s) in 11.12s
[INFO] running `Command { std: "docker" "inspect" "cdb353fcc2a5344eb56525c7da3d9fe0d9de1c24bdb604749b4903b5e6169c81", kill_on_drop: false }`
[INFO] running `Command { std: "docker" "rm" "-f" "cdb353fcc2a5344eb56525c7da3d9fe0d9de1c24bdb604749b4903b5e6169c81", kill_on_drop: false }`
[INFO] [stdout] cdb353fcc2a5344eb56525c7da3d9fe0d9de1c24bdb604749b4903b5e6169c81
[INFO] running `Command { std: "docker" "create" "-v" "/var/lib/crater-agent-workspace/builds/worker-6-tc2/target:/opt/rustwide/target:rw,Z" "-v" "/var/lib/crater-agent-workspace/builds/worker-6-tc2/source:/opt/rustwide/workdir:ro,Z" "-v" "/var/lib/crater-agent-workspace/cargo-home:/opt/rustwide/cargo-home:ro,Z" "-v" "/var/lib/crater-agent-workspace/rustup-home:/opt/rustwide/rustup-home:ro,Z" "-e" "SOURCE_DIR=/opt/rustwide/workdir" "-e" "CARGO_TARGET_DIR=/opt/rustwide/target" "-e" "CARGO_INCREMENTAL=0" "-e" "RUST_BACKTRACE=full" "-e" "RUSTFLAGS=--cap-lints=forbid -Zrandomize-layout" "-e" "RUSTDOCFLAGS=--cap-lints=forbid" "-e" "CARGO_HOME=/opt/rustwide/cargo-home" "-e" "RUSTUP_HOME=/opt/rustwide/rustup-home" "-w" "/opt/rustwide/workdir" "-m" "1610612736" "--user" "0:0" "--network" "none" "ghcr.io/rust-lang/crates-build-env/linux@sha256:819108c5571ea2e421544af4d832f968d213c87fbe3707a016657f43d2f853bc" "/opt/rustwide/cargo-home/bin/cargo" "+nightly-2025-01-18" "test" "--frozen" "--no-run" "--message-format=json", kill_on_drop: false }`
[INFO] [stdout] 6155bb61201d685c9f399057ff24a9acb60a3613712b3970e9cdb499342d1b77
[INFO] running `Command { std: "docker" "start" "-a" "6155bb61201d685c9f399057ff24a9acb60a3613712b3970e9cdb499342d1b77", kill_on_drop: false }`
[INFO] [stderr]    Compiling advent_of_code v0.11.0 (/opt/rustwide/workdir)
[INFO] [stdout] warning: unused variable: `page`
[INFO] [stdout]   --> src/bin/05.rs:85:18
[INFO] [stdout]    |
[INFO] [stdout] 85 | pub fn sort_page(page: &[u32], rules: &HashMap<u32, Vec<u32>>) -> Vec<u32> {
[INFO] [stdout]    |                  ^^^^ help: if this is intentional, prefix it with an underscore: `_page`
[INFO] [stdout]    |
[INFO] [stdout]    = note: `#[warn(unused_variables)]` on by default
[INFO] [stdout] 
[INFO] [stdout] 
[INFO] [stdout] warning: unused variable: `rules`
[INFO] [stdout]   --> src/bin/05.rs:85:32
[INFO] [stdout]    |
[INFO] [stdout] 85 | pub fn sort_page(page: &[u32], rules: &HashMap<u32, Vec<u32>>) -> Vec<u32> {
[INFO] [stdout]    |                                ^^^^^ help: if this is intentional, prefix it with an underscore: `_rules`
[INFO] [stdout] 
[INFO] [stdout] 
[INFO] [stderr]     Finished `test` profile [unoptimized + debuginfo] target(s) in 1.36s
[INFO] running `Command { std: "docker" "inspect" "6155bb61201d685c9f399057ff24a9acb60a3613712b3970e9cdb499342d1b77", kill_on_drop: false }`
[INFO] running `Command { std: "docker" "rm" "-f" "6155bb61201d685c9f399057ff24a9acb60a3613712b3970e9cdb499342d1b77", kill_on_drop: false }`
[INFO] [stdout] 6155bb61201d685c9f399057ff24a9acb60a3613712b3970e9cdb499342d1b77
[INFO] running `Command { std: "docker" "create" "-v" "/var/lib/crater-agent-workspace/builds/worker-6-tc2/target:/opt/rustwide/target:rw,Z" "-v" "/var/lib/crater-agent-workspace/builds/worker-6-tc2/source:/opt/rustwide/workdir:ro,Z" "-v" "/var/lib/crater-agent-workspace/cargo-home:/opt/rustwide/cargo-home:ro,Z" "-v" "/var/lib/crater-agent-workspace/rustup-home:/opt/rustwide/rustup-home:ro,Z" "-e" "SOURCE_DIR=/opt/rustwide/workdir" "-e" "CARGO_TARGET_DIR=/opt/rustwide/target" "-e" "CARGO_INCREMENTAL=0" "-e" "RUST_BACKTRACE=full" "-e" "RUSTFLAGS=--cap-lints=forbid -Zrandomize-layout" "-e" "RUSTDOCFLAGS=--cap-lints=forbid" "-e" "CARGO_HOME=/opt/rustwide/cargo-home" "-e" "RUSTUP_HOME=/opt/rustwide/rustup-home" "-w" "/opt/rustwide/workdir" "-m" "1610612736" "--user" "0:0" "--network" "none" "ghcr.io/rust-lang/crates-build-env/linux@sha256:819108c5571ea2e421544af4d832f968d213c87fbe3707a016657f43d2f853bc" "/opt/rustwide/cargo-home/bin/cargo" "+nightly-2025-01-18" "test" "--frozen", kill_on_drop: false }`
[INFO] [stdout] 6d319dfd704b0bbb23b1a60a68f55c7e4552805a898d25726e79e022ef233632
[INFO] running `Command { std: "docker" "start" "-a" "6d319dfd704b0bbb23b1a60a68f55c7e4552805a898d25726e79e022ef233632", kill_on_drop: false }`
[INFO] [stderr] warning: unused variable: `page`
[INFO] [stderr]   --> src/bin/05.rs:85:18
[INFO] [stderr]    |
[INFO] [stderr] 85 | pub fn sort_page(page: &[u32], rules: &HashMap<u32, Vec<u32>>) -> Vec<u32> {
[INFO] [stderr]    |                  ^^^^ help: if this is intentional, prefix it with an underscore: `_page`
[INFO] [stderr]    |
[INFO] [stderr]    = note: `#[warn(unused_variables)]` on by default
[INFO] [stderr] 
[INFO] [stderr] warning: unused variable: `rules`
[INFO] [stderr]   --> src/bin/05.rs:85:32
[INFO] [stderr]    |
[INFO] [stderr] 85 | pub fn sort_page(page: &[u32], rules: &HashMap<u32, Vec<u32>>) -> Vec<u32> {
[INFO] [stderr]    |                                ^^^^^ help: if this is intentional, prefix it with an underscore: `_rules`
[INFO] [stderr] 
[INFO] [stderr] warning: `advent_of_code` (bin "05" test) generated 2 warnings
[INFO] [stderr]     Finished `test` profile [unoptimized + debuginfo] target(s) in 0.04s
[INFO] [stderr]      Running unittests src/lib.rs (/opt/rustwide/target/debug/deps/advent_of_code-e4b244bd9ce93985)
[INFO] [stderr]      Running unittests src/bin/01.rs (/opt/rustwide/target/debug/deps/01-5e19b8f00fab97b5)
[INFO] [stdout] 
[INFO] [stderr]      Running unittests src/bin/02.rs (/opt/rustwide/target/debug/deps/02-fa6c6ff4c5445de6)
[INFO] [stdout] running 0 tests
[INFO] [stdout] 
[INFO] [stdout] test result: ok. 0 passed; 0 failed; 0 ignored; 0 measured; 0 filtered out; finished in 0.00s
[INFO] [stdout] 
[INFO] [stdout] 
[INFO] [stdout] running 2 tests
[INFO] [stdout] test tests::test_part_two ... ok
[INFO] [stdout] test tests::test_part_one ... ok
[INFO] [stdout] 
[INFO] [stdout] test result: ok. 2 passed; 0 failed; 0 ignored; 0 measured; 0 filtered out; finished in 0.00s
[INFO] [stdout] 
[INFO] [stdout] 
[INFO] [stdout] running 2 tests
[INFO] [stderr]      Running unittests src/bin/03.rs (/opt/rustwide/target/debug/deps/03-b0d28c81ad64410a)
[INFO] [stdout] test tests::test_part_one ... ok
[INFO] [stdout] test tests::test_part_two ... ok
[INFO] [stdout] 
[INFO] [stdout] test result: ok. 2 passed; 0 failed; 0 ignored; 0 measured; 0 filtered out; finished in 0.00s
[INFO] [stdout] 
[INFO] [stdout] 
[INFO] [stdout] running 2 tests
[INFO] [stdout] test tests::test_part_one ... ok
[INFO] [stdout] test tests::test_part_two ... ok
[INFO] [stdout] 
[INFO] [stdout] test result: ok. 2 passed; 0 failed; 0 ignored; 0 measured; 0 filtered out; finished in 0.01s
[INFO] [stdout] 
[INFO] [stderr]      Running unittests src/bin/04.rs (/opt/rustwide/target/debug/deps/04-47341eac5812404b)
[INFO] [stdout] 
[INFO] [stdout] running 2 tests
[INFO] [stderr]      Running unittests src/bin/05.rs (/opt/rustwide/target/debug/deps/05-4d24522e0717d4c7)
[INFO] [stdout] test tests::test_part_two ... ok
[INFO] [stdout] test tests::test_part_one ... ok
[INFO] [stdout] 
[INFO] [stdout] test result: ok. 2 passed; 0 failed; 0 ignored; 0 measured; 0 filtered out; finished in 0.00s
[INFO] [stdout] 
[INFO] [stdout] 
[INFO] [stdout] running 2 tests
[INFO] [stdout] test tests::test_part_one ... ok
[INFO] [stdout] test tests::test_part_two ... FAILED
[INFO] [stdout] 
[INFO] [stdout] failures:
[INFO] [stdout] 
[INFO] [stdout] ---- tests::test_part_two stdout ----
[INFO] [stdout] 
[INFO] [stdout] thread 'tests::test_part_two' panicked at src/bin/05.rs:66:58:
[INFO] [stdout] index out of bounds: the len is 0 but the index is 2
[INFO] [stdout] stack backtrace:
[INFO] [stdout]    0:     0x6183350498ca - std::backtrace_rs::backtrace::libunwind::trace::hb059275cfc8d6126
[INFO] [stdout]                                at /rustc/6067b36314ab5eb2eb47cecc464545ba58e1ad24/library/std/src/../../backtrace/src/backtrace/libunwind.rs:116:5
[INFO] [stdout]    1:     0x6183350498ca - std::backtrace_rs::backtrace::trace_unsynchronized::h2da071e4327ce3ee
[INFO] [stdout]                                at /rustc/6067b36314ab5eb2eb47cecc464545ba58e1ad24/library/std/src/../../backtrace/src/backtrace/mod.rs:66:5
[INFO] [stdout]    2:     0x6183350498ca - std::sys::backtrace::_print_fmt::h842a1474e6f8d23f
[INFO] [stdout]                                at /rustc/6067b36314ab5eb2eb47cecc464545ba58e1ad24/library/std/src/sys/backtrace.rs:66:9
[INFO] [stderr] error: test failed, to rerun pass `--bin 05`
[INFO] [stdout]    3:     0x6183350498ca - <std::sys::backtrace::BacktraceLock::print::DisplayBacktrace as core::fmt::Display>::fmt::h71a62eb3b9696b12
[INFO] [stdout]                                at /rustc/6067b36314ab5eb2eb47cecc464545ba58e1ad24/library/std/src/sys/backtrace.rs:39:26
[INFO] [stdout]    4:     0x618335070fd3 - core::fmt::rt::Argument::fmt::hdb6b616786b41dc1
[INFO] [stdout]                                at /rustc/6067b36314ab5eb2eb47cecc464545ba58e1ad24/library/core/src/fmt/rt.rs:177:76
[INFO] [stdout]    5:     0x618335070fd3 - core::fmt::write::h2cc1698af7e2d686
[INFO] [stdout]                                at /rustc/6067b36314ab5eb2eb47cecc464545ba58e1ad24/library/core/src/fmt/mod.rs:1440:21
[INFO] [stdout]    6:     0x618335046283 - std::io::Write::write_fmt::hab1b4cd059a79022
[INFO] [stdout]                                at /rustc/6067b36314ab5eb2eb47cecc464545ba58e1ad24/library/std/src/io/mod.rs:1887:15
[INFO] [stdout]    7:     0x618335049712 - std::sys::backtrace::BacktraceLock::print::h147fe35b4ea13b08
[INFO] [stdout]                                at /rustc/6067b36314ab5eb2eb47cecc464545ba58e1ad24/library/std/src/sys/backtrace.rs:42:9
[INFO] [stdout]    8:     0x61833504acef - std::panicking::default_hook::{{closure}}::hbd44223dbdc0d208
[INFO] [stdout]                                at /rustc/6067b36314ab5eb2eb47cecc464545ba58e1ad24/library/std/src/panicking.rs:298:22
[INFO] [stdout]    9:     0x61833504ab08 - std::panicking::default_hook::h20f81eb0576efcec
[INFO] [stdout]                                at /rustc/6067b36314ab5eb2eb47cecc464545ba58e1ad24/library/std/src/panicking.rs:322:9
[INFO] [stdout]   10:     0x61833500afc3 - <alloc::boxed::Box<F,A> as core::ops::function::Fn<Args>>::call::hdb53814c496a4d34
[INFO] [stdout]                                at /rustc/6067b36314ab5eb2eb47cecc464545ba58e1ad24/library/alloc/src/boxed.rs:2027:9
[INFO] [stdout]   11:     0x61833500afc3 - test::test_main::{{closure}}::hc0a4963c59427c24
[INFO] [stdout]                                at /rustc/6067b36314ab5eb2eb47cecc464545ba58e1ad24/library/test/src/lib.rs:134:21
[INFO] [stdout]   12:     0x61833504b7e3 - <alloc::boxed::Box<F,A> as core::ops::function::Fn<Args>>::call::h591b2225413a77e9
[INFO] [stdout]                                at /rustc/6067b36314ab5eb2eb47cecc464545ba58e1ad24/library/alloc/src/boxed.rs:2027:9
[INFO] [stdout]   13:     0x61833504b7e3 - std::panicking::rust_panic_with_hook::h625eea43051b2edc
[INFO] [stdout]                                at /rustc/6067b36314ab5eb2eb47cecc464545ba58e1ad24/library/std/src/panicking.rs:839:13
[INFO] [stdout]   14:     0x61833504b49a - std::panicking::begin_panic_handler::{{closure}}::h4f9159cfbc3f6bd3
[INFO] [stdout]                                at /rustc/6067b36314ab5eb2eb47cecc464545ba58e1ad24/library/std/src/panicking.rs:704:13
[INFO] [stdout]   15:     0x618335049dc9 - std::sys::backtrace::__rust_end_short_backtrace::h0390abce48353151
[INFO] [stdout]                                at /rustc/6067b36314ab5eb2eb47cecc464545ba58e1ad24/library/std/src/sys/backtrace.rs:168:18
[INFO] [stdout]   16:     0x61833504b12d - rust_begin_unwind
[INFO] [stdout]                                at /rustc/6067b36314ab5eb2eb47cecc464545ba58e1ad24/library/std/src/panicking.rs:695:5
[INFO] [stdout]   17:     0x61833506fa80 - core::panicking::panic_fmt::h9e7c637e9e5f29c9
[INFO] [stdout]                                at /rustc/6067b36314ab5eb2eb47cecc464545ba58e1ad24/library/core/src/panicking.rs:75:14
[INFO] [stdout]   18:     0x61833506fc01 - core::panicking::panic_bounds_check::hab62625bddb22ea0
[INFO] [stdout]                                at /rustc/6067b36314ab5eb2eb47cecc464545ba58e1ad24/library/core/src/panicking.rs:273:5
[INFO] [stdout]   19:     0x618334fcda67 - <usize as core::slice::index::SliceIndex<[T]>>::index::h83fd7a445b52a727
[INFO] [stdout]                                at /rustc/6067b36314ab5eb2eb47cecc464545ba58e1ad24/library/core/src/slice/index.rs:274:10
[INFO] [stdout]   20:     0x618334fd078e - core::slice::index::<impl core::ops::index::Index<I> for [T]>::index::h4bdd37ec482f3e69
[INFO] [stdout]                                at /rustc/6067b36314ab5eb2eb47cecc464545ba58e1ad24/library/core/src/slice/index.rs:16:9
[INFO] [stdout]   21:     0x618334fd078e - <alloc::vec::Vec<T,A> as core::ops::index::Index<I>>::index::h3a40ba70f5d72302
[INFO] [stdout]                                at /rustc/6067b36314ab5eb2eb47cecc464545ba58e1ad24/library/alloc/src/vec/mod.rs:3361:9
[INFO] [stdout]   22:     0x618334fca02b - _05::part_two::hb781effe1ce46fd6
[INFO] [stdout]                                at /opt/rustwide/workdir/src/bin/05.rs:66:58
[INFO] [stdout]   23:     0x618334fcddd6 - _05::tests::test_part_two::hb940bdadc982f93b
[INFO] [stdout]                                at /opt/rustwide/workdir/src/bin/05.rs:102:22
[INFO] [stdout]   24:     0x618334fcdd47 - _05::tests::test_part_two::{{closure}}::h2dd5229a569cf440
[INFO] [stdout]                                at /opt/rustwide/workdir/src/bin/05.rs:101:23
[INFO] [stdout]   25:     0x618334fc7386 - core::ops::function::FnOnce::call_once::h8d78ae211fdad7be
[INFO] [stdout]                                at /rustc/6067b36314ab5eb2eb47cecc464545ba58e1ad24/library/core/src/ops/function.rs:250:5
[INFO] [stdout]   26:     0x61833501071b - core::ops::function::FnOnce::call_once::he27718dfdd183f43
[INFO] [stdout]                                at /rustc/6067b36314ab5eb2eb47cecc464545ba58e1ad24/library/core/src/ops/function.rs:250:5
[INFO] [stdout]   27:     0x61833501071b - test::__rust_begin_short_backtrace::h4e84902998457a5d
[INFO] [stdout]                                at /rustc/6067b36314ab5eb2eb47cecc464545ba58e1ad24/library/test/src/lib.rs:632:18
[INFO] [stdout]   28:     0x61833500f653 - test::run_test_in_process::{{closure}}::h7176fd18fc1feca0
[INFO] [stdout]                                at /rustc/6067b36314ab5eb2eb47cecc464545ba58e1ad24/library/test/src/lib.rs:655:60
[INFO] [stdout]   29:     0x61833500f653 - <core::panic::unwind_safe::AssertUnwindSafe<F> as core::ops::function::FnOnce<()>>::call_once::hf79cff2a624d8cf7
[INFO] [stdout]                                at /rustc/6067b36314ab5eb2eb47cecc464545ba58e1ad24/library/core/src/panic/unwind_safe.rs:272:9
[INFO] [stdout]   30:     0x61833500f653 - std::panicking::try::do_call::h3da0561d9ab99c25
[INFO] [stdout]                                at /rustc/6067b36314ab5eb2eb47cecc464545ba58e1ad24/library/std/src/panicking.rs:587:40
[INFO] [stdout]   31:     0x61833500f653 - std::panicking::try::h41c9fa508bc61df6
[INFO] [stdout]                                at /rustc/6067b36314ab5eb2eb47cecc464545ba58e1ad24/library/std/src/panicking.rs:550:19
[INFO] [stdout]   32:     0x61833500f653 - std::panic::catch_unwind::h6b3ff07bb5afad93
[INFO] [stdout]                                at /rustc/6067b36314ab5eb2eb47cecc464545ba58e1ad24/library/std/src/panic.rs:358:14
[INFO] [stdout]   33:     0x61833500f653 - test::run_test_in_process::hc7253dd11b39b9f4
[INFO] [stdout]                                at /rustc/6067b36314ab5eb2eb47cecc464545ba58e1ad24/library/test/src/lib.rs:655:27
[INFO] [stdout]   34:     0x61833500f653 - test::run_test::{{closure}}::hfb2007f8649c30bb
[INFO] [stdout]                                at /rustc/6067b36314ab5eb2eb47cecc464545ba58e1ad24/library/test/src/lib.rs:576:43
[INFO] [stdout]   35:     0x618334fd2735 - test::run_test::{{closure}}::h56a17aa7a282a9f4
[INFO] [stdout]                                at /rustc/6067b36314ab5eb2eb47cecc464545ba58e1ad24/library/test/src/lib.rs:606:41
[INFO] [stdout]   36:     0x618334fd2735 - std::sys::backtrace::__rust_begin_short_backtrace::hd2d2d2fb8e8c6aac
[INFO] [stdout]                                at /rustc/6067b36314ab5eb2eb47cecc464545ba58e1ad24/library/std/src/sys/backtrace.rs:152:18
[INFO] [stdout]   37:     0x618334fd601a - std::thread::Builder::spawn_unchecked_::{{closure}}::{{closure}}::h4faa3f9db6133423
[INFO] [stdout]                                at /rustc/6067b36314ab5eb2eb47cecc464545ba58e1ad24/library/std/src/thread/mod.rs:559:17
[INFO] [stdout]   38:     0x618334fd601a - <core::panic::unwind_safe::AssertUnwindSafe<F> as core::ops::function::FnOnce<()>>::call_once::hf2e855a36a4ea846
[INFO] [stdout]                                at /rustc/6067b36314ab5eb2eb47cecc464545ba58e1ad24/library/core/src/panic/unwind_safe.rs:272:9
[INFO] [stdout]   39:     0x618334fd601a - std::panicking::try::do_call::h2f73af3616c35465
[INFO] [stdout]                                at /rustc/6067b36314ab5eb2eb47cecc464545ba58e1ad24/library/std/src/panicking.rs:587:40
[INFO] [stdout]   40:     0x618334fd601a - std::panicking::try::hd1660ce9efadef5a
[INFO] [stdout]                                at /rustc/6067b36314ab5eb2eb47cecc464545ba58e1ad24/library/std/src/panicking.rs:550:19
[INFO] [stdout]   41:     0x618334fd601a - std::panic::catch_unwind::h5ee8d7823b8ca744
[INFO] [stdout]                                at /rustc/6067b36314ab5eb2eb47cecc464545ba58e1ad24/library/std/src/panic.rs:358:14
[INFO] [stdout]   42:     0x618334fd601a - std::thread::Builder::spawn_unchecked_::{{closure}}::h53c3a1894dce8407
[INFO] [stdout]                                at /rustc/6067b36314ab5eb2eb47cecc464545ba58e1ad24/library/std/src/thread/mod.rs:557:30
[INFO] [stdout]   43:     0x618334fd601a - core::ops::function::FnOnce::call_once{{vtable.shim}}::h048ce291ad4f62bf
[INFO] [stdout]                                at /rustc/6067b36314ab5eb2eb47cecc464545ba58e1ad24/library/core/src/ops/function.rs:250:5
[INFO] [stdout]   44:     0x61833504f71b - <alloc::boxed::Box<F,A> as core::ops::function::FnOnce<Args>>::call_once::ha52bedf99a3b4981
[INFO] [stdout]                                at /rustc/6067b36314ab5eb2eb47cecc464545ba58e1ad24/library/alloc/src/boxed.rs:2013:9
[INFO] [stdout]   45:     0x61833504f71b - <alloc::boxed::Box<F,A> as core::ops::function::FnOnce<Args>>::call_once::h567748934d80ccf8
[INFO] [stdout]                                at /rustc/6067b36314ab5eb2eb47cecc464545ba58e1ad24/library/alloc/src/boxed.rs:2013:9
[INFO] [stdout]   46:     0x61833504f71b - std::sys::pal::unix::thread::Thread::new::thread_start::h2d970728ae887adc
[INFO] [stdout]                                at /rustc/6067b36314ab5eb2eb47cecc464545ba58e1ad24/library/std/src/sys/pal/unix/thread.rs:106:17
[INFO] [stdout]   47:     0x7ccc9f7dfac3 - <unknown>
[INFO] [stdout]   48:     0x7ccc9f870a04 - clone
[INFO] [stdout]   49:                0x0 - <unknown>
[INFO] [stdout] 
[INFO] [stdout] 
[INFO] [stdout] failures:
[INFO] [stdout]     tests::test_part_two
[INFO] [stdout] 
[INFO] [stdout] test result: FAILED. 1 passed; 1 failed; 0 ignored; 0 measured; 0 filtered out; finished in 0.06s
[INFO] [stdout] 
[INFO] running `Command { std: "docker" "inspect" "6d319dfd704b0bbb23b1a60a68f55c7e4552805a898d25726e79e022ef233632", kill_on_drop: false }`
[INFO] running `Command { std: "docker" "rm" "-f" "6d319dfd704b0bbb23b1a60a68f55c7e4552805a898d25726e79e022ef233632", kill_on_drop: false }`
[INFO] [stdout] 6d319dfd704b0bbb23b1a60a68f55c7e4552805a898d25726e79e022ef233632
