[INFO] cloning repository https://github.com/Drew-Chase/lzma_tarball
[INFO] running `Command { std: "git" "-c" "credential.helper=" "-c" "credential.helper=/workspace/cargo-home/bin/git-credential-null" "clone" "--bare" "https://github.com/Drew-Chase/lzma_tarball" "/workspace/cache/git-repos/https%3A%2F%2Fgithub.com%2FDrew-Chase%2Flzma_tarball", kill_on_drop: false }`
[INFO] [stderr] Cloning into bare repository '/workspace/cache/git-repos/https%3A%2F%2Fgithub.com%2FDrew-Chase%2Flzma_tarball'...
[INFO] running `Command { std: "git" "rev-parse" "HEAD", kill_on_drop: false }`
[INFO] [stdout] 5e44d14cb99a605de73290ba626b11dc09ce81c4
[INFO] testing Drew-Chase/lzma_tarball against nightly-2025-01-18 for randomize-layout-2
[INFO] running `Command { std: "git" "clone" "/workspace/cache/git-repos/https%3A%2F%2Fgithub.com%2FDrew-Chase%2Flzma_tarball" "/workspace/builds/worker-7-tc1/source", kill_on_drop: false }`
[INFO] [stderr] Cloning into '/workspace/builds/worker-7-tc1/source'...
[INFO] [stderr] done.
[INFO] validating manifest of git repo https://github.com/Drew-Chase/lzma_tarball on toolchain nightly-2025-01-18
[INFO] running `Command { std: CARGO_HOME="/workspace/cargo-home" RUSTUP_HOME="/workspace/rustup-home" "/workspace/cargo-home/bin/cargo" "+nightly-2025-01-18" "metadata" "--manifest-path" "Cargo.toml" "--no-deps", kill_on_drop: false }`
[INFO] started tweaking git repo https://github.com/Drew-Chase/lzma_tarball
[INFO] finished tweaking git repo https://github.com/Drew-Chase/lzma_tarball
[INFO] tweaked toml for git repo https://github.com/Drew-Chase/lzma_tarball written to /workspace/builds/worker-7-tc1/source/Cargo.toml
[INFO] crate git repo https://github.com/Drew-Chase/lzma_tarball already has a lockfile, it will not be regenerated
[INFO] running `Command { std: CARGO_HOME="/workspace/cargo-home" RUSTUP_HOME="/workspace/rustup-home" "/workspace/cargo-home/bin/cargo" "+nightly-2025-01-18" "fetch" "--manifest-path" "Cargo.toml", kill_on_drop: false }`
[INFO] [stderr]  Downloading crates ...
[INFO] [stderr]   Downloaded tar v0.4.43
[INFO] [stderr]   Downloaded rustix v0.38.40
[INFO] running `Command { std: "docker" "create" "-v" "/var/lib/crater-agent-workspace/builds/worker-7-tc1/target:/opt/rustwide/target:rw,Z" "-v" "/var/lib/crater-agent-workspace/builds/worker-7-tc1/source:/opt/rustwide/workdir:ro,Z" "-v" "/var/lib/crater-agent-workspace/cargo-home:/opt/rustwide/cargo-home:ro,Z" "-v" "/var/lib/crater-agent-workspace/rustup-home:/opt/rustwide/rustup-home:ro,Z" "-e" "SOURCE_DIR=/opt/rustwide/workdir" "-e" "CARGO_TARGET_DIR=/opt/rustwide/target" "-e" "CARGO_HOME=/opt/rustwide/cargo-home" "-e" "RUSTUP_HOME=/opt/rustwide/rustup-home" "-w" "/opt/rustwide/workdir" "-m" "1610612736" "--user" "0:0" "--network" "none" "ghcr.io/rust-lang/crates-build-env/linux@sha256:819108c5571ea2e421544af4d832f968d213c87fbe3707a016657f43d2f853bc" "/opt/rustwide/cargo-home/bin/cargo" "+nightly-2025-01-18" "metadata" "--no-deps" "--format-version=1", kill_on_drop: false }`
[INFO] [stdout] 4f463923828e117aa814b10aa512a08ee3461244d8054d46256bb54ec811c7cc
[INFO] running `Command { std: "docker" "start" "-a" "4f463923828e117aa814b10aa512a08ee3461244d8054d46256bb54ec811c7cc", kill_on_drop: false }`
[INFO] running `Command { std: "docker" "inspect" "4f463923828e117aa814b10aa512a08ee3461244d8054d46256bb54ec811c7cc", kill_on_drop: false }`
[INFO] running `Command { std: "docker" "rm" "-f" "4f463923828e117aa814b10aa512a08ee3461244d8054d46256bb54ec811c7cc", kill_on_drop: false }`
[INFO] [stdout] 4f463923828e117aa814b10aa512a08ee3461244d8054d46256bb54ec811c7cc
[INFO] running `Command { std: "docker" "create" "-v" "/var/lib/crater-agent-workspace/builds/worker-7-tc1/target:/opt/rustwide/target:rw,Z" "-v" "/var/lib/crater-agent-workspace/builds/worker-7-tc1/source:/opt/rustwide/workdir:ro,Z" "-v" "/var/lib/crater-agent-workspace/cargo-home:/opt/rustwide/cargo-home:ro,Z" "-v" "/var/lib/crater-agent-workspace/rustup-home:/opt/rustwide/rustup-home:ro,Z" "-e" "SOURCE_DIR=/opt/rustwide/workdir" "-e" "CARGO_TARGET_DIR=/opt/rustwide/target" "-e" "CARGO_INCREMENTAL=0" "-e" "RUST_BACKTRACE=full" "-e" "RUSTFLAGS=--cap-lints=forbid" "-e" "RUSTDOCFLAGS=--cap-lints=forbid" "-e" "CARGO_HOME=/opt/rustwide/cargo-home" "-e" "RUSTUP_HOME=/opt/rustwide/rustup-home" "-w" "/opt/rustwide/workdir" "-m" "1610612736" "--user" "0:0" "--network" "none" "ghcr.io/rust-lang/crates-build-env/linux@sha256:819108c5571ea2e421544af4d832f968d213c87fbe3707a016657f43d2f853bc" "/opt/rustwide/cargo-home/bin/cargo" "+nightly-2025-01-18" "build" "--frozen" "--message-format=json", kill_on_drop: false }`
[INFO] [stdout] 75d45a28fa4248d9efafe47e8e8a39a4b37f5dbc99d9456f31bc73e371ec2852
[INFO] running `Command { std: "docker" "start" "-a" "75d45a28fa4248d9efafe47e8e8a39a4b37f5dbc99d9456f31bc73e371ec2852", kill_on_drop: false }`
[INFO] [stderr]    Compiling libc v0.2.162
[INFO] [stderr]    Compiling cc v1.2.0
[INFO] [stderr]    Compiling rustix v0.38.40
[INFO] [stderr]    Compiling bitflags v2.6.0
[INFO] [stderr]    Compiling byteorder v1.5.0
[INFO] [stderr]    Compiling linux-raw-sys v0.4.14
[INFO] [stderr]    Compiling log v0.4.22
[INFO] [stderr]    Compiling futures v0.1.31
[INFO] [stderr]    Compiling iana-time-zone v0.1.61
[INFO] [stderr]    Compiling num-traits v0.2.19
[INFO] [stderr]    Compiling walkdir v2.5.0
[INFO] [stderr]    Compiling iovec v0.1.4
[INFO] [stderr]    Compiling filetime v0.2.25
[INFO] [stderr]    Compiling bytes v0.4.12
[INFO] [stderr]    Compiling chrono v0.4.38
[INFO] [stderr]    Compiling lzma-sys v0.1.20
[INFO] [stderr]    Compiling tokio-io v0.1.13
[INFO] [stderr]    Compiling xz2 v0.1.7
[INFO] [stderr]    Compiling xattr v1.3.1
[INFO] [stderr]    Compiling tar v0.4.43
[INFO] [stderr]    Compiling lzma_tarball v0.1.0 (/opt/rustwide/workdir)
[INFO] [stderr]     Finished `dev` profile [unoptimized + debuginfo] target(s) in 5.75s
[INFO] running `Command { std: "docker" "inspect" "75d45a28fa4248d9efafe47e8e8a39a4b37f5dbc99d9456f31bc73e371ec2852", kill_on_drop: false }`
[INFO] running `Command { std: "docker" "rm" "-f" "75d45a28fa4248d9efafe47e8e8a39a4b37f5dbc99d9456f31bc73e371ec2852", kill_on_drop: false }`
[INFO] [stdout] 75d45a28fa4248d9efafe47e8e8a39a4b37f5dbc99d9456f31bc73e371ec2852
[INFO] running `Command { std: "docker" "create" "-v" "/var/lib/crater-agent-workspace/builds/worker-7-tc1/target:/opt/rustwide/target:rw,Z" "-v" "/var/lib/crater-agent-workspace/builds/worker-7-tc1/source:/opt/rustwide/workdir:ro,Z" "-v" "/var/lib/crater-agent-workspace/cargo-home:/opt/rustwide/cargo-home:ro,Z" "-v" "/var/lib/crater-agent-workspace/rustup-home:/opt/rustwide/rustup-home:ro,Z" "-e" "SOURCE_DIR=/opt/rustwide/workdir" "-e" "CARGO_TARGET_DIR=/opt/rustwide/target" "-e" "CARGO_INCREMENTAL=0" "-e" "RUST_BACKTRACE=full" "-e" "RUSTFLAGS=--cap-lints=forbid" "-e" "RUSTDOCFLAGS=--cap-lints=forbid" "-e" "CARGO_HOME=/opt/rustwide/cargo-home" "-e" "RUSTUP_HOME=/opt/rustwide/rustup-home" "-w" "/opt/rustwide/workdir" "-m" "1610612736" "--user" "0:0" "--network" "none" "ghcr.io/rust-lang/crates-build-env/linux@sha256:819108c5571ea2e421544af4d832f968d213c87fbe3707a016657f43d2f853bc" "/opt/rustwide/cargo-home/bin/cargo" "+nightly-2025-01-18" "test" "--frozen" "--no-run" "--message-format=json", kill_on_drop: false }`
[INFO] [stdout] 5e84e5747ff3e444a9ea26658bfcec4fa5e3eda59637421923376f9e8176601c
[INFO] running `Command { std: "docker" "start" "-a" "5e84e5747ff3e444a9ea26658bfcec4fa5e3eda59637421923376f9e8176601c", kill_on_drop: false }`
[INFO] [stderr]    Compiling lzma_tarball v0.1.0 (/opt/rustwide/workdir)
[INFO] [stderr]     Finished `test` profile [unoptimized + debuginfo] target(s) in 0.24s
[INFO] running `Command { std: "docker" "inspect" "5e84e5747ff3e444a9ea26658bfcec4fa5e3eda59637421923376f9e8176601c", kill_on_drop: false }`
[INFO] running `Command { std: "docker" "rm" "-f" "5e84e5747ff3e444a9ea26658bfcec4fa5e3eda59637421923376f9e8176601c", kill_on_drop: false }`
[INFO] [stdout] 5e84e5747ff3e444a9ea26658bfcec4fa5e3eda59637421923376f9e8176601c
[INFO] running `Command { std: "docker" "create" "-v" "/var/lib/crater-agent-workspace/builds/worker-7-tc1/target:/opt/rustwide/target:rw,Z" "-v" "/var/lib/crater-agent-workspace/builds/worker-7-tc1/source:/opt/rustwide/workdir:ro,Z" "-v" "/var/lib/crater-agent-workspace/cargo-home:/opt/rustwide/cargo-home:ro,Z" "-v" "/var/lib/crater-agent-workspace/rustup-home:/opt/rustwide/rustup-home:ro,Z" "-e" "SOURCE_DIR=/opt/rustwide/workdir" "-e" "CARGO_TARGET_DIR=/opt/rustwide/target" "-e" "CARGO_INCREMENTAL=0" "-e" "RUST_BACKTRACE=full" "-e" "RUSTFLAGS=--cap-lints=forbid" "-e" "RUSTDOCFLAGS=--cap-lints=forbid" "-e" "CARGO_HOME=/opt/rustwide/cargo-home" "-e" "RUSTUP_HOME=/opt/rustwide/rustup-home" "-w" "/opt/rustwide/workdir" "-m" "1610612736" "--user" "0:0" "--network" "none" "ghcr.io/rust-lang/crates-build-env/linux@sha256:819108c5571ea2e421544af4d832f968d213c87fbe3707a016657f43d2f853bc" "/opt/rustwide/cargo-home/bin/cargo" "+nightly-2025-01-18" "test" "--frozen", kill_on_drop: false }`
[INFO] [stdout] ebc4f9819daaf70cba2bc06ed28434ae48fee8e217c080d54a68e996a10a6967
[INFO] running `Command { std: "docker" "start" "-a" "ebc4f9819daaf70cba2bc06ed28434ae48fee8e217c080d54a68e996a10a6967", kill_on_drop: false }`
[INFO] [stderr]     Finished `test` profile [unoptimized + debuginfo] target(s) in 0.06s
[INFO] [stderr]      Running unittests src/lib.rs (/opt/rustwide/target/debug/deps/lzma_tarball-9cf748da40abdfdf)
[INFO] [stdout] 
[INFO] [stdout] running 0 tests
[INFO] [stdout] 
[INFO] [stdout] test result: ok. 0 passed; 0 failed; 0 ignored; 0 measured; 0 filtered out; finished in 0.00s
[INFO] [stderr]    Doc-tests lzma_tarball
[INFO] [stdout] 
[INFO] [stdout] 
[INFO] [stdout] running 19 tests
[INFO] [stdout] test src/lib.rs - (line 198) ... FAILED
[INFO] [stdout] test src/lib.rs - (line 210) ... FAILED
[INFO] [stdout] test src/lib.rs - (line 14) ... FAILED
[INFO] [stdout] test src/lib.rs - (line 22) ... FAILED
[INFO] [stdout] test src/lib.rs - (line 39) ... FAILED
[INFO] [stdout] test src/lib.rs - (line 217) ... FAILED
[INFO] [stdout] test src/lib.rs - (line 108) ... FAILED
[INFO] [stdout] test src/lib.rs - (line 281) ... FAILED
[INFO] [stdout] test src/lib.rs - (line 31) ... FAILED
[INFO] [stdout] test src/lib.rs - (line 224) ... FAILED
[INFO] [stdout] test src/lib.rs - (line 47) ... FAILED
[INFO] [stdout] test src/lib.rs - (line 94) ... FAILED
[INFO] [stdout] test src/lib.rs - (line 190) ... FAILED
[INFO] [stdout] test src/lib.rs - (line 54) ... FAILED
[INFO] [stdout] test src/lib.rs - (line 271) ... FAILED
[INFO] [stdout] test src/lib.rs - (line 262) ... FAILED
[INFO] [stdout] test src/lib.rs - (line 72) ... FAILED
[INFO] [stdout] test src/lib.rs - (line 236) ... FAILED
[INFO] [stdout] test src/lib.rs - (line 118) ... FAILED
[INFO] [stdout] 
[INFO] [stdout] failures:
[INFO] [stdout] 
[INFO] [stdout] ---- src/lib.rs - (line 198) stdout ----
[INFO] [stdout] error: expected expression, found `.`
[INFO] [stdout]  --> src/lib.rs:200:1
[INFO] [stdout]   |
[INFO] [stdout] 4 | .set_overwrite(true) // Allow overwriting existing files
[INFO] [stdout]   | ^ expected expression
[INFO] [stdout] 
[INFO] [stdout] error: aborting due to 1 previous error
[INFO] [stdout] 
[INFO] [stdout] Couldn't compile the test.
[INFO] [stdout] ---- src/lib.rs - (line 210) stdout ----
[INFO] [stdout] error: expected expression, found `.`
[INFO] [stdout]  --> src/lib.rs:212:1
[INFO] [stdout]   |
[INFO] [stdout] 4 | .set_archive("../test/archive.tar.xz").unwrap();
[INFO] [stdout]   | ^ expected expression
[INFO] [stdout] 
[INFO] [stdout] error: aborting due to 1 previous error
[INFO] [stdout] 
[INFO] [stdout] Couldn't compile the test.
[INFO] [stdout] ---- src/lib.rs - (line 14) stdout ----
[INFO] [stdout] error[E0432]: unresolved import `lzma_tarball::writer`
[INFO] [stdout]    --> src/lib.rs:16:19
[INFO] [stdout]     |
[INFO] [stdout] 5   | use lzma_tarball::writer::LZMATarballWriter;
[INFO] [stdout]     |                   ^^^^^^ could not find `writer` in `lzma_tarball`
[INFO] [stdout]     |
[INFO] [stdout] note: found an item that was configured out
[INFO] [stdout]    --> /opt/rustwide/workdir/src/lib.rs:297:9
[INFO] [stdout]     |
[INFO] [stdout] 297 | pub mod writer;
[INFO] [stdout]     |         ^^^^^^
[INFO] [stdout] note: the item is gated behind the `compression` feature
[INFO] [stdout]    --> /opt/rustwide/workdir/src/lib.rs:296:7
[INFO] [stdout]     |
[INFO] [stdout] 296 | #[cfg(feature = "compression")]
[INFO] [stdout]     |       ^^^^^^^^^^^^^^^^^^^^^^^
[INFO] [stdout] 
[INFO] [stdout] error: aborting due to 1 previous error
[INFO] [stdout] 
[INFO] [stdout] For more information about this error, try `rustc --explain E0432`.
[INFO] [stdout] Couldn't compile the test.
[INFO] [stdout] ---- src/lib.rs - (line 22) stdout ----
[INFO] [stdout] error: expected expression, found `.`
[INFO] [stdout]  --> src/lib.rs:24:1
[INFO] [stdout]   |
[INFO] [stdout] 4 | .set_compression_level(6) // 0-9, where 0 is no compression and 9 is maximum compression
[INFO] [stdout]   | ^ expected expression
[INFO] [stdout] 
[INFO] [stdout] error: aborting due to 1 previous error
[INFO] [stdout] 
[INFO] [stdout] Couldn't compile the test.
[INFO] [stdout] ---- src/lib.rs - (line 39) stdout ----
[INFO] [stdout] error: expected expression, found `.`
[INFO] [stdout]  --> src/lib.rs:41:1
[INFO] [stdout]   |
[INFO] [stdout] 4 | .with_file("./file.txt", "/file.txt")
[INFO] [stdout]   | ^ expected expression
[INFO] [stdout] 
[INFO] [stdout] error: aborting due to 1 previous error
[INFO] [stdout] 
[INFO] [stdout] Couldn't compile the test.
[INFO] [stdout] ---- src/lib.rs - (line 217) stdout ----
[INFO] [stdout] error: expected expression, found `.`
[INFO] [stdout]  --> src/lib.rs:219:1
[INFO] [stdout]   |
[INFO] [stdout] 4 | .set_output_directory("../test/output").unwrap();
[INFO] [stdout]   | ^ expected expression
[INFO] [stdout] 
[INFO] [stdout] error: aborting due to 1 previous error
[INFO] [stdout] 
[INFO] [stdout] Couldn't compile the test.
[INFO] [stdout] ---- src/lib.rs - (line 108) stdout ----
[INFO] [stdout] error: expected expression, found `.`
[INFO] [stdout]  --> src/lib.rs:110:1
[INFO] [stdout]   |
[INFO] [stdout] 4 | .compress( | progress| {
[INFO] [stdout]   | ^ expected expression
[INFO] [stdout] 
[INFO] [stdout] error: aborting due to 1 previous error
[INFO] [stdout] 
[INFO] [stdout] Couldn't compile the test.
[INFO] [stdout] ---- src/lib.rs - (line 281) stdout ----
[INFO] [stdout] error[E0432]: unresolved import `lzma_tarball::reader`
[INFO] [stdout]    --> src/lib.rs:283:19
[INFO] [stdout]     |
[INFO] [stdout] 5   | use lzma_tarball::reader::LZMATarballReader;
[INFO] [stdout]     |                   ^^^^^^ could not find `reader` in `lzma_tarball`
[INFO] [stdout]     |
[INFO] [stdout] note: found an item that was configured out
[INFO] [stdout]    --> /opt/rustwide/workdir/src/lib.rs:299:9
[INFO] [stdout]     |
[INFO] [stdout] 299 | pub mod reader;
[INFO] [stdout]     |         ^^^^^^
[INFO] [stdout] note: the item is gated behind the `decompression` feature
[INFO] [stdout]    --> /opt/rustwide/workdir/src/lib.rs:298:7
[INFO] [stdout]     |
[INFO] [stdout] 298 | #[cfg(feature = "decompression")]
[INFO] [stdout]     |       ^^^^^^^^^^^^^^^^^^^^^^^^^
[INFO] [stdout] 
[INFO] [stdout] error: aborting due to 1 previous error
[INFO] [stdout] 
[INFO] [stdout] For more information about this error, try `rustc --explain E0432`.
[INFO] [stdout] Couldn't compile the test.
[INFO] [stdout] ---- src/lib.rs - (line 31) stdout ----
[INFO] [stdout] error: expected expression, found `.`
[INFO] [stdout]  --> src/lib.rs:33:1
[INFO] [stdout]   |
[INFO] [stdout] 4 | .with_path("./", "/")
[INFO] [stdout]   | ^ expected expression
[INFO] [stdout] 
[INFO] [stdout] error: aborting due to 1 previous error
[INFO] [stdout] 
[INFO] [stdout] Couldn't compile the test.
[INFO] [stdout] ---- src/lib.rs - (line 224) stdout ----
[INFO] [stdout] error[E0425]: cannot find value `reader` in this scope
[INFO] [stdout]  --> src/lib.rs:226:14
[INFO] [stdout]   |
[INFO] [stdout] 4 | let result = reader.decompress().unwrap();
[INFO] [stdout]   |              ^^^^^^ not found in this scope
[INFO] [stdout] 
[INFO] [stdout] error: aborting due to 1 previous error
[INFO] [stdout] 
[INFO] [stdout] For more information about this error, try `rustc --explain E0425`.
[INFO] [stdout] Couldn't compile the test.
[INFO] [stdout] ---- src/lib.rs - (line 47) stdout ----
[INFO] [stdout] error: expected expression, found `.`
[INFO] [stdout]  --> src/lib.rs:49:1
[INFO] [stdout]   |
[INFO] [stdout] 4 | .with_filtered_directory_contents("./", "./rs", &|entry| { entry.path().extension().is_some_and(|ext| ext == "rs") })
[INFO] [stdout]   | ^ expected expression
[INFO] [stdout] 
[INFO] [stdout] error: aborting due to 1 previous error
[INFO] [stdout] 
[INFO] [stdout] Couldn't compile the test.
[INFO] [stdout] ---- src/lib.rs - (line 94) stdout ----
[INFO] [stdout] error: expected expression, found `.`
[INFO] [stdout]  --> src/lib.rs:96:1
[INFO] [stdout]   |
[INFO] [stdout] 4 | .set_output("../test/output.tar.xz")
[INFO] [stdout]   | ^ expected expression
[INFO] [stdout] 
[INFO] [stdout] error: aborting due to 1 previous error
[INFO] [stdout] 
[INFO] [stdout] Couldn't compile the test.
[INFO] [stdout] ---- src/lib.rs - (line 190) stdout ----
[INFO] [stdout] error[E0432]: unresolved import `lzma_tarball::reader`
[INFO] [stdout]    --> src/lib.rs:192:19
[INFO] [stdout]     |
[INFO] [stdout] 5   | use lzma_tarball::reader::LZMATarballReader;
[INFO] [stdout]     |                   ^^^^^^ could not find `reader` in `lzma_tarball`
[INFO] [stdout]     |
[INFO] [stdout] note: found an item that was configured out
[INFO] [stdout]    --> /opt/rustwide/workdir/src/lib.rs:299:9
[INFO] [stdout]     |
[INFO] [stdout] 299 | pub mod reader;
[INFO] [stdout]     |         ^^^^^^
[INFO] [stdout] note: the item is gated behind the `decompression` feature
[INFO] [stdout]    --> /opt/rustwide/workdir/src/lib.rs:298:7
[INFO] [stdout]     |
[INFO] [stdout] 298 | #[cfg(feature = "decompression")]
[INFO] [stdout]     |       ^^^^^^^^^^^^^^^^^^^^^^^^^
[INFO] [stdout] 
[INFO] [stdout] error: aborting due to 1 previous error
[INFO] [stdout] 
[INFO] [stdout] For more information about this error, try `rustc --explain E0432`.
[INFO] [stdout] Couldn't compile the test.
[INFO] [stdout] ---- src/lib.rs - (line 54) stdout ----
[INFO] [stdout] error: expected expression, found `.`
[INFO] [stdout]  --> src/lib.rs:56:1
[INFO] [stdout]   |
[INFO] [stdout] 4 | .with_files(
[INFO] [stdout]   | ^ expected expression
[INFO] [stdout] 
[INFO] [stdout] error: aborting due to 1 previous error
[INFO] [stdout] 
[INFO] [stdout] Couldn't compile the test.
[INFO] [stdout] ---- src/lib.rs - (line 271) stdout ----
[INFO] [stdout] error[E0425]: cannot find value `reader` in this scope
[INFO] [stdout]  --> src/lib.rs:273:15
[INFO] [stdout]   |
[INFO] [stdout] 4 | let entries = reader.entries().unwrap();
[INFO] [stdout]   |               ^^^^^^ not found in this scope
[INFO] [stdout] 
[INFO] [stdout] error: aborting due to 1 previous error
[INFO] [stdout] 
[INFO] [stdout] For more information about this error, try `rustc --explain E0425`.
[INFO] [stdout] Couldn't compile the test.
[INFO] [stdout] ---- src/lib.rs - (line 262) stdout ----
[INFO] [stdout] error[E0432]: unresolved import `lzma_tarball::reader`
[INFO] [stdout]    --> src/lib.rs:264:19
[INFO] [stdout]     |
[INFO] [stdout] 5   | use lzma_tarball::reader::LZMATarballReader;
[INFO] [stdout]     |                   ^^^^^^ could not find `reader` in `lzma_tarball`
[INFO] [stdout]     |
[INFO] [stdout] note: found an item that was configured out
[INFO] [stdout]    --> /opt/rustwide/workdir/src/lib.rs:299:9
[INFO] [stdout]     |
[INFO] [stdout] 299 | pub mod reader;
[INFO] [stdout]     |         ^^^^^^
[INFO] [stdout] note: the item is gated behind the `decompression` feature
[INFO] [stdout]    --> /opt/rustwide/workdir/src/lib.rs:298:7
[INFO] [stdout]     |
[INFO] [stdout] 298 | #[cfg(feature = "decompression")]
[INFO] [stdout]     |       ^^^^^^^^^^^^^^^^^^^^^^^^^
[INFO] [stdout] 
[INFO] [stdout] error: aborting due to 1 previous error
[INFO] [stdout] 
[INFO] [stdout] For more information about this error, try `rustc --explain E0432`.
[INFO] [stdout] Couldn't compile the test.
[INFO] [stdout] ---- src/lib.rs - (line 72) stdout ----
[INFO] [stdout] error: expected expression, found `.`
[INFO] [stdout]  --> src/lib.rs:74:1
[INFO] [stdout]   |
[INFO] [stdout] 4 | .with_path("./", "/")
[INFO] [stdout]   | ^ expected expression
[INFO] [stdout] 
[INFO] [stdout] error: aborting due to 1 previous error
[INFO] [stdout] 
[INFO] [stdout] Couldn't compile the test.
[INFO] [stdout] ---- src/lib.rs - (line 236) stdout ----
[INFO] [stdout] error[E0432]: unresolved import `lzma_tarball::reader`
[INFO] [stdout]    --> src/lib.rs:238:19
[INFO] [stdout]     |
[INFO] [stdout] 5   | use lzma_tarball::reader::LZMATarballReader;
[INFO] [stdout]     |                   ^^^^^^ could not find `reader` in `lzma_tarball`
[INFO] [stdout]     |
[INFO] [stdout] note: found an item that was configured out
[INFO] [stdout]    --> /opt/rustwide/workdir/src/lib.rs:299:9
[INFO] [stdout]     |
[INFO] [stdout] 299 | pub mod reader;
[INFO] [stdout]     |         ^^^^^^
[INFO] [stdout] note: the item is gated behind the `decompression` feature
[INFO] [stdout]    --> /opt/rustwide/workdir/src/lib.rs:298:7
[INFO] [stdout]     |
[INFO] [stdout] 298 | #[cfg(feature = "decompression")]
[INFO] [stdout]     |       ^^^^^^^^^^^^^^^^^^^^^^^^^
[INFO] [stdout] 
[INFO] [stdout] error: aborting due to 1 previous error
[INFO] [stdout] 
[INFO] [stdout] For more information about this error, try `rustc --explain E0432`.
[INFO] [stdout] Couldn't compile the test.
[INFO] [stdout] ---- src/lib.rs - (line 118) stdout ----
[INFO] [stdout] error[E0432]: unresolved import `lzma_tarball::writer`
[INFO] [stdout]    --> src/lib.rs:120:19
[INFO] [stdout]     |
[INFO] [stdout] 4   | use lzma_tarball::writer::{ArchiveEntry, LZMATarballWriter};
[INFO] [stdout]     |                   ^^^^^^ could not find `writer` in `lzma_tarball`
[INFO] [stdout]     |
[INFO] [stdout] note: found an item that was configured out
[INFO] [stdout]    --> /opt/rustwide/workdir/src/lib.rs:297:9
[INFO] [stdout]     |
[INFO] [stdout] 297 | pub mod writer;
[INFO] [stdout]     |         ^^^^^^
[INFO] [stdout] note: the item is gated behind the `compression` feature
[INFO] [stdout]    --> /opt/rustwide/workdir/src/lib.rs:296:7
[INFO] [stdout]     |
[INFO] [stdout] 296 | #[cfg(feature = "compression")]
[INFO] [stdout]     |       ^^^^^^^^^^^^^^^^^^^^^^^
[INFO] [stdout] 
[INFO] [stdout] error: aborting due to 1 previous error
[INFO] [stdout] 
[INFO] [stdout] For more information about this error, try `rustc --explain E0432`.
[INFO] [stdout] Couldn't compile the test.
[INFO] [stdout] 
[INFO] [stdout] failures:
[INFO] [stdout]     src/lib.rs - (line 108)
[INFO] [stdout]     src/lib.rs - (line 118)
[INFO] [stdout]     src/lib.rs - (line 14)
[INFO] [stdout]     src/lib.rs - (line 190)
[INFO] [stdout]     src/lib.rs - (line 198)
[INFO] [stdout]     src/lib.rs - (line 210)
[INFO] [stdout]     src/lib.rs - (line 217)
[INFO] [stdout]     src/lib.rs - (line 22)
[INFO] [stdout]     src/lib.rs - (line 224)
[INFO] [stdout]     src/lib.rs - (line 236)
[INFO] [stdout]     src/lib.rs - (line 262)
[INFO] [stdout]     src/lib.rs - (line 271)
[INFO] [stdout]     src/lib.rs - (line 281)
[INFO] [stdout]     src/lib.rs - (line 31)
[INFO] [stdout]     src/lib.rs - (line 39)
[INFO] [stdout]     src/lib.rs - (line 47)
[INFO] [stdout]     src/lib.rs - (line 54)
[INFO] [stdout]     src/lib.rs - (line 72)
[INFO] [stdout]     src/lib.rs - (line 94)
[INFO] [stdout] 
[INFO] [stdout] test result: FAILED. 0 passed; 19 failed; 0 ignored; 0 measured; 0 filtered out; finished in 0.33s
[INFO] [stdout] 
[INFO] [stderr] error: doctest failed, to rerun pass `--doc`
[INFO] running `Command { std: "docker" "inspect" "ebc4f9819daaf70cba2bc06ed28434ae48fee8e217c080d54a68e996a10a6967", kill_on_drop: false }`
[INFO] running `Command { std: "docker" "rm" "-f" "ebc4f9819daaf70cba2bc06ed28434ae48fee8e217c080d54a68e996a10a6967", kill_on_drop: false }`
[INFO] [stdout] ebc4f9819daaf70cba2bc06ed28434ae48fee8e217c080d54a68e996a10a6967
