[INFO] cloning repository https://github.com/DrNapNap/blockchain-Rust
[INFO] running `Command { std: "git" "-c" "credential.helper=" "-c" "credential.helper=/workspace/cargo-home/bin/git-credential-null" "clone" "--bare" "https://github.com/DrNapNap/blockchain-Rust" "/workspace/cache/git-repos/https%3A%2F%2Fgithub.com%2FDrNapNap%2Fblockchain-Rust", kill_on_drop: false }`
[INFO] [stderr] Cloning into bare repository '/workspace/cache/git-repos/https%3A%2F%2Fgithub.com%2FDrNapNap%2Fblockchain-Rust'...
[INFO] running `Command { std: "git" "rev-parse" "HEAD", kill_on_drop: false }`
[INFO] [stdout] 8b05d95b791693bb7b4794eb57e98524422ec574
[INFO] testing DrNapNap/blockchain-Rust against nightly-2025-01-18+rustflags=-Zrandomize-layout for randomize-layout-2
[INFO] running `Command { std: "git" "clone" "/workspace/cache/git-repos/https%3A%2F%2Fgithub.com%2FDrNapNap%2Fblockchain-Rust" "/workspace/builds/worker-6-tc2/source", kill_on_drop: false }`
[INFO] [stderr] Cloning into '/workspace/builds/worker-6-tc2/source'...
[INFO] [stderr] done.
[INFO] validating manifest of git repo https://github.com/DrNapNap/blockchain-Rust on toolchain nightly-2025-01-18
[INFO] running `Command { std: CARGO_HOME="/workspace/cargo-home" RUSTUP_HOME="/workspace/rustup-home" "/workspace/cargo-home/bin/cargo" "+nightly-2025-01-18" "metadata" "--manifest-path" "Cargo.toml" "--no-deps", kill_on_drop: false }`
[INFO] started tweaking git repo https://github.com/DrNapNap/blockchain-Rust
[INFO] finished tweaking git repo https://github.com/DrNapNap/blockchain-Rust
[INFO] tweaked toml for git repo https://github.com/DrNapNap/blockchain-Rust written to /workspace/builds/worker-6-tc2/source/Cargo.toml
[INFO] crate git repo https://github.com/DrNapNap/blockchain-Rust already has a lockfile, it will not be regenerated
[INFO] running `Command { std: CARGO_HOME="/workspace/cargo-home" RUSTUP_HOME="/workspace/rustup-home" "/workspace/cargo-home/bin/cargo" "+nightly-2025-01-18" "fetch" "--manifest-path" "Cargo.toml", kill_on_drop: false }`
[INFO] [stderr]     Blocking waiting for file lock on package cache
[INFO] [stderr]     Blocking waiting for file lock on package cache
[INFO] running `Command { std: "docker" "create" "-v" "/var/lib/crater-agent-workspace/builds/worker-6-tc2/target:/opt/rustwide/target:rw,Z" "-v" "/var/lib/crater-agent-workspace/builds/worker-6-tc2/source:/opt/rustwide/workdir:ro,Z" "-v" "/var/lib/crater-agent-workspace/cargo-home:/opt/rustwide/cargo-home:ro,Z" "-v" "/var/lib/crater-agent-workspace/rustup-home:/opt/rustwide/rustup-home:ro,Z" "-e" "SOURCE_DIR=/opt/rustwide/workdir" "-e" "CARGO_TARGET_DIR=/opt/rustwide/target" "-e" "CARGO_HOME=/opt/rustwide/cargo-home" "-e" "RUSTUP_HOME=/opt/rustwide/rustup-home" "-w" "/opt/rustwide/workdir" "-m" "1610612736" "--user" "0:0" "--network" "none" "ghcr.io/rust-lang/crates-build-env/linux@sha256:819108c5571ea2e421544af4d832f968d213c87fbe3707a016657f43d2f853bc" "/opt/rustwide/cargo-home/bin/cargo" "+nightly-2025-01-18" "metadata" "--no-deps" "--format-version=1", kill_on_drop: false }`
[INFO] [stdout] 8580f6415e17ab4511a62a66c8239916e67e863990a92446e52b6c9d53f80e9e
[INFO] running `Command { std: "docker" "start" "-a" "8580f6415e17ab4511a62a66c8239916e67e863990a92446e52b6c9d53f80e9e", kill_on_drop: false }`
[INFO] running `Command { std: "docker" "inspect" "8580f6415e17ab4511a62a66c8239916e67e863990a92446e52b6c9d53f80e9e", kill_on_drop: false }`
[INFO] running `Command { std: "docker" "rm" "-f" "8580f6415e17ab4511a62a66c8239916e67e863990a92446e52b6c9d53f80e9e", kill_on_drop: false }`
[INFO] [stdout] 8580f6415e17ab4511a62a66c8239916e67e863990a92446e52b6c9d53f80e9e
[INFO] running `Command { std: "docker" "create" "-v" "/var/lib/crater-agent-workspace/builds/worker-6-tc2/target:/opt/rustwide/target:rw,Z" "-v" "/var/lib/crater-agent-workspace/builds/worker-6-tc2/source:/opt/rustwide/workdir:ro,Z" "-v" "/var/lib/crater-agent-workspace/cargo-home:/opt/rustwide/cargo-home:ro,Z" "-v" "/var/lib/crater-agent-workspace/rustup-home:/opt/rustwide/rustup-home:ro,Z" "-e" "SOURCE_DIR=/opt/rustwide/workdir" "-e" "CARGO_TARGET_DIR=/opt/rustwide/target" "-e" "CARGO_INCREMENTAL=0" "-e" "RUST_BACKTRACE=full" "-e" "RUSTFLAGS=--cap-lints=forbid -Zrandomize-layout" "-e" "RUSTDOCFLAGS=--cap-lints=forbid" "-e" "CARGO_HOME=/opt/rustwide/cargo-home" "-e" "RUSTUP_HOME=/opt/rustwide/rustup-home" "-w" "/opt/rustwide/workdir" "-m" "1610612736" "--user" "0:0" "--network" "none" "ghcr.io/rust-lang/crates-build-env/linux@sha256:819108c5571ea2e421544af4d832f968d213c87fbe3707a016657f43d2f853bc" "/opt/rustwide/cargo-home/bin/cargo" "+nightly-2025-01-18" "build" "--frozen" "--message-format=json", kill_on_drop: false }`
[INFO] [stdout] 03228af6f16290b6b3d4cef0a2b636fedd8314d5f4493e2e7d134387acd4f5d1
[INFO] running `Command { std: "docker" "start" "-a" "03228af6f16290b6b3d4cef0a2b636fedd8314d5f4493e2e7d134387acd4f5d1", kill_on_drop: false }`
[INFO] [stderr]    Compiling libc v0.2.155
[INFO] [stderr]    Compiling cfg-if v1.0.0
[INFO] [stderr]    Compiling proc-macro2 v1.0.86
[INFO] [stderr]    Compiling unicode-ident v1.0.12
[INFO] [stderr]    Compiling memchr v2.7.4
[INFO] [stderr]    Compiling typenum v1.17.0
[INFO] [stderr]    Compiling version_check v0.9.4
[INFO] [stderr]    Compiling autocfg v1.3.0
[INFO] [stderr]    Compiling syn v1.0.109
[INFO] [stderr]    Compiling utf8parse v0.2.2
[INFO] [stderr]    Compiling serde v1.0.204
[INFO] [stderr]    Compiling regex-syntax v0.8.4
[INFO] [stderr]    Compiling parking_lot_core v0.8.6
[INFO] [stderr]    Compiling anstyle v1.0.7
[INFO] [stderr]    Compiling anstyle-query v1.1.0
[INFO] [stderr]    Compiling colorchoice v1.0.1
[INFO] [stderr]    Compiling crossbeam-utils v0.8.20
[INFO] [stderr]    Compiling is_terminal_polyfill v1.70.0
[INFO] [stderr]    Compiling cc v1.1.0
[INFO] [stderr]    Compiling anstyle-parse v0.2.4
[INFO] [stderr]    Compiling instant v0.1.13
[INFO] [stderr]    Compiling scopeguard v1.2.0
[INFO] [stderr]    Compiling gimli v0.29.0
[INFO] [stderr]    Compiling unicode-xid v0.2.4
[INFO] [stderr]    Compiling gcc v0.3.55
[INFO] [stderr]    Compiling log v0.4.22
[INFO] [stderr]    Compiling anstream v0.6.14
[INFO] [stderr]    Compiling smallvec v1.13.2
[INFO] [stderr]    Compiling failure_derive v0.1.8
[INFO] [stderr]    Compiling adler v1.0.2
[INFO] [stderr]    Compiling generic-array v0.14.7
[INFO] [stderr]    Compiling miniz_oxide v0.7.4
[INFO] [stderr]    Compiling lock_api v0.4.12
[INFO] [stderr]    Compiling clap_lex v0.7.1
[INFO] [stderr]    Compiling aho-corasick v1.1.3
[INFO] [stderr]    Compiling object v0.36.1
[INFO] [stderr]    Compiling rustc-demangle v0.1.24
[INFO] [stderr]    Compiling strsim v0.11.1
[INFO] [stderr]    Compiling quote v1.0.36
[INFO] [stderr]    Compiling serde_json v1.0.120
[INFO] [stderr]    Compiling ppv-lite86 v0.2.17
[INFO] [stderr]    Compiling syn v2.0.70
[INFO] [stderr]    Compiling getrandom v0.2.15
[INFO] [stderr]    Compiling rust-crypto v0.2.36
[INFO] [stderr]    Compiling rand v0.4.6
[INFO] [stderr]    Compiling byteorder v1.5.0
[INFO] [stderr]    Compiling rand_core v0.6.4
[INFO] [stderr]    Compiling fs2 v0.4.3
[INFO] [stderr]    Compiling time v0.1.45
[INFO] [stderr]    Compiling clap_builder v4.5.9
[INFO] [stderr]    Compiling fxhash v0.2.1
[INFO] [stderr]    Compiling rand_chacha v0.3.1
[INFO] [stderr]    Compiling parking_lot v0.11.2
[INFO] [stderr]    Compiling crossbeam-epoch v0.9.18
[INFO] [stderr]    Compiling crc32fast v1.4.2
[INFO] [stderr]    Compiling rand v0.3.23
[INFO] [stderr]    Compiling cpufeatures v0.2.12
[INFO] [stderr]    Compiling bitcoin_hashes v0.7.6
[INFO] [stderr]    Compiling backtrace v0.3.73
[INFO] [stderr]    Compiling regex-automata v0.4.7
[INFO] [stderr]    Compiling ryu v1.0.18
[INFO] [stderr]    Compiling humantime v2.1.0
[INFO] [stderr]    Compiling itoa v1.0.11
[INFO] [stderr]    Compiling rustc-serialize v0.3.25
[INFO] [stderr]    Compiling sled v0.34.7
[INFO] [stderr]    Compiling rand v0.8.5
[INFO] [stderr]    Compiling merkle-cbt v0.3.2
[INFO] [stderr]    Compiling crypto-common v0.1.6
[INFO] [stderr]    Compiling block-buffer v0.10.4
[INFO] [stderr]    Compiling digest v0.10.7
[INFO] [stderr]    Compiling addr2line v0.22.0
[INFO] [stderr]    Compiling sha2 v0.10.8
[INFO] [stderr]    Compiling serde_derive v1.0.204
[INFO] [stderr]    Compiling clap v4.5.9
[INFO] [stderr]    Compiling synstructure v0.12.6
[INFO] [stderr]    Compiling regex v1.10.5
[INFO] [stderr]    Compiling env_filter v0.1.0
[INFO] [stderr]    Compiling env_logger v0.11.3
[INFO] [stderr]    Compiling failure v0.1.8
[INFO] [stderr]    Compiling bitcoincash-addr v0.5.2
[INFO] [stderr]    Compiling bincode v1.3.3
[INFO] [stderr]    Compiling copenBlockchain v0.1.0 (/opt/rustwide/workdir)
[INFO] [stdout] warning: unused import: `Wallet`
[INFO] [stdout]  --> src/cli.rs:9:22
[INFO] [stdout]   |
[INFO] [stdout] 9 | use crate::wallets::{Wallet, Wallets};
[INFO] [stdout]   |                      ^^^^^^
[INFO] [stdout]   |
[INFO] [stdout]   = note: `#[warn(unused_imports)]` on by default
[INFO] [stdout] 
[INFO] [stdout] 
[INFO] [stdout] warning: unused import: `Rng`
[INFO] [stdout]   --> src/transaction.rs:12:12
[INFO] [stdout]    |
[INFO] [stdout] 12 | use rand::{Rng, RngCore};
[INFO] [stdout]    |            ^^^
[INFO] [stdout] 
[INFO] [stdout] 
[INFO] [stdout] warning: unused import: `Rng`
[INFO] [stdout]   --> src/wallets.rs:10:12
[INFO] [stdout]    |
[INFO] [stdout] 10 | use rand::{Rng, RngCore};
[INFO] [stdout]    |            ^^^
[INFO] [stdout] 
[INFO] [stdout] 
[INFO] [stdout] warning: unused import: `std::collections::HashMap`
[INFO] [stdout]  --> src/tx.rs:1:5
[INFO] [stdout]   |
[INFO] [stdout] 1 | use std::collections::HashMap;
[INFO] [stdout]   |     ^^^^^^^^^^^^^^^^^^^^^^^^^
[INFO] [stdout] 
[INFO] [stdout] 
[INFO] [stdout] warning: unused import: `failure::format_err`
[INFO] [stdout]  --> src/tx.rs:3:5
[INFO] [stdout]   |
[INFO] [stdout] 3 | use failure::format_err;
[INFO] [stdout]   |     ^^^^^^^^^^^^^^^^^^^
[INFO] [stdout] 
[INFO] [stdout] 
[INFO] [stdout] warning: unused import: `Transaction`
[INFO] [stdout]  --> src/tx.rs:6:26
[INFO] [stdout]   |
[INFO] [stdout] 6 | use crate::transaction::{Transaction};
[INFO] [stdout]   |                          ^^^^^^^^^^^
[INFO] [stdout] 
[INFO] [stdout] 
[INFO] [stdout] warning: method `can_unlock_output_with` is never used
[INFO] [stdout]   --> src/tx.rs:32:12
[INFO] [stdout]    |
[INFO] [stdout] 30 | impl TXInput {
[INFO] [stdout]    | ------------ method in this implementation
[INFO] [stdout] 31 |     /// CanUnlockOutputWith checks whether the address initiated the transaction
[INFO] [stdout] 32 |     pub fn can_unlock_output_with(&self, unlocking_data: &[u8]) -> bool {
[INFO] [stdout]    |            ^^^^^^^^^^^^^^^^^^^^^^
[INFO] [stdout]    |
[INFO] [stdout]    = note: `#[warn(dead_code)]` on by default
[INFO] [stdout] 
[INFO] [stdout] 
[INFO] [stdout] warning: associated items `can_be_unlock_with`, `lock`, and `new` are never used
[INFO] [stdout]   --> src/tx.rs:44:12
[INFO] [stdout]    |
[INFO] [stdout] 42 | impl TXOutput {
[INFO] [stdout]    | ------------- associated items in this implementation
[INFO] [stdout] 43 |     /// CanBeUnlockedWith checks if the output can be unlocked with the provided data
[INFO] [stdout] 44 |     pub fn can_be_unlock_with(&self, unlocking_data: &[u8]) -> bool {
[INFO] [stdout]    |            ^^^^^^^^^^^^^^^^^^
[INFO] [stdout] ...
[INFO] [stdout] 49 |     fn lock(&mut self, address: &str) -> Result<()> {
[INFO] [stdout]    |        ^^^^
[INFO] [stdout] ...
[INFO] [stdout] 56 |     pub fn new(value: i32, address: String) -> Result<Self> {
[INFO] [stdout]    |            ^^^
[INFO] [stdout] 
[INFO] [stdout] 
[INFO] [stdout] warning: method `find_UTXO` should have a snake case name
[INFO] [stdout]    --> src/blockchain.rs:100:12
[INFO] [stdout]     |
[INFO] [stdout] 100 |     pub fn find_UTXO(&self) -> HashMap<String, TXOutputs> {
[INFO] [stdout]     |            ^^^^^^^^^ help: convert the identifier to snake case: `find_utxo`
[INFO] [stdout]     |
[INFO] [stdout]     = note: `#[warn(non_snake_case)]` on by default
[INFO] [stdout] 
[INFO] [stdout] 
[INFO] [stdout] warning: method `get_prev_TXs` should have a snake case name
[INFO] [stdout]    --> src/blockchain.rs:158:8
[INFO] [stdout]     |
[INFO] [stdout] 158 |     fn get_prev_TXs(&self, tx: &Transaction) -> Result<HashMap<String, Transaction>> {
[INFO] [stdout]     |        ^^^^^^^^^^^^ help: convert the identifier to snake case: `get_prev_txs`
[INFO] [stdout] 
[INFO] [stdout] 
[INFO] [stdout] warning: variable `prev_TXs` should have a snake case name
[INFO] [stdout]    --> src/blockchain.rs:159:17
[INFO] [stdout]     |
[INFO] [stdout] 159 |         let mut prev_TXs = HashMap::new();
[INFO] [stdout]     |                 ^^^^^^^^ help: convert the identifier to snake case: `prev_txs`
[INFO] [stdout] 
[INFO] [stdout] 
[INFO] [stdout] warning: variable `prev_TX` should have a snake case name
[INFO] [stdout]    --> src/blockchain.rs:161:17
[INFO] [stdout]     |
[INFO] [stdout] 161 |             let prev_TX = self.find_transacton(&vin.txid)?;
[INFO] [stdout]     |                 ^^^^^^^ help: convert the identifier to snake case: `prev_tx`
[INFO] [stdout] 
[INFO] [stdout] 
[INFO] [stdout] warning: variable `prev_TXs` should have a snake case name
[INFO] [stdout]    --> src/blockchain.rs:169:13
[INFO] [stdout]     |
[INFO] [stdout] 169 |         let prev_TXs = self.get_prev_TXs(tx)?;
[INFO] [stdout]     |             ^^^^^^^^ help: convert the identifier to snake case: `prev_txs`
[INFO] [stdout] 
[INFO] [stdout] 
[INFO] [stdout] warning: variable `prev_TXs` should have a snake case name
[INFO] [stdout]    --> src/blockchain.rs:179:13
[INFO] [stdout]     |
[INFO] [stdout] 179 |         let prev_TXs = self.get_prev_TXs(tx)?;
[INFO] [stdout]     |             ^^^^^^^^ help: convert the identifier to snake case: `prev_txs`
[INFO] [stdout] 
[INFO] [stdout] 
[INFO] [stdout] warning: method `new_UTXO` should have a snake case name
[INFO] [stdout]   --> src/transaction.rs:52:12
[INFO] [stdout]    |
[INFO] [stdout] 52 |     pub fn new_UTXO(wallet: &Wallet, to: &str, amount: i32, utxo: &UTXOSet) -> Result<Transaction> {
[INFO] [stdout]    |            ^^^^^^^^ help: convert the identifier to snake case: `new_utxo`
[INFO] [stdout] 
[INFO] [stdout] 
[INFO] [stdout] warning: variable `prev_TXs` should have a snake case name
[INFO] [stdout]    --> src/transaction.rs:133:26
[INFO] [stdout]     |
[INFO] [stdout] 133 |     pub fn verify(&self, prev_TXs: HashMap<String, Transaction>) -> Result<bool> {
[INFO] [stdout]     |                          ^^^^^^^^ help: convert the identifier to snake case: `prev_txs`
[INFO] [stdout] 
[INFO] [stdout] 
[INFO] [stdout] warning: variable `prev_Tx` should have a snake case name
[INFO] [stdout]    --> src/transaction.rs:147:17
[INFO] [stdout]     |
[INFO] [stdout] 147 |             let prev_Tx = prev_TXs.get(&self.vin[in_id].txid).unwrap();
[INFO] [stdout]     |                 ^^^^^^^ help: convert the identifier to snake case: `prev_tx`
[INFO] [stdout] 
[INFO] [stdout] 
[INFO] [stdout] warning: variable `prev_TXs` should have a snake case name
[INFO] [stdout]    --> src/transaction.rs:171:9
[INFO] [stdout]     |
[INFO] [stdout] 171 |         prev_TXs: HashMap<String, Transaction>,
[INFO] [stdout]     |         ^^^^^^^^ help: convert the identifier to snake case: `prev_txs`
[INFO] [stdout] 
[INFO] [stdout] 
[INFO] [stdout] warning: variable `prev_Tx` should have a snake case name
[INFO] [stdout]    --> src/transaction.rs:186:17
[INFO] [stdout]     |
[INFO] [stdout] 186 |             let prev_Tx = prev_TXs.get(&tx_copy.vin[in_id].txid).unwrap();
[INFO] [stdout]     |                 ^^^^^^^ help: convert the identifier to snake case: `prev_tx`
[INFO] [stdout] 
[INFO] [stdout] 
[INFO] [stdout] warning: variable `pubKey` should have a snake case name
[INFO] [stdout]   --> src/wallets.rs:53:21
[INFO] [stdout]    |
[INFO] [stdout] 53 | pub fn hash_pub_key(pubKey: &mut Vec<u8>) {
[INFO] [stdout]    |                     ^^^^^^ help: convert the identifier to snake case: `pub_key`
[INFO] [stdout] 
[INFO] [stdout] 
[INFO] [stdout] warning: method `find_UTXO` should have a snake case name
[INFO] [stdout]   --> src/utxoset.rs:49:12
[INFO] [stdout]    |
[INFO] [stdout] 49 |     pub fn find_UTXO(&self, pub_key_hash: &[u8]) -> Result<TXOutputs> {
[INFO] [stdout]    |            ^^^^^^^^^ help: convert the identifier to snake case: `find_utxo`
[INFO] [stdout] 
[INFO] [stdout] 
[INFO] [stderr]     Finished `dev` profile [unoptimized + debuginfo] target(s) in 17.21s
[INFO] running `Command { std: "docker" "inspect" "03228af6f16290b6b3d4cef0a2b636fedd8314d5f4493e2e7d134387acd4f5d1", kill_on_drop: false }`
[INFO] running `Command { std: "docker" "rm" "-f" "03228af6f16290b6b3d4cef0a2b636fedd8314d5f4493e2e7d134387acd4f5d1", kill_on_drop: false }`
[INFO] [stdout] 03228af6f16290b6b3d4cef0a2b636fedd8314d5f4493e2e7d134387acd4f5d1
[INFO] running `Command { std: "docker" "create" "-v" "/var/lib/crater-agent-workspace/builds/worker-6-tc2/target:/opt/rustwide/target:rw,Z" "-v" "/var/lib/crater-agent-workspace/builds/worker-6-tc2/source:/opt/rustwide/workdir:ro,Z" "-v" "/var/lib/crater-agent-workspace/cargo-home:/opt/rustwide/cargo-home:ro,Z" "-v" "/var/lib/crater-agent-workspace/rustup-home:/opt/rustwide/rustup-home:ro,Z" "-e" "SOURCE_DIR=/opt/rustwide/workdir" "-e" "CARGO_TARGET_DIR=/opt/rustwide/target" "-e" "CARGO_INCREMENTAL=0" "-e" "RUST_BACKTRACE=full" "-e" "RUSTFLAGS=--cap-lints=forbid -Zrandomize-layout" "-e" "RUSTDOCFLAGS=--cap-lints=forbid" "-e" "CARGO_HOME=/opt/rustwide/cargo-home" "-e" "RUSTUP_HOME=/opt/rustwide/rustup-home" "-w" "/opt/rustwide/workdir" "-m" "1610612736" "--user" "0:0" "--network" "none" "ghcr.io/rust-lang/crates-build-env/linux@sha256:819108c5571ea2e421544af4d832f968d213c87fbe3707a016657f43d2f853bc" "/opt/rustwide/cargo-home/bin/cargo" "+nightly-2025-01-18" "test" "--frozen" "--no-run" "--message-format=json", kill_on_drop: false }`
[INFO] [stdout] 3b481b20d2d8222ab204dc93b93b2a2fb225cf7d11a51e6465e98b8dd7e42e01
[INFO] running `Command { std: "docker" "start" "-a" "3b481b20d2d8222ab204dc93b93b2a2fb225cf7d11a51e6465e98b8dd7e42e01", kill_on_drop: false }`
[INFO] [stderr]    Compiling copenBlockchain v0.1.0 (/opt/rustwide/workdir)
[INFO] [stdout] warning: unused import: `Wallet`
[INFO] [stdout]  --> src/cli.rs:9:22
[INFO] [stdout]   |
[INFO] [stdout] 9 | use crate::wallets::{Wallet, Wallets};
[INFO] [stdout]   |                      ^^^^^^
[INFO] [stdout]   |
[INFO] [stdout]   = note: `#[warn(unused_imports)]` on by default
[INFO] [stdout] 
[INFO] [stdout] 
[INFO] [stdout] warning: unused import: `Rng`
[INFO] [stdout]   --> src/transaction.rs:12:12
[INFO] [stdout]    |
[INFO] [stdout] 12 | use rand::{Rng, RngCore};
[INFO] [stdout]    |            ^^^
[INFO] [stdout] 
[INFO] [stdout] 
[INFO] [stdout] warning: unused import: `Rng`
[INFO] [stdout]   --> src/wallets.rs:10:12
[INFO] [stdout]    |
[INFO] [stdout] 10 | use rand::{Rng, RngCore};
[INFO] [stdout]    |            ^^^
[INFO] [stdout] 
[INFO] [stdout] 
[INFO] [stdout] warning: unused import: `std::collections::HashMap`
[INFO] [stdout]  --> src/tx.rs:1:5
[INFO] [stdout]   |
[INFO] [stdout] 1 | use std::collections::HashMap;
[INFO] [stdout]   |     ^^^^^^^^^^^^^^^^^^^^^^^^^
[INFO] [stdout] 
[INFO] [stdout] 
[INFO] [stdout] warning: unused import: `failure::format_err`
[INFO] [stdout]  --> src/tx.rs:3:5
[INFO] [stdout]   |
[INFO] [stdout] 3 | use failure::format_err;
[INFO] [stdout]   |     ^^^^^^^^^^^^^^^^^^^
[INFO] [stdout] 
[INFO] [stdout] 
[INFO] [stdout] warning: unused import: `Transaction`
[INFO] [stdout]  --> src/tx.rs:6:26
[INFO] [stdout]   |
[INFO] [stdout] 6 | use crate::transaction::{Transaction};
[INFO] [stdout]   |                          ^^^^^^^^^^^
[INFO] [stdout] 
[INFO] [stdout] 
[INFO] [stdout] warning: method `can_unlock_output_with` is never used
[INFO] [stdout]   --> src/tx.rs:32:12
[INFO] [stdout]    |
[INFO] [stdout] 30 | impl TXInput {
[INFO] [stdout]    | ------------ method in this implementation
[INFO] [stdout] 31 |     /// CanUnlockOutputWith checks whether the address initiated the transaction
[INFO] [stdout] 32 |     pub fn can_unlock_output_with(&self, unlocking_data: &[u8]) -> bool {
[INFO] [stdout]    |            ^^^^^^^^^^^^^^^^^^^^^^
[INFO] [stdout]    |
[INFO] [stdout]    = note: `#[warn(dead_code)]` on by default
[INFO] [stdout] 
[INFO] [stdout] 
[INFO] [stdout] warning: associated items `can_be_unlock_with`, `lock`, and `new` are never used
[INFO] [stdout]   --> src/tx.rs:44:12
[INFO] [stdout]    |
[INFO] [stdout] 42 | impl TXOutput {
[INFO] [stdout]    | ------------- associated items in this implementation
[INFO] [stdout] 43 |     /// CanBeUnlockedWith checks if the output can be unlocked with the provided data
[INFO] [stdout] 44 |     pub fn can_be_unlock_with(&self, unlocking_data: &[u8]) -> bool {
[INFO] [stdout]    |            ^^^^^^^^^^^^^^^^^^
[INFO] [stdout] ...
[INFO] [stdout] 49 |     fn lock(&mut self, address: &str) -> Result<()> {
[INFO] [stdout]    |        ^^^^
[INFO] [stdout] ...
[INFO] [stdout] 56 |     pub fn new(value: i32, address: String) -> Result<Self> {
[INFO] [stdout]    |            ^^^
[INFO] [stdout] 
[INFO] [stdout] 
[INFO] [stdout] warning: method `find_UTXO` should have a snake case name
[INFO] [stdout]    --> src/blockchain.rs:100:12
[INFO] [stdout]     |
[INFO] [stdout] 100 |     pub fn find_UTXO(&self) -> HashMap<String, TXOutputs> {
[INFO] [stdout]     |            ^^^^^^^^^ help: convert the identifier to snake case: `find_utxo`
[INFO] [stdout]     |
[INFO] [stdout]     = note: `#[warn(non_snake_case)]` on by default
[INFO] [stdout] 
[INFO] [stdout] 
[INFO] [stdout] warning: method `get_prev_TXs` should have a snake case name
[INFO] [stdout]    --> src/blockchain.rs:158:8
[INFO] [stdout]     |
[INFO] [stdout] 158 |     fn get_prev_TXs(&self, tx: &Transaction) -> Result<HashMap<String, Transaction>> {
[INFO] [stdout]     |        ^^^^^^^^^^^^ help: convert the identifier to snake case: `get_prev_txs`
[INFO] [stdout] 
[INFO] [stdout] 
[INFO] [stdout] warning: variable `prev_TXs` should have a snake case name
[INFO] [stdout]    --> src/blockchain.rs:159:17
[INFO] [stdout]     |
[INFO] [stdout] 159 |         let mut prev_TXs = HashMap::new();
[INFO] [stdout]     |                 ^^^^^^^^ help: convert the identifier to snake case: `prev_txs`
[INFO] [stdout] 
[INFO] [stdout] 
[INFO] [stdout] warning: variable `prev_TX` should have a snake case name
[INFO] [stdout]    --> src/blockchain.rs:161:17
[INFO] [stdout]     |
[INFO] [stdout] 161 |             let prev_TX = self.find_transacton(&vin.txid)?;
[INFO] [stdout]     |                 ^^^^^^^ help: convert the identifier to snake case: `prev_tx`
[INFO] [stdout] 
[INFO] [stdout] 
[INFO] [stdout] warning: variable `prev_TXs` should have a snake case name
[INFO] [stdout]    --> src/blockchain.rs:169:13
[INFO] [stdout]     |
[INFO] [stdout] 169 |         let prev_TXs = self.get_prev_TXs(tx)?;
[INFO] [stdout]     |             ^^^^^^^^ help: convert the identifier to snake case: `prev_txs`
[INFO] [stdout] 
[INFO] [stdout] 
[INFO] [stdout] warning: variable `prev_TXs` should have a snake case name
[INFO] [stdout]    --> src/blockchain.rs:179:13
[INFO] [stdout]     |
[INFO] [stdout] 179 |         let prev_TXs = self.get_prev_TXs(tx)?;
[INFO] [stdout]     |             ^^^^^^^^ help: convert the identifier to snake case: `prev_txs`
[INFO] [stdout] 
[INFO] [stdout] 
[INFO] [stdout] warning: method `new_UTXO` should have a snake case name
[INFO] [stdout]   --> src/transaction.rs:52:12
[INFO] [stdout]    |
[INFO] [stdout] 52 |     pub fn new_UTXO(wallet: &Wallet, to: &str, amount: i32, utxo: &UTXOSet) -> Result<Transaction> {
[INFO] [stdout]    |            ^^^^^^^^ help: convert the identifier to snake case: `new_utxo`
[INFO] [stdout] 
[INFO] [stdout] 
[INFO] [stdout] warning: variable `prev_TXs` should have a snake case name
[INFO] [stdout]    --> src/transaction.rs:133:26
[INFO] [stdout]     |
[INFO] [stdout] 133 |     pub fn verify(&self, prev_TXs: HashMap<String, Transaction>) -> Result<bool> {
[INFO] [stdout]     |                          ^^^^^^^^ help: convert the identifier to snake case: `prev_txs`
[INFO] [stdout] 
[INFO] [stdout] 
[INFO] [stdout] warning: variable `prev_Tx` should have a snake case name
[INFO] [stdout]    --> src/transaction.rs:147:17
[INFO] [stdout]     |
[INFO] [stdout] 147 |             let prev_Tx = prev_TXs.get(&self.vin[in_id].txid).unwrap();
[INFO] [stdout]     |                 ^^^^^^^ help: convert the identifier to snake case: `prev_tx`
[INFO] [stdout] 
[INFO] [stdout] 
[INFO] [stdout] warning: variable `prev_TXs` should have a snake case name
[INFO] [stdout]    --> src/transaction.rs:171:9
[INFO] [stdout]     |
[INFO] [stdout] 171 |         prev_TXs: HashMap<String, Transaction>,
[INFO] [stdout]     |         ^^^^^^^^ help: convert the identifier to snake case: `prev_txs`
[INFO] [stdout] 
[INFO] [stdout] 
[INFO] [stdout] warning: variable `prev_Tx` should have a snake case name
[INFO] [stdout]    --> src/transaction.rs:186:17
[INFO] [stdout]     |
[INFO] [stdout] 186 |             let prev_Tx = prev_TXs.get(&tx_copy.vin[in_id].txid).unwrap();
[INFO] [stdout]     |                 ^^^^^^^ help: convert the identifier to snake case: `prev_tx`
[INFO] [stdout] 
[INFO] [stdout] 
[INFO] [stdout] warning: variable `pubKey` should have a snake case name
[INFO] [stdout]   --> src/wallets.rs:53:21
[INFO] [stdout]    |
[INFO] [stdout] 53 | pub fn hash_pub_key(pubKey: &mut Vec<u8>) {
[INFO] [stdout]    |                     ^^^^^^ help: convert the identifier to snake case: `pub_key`
[INFO] [stdout] 
[INFO] [stdout] 
[INFO] [stdout] warning: method `find_UTXO` should have a snake case name
[INFO] [stdout]   --> src/utxoset.rs:49:12
[INFO] [stdout]    |
[INFO] [stdout] 49 |     pub fn find_UTXO(&self, pub_key_hash: &[u8]) -> Result<TXOutputs> {
[INFO] [stdout]    |            ^^^^^^^^^ help: convert the identifier to snake case: `find_utxo`
[INFO] [stdout] 
[INFO] [stdout] 
[INFO] [stderr]     Finished `test` profile [unoptimized + debuginfo] target(s) in 1.11s
[INFO] running `Command { std: "docker" "inspect" "3b481b20d2d8222ab204dc93b93b2a2fb225cf7d11a51e6465e98b8dd7e42e01", kill_on_drop: false }`
[INFO] running `Command { std: "docker" "rm" "-f" "3b481b20d2d8222ab204dc93b93b2a2fb225cf7d11a51e6465e98b8dd7e42e01", kill_on_drop: false }`
[INFO] [stdout] 3b481b20d2d8222ab204dc93b93b2a2fb225cf7d11a51e6465e98b8dd7e42e01
[INFO] running `Command { std: "docker" "create" "-v" "/var/lib/crater-agent-workspace/builds/worker-6-tc2/target:/opt/rustwide/target:rw,Z" "-v" "/var/lib/crater-agent-workspace/builds/worker-6-tc2/source:/opt/rustwide/workdir:ro,Z" "-v" "/var/lib/crater-agent-workspace/cargo-home:/opt/rustwide/cargo-home:ro,Z" "-v" "/var/lib/crater-agent-workspace/rustup-home:/opt/rustwide/rustup-home:ro,Z" "-e" "SOURCE_DIR=/opt/rustwide/workdir" "-e" "CARGO_TARGET_DIR=/opt/rustwide/target" "-e" "CARGO_INCREMENTAL=0" "-e" "RUST_BACKTRACE=full" "-e" "RUSTFLAGS=--cap-lints=forbid -Zrandomize-layout" "-e" "RUSTDOCFLAGS=--cap-lints=forbid" "-e" "CARGO_HOME=/opt/rustwide/cargo-home" "-e" "RUSTUP_HOME=/opt/rustwide/rustup-home" "-w" "/opt/rustwide/workdir" "-m" "1610612736" "--user" "0:0" "--network" "none" "ghcr.io/rust-lang/crates-build-env/linux@sha256:819108c5571ea2e421544af4d832f968d213c87fbe3707a016657f43d2f853bc" "/opt/rustwide/cargo-home/bin/cargo" "+nightly-2025-01-18" "test" "--frozen", kill_on_drop: false }`
[INFO] [stdout] 5086fcf9c023bc73afed9d49beeea05ecbba24738da353e8a53dac5fb7d4cc36
[INFO] running `Command { std: "docker" "start" "-a" "5086fcf9c023bc73afed9d49beeea05ecbba24738da353e8a53dac5fb7d4cc36", kill_on_drop: false }`
[INFO] [stderr] warning: unused import: `Wallet`
[INFO] [stderr]  --> src/cli.rs:9:22
[INFO] [stderr]   |
[INFO] [stderr] 9 | use crate::wallets::{Wallet, Wallets};
[INFO] [stderr]   |                      ^^^^^^
[INFO] [stderr]   |
[INFO] [stderr]   = note: `#[warn(unused_imports)]` on by default
[INFO] [stderr] 
[INFO] [stderr] warning: unused import: `Rng`
[INFO] [stderr]   --> src/transaction.rs:12:12
[INFO] [stderr]    |
[INFO] [stderr] 12 | use rand::{Rng, RngCore};
[INFO] [stderr]    |            ^^^
[INFO] [stderr] 
[INFO] [stderr] warning: unused import: `Rng`
[INFO] [stderr]   --> src/wallets.rs:10:12
[INFO] [stderr]    |
[INFO] [stderr] 10 | use rand::{Rng, RngCore};
[INFO] [stderr]    |            ^^^
[INFO] [stderr] 
[INFO] [stderr] warning: unused import: `std::collections::HashMap`
[INFO] [stderr]  --> src/tx.rs:1:5
[INFO] [stderr]   |
[INFO] [stderr] 1 | use std::collections::HashMap;
[INFO] [stderr]   |     ^^^^^^^^^^^^^^^^^^^^^^^^^
[INFO] [stderr] 
[INFO] [stderr] warning: unused import: `failure::format_err`
[INFO] [stderr]  --> src/tx.rs:3:5
[INFO] [stderr]   |
[INFO] [stderr] 3 | use failure::format_err;
[INFO] [stderr]   |     ^^^^^^^^^^^^^^^^^^^
[INFO] [stderr] 
[INFO] [stderr] warning: unused import: `Transaction`
[INFO] [stderr]  --> src/tx.rs:6:26
[INFO] [stderr]   |
[INFO] [stderr] 6 | use crate::transaction::{Transaction};
[INFO] [stderr]   |                          ^^^^^^^^^^^
[INFO] [stderr] 
[INFO] [stderr] warning: method `can_unlock_output_with` is never used
[INFO] [stderr]   --> src/tx.rs:32:12
[INFO] [stderr]    |
[INFO] [stderr] 30 | impl TXInput {
[INFO] [stderr]    | ------------ method in this implementation
[INFO] [stderr] 31 |     /// CanUnlockOutputWith checks whether the address initiated the transaction
[INFO] [stderr] 32 |     pub fn can_unlock_output_with(&self, unlocking_data: &[u8]) -> bool {
[INFO] [stderr]    |            ^^^^^^^^^^^^^^^^^^^^^^
[INFO] [stderr]    |
[INFO] [stderr]    = note: `#[warn(dead_code)]` on by default
[INFO] [stderr] 
[INFO] [stderr] warning: associated items `can_be_unlock_with`, `lock`, and `new` are never used
[INFO] [stderr]   --> src/tx.rs:44:12
[INFO] [stderr]    |
[INFO] [stderr] 42 | impl TXOutput {
[INFO] [stderr]    | ------------- associated items in this implementation
[INFO] [stderr] 43 |     /// CanBeUnlockedWith checks if the output can be unlocked with the provided data
[INFO] [stderr] 44 |     pub fn can_be_unlock_with(&self, unlocking_data: &[u8]) -> bool {
[INFO] [stderr]    |            ^^^^^^^^^^^^^^^^^^
[INFO] [stderr] ...
[INFO] [stderr] 49 |     fn lock(&mut self, address: &str) -> Result<()> {
[INFO] [stderr]    |        ^^^^
[INFO] [stderr] ...
[INFO] [stderr] 56 |     pub fn new(value: i32, address: String) -> Result<Self> {
[INFO] [stderr]    |            ^^^
[INFO] [stderr] 
[INFO] [stderr] warning: method `find_UTXO` should have a snake case name
[INFO] [stderr]    --> src/blockchain.rs:100:12
[INFO] [stderr]     |
[INFO] [stderr] 100 |     pub fn find_UTXO(&self) -> HashMap<String, TXOutputs> {
[INFO] [stderr]     |            ^^^^^^^^^ help: convert the identifier to snake case: `find_utxo`
[INFO] [stderr]     |
[INFO] [stderr]     = note: `#[warn(non_snake_case)]` on by default
[INFO] [stderr] 
[INFO] [stderr] warning: method `get_prev_TXs` should have a snake case name
[INFO] [stderr]    --> src/blockchain.rs:158:8
[INFO] [stderr]     |
[INFO] [stderr] 158 |     fn get_prev_TXs(&self, tx: &Transaction) -> Result<HashMap<String, Transaction>> {
[INFO] [stderr]     |        ^^^^^^^^^^^^ help: convert the identifier to snake case: `get_prev_txs`
[INFO] [stderr] 
[INFO] [stderr] warning: variable `prev_TXs` should have a snake case name
[INFO] [stderr]    --> src/blockchain.rs:159:17
[INFO] [stderr]     |
[INFO] [stderr] 159 |         let mut prev_TXs = HashMap::new();
[INFO] [stderr]     |                 ^^^^^^^^ help: convert the identifier to snake case: `prev_txs`
[INFO] [stderr] 
[INFO] [stderr] warning: variable `prev_TX` should have a snake case name
[INFO] [stderr]    --> src/blockchain.rs:161:17
[INFO] [stderr]     |
[INFO] [stderr] 161 |             let prev_TX = self.find_transacton(&vin.txid)?;
[INFO] [stderr]     |                 ^^^^^^^ help: convert the identifier to snake case: `prev_tx`
[INFO] [stderr] 
[INFO] [stderr] warning: variable `prev_TXs` should have a snake case name
[INFO] [stderr]    --> src/blockchain.rs:169:13
[INFO] [stderr]     |
[INFO] [stderr] 169 |         let prev_TXs = self.get_prev_TXs(tx)?;
[INFO] [stderr]     |             ^^^^^^^^ help: convert the identifier to snake case: `prev_txs`
[INFO] [stderr] 
[INFO] [stderr] warning: variable `prev_TXs` should have a snake case name
[INFO] [stderr]    --> src/blockchain.rs:179:13
[INFO] [stderr]     |
[INFO] [stderr] 179 |         let prev_TXs = self.get_prev_TXs(tx)?;
[INFO] [stderr]     |             ^^^^^^^^ help: convert the identifier to snake case: `prev_txs`
[INFO] [stderr] 
[INFO] [stderr] warning: method `new_UTXO` should have a snake case name
[INFO] [stderr]   --> src/transaction.rs:52:12
[INFO] [stderr]    |
[INFO] [stderr] 52 |     pub fn new_UTXO(wallet: &Wallet, to: &str, amount: i32, utxo: &UTXOSet) -> Result<Transaction> {
[INFO] [stderr]    |            ^^^^^^^^ help: convert the identifier to snake case: `new_utxo`
[INFO] [stderr] 
[INFO] [stderr] warning: variable `prev_TXs` should have a snake case name
[INFO] [stderr]    --> src/transaction.rs:133:26
[INFO] [stderr]     |
[INFO] [stderr] 133 |     pub fn verify(&self, prev_TXs: HashMap<String, Transaction>) -> Result<bool> {
[INFO] [stderr]     |                          ^^^^^^^^ help: convert the identifier to snake case: `prev_txs`
[INFO] [stderr] 
[INFO] [stderr] warning: variable `prev_Tx` should have a snake case name
[INFO] [stderr]    --> src/transaction.rs:147:17
[INFO] [stderr]     |
[INFO] [stderr] 147 |             let prev_Tx = prev_TXs.get(&self.vin[in_id].txid).unwrap();
[INFO] [stderr]     |                 ^^^^^^^ help: convert the identifier to snake case: `prev_tx`
[INFO] [stderr] 
[INFO] [stderr] warning: variable `prev_TXs` should have a snake case name
[INFO] [stderr]    --> src/transaction.rs:171:9
[INFO] [stderr]     |
[INFO] [stderr] 171 |         prev_TXs: HashMap<String, Transaction>,
[INFO] [stderr]     |         ^^^^^^^^ help: convert the identifier to snake case: `prev_txs`
[INFO] [stderr] 
[INFO] [stderr] warning: variable `prev_Tx` should have a snake case name
[INFO] [stderr]    --> src/transaction.rs:186:17
[INFO] [stderr]     |
[INFO] [stderr] 186 |             let prev_Tx = prev_TXs.get(&tx_copy.vin[in_id].txid).unwrap();
[INFO] [stderr]     |                 ^^^^^^^ help: convert the identifier to snake case: `prev_tx`
[INFO] [stderr] 
[INFO] [stderr] warning: variable `pubKey` should have a snake case name
[INFO] [stderr]   --> src/wallets.rs:53:21
[INFO] [stderr]    |
[INFO] [stderr] 53 | pub fn hash_pub_key(pubKey: &mut Vec<u8>) {
[INFO] [stderr]    |                     ^^^^^^ help: convert the identifier to snake case: `pub_key`
[INFO] [stderr] 
[INFO] [stderr] warning: method `find_UTXO` should have a snake case name
[INFO] [stderr]   --> src/utxoset.rs:49:12
[INFO] [stderr]    |
[INFO] [stderr] 49 |     pub fn find_UTXO(&self, pub_key_hash: &[u8]) -> Result<TXOutputs> {
[INFO] [stderr]    |            ^^^^^^^^^ help: convert the identifier to snake case: `find_utxo`
[INFO] [stderr] 
[INFO] [stderr] warning: `copenBlockchain` (bin "copenBlockchain" test) generated 21 warnings (run `cargo fix --bin "copenBlockchain" --tests` to apply 6 suggestions)
[INFO] [stderr]     Finished `test` profile [unoptimized + debuginfo] target(s) in 0.06s
[INFO] [stderr]      Running unittests src/main.rs (/opt/rustwide/target/debug/deps/copenBlockchain-1d97deaa7153dbb4)
[INFO] [stdout] 
[INFO] [stdout] running 6 tests
[INFO] [stdout] test wallets::test::test_create_wallet_and_hash ... ok
[INFO] [stdout] test wallets::test::test_signature ... ok
[INFO] [stdout] test transaction::test::test_signature ... FAILED
[INFO] [stdout] test wallets::test::test_wallets ... FAILED
[INFO] [stdout] test server::test::test_cmd ... FAILED
[INFO] [stdout] test wallets::test::test_wallets_not_exist - should panic ... ok
[INFO] [stdout] 
[INFO] [stdout] failures:
[INFO] [stdout] 
[INFO] [stdout] ---- transaction::test::test_signature stdout ----
[INFO] [stdout] 
[INFO] [stdout] thread 'transaction::test::test_signature' panicked at src/transaction.rs:268:37:
[INFO] [stdout] called `Result::unwrap()` on an `Err` value: Io(Os { code: 30, kind: ReadOnlyFilesystem, message: "Read-only file system" })
[INFO] [stdout] 
[INFO] [stdout]    0: failure::backtrace::internal::InternalBacktrace::new
[INFO] [stdout]              at /opt/rustwide/cargo-home/registry/src/index.crates.io-1949cf8c6b5b557f/failure-0.1.8/src/backtrace/internal.rs:46:44
[INFO] [stdout]    1: failure::backtrace::Backtrace::new
[INFO] [stdout]              at /opt/rustwide/cargo-home/registry/src/index.crates.io-1949cf8c6b5b557f/failure-0.1.8/src/backtrace/mod.rs:121:35
[INFO] [stdout]    2: <failure::error::error_impl::ErrorImpl as core::convert::From<F>>::from
[INFO] [stdout]              at /opt/rustwide/cargo-home/registry/src/index.crates.io-1949cf8c6b5b557f/failure-0.1.8/src/error/error_impl.rs:19:17
[INFO] [stdout]    3: <failure::error::Error as core::convert::From<F>>::from
[INFO] [stdout]              at /opt/rustwide/cargo-home/registry/src/index.crates.io-1949cf8c6b5b557f/failure-0.1.8/src/error/mod.rs:36:18
[INFO] [stdout]    4: <core::result::Result<T,F> as core::ops::try_trait::FromResidual<core::result::Result<core::convert::Infallible,E>>>::from_residual
[INFO] [stdout]              at /rustc/6067b36314ab5eb2eb47cecc464545ba58e1ad24/library/core/src/result.rs:2014:27
[INFO] [stdout]    5: copenBlockchain::wallets::Wallets::new
[INFO] [stdout]              at /opt/rustwide/workdir/src/wallets.rs:73:18
[INFO] [stdout]    6: copenBlockchain::transaction::test::test_signature
[INFO] [stdout]              at /opt/rustwide/workdir/src/transaction.rs:268:22
[INFO] [stdout]    7: copenBlockchain::transaction::test::test_signature::{{closure}}
[INFO] [stdout]              at /opt/rustwide/workdir/src/transaction.rs:267:24
[INFO] [stdout]    8: core::ops::function::FnOnce::call_once
[INFO] [stdout]              at /rustc/6067b36314ab5eb2eb47cecc464545ba58e1ad24/library/core/src/ops/function.rs:250:5
[INFO] [stdout]    9: core::ops::function::FnOnce::call_once
[INFO] [stdout]              at /rustc/6067b36314ab5eb2eb47cecc464545ba58e1ad24/library/core/src/ops/function.rs:250:5
[INFO] [stdout]       test::__rust_begin_short_backtrace
[INFO] [stdout]              at /rustc/6067b36314ab5eb2eb47cecc464545ba58e1ad24/library/test/src/lib.rs:632:18
[INFO] [stdout]   10: test::run_test_in_process::{{closure}}
[INFO] [stdout]              at /rustc/6067b36314ab5eb2eb47cecc464545ba58e1ad24/library/test/src/lib.rs:655:60
[INFO] [stdout]       <core::panic::unwind_safe::AssertUnwindSafe<F> as core::ops::function::FnOnce<()>>::call_once
[INFO] [stdout]              at /rustc/6067b36314ab5eb2eb47cecc464545ba58e1ad24/library/core/src/panic/unwind_safe.rs:272:9
[INFO] [stdout]       std::panicking::try::do_call
[INFO] [stdout]              at /rustc/6067b36314ab5eb2eb47cecc464545ba58e1ad24/library/std/src/panicking.rs:587:40
[INFO] [stdout]       std::panicking::try
[INFO] [stdout]              at /rustc/6067b36314ab5eb2eb47cecc464545ba58e1ad24/library/std/src/panicking.rs:550:19
[INFO] [stdout]       std::panic::catch_unwind
[INFO] [stdout]              at /rustc/6067b36314ab5eb2eb47cecc464545ba58e1ad24/library/std/src/panic.rs:358:14
[INFO] [stdout]       test::run_test_in_process
[INFO] [stdout]              at /rustc/6067b36314ab5eb2eb47cecc464545ba58e1ad24/library/test/src/lib.rs:655:27
[INFO] [stdout]       test::run_test::{{closure}}
[INFO] [stdout]              at /rustc/6067b36314ab5eb2eb47cecc464545ba58e1ad24/library/test/src/lib.rs:576:43
[INFO] [stdout]   11: test::run_test::{{closure}}
[INFO] [stdout]              at /rustc/6067b36314ab5eb2eb47cecc464545ba58e1ad24/library/test/src/lib.rs:606:41
[INFO] [stdout]       std::sys::backtrace::__rust_begin_short_backtrace
[INFO] [stdout]              at /rustc/6067b36314ab5eb2eb47cecc464545ba58e1ad24/library/std/src/sys/backtrace.rs:152:18
[INFO] [stdout]   12: std::thread::Builder::spawn_unchecked_::{{closure}}::{{closure}}
[INFO] [stdout]              at /rustc/6067b36314ab5eb2eb47cecc464545ba58e1ad24/library/std/src/thread/mod.rs:559:17
[INFO] [stdout]       <core::panic::unwind_safe::AssertUnwindSafe<F> as core::ops::function::FnOnce<()>>::call_once
[INFO] [stdout]              at /rustc/6067b36314ab5eb2eb47cecc464545ba58e1ad24/library/core/src/panic/unwind_safe.rs:272:9
[INFO] [stdout]       std::panicking::try::do_call
[INFO] [stdout]              at /rustc/6067b36314ab5eb2eb47cecc464545ba58e1ad24/library/std/src/panicking.rs:587:40
[INFO] [stdout]       std::panicking::try
[INFO] [stdout]              at /rustc/6067b36314ab5eb2eb47cecc464545ba58e1ad24/library/std/src/panicking.rs:550:19
[INFO] [stdout]       std::panic::catch_unwind
[INFO] [stdout]              at /rustc/6067b36314ab5eb2eb47cecc464545ba58e1ad24/library/std/src/panic.rs:358:14
[INFO] [stdout]       std::thread::Builder::spawn_unchecked_::{{closure}}
[INFO] [stdout]              at /rustc/6067b36314ab5eb2eb47cecc464545ba58e1ad24/library/std/src/thread/mod.rs:557:30
[INFO] [stdout]       core::ops::function::FnOnce::call_once{{vtable.shim}}
[INFO] [stdout]              at /rustc/6067b36314ab5eb2eb47cecc464545ba58e1ad24/library/core/src/ops/function.rs:250:5
[INFO] [stdout]   13: <alloc::boxed::Box<F,A> as core::ops::function::FnOnce<Args>>::call_once
[INFO] [stdout]              at /rustc/6067b36314ab5eb2eb47cecc464545ba58e1ad24/library/alloc/src/boxed.rs:2013:9
[INFO] [stdout]       <alloc::boxed::Box<F,A> as core::ops::function::FnOnce<Args>>::call_once
[INFO] [stdout]              at /rustc/6067b36314ab5eb2eb47cecc464545ba58e1ad24/library/alloc/src/boxed.rs:2013:9
[INFO] [stdout]       std::sys::pal::unix::thread::Thread::new::thread_start
[INFO] [stdout]              at /rustc/6067b36314ab5eb2eb47cecc464545ba58e1ad24/library/std/src/sys/pal/unix/thread.rs:106:17
[INFO] [stdout]   14: <unknown>
[INFO] [stdout]   15: clone
[INFO] [stdout] 
[INFO] [stdout] stack backtrace:
[INFO] [stdout]    0:     0x62093fd26aaa - std::backtrace_rs::backtrace::libunwind::trace::hb059275cfc8d6126
[INFO] [stdout]                                at /rustc/6067b36314ab5eb2eb47cecc464545ba58e1ad24/library/std/src/../../backtrace/src/backtrace/libunwind.rs:116:5
[INFO] [stdout]    1:     0x62093fd26aaa - std::backtrace_rs::backtrace::trace_unsynchronized::h2da071e4327ce3ee
[INFO] [stdout]                                at /rustc/6067b36314ab5eb2eb47cecc464545ba58e1ad24/library/std/src/../../backtrace/src/backtrace/mod.rs:66:5
[INFO] [stdout]    2:     0x62093fd26aaa - std::sys::backtrace::_print_fmt::h842a1474e6f8d23f
[INFO] [stdout]                                at /rustc/6067b36314ab5eb2eb47cecc464545ba58e1ad24/library/std/src/sys/backtrace.rs:66:9
[INFO] [stdout]    3:     0x62093fd26aaa - <std::sys::backtrace::BacktraceLock::print::DisplayBacktrace as core::fmt::Display>::fmt::h71a62eb3b9696b12
[INFO] [stdout]                                at /rustc/6067b36314ab5eb2eb47cecc464545ba58e1ad24/library/std/src/sys/backtrace.rs:39:26
[INFO] [stdout]    4:     0x62093fd50833 - core::fmt::rt::Argument::fmt::hdb6b616786b41dc1
[INFO] [stdout]                                at /rustc/6067b36314ab5eb2eb47cecc464545ba58e1ad24/library/core/src/fmt/rt.rs:177:76
[INFO] [stdout]    5:     0x62093fd50833 - core::fmt::write::h2cc1698af7e2d686
[INFO] [stdout]                                at /rustc/6067b36314ab5eb2eb47cecc464545ba58e1ad24/library/core/src/fmt/mod.rs:1440:21
[INFO] [stdout]    6:     0x62093fd22bc3 - std::io::Write::write_fmt::hab1b4cd059a79022
[INFO] [stdout]                                at /rustc/6067b36314ab5eb2eb47cecc464545ba58e1ad24/library/std/src/io/mod.rs:1887:15
[INFO] [stdout]    7:     0x62093fd268f2 - std::sys::backtrace::BacktraceLock::print::h147fe35b4ea13b08
[INFO] [stdout]                                at /rustc/6067b36314ab5eb2eb47cecc464545ba58e1ad24/library/std/src/sys/backtrace.rs:42:9
[INFO] [stdout]    8:     0x62093fd27ecf - std::panicking::default_hook::{{closure}}::hbd44223dbdc0d208
[INFO] [stdout]                                at /rustc/6067b36314ab5eb2eb47cecc464545ba58e1ad24/library/std/src/panicking.rs:298:22
[INFO] [stdout]    9:     0x62093fd27ce8 - std::panicking::default_hook::h20f81eb0576efcec
[INFO] [stdout]                                at /rustc/6067b36314ab5eb2eb47cecc464545ba58e1ad24/library/std/src/panicking.rs:322:9
[INFO] [stdout]   10:     0x62093fa02c83 - <alloc::boxed::Box<F,A> as core::ops::function::Fn<Args>>::call::hdb53814c496a4d34
[INFO] [stdout]                                at /rustc/6067b36314ab5eb2eb47cecc464545ba58e1ad24/library/alloc/src/boxed.rs:2027:9
[INFO] [stdout]   11:     0x62093fa02c83 - test::test_main::{{closure}}::hc0a4963c59427c24
[INFO] [stdout]                                at /rustc/6067b36314ab5eb2eb47cecc464545ba58e1ad24/library/test/src/lib.rs:134:21
[INFO] [stdout]   12:     0x62093fd289c3 - <alloc::boxed::Box<F,A> as core::ops::function::Fn<Args>>::call::h591b2225413a77e9
[INFO] [stdout]                                at /rustc/6067b36314ab5eb2eb47cecc464545ba58e1ad24/library/alloc/src/boxed.rs:2027:9
[INFO] [stdout]   13:     0x62093fd289c3 - std::panicking::rust_panic_with_hook::h625eea43051b2edc
[INFO] [stdout]                                at /rustc/6067b36314ab5eb2eb47cecc464545ba58e1ad24/library/std/src/panicking.rs:839:13
[INFO] [stdout]   14:     0x62093fd2867a - std::panicking::begin_panic_handler::{{closure}}::h4f9159cfbc3f6bd3
[INFO] [stdout]                                at /rustc/6067b36314ab5eb2eb47cecc464545ba58e1ad24/library/std/src/panicking.rs:704:13
[INFO] [stdout]   15:     0x62093fd26fa9 - std::sys::backtrace::__rust_end_short_backtrace::h0390abce48353151
[INFO] [stdout]                                at /rustc/6067b36314ab5eb2eb47cecc464545ba58e1ad24/library/std/src/sys/backtrace.rs:168:18
[INFO] [stdout]   16:     0x62093fd2830d - rust_begin_unwind
[INFO] [stdout]                                at /rustc/6067b36314ab5eb2eb47cecc464545ba58e1ad24/library/std/src/panicking.rs:695:5
[INFO] [stdout]   17:     0x62093fd4e980 - core::panicking::panic_fmt::h9e7c637e9e5f29c9
[INFO] [stdout]                                at /rustc/6067b36314ab5eb2eb47cecc464545ba58e1ad24/library/core/src/panicking.rs:75:14
[INFO] [stdout]   18:     0x62093fd4edf6 - core::result::unwrap_failed::h7979f09313fe1849
[INFO] [stdout]                                at /rustc/6067b36314ab5eb2eb47cecc464545ba58e1ad24/library/core/src/result.rs:1704:5
[INFO] [stdout]   19:     0x62093f9c5bf0 - core::result::Result<T,E>::unwrap::h79d88399d35eef5c
[INFO] [stdout]                                at /rustc/6067b36314ab5eb2eb47cecc464545ba58e1ad24/library/core/src/result.rs:1109:23
[INFO] [stdout]   20:     0x62093f9c5bf0 - copenBlockchain::transaction::test::test_signature::hef1c2a9689ec1af7
[INFO] [stdout]                                at /opt/rustwide/workdir/src/transaction.rs:268:22
[INFO] [stdout]   21:     0x62093f9c5b47 - copenBlockchain::transaction::test::test_signature::{{closure}}::hd6a5bda81ef2e3fe
[INFO] [stdout]                                at /opt/rustwide/workdir/src/transaction.rs:267:24
[INFO] [stdout]   22:     0x62093f9b1686 - core::ops::function::FnOnce::call_once::h60f248e7564674b2
[INFO] [stdout]                                at /rustc/6067b36314ab5eb2eb47cecc464545ba58e1ad24/library/core/src/ops/function.rs:250:5
[INFO] [stdout]   23:     0x62093fa083db - core::ops::function::FnOnce::call_once::he27718dfdd183f43
[INFO] [stdout]                                at /rustc/6067b36314ab5eb2eb47cecc464545ba58e1ad24/library/core/src/ops/function.rs:250:5
[INFO] [stdout]   24:     0x62093fa083db - test::__rust_begin_short_backtrace::h4e84902998457a5d
[INFO] [stdout]                                at /rustc/6067b36314ab5eb2eb47cecc464545ba58e1ad24/library/test/src/lib.rs:632:18
[INFO] [stdout]   25:     0x62093fa07313 - test::run_test_in_process::{{closure}}::h7176fd18fc1feca0
[INFO] [stdout]                                at /rustc/6067b36314ab5eb2eb47cecc464545ba58e1ad24/library/test/src/lib.rs:655:60
[INFO] [stdout]   26:     0x62093fa07313 - <core::panic::unwind_safe::AssertUnwindSafe<F> as core::ops::function::FnOnce<()>>::call_once::hf79cff2a624d8cf7
[INFO] [stdout]                                at /rustc/6067b36314ab5eb2eb47cecc464545ba58e1ad24/library/core/src/panic/unwind_safe.rs:272:9
[INFO] [stdout]   27:     0x62093fa07313 - std::panicking::try::do_call::h3da0561d9ab99c25
[INFO] [stdout]                                at /rustc/6067b36314ab5eb2eb47cecc464545ba58e1ad24/library/std/src/panicking.rs:587:40
[INFO] [stdout]   28:     0x62093fa07313 - std::panicking::try::h41c9fa508bc61df6
[INFO] [stdout]                                at /rustc/6067b36314ab5eb2eb47cecc464545ba58e1ad24/library/std/src/panicking.rs:550:19
[INFO] [stdout]   29:     0x62093fa07313 - std::panic::catch_unwind::h6b3ff07bb5afad93
[INFO] [stdout]                                at /rustc/6067b36314ab5eb2eb47cecc464545ba58e1ad24/library/std/src/panic.rs:358:14
[INFO] [stdout]   30:     0x62093fa07313 - test::run_test_in_process::hc7253dd11b39b9f4
[INFO] [stdout]                                at /rustc/6067b36314ab5eb2eb47cecc464545ba58e1ad24/library/test/src/lib.rs:655:27
[INFO] [stdout]   31:     0x62093fa07313 - test::run_test::{{closure}}::hfb2007f8649c30bb
[INFO] [stdout]                                at /rustc/6067b36314ab5eb2eb47cecc464545ba58e1ad24/library/test/src/lib.rs:576:43
[INFO] [stdout]   32:     0x62093f9ca3f5 - test::run_test::{{closure}}::h56a17aa7a282a9f4
[INFO] [stdout]                                at /rustc/6067b36314ab5eb2eb47cecc464545ba58e1ad24/library/test/src/lib.rs:606:41
[INFO] [stdout]   33:     0x62093f9ca3f5 - std::sys::backtrace::__rust_begin_short_backtrace::hd2d2d2fb8e8c6aac
[INFO] [stdout]                                at /rustc/6067b36314ab5eb2eb47cecc464545ba58e1ad24/library/std/src/sys/backtrace.rs:152:18
[INFO] [stdout]   34:     0x62093f9cdcda - std::thread::Builder::spawn_unchecked_::{{closure}}::{{closure}}::h4faa3f9db6133423
[INFO] [stdout]                                at /rustc/6067b36314ab5eb2eb47cecc464545ba58e1ad24/library/std/src/thread/mod.rs:559:17
[INFO] [stdout]   35:     0x62093f9cdcda - <core::panic::unwind_safe::AssertUnwindSafe<F> as core::ops::function::FnOnce<()>>::call_once::hf2e855a36a4ea846
[INFO] [stdout]                                at /rustc/6067b36314ab5eb2eb47cecc464545ba58e1ad24/library/core/src/panic/unwind_safe.rs:272:9
[INFO] [stdout]   36:     0x62093f9cdcda - std::panicking::try::do_call::h2f73af3616c35465
[INFO] [stdout]                                at /rustc/6067b36314ab5eb2eb47cecc464545ba58e1ad24/library/std/src/panicking.rs:587:40
[INFO] [stdout]   37:     0x62093f9cdcda - std::panicking::try::hd1660ce9efadef5a
[INFO] [stdout]                                at /rustc/6067b36314ab5eb2eb47cecc464545ba58e1ad24/library/std/src/panicking.rs:550:19
[INFO] [stdout]   38:     0x62093f9cdcda - std::panic::catch_unwind::h5ee8d7823b8ca744
[INFO] [stdout]                                at /rustc/6067b36314ab5eb2eb47cecc464545ba58e1ad24/library/std/src/panic.rs:358:14
[INFO] [stdout]   39:     0x62093f9cdcda - std::thread::Builder::spawn_unchecked_::{{closure}}::h53c3a1894dce8407
[INFO] [stdout]                                at /rustc/6067b36314ab5eb2eb47cecc464545ba58e1ad24/library/std/src/thread/mod.rs:557:30
[INFO] [stdout]   40:     0x62093f9cdcda - core::ops::function::FnOnce::call_once{{vtable.shim}}::h048ce291ad4f62bf
[INFO] [stdout]                                at /rustc/6067b36314ab5eb2eb47cecc464545ba58e1ad24/library/core/src/ops/function.rs:250:5
[INFO] [stdout]   41:     0x62093fd2dd8b - <alloc::boxed::Box<F,A> as core::ops::function::FnOnce<Args>>::call_once::ha52bedf99a3b4981
[INFO] [stdout]                                at /rustc/6067b36314ab5eb2eb47cecc464545ba58e1ad24/library/alloc/src/boxed.rs:2013:9
[INFO] [stdout]   42:     0x62093fd2dd8b - <alloc::boxed::Box<F,A> as core::ops::function::FnOnce<Args>>::call_once::h567748934d80ccf8
[INFO] [stdout]                                at /rustc/6067b36314ab5eb2eb47cecc464545ba58e1ad24/library/alloc/src/boxed.rs:2013:9
[INFO] [stdout]   43:     0x62093fd2dd8b - std::sys::pal::unix::thread::Thread::new::thread_start::h2d970728ae887adc
[INFO] [stdout]                                at /rustc/6067b36314ab5eb2eb47cecc464545ba58e1ad24/library/std/src/sys/pal/unix/thread.rs:106:17
[INFO] [stdout]   44:     0x71325bb56ac3 - <unknown>
[INFO] [stdout]   45:     0x71325bbe7a04 - clone
[INFO] [stdout]   46:                0x0 - <unknown>
[INFO] [stdout] 
[INFO] [stdout] ---- wallets::test::test_wallets stdout ----
[INFO] [stdout] 
[INFO] [stdout] thread 'wallets::test::test_wallets' panicked at src/wallets.rs:143:37:
[INFO] [stdout] called `Result::unwrap()` on an `Err` value: Io(Os { code: 30, kind: ReadOnlyFilesystem, message: "Read-only file system" })
[INFO] [stdout] 
[INFO] [stdout]    0: failure::backtrace::internal::InternalBacktrace::new
[INFO] [stdout]              at /opt/rustwide/cargo-home/registry/src/index.crates.io-1949cf8c6b5b557f/failure-0.1.8/src/backtrace/internal.rs:46:44
[INFO] [stdout]    1: failure::backtrace::Backtrace::new
[INFO] [stdout]              at /opt/rustwide/cargo-home/registry/src/index.crates.io-1949cf8c6b5b557f/failure-0.1.8/src/backtrace/mod.rs:121:35
[INFO] [stdout]    2: <failure::error::error_impl::ErrorImpl as core::convert::From<F>>::from
[INFO] [stdout]              at /opt/rustwide/cargo-home/registry/src/index.crates.io-1949cf8c6b5b557f/failure-0.1.8/src/error/error_impl.rs:19:17
[INFO] [stdout]    3: <failure::error::Error as core::convert::From<F>>::from
[INFO] [stdout]              at /opt/rustwide/cargo-home/registry/src/index.crates.io-1949cf8c6b5b557f/failure-0.1.8/src/error/mod.rs:36:18
[INFO] [stdout]    4: <core::result::Result<T,F> as core::ops::try_trait::FromResidual<core::result::Result<core::convert::Infallible,E>>>::from_residual
[INFO] [stdout]              at /rustc/6067b36314ab5eb2eb47cecc464545ba58e1ad24/library/core/src/result.rs:2014:27
[INFO] [stdout]    5: copenBlockchain::wallets::Wallets::new
[INFO] [stdout]              at /opt/rustwide/workdir/src/wallets.rs:73:18
[INFO] [stdout]    6: copenBlockchain::wallets::test::test_wallets
[INFO] [stdout]              at /opt/rustwide/workdir/src/wallets.rs:143:22
[INFO] [stdout]    7: copenBlockchain::wallets::test::test_wallets::{{closure}}
[INFO] [stdout]              at /opt/rustwide/workdir/src/wallets.rs:142:22
[INFO] [stdout]    8: core::ops::function::FnOnce::call_once
[INFO] [stdout]              at /rustc/6067b36314ab5eb2eb47cecc464545ba58e1ad24/library/core/src/ops/function.rs:250:5
[INFO] [stdout]    9: core::ops::function::FnOnce::call_once
[INFO] [stdout]              at /rustc/6067b36314ab5eb2eb47cecc464545ba58e1ad24/library/core/src/ops/function.rs:250:5
[INFO] [stdout]       test::__rust_begin_short_backtrace
[INFO] [stdout]              at /rustc/6067b36314ab5eb2eb47cecc464545ba58e1ad24/library/test/src/lib.rs:632:18
[INFO] [stdout]   10: test::run_test_in_process::{{closure}}
[INFO] [stdout]              at /rustc/6067b36314ab5eb2eb47cecc464545ba58e1ad24/library/test/src/lib.rs:655:60
[INFO] [stdout]       <core::panic::unwind_safe::AssertUnwindSafe<F> as core::ops::function::FnOnce<()>>::call_once
[INFO] [stdout]              at /rustc/6067b36314ab5eb2eb47cecc464545ba58e1ad24/library/core/src/panic/unwind_safe.rs:272:9
[INFO] [stdout]       std::panicking::try::do_call
[INFO] [stdout]              at /rustc/6067b36314ab5eb2eb47cecc464545ba58e1ad24/library/std/src/panicking.rs:587:40
[INFO] [stdout]       std::panicking::try
[INFO] [stdout]              at /rustc/6067b36314ab5eb2eb47cecc464545ba58e1ad24/library/std/src/panicking.rs:550:19
[INFO] [stdout]       std::panic::catch_unwind
[INFO] [stdout]              at /rustc/6067b36314ab5eb2eb47cecc464545ba58e1ad24/library/std/src/panic.rs:358:14
[INFO] [stdout]       test::run_test_in_process
[INFO] [stdout]              at /rustc/6067b36314ab5eb2eb47cecc464545ba58e1ad24/library/test/src/lib.rs:655:27
[INFO] [stdout]       test::run_test::{{closure}}
[INFO] [stdout]              at /rustc/6067b36314ab5eb2eb47cecc464545ba58e1ad24/library/test/src/lib.rs:576:43
[INFO] [stdout]   11: test::run_test::{{closure}}
[INFO] [stdout]              at /rustc/6067b36314ab5eb2eb47cecc464545ba58e1ad24/library/test/src/lib.rs:606:41
[INFO] [stdout]       std::sys::backtrace::__rust_begin_short_backtrace
[INFO] [stdout]              at /rustc/6067b36314ab5eb2eb47cecc464545ba58e1ad24/library/std/src/sys/backtrace.rs:152:18
[INFO] [stdout]   12: std::thread::Builder::spawn_unchecked_::{{closure}}::{{closure}}
[INFO] [stdout]              at /rustc/6067b36314ab5eb2eb47cecc464545ba58e1ad24/library/std/src/thread/mod.rs:559:17
[INFO] [stdout]       <core::panic::unwind_safe::AssertUnwindSafe<F> as core::ops::function::FnOnce<()>>::call_once
[INFO] [stdout]              at /rustc/6067b36314ab5eb2eb47cecc464545ba58e1ad24/library/core/src/panic/unwind_safe.rs:272:9
[INFO] [stdout]       std::panicking::try::do_call
[INFO] [stdout]              at /rustc/6067b36314ab5eb2eb47cecc464545ba58e1ad24/library/std/src/panicking.rs:587:40
[INFO] [stdout]       std::panicking::try
[INFO] [stdout]              at /rustc/6067b36314ab5eb2eb47cecc464545ba58e1ad24/library/std/src/panicking.rs:550:19
[INFO] [stdout]       std::panic::catch_unwind
[INFO] [stdout]              at /rustc/6067b36314ab5eb2eb47cecc464545ba58e1ad24/library/std/src/panic.rs:358:14
[INFO] [stdout]       std::thread::Builder::spawn_unchecked_::{{closure}}
[INFO] [stdout]              at /rustc/6067b36314ab5eb2eb47cecc464545ba58e1ad24/library/std/src/thread/mod.rs:557:30
[INFO] [stdout]       core::ops::function::FnOnce::call_once{{vtable.shim}}
[INFO] [stdout]              at /rustc/6067b36314ab5eb2eb47cecc464545ba58e1ad24/library/core/src/ops/function.rs:250:5
[INFO] [stdout]   13: <alloc::boxed::Box<F,A> as core::ops::function::FnOnce<Args>>::call_once
[INFO] [stdout]              at /rustc/6067b36314ab5eb2eb47cecc464545ba58e1ad24/library/alloc/src/boxed.rs:2013:9
[INFO] [stdout]       <alloc::boxed::Box<F,A> as core::ops::function::FnOnce<Args>>::call_once
[INFO] [stdout]              at /rustc/6067b36314ab5eb2eb47cecc464545ba58e1ad24/library/alloc/src/boxed.rs:2013:9
[INFO] [stdout]       std::sys::pal::unix::thread::Thread::new::thread_start
[INFO] [stdout]              at /rustc/6067b36314ab5eb2eb47cecc464545ba58e1ad24/library/std/src/sys/pal/unix/thread.rs:106:17
[INFO] [stdout]   14: <unknown>
[INFO] [stdout]   15: clone
[INFO] [stdout] 
[INFO] [stdout] stack backtrace:
[INFO] [stdout]    0:     0x62093fd26aaa - std::backtrace_rs::backtrace::libunwind::trace::hb059275cfc8d6126
[INFO] [stdout]                                at /rustc/6067b36314ab5eb2eb47cecc464545ba58e1ad24/library/std/src/../../backtrace/src/backtrace/libunwind.rs:116:5
[INFO] [stdout]    1:     0x62093fd26aaa - std::backtrace_rs::backtrace::trace_unsynchronized::h2da071e4327ce3ee
[INFO] [stdout]                                at /rustc/6067b36314ab5eb2eb47cecc464545ba58e1ad24/library/std/src/../../backtrace/src/backtrace/mod.rs:66:5
[INFO] [stdout]    2:     0x62093fd26aaa - std::sys::backtrace::_print_fmt::h842a1474e6f8d23f
[INFO] [stdout]                                at /rustc/6067b36314ab5eb2eb47cecc464545ba58e1ad24/library/std/src/sys/backtrace.rs:66:9
[INFO] [stdout]    3:     0x62093fd26aaa - <std::sys::backtrace::BacktraceLock::print::DisplayBacktrace as core::fmt::Display>::fmt::h71a62eb3b9696b12
[INFO] [stdout]                                at /rustc/6067b36314ab5eb2eb47cecc464545ba58e1ad24/library/std/src/sys/backtrace.rs:39:26
[INFO] [stdout]    4:     0x62093fd50833 - core::fmt::rt::Argument::fmt::hdb6b616786b41dc1
[INFO] [stdout]                                at /rustc/6067b36314ab5eb2eb47cecc464545ba58e1ad24/library/core/src/fmt/rt.rs:177:76
[INFO] [stdout]    5:     0x62093fd50833 - core::fmt::write::h2cc1698af7e2d686
[INFO] [stdout]                                at /rustc/6067b36314ab5eb2eb47cecc464545ba58e1ad24/library/core/src/fmt/mod.rs:1440:21
[INFO] [stdout]    6:     0x62093fd22bc3 - std::io::Write::write_fmt::hab1b4cd059a79022
[INFO] [stdout]                                at /rustc/6067b36314ab5eb2eb47cecc464545ba58e1ad24/library/std/src/io/mod.rs:1887:15
[INFO] [stdout]    7:     0x62093fd268f2 - std::sys::backtrace::BacktraceLock::print::h147fe35b4ea13b08
[INFO] [stdout]                                at /rustc/6067b36314ab5eb2eb47cecc464545ba58e1ad24/library/std/src/sys/backtrace.rs:42:9
[INFO] [stdout]    8:     0x62093fd27ecf - std::panicking::default_hook::{{closure}}::hbd44223dbdc0d208
[INFO] [stdout]                                at /rustc/6067b36314ab5eb2eb47cecc464545ba58e1ad24/library/std/src/panicking.rs:298:22
[INFO] [stdout]    9:     0x62093fd27ce8 - std::panicking::default_hook::h20f81eb0576efcec
[INFO] [stdout]                                at /rustc/6067b36314ab5eb2eb47cecc464545ba58e1ad24/library/std/src/panicking.rs:322:9
[INFO] [stdout]   10:     0x62093fa02c83 - <alloc::boxed::Box<F,A> as core::ops::function::Fn<Args>>::call::hdb53814c496a4d34
[INFO] [stdout]                                at /rustc/6067b36314ab5eb2eb47cecc464545ba58e1ad24/library/alloc/src/boxed.rs:2027:9
[INFO] [stdout]   11:     0x62093fa02c83 - test::test_main::{{closure}}::hc0a4963c59427c24
[INFO] [stdout]                                at /rustc/6067b36314ab5eb2eb47cecc464545ba58e1ad24/library/test/src/lib.rs:134:21
[INFO] [stdout]   12:     0x62093fd289c3 - <alloc::boxed::Box<F,A> as core::ops::function::Fn<Args>>::call::h591b2225413a77e9
[INFO] [stdout]                                at /rustc/6067b36314ab5eb2eb47cecc464545ba58e1ad24/library/alloc/src/boxed.rs:2027:9
[INFO] [stdout]   13:     0x62093fd289c3 - std::panicking::rust_panic_with_hook::h625eea43051b2edc
[INFO] [stdout]                                at /rustc/6067b36314ab5eb2eb47cecc464545ba58e1ad24/library/std/src/panicking.rs:839:13
[INFO] [stdout]   14:     0x62093fd2867a - std::panicking::begin_panic_handler::{{closure}}::h4f9159cfbc3f6bd3
[INFO] [stdout]                                at /rustc/6067b36314ab5eb2eb47cecc464545ba58e1ad24/library/std/src/panicking.rs:704:13
[INFO] [stdout]   15:     0x62093fd26fa9 - std::sys::backtrace::__rust_end_short_backtrace::h0390abce48353151
[INFO] [stdout]                                at /rustc/6067b36314ab5eb2eb47cecc464545ba58e1ad24/library/std/src/sys/backtrace.rs:168:18
[INFO] [stdout]   16:     0x62093fd2830d - rust_begin_unwind
[INFO] [stdout]                                at /rustc/6067b36314ab5eb2eb47cecc464545ba58e1ad24/library/std/src/panicking.rs:695:5
[INFO] [stdout]   17:     0x62093fd4e980 - core::panicking::panic_fmt::h9e7c637e9e5f29c9
[INFO] [stdout]                                at /rustc/6067b36314ab5eb2eb47cecc464545ba58e1ad24/library/core/src/panicking.rs:75:14
[INFO] [stdout]   18:     0x62093fd4edf6 - core::result::unwrap_failed::h7979f09313fe1849
[INFO] [stdout]                                at /rustc/6067b36314ab5eb2eb47cecc464545ba58e1ad24/library/core/src/result.rs:1704:5
[INFO] [stdout]   19:     0x62093f9c7780 - core::result::Result<T,E>::unwrap::h79d88399d35eef5c
[INFO] [stdout]                                at /rustc/6067b36314ab5eb2eb47cecc464545ba58e1ad24/library/core/src/result.rs:1109:23
[INFO] [stdout]   20:     0x62093f9c7780 - copenBlockchain::wallets::test::test_wallets::h64affb994242a488
[INFO] [stdout]                                at /opt/rustwide/workdir/src/wallets.rs:143:22
[INFO] [stdout]   21:     0x62093f9c76e7 - copenBlockchain::wallets::test::test_wallets::{{closure}}::h0c977e841eea40d5
[INFO] [stdout]                                at /opt/rustwide/workdir/src/wallets.rs:142:22
[INFO] [stdout]   22:     0x62093f9b15d6 - core::ops::function::FnOnce::call_once::h12bc9cc038ea8b2d
[INFO] [stdout]                                at /rustc/6067b36314ab5eb2eb47cecc464545ba58e1ad24/library/core/src/ops/function.rs:250:5
[INFO] [stdout]   23:     0x62093fa083db - core::ops::function::FnOnce::call_once::he27718dfdd183f43
[INFO] [stdout]                                at /rustc/6067b36314ab5eb2eb47cecc464545ba58e1ad24/library/core/src/ops/function.rs:250:5
[INFO] [stdout]   24:     0x62093fa083db - test::__rust_begin_short_backtrace::h4e84902998457a5d
[INFO] [stdout]                                at /rustc/6067b36314ab5eb2eb47cecc464545ba58e1ad24/library/test/src/lib.rs:632:18
[INFO] [stdout]   25:     0x62093fa07313 - test::run_test_in_process::{{closure}}::h7176fd18fc1feca0
[INFO] [stdout]                                at /rustc/6067b36314ab5eb2eb47cecc464545ba58e1ad24/library/test/src/lib.rs:655:60
[INFO] [stdout]   26:     0x62093fa07313 - <core::panic::unwind_safe::AssertUnwindSafe<F> as core::ops::function::FnOnce<()>>::call_once::hf79cff2a624d8cf7
[INFO] [stdout]                                at /rustc/6067b36314ab5eb2eb47cecc464545ba58e1ad24/library/core/src/panic/unwind_safe.rs:272:9
[INFO] [stdout]   27:     0x62093fa07313 - std::panicking::try::do_call::h3da0561d9ab99c25
[INFO] [stdout]                                at /rustc/6067b36314ab5eb2eb47cecc464545ba58e1ad24/library/std/src/panicking.rs:587:40
[INFO] [stdout]   28:     0x62093fa07313 - std::panicking::try::h41c9fa508bc61df6
[INFO] [stdout]                                at /rustc/6067b36314ab5eb2eb47cecc464545ba58e1ad24/library/std/src/panicking.rs:550:19
[INFO] [stdout]   29:     0x62093fa07313 - std::panic::catch_unwind::h6b3ff07bb5afad93
[INFO] [stdout]                                at /rustc/6067b36314ab5eb2eb47cecc464545ba58e1ad24/library/std/src/panic.rs:358:14
[INFO] [stdout]   30:     0x62093fa07313 - test::run_test_in_process::hc7253dd11b39b9f4
[INFO] [stdout]                                at /rustc/6067b36314ab5eb2eb47cecc464545ba58e1ad24/library/test/src/lib.rs:655:27
[INFO] [stdout]   31:     0x62093fa07313 - test::run_test::{{closure}}::hfb2007f8649c30bb
[INFO] [stdout]                                at /rustc/6067b36314ab5eb2eb47cecc464545ba58e1ad24/library/test/src/lib.rs:576:43
[INFO] [stdout]   32:     0x62093f9ca3f5 - test::run_test::{{closure}}::h56a17aa7a282a9f4
[INFO] [stdout]                                at /rustc/6067b36314ab5eb2eb47cecc464545ba58e1ad24/library/test/src/lib.rs:606:41
[INFO] [stdout]   33:     0x62093f9ca3f5 - std::sys::backtrace::__rust_begin_short_backtrace::hd2d2d2fb8e8c6aac
[INFO] [stdout]                                at /rustc/6067b36314ab5eb2eb47cecc464545ba58e1ad24/library/std/src/sys/backtrace.rs:152:18
[INFO] [stdout]   34:     0x62093f9cdcda - std::thread::Builder::spawn_unchecked_::{{closure}}::{{closure}}::h4faa3f9db6133423
[INFO] [stdout]                                at /rustc/6067b36314ab5eb2eb47cecc464545ba58e1ad24/library/std/src/thread/mod.rs:559:17
[INFO] [stdout]   35:     0x62093f9cdcda - <core::panic::unwind_safe::AssertUnwindSafe<F> as core::ops::function::FnOnce<()>>::call_once::hf2e855a36a4ea846
[INFO] [stdout]                                at /rustc/6067b36314ab5eb2eb47cecc464545ba58e1ad24/library/core/src/panic/unwind_safe.rs:272:9
[INFO] [stdout]   36:     0x62093f9cdcda - std::panicking::try::do_call::h2f73af3616c35465
[INFO] [stdout]                                at /rustc/6067b36314ab5eb2eb47cecc464545ba58e1ad24/library/std/src/panicking.rs:587:40
[INFO] [stdout]   37:     0x62093f9cdcda - std::panicking::try::hd1660ce9efadef5a
[INFO] [stdout]                                at /rustc/6067b36314ab5eb2eb47cecc464545ba58e1ad24/library/std/src/panicking.rs:550:19
[INFO] [stdout]   38:     0x62093f9cdcda - std::panic::catch_unwind::h5ee8d7823b8ca744
[INFO] [stdout]                                at /rustc/6067b36314ab5eb2eb47cecc464545ba58e1ad24/library/std/src/panic.rs:358:14
[INFO] [stdout]   39:     0x62093f9cdcda - std::thread::Builder::spawn_unchecked_::{{closure}}::h53c3a1894dce8407
[INFO] [stdout]                                at /rustc/6067b36314ab5eb2eb47cecc464545ba58e1ad24/library/std/src/thread/mod.rs:557:30
[INFO] [stdout]   40:     0x62093f9cdcda - core::ops::function::FnOnce::call_once{{vtable.shim}}::h048ce291ad4f62bf
[INFO] [stdout]                                at /rustc/6067b36314ab5eb2eb47cecc464545ba58e1ad24/library/core/src/ops/function.rs:250:5
[INFO] [stdout]   41:     0x62093fd2dd8b - <alloc::boxed::Box<F,A> as core::ops::function::FnOnce<Args>>::call_once::ha52bedf99a3b4981
[INFO] [stdout]                                at /rustc/6067b36314ab5eb2eb47cecc464545ba58e1ad24/library/alloc/src/boxed.rs:2013:9
[INFO] [stdout]   42:     0x62093fd2dd8b - <alloc::boxed::Box<F,A> as core::ops::function::FnOnce<Args>>::call_once::h567748934d80ccf8
[INFO] [stdout]                                at /rustc/6067b36314ab5eb2eb47cecc464545ba58e1ad24/library/alloc/src/boxed.rs:2013:9
[INFO] [stdout]   43:     0x62093fd2dd8b - std::sys::pal::unix::thread::Thread::new::thread_start::h2d970728ae887adc
[INFO] [stdout]                                at /rustc/6067b36314ab5eb2eb47cecc464545ba58e1ad24/library/std/src/sys/pal/unix/thread.rs:106:17
[INFO] [stdout]   44:     0x71325bb56ac3 - <unknown>
[INFO] [stdout]   45:     0x71325bbe7a04 - clone
[INFO] [stdout]   46:                0x0 - <unknown>
[INFO] [stdout] 
[INFO] [stdout] ---- server::test::test_cmd stdout ----
[INFO] [stdout] 
[INFO] [stdout] thread 'server::test::test_cmd' panicked at src/server.rs:555:37:
[INFO] [stdout] called `Result::unwrap()` on an `Err` value: Io(Os { code: 30, kind: ReadOnlyFilesystem, message: "Read-only file system" })
[INFO] [stdout] 
[INFO] [stdout]    0: failure::backtrace::internal::InternalBacktrace::new
[INFO] [stdout]              at /opt/rustwide/cargo-home/registry/src/index.crates.io-1949cf8c6b5b557f/failure-0.1.8/src/backtrace/internal.rs:46:44
[INFO] [stdout]    1: failure::backtrace::Backtrace::new
[INFO] [stdout]              at /opt/rustwide/cargo-home/registry/src/index.crates.io-1949cf8c6b5b557f/failure-0.1.8/src/backtrace/mod.rs:121:35
[INFO] [stdout]    2: <failure::error::error_impl::ErrorImpl as core::convert::From<F>>::from
[INFO] [stdout]              at /opt/rustwide/cargo-home/registry/src/index.crates.io-1949cf8c6b5b557f/failure-0.1.8/src/error/error_impl.rs:19:17
[INFO] [stdout]    3: <failure::error::Error as core::convert::From<F>>::from
[INFO] [stdout]              at /opt/rustwide/cargo-home/registry/src/index.crates.io-1949cf8c6b5b557f/failure-0.1.8/src/error/mod.rs:36:18
[INFO] [stdout]    4: <core::result::Result<T,F> as core::ops::try_trait::FromResidual<core::result::Result<core::convert::Infallible,E>>>::from_residual
[INFO] [stdout]              at /rustc/6067b36314ab5eb2eb47cecc464545ba58e1ad24/library/core/src/result.rs:2014:27
[INFO] [stdout]    5: copenBlockchain::wallets::Wallets::new
[INFO] [stdout]              at /opt/rustwide/workdir/src/wallets.rs:73:18
[INFO] [stdout]    6: copenBlockchain::server::test::test_cmd
[INFO] [stdout]              at /opt/rustwide/workdir/src/server.rs:555:22
[INFO] [stdout]    7: copenBlockchain::server::test::test_cmd::{{closure}}
[INFO] [stdout]              at /opt/rustwide/workdir/src/server.rs:554:18
[INFO] [stdout]    8: core::ops::function::FnOnce::call_once
[INFO] [stdout]              at /rustc/6067b36314ab5eb2eb47cecc464545ba58e1ad24/library/core/src/ops/function.rs:250:5
[INFO] [stdout]    9: core::ops::function::FnOnce::call_once
[INFO] [stdout]              at /rustc/6067b36314ab5eb2eb47cecc464545ba58e1ad24/library/core/src/ops/function.rs:250:5
[INFO] [stdout]       test::__rust_begin_short_backtrace
[INFO] [stdout]              at /rustc/6067b36314ab5eb2eb47cecc464545ba58e1ad24/library/test/src/lib.rs:632:18
[INFO] [stdout]   10: test::run_test_in_process::{{closure}}
[INFO] [stdout]              at /rustc/6067b36314ab5eb2eb47cecc464545ba58e1ad24/library/test/src/lib.rs:655:60
[INFO] [stdout]       <core::panic::unwind_safe::AssertUnwindSafe<F> as core::ops::function::FnOnce<()>>::call_once
[INFO] [stdout]              at /rustc/6067b36314ab5eb2eb47cecc464545ba58e1ad24/library/core/src/panic/unwind_safe.rs:272:9
[INFO] [stdout]       std::panicking::try::do_call
[INFO] [stdout]              at /rustc/6067b36314ab5eb2eb47cecc464545ba58e1ad24/library/std/src/panicking.rs:587:40
[INFO] [stdout]       std::panicking::try
[INFO] [stdout]              at /rustc/6067b36314ab5eb2eb47cecc464545ba58e1ad24/library/std/src/panicking.rs:550:19
[INFO] [stdout]       std::panic::catch_unwind
[INFO] [stdout]              at /rustc/6067b36314ab5eb2eb47cecc464545ba58e1ad24/library/std/src/panic.rs:358:14
[INFO] [stdout]       test::run_test_in_process
[INFO] [stdout]              at /rustc/6067b36314ab5eb2eb47cecc464545ba58e1ad24/library/test/src/lib.rs:655:27
[INFO] [stdout]       test::run_test::{{closure}}
[INFO] [stdout]              at /rustc/6067b36314ab5eb2eb47cecc464545ba58e1ad24/library/test/src/lib.rs:576:43
[INFO] [stdout]   11: test::run_test::{{closure}}
[INFO] [stdout]              at /rustc/6067b36314ab5eb2eb47cecc464545ba58e1ad24/library/test/src/lib.rs:606:41
[INFO] [stdout]       std::sys::backtrace::__rust_begin_short_backtrace
[INFO] [stdout]              at /rustc/6067b36314ab5eb2eb47cecc464545ba58e1ad24/library/std/src/sys/backtrace.rs:152:18
[INFO] [stdout]   12: std::thread::Builder::spawn_unchecked_::{{closure}}::{{closure}}
[INFO] [stdout]              at /rustc/6067b36314ab5eb2eb47cecc464545ba58e1ad24/library/std/src/thread/mod.rs:559:17
[INFO] [stdout]       <core::panic::unwind_safe::AssertUnwindSafe<F> as core::ops::function::FnOnce<()>>::call_once
[INFO] [stdout]              at /rustc/6067b36314ab5eb2eb47cecc464545ba58e1ad24/library/core/src/panic/unwind_safe.rs:272:9
[INFO] [stdout]       std::panicking::try::do_call
[INFO] [stdout]              at /rustc/6067b36314ab5eb2eb47cecc464545ba58e1ad24/library/std/src/panicking.rs:587:40
[INFO] [stdout]       std::panicking::try
[INFO] [stdout]              at /rustc/6067b36314ab5eb2eb47cecc464545ba58e1ad24/library/std/src/panicking.rs:550:19
[INFO] [stdout]       std::panic::catch_unwind
[INFO] [stdout]              at /rustc/6067b36314ab5eb2eb47cecc464545ba58e1ad24/library/std/src/panic.rs:358:14
[INFO] [stdout]       std::thread::Builder::spawn_unchecked_::{{closure}}
[INFO] [stdout]              at /rustc/6067b36314ab5eb2eb47cecc464545ba58e1ad24/library/std/src/thread/mod.rs:557:30
[INFO] [stdout]       core::ops::function::FnOnce::call_once{{vtable.shim}}
[INFO] [stdout]              at /rustc/6067b36314ab5eb2eb47cecc464545ba58e1ad24/library/core/src/ops/function.rs:250:5
[INFO] [stdout]   13: <alloc::boxed::Box<F,A> as core::ops::function::FnOnce<Args>>::call_once
[INFO] [stdout]              at /rustc/6067b36314ab5eb2eb47cecc464545ba58e1ad24/library/alloc/src/boxed.rs:2013:9
[INFO] [stdout]       <alloc::boxed::Box<F,A> as core::ops::function::FnOnce<Args>>::call_once
[INFO] [stdout]              at /rustc/6067b36314ab5eb2eb47cecc464545ba58e1ad24/library/alloc/src/boxed.rs:2013:9
[INFO] [stdout]       std::sys::pal::unix::thread::Thread::new::thread_start
[INFO] [stdout]              at /rustc/6067b36314ab5eb2eb47cecc464545ba58e1ad24/library/std/src/sys/pal/unix/thread.rs:106:17
[INFO] [stdout]   14: <unknown>
[INFO] [stdout]   15: clone
[INFO] [stdout] 
[INFO] [stdout] stack backtrace:
[INFO] [stdout]    0:     0x62093fd26aaa - std::backtrace_rs::backtrace::libunwind::trace::hb059275cfc8d6126
[INFO] [stdout]                                at /rustc/6067b36314ab5eb2eb47cecc464545ba58e1ad24/library/std/src/../../backtrace/src/backtrace/libunwind.rs:116:5
[INFO] [stdout]    1:     0x62093fd26aaa - std::backtrace_rs::backtrace::trace_unsynchronized::h2da071e4327ce3ee
[INFO] [stdout]                                at /rustc/6067b36314ab5eb2eb47cecc464545ba58e1ad24/library/std/src/../../backtrace/src/backtrace/mod.rs:66:5
[INFO] [stdout]    2:     0x62093fd26aaa - std::sys::backtrace::_print_fmt::h842a1474e6f8d23f
[INFO] [stdout]                                at /rustc/6067b36314ab5eb2eb47cecc464545ba58e1ad24/library/std/src/sys/backtrace.rs:66:9
[INFO] [stdout]    3:     0x62093fd26aaa - <std::sys::backtrace::BacktraceLock::print::DisplayBacktrace as core::fmt::Display>::fmt::h71a62eb3b9696b12
[INFO] [stdout]                                at /rustc/6067b36314ab5eb2eb47cecc464545ba58e1ad24/library/std/src/sys/backtrace.rs:39:26
[INFO] [stdout]    4:     0x62093fd50833 - core::fmt::rt::Argument::fmt::hdb6b616786b41dc1
[INFO] [stdout]                                at /rustc/6067b36314ab5eb2eb47cecc464545ba58e1ad24/library/core/src/fmt/rt.rs:177:76
[INFO] [stdout]    5:     0x62093fd50833 - core::fmt::write::h2cc1698af7e2d686
[INFO] [stdout]                                at /rustc/6067b36314ab5eb2eb47cecc464545ba58e1ad24/library/core/src/fmt/mod.rs:1440:21
[INFO] [stdout]    6:     0x62093fd22bc3 - std::io::Write::write_fmt::hab1b4cd059a79022
[INFO] [stdout]                                at /rustc/6067b36314ab5eb2eb47cecc464545ba58e1ad24/library/std/src/io/mod.rs:1887:15
[INFO] [stdout]    7:     0x62093fd268f2 - std::sys::backtrace::BacktraceLock::print::h147fe35b4ea13b08
[INFO] [stdout]                                at /rustc/6067b36314ab5eb2eb47cecc464545ba58e1ad24/library/std/src/sys/backtrace.rs:42:9
[INFO] [stdout]    8:     0x62093fd27ecf - std::panicking::default_hook::{{closure}}::hbd44223dbdc0d208
[INFO] [stdout]                                at /rustc/6067b36314ab5eb2eb47cecc464545ba58e1ad24/library/std/src/panicking.rs:298:22
[INFO] [stdout]    9:     0x62093fd27ce8 - std::panicking::default_hook::h20f81eb0576efcec
[INFO] [stdout]                                at /rustc/6067b36314ab5eb2eb47cecc464545ba58e1ad24/library/std/src/panicking.rs:322:9
[INFO] [stdout]   10:     0x62093fa02c83 - <alloc::boxed::Box<F,A> as core::ops::function::Fn<Args>>::call::hdb53814c496a4d34
[INFO] [stdout]                                at /rustc/6067b36314ab5eb2eb47cecc464545ba58e1ad24/library/alloc/src/boxed.rs:2027:9
[INFO] [stdout]   11:     0x62093fa02c83 - test::test_main::{{closure}}::hc0a4963c59427c24
[INFO] [stdout]                                at /rustc/6067b36314ab5eb2eb47cecc464545ba58e1ad24/library/test/src/lib.rs:134:21
[INFO] [stdout]   12:     0x62093fd289c3 - <alloc::boxed::Box<F,A> as core::ops::function::Fn<Args>>::call::h591b2225413a77e9
[INFO] [stdout]                                at /rustc/6067b36314ab5eb2eb47cecc464545ba58e1ad24/library/alloc/src/boxed.rs:2027:9
[INFO] [stdout]   13:     0x62093fd289c3 - std::panicking::rust_panic_with_hook::h625eea43051b2edc
[INFO] [stdout]                                at /rustc/6067b36314ab5eb2eb47cecc464545ba58e1ad24/library/std/src/panicking.rs:839:13
[INFO] [stdout]   14:     0x62093fd2867a - std::panicking::begin_panic_handler::{{closure}}::h4f9159cfbc3f6bd3
[INFO] [stdout]                                at /rustc/6067b36314ab5eb2eb47cecc464545ba58e1ad24/library/std/src/panicking.rs:704:13
[INFO] [stdout]   15:     0x62093fd26fa9 - std::sys::backtrace::__rust_end_short_backtrace::h0390abce48353151
[INFO] [stdout]                                at /rustc/6067b36314ab5eb2eb47cecc464545ba58e1ad24/library/std/src/sys/backtrace.rs:168:18
[INFO] [stdout]   16:     0x62093fd2830d - rust_begin_unwind
[INFO] [stdout]                                at /rustc/6067b36314ab5eb2eb47cecc464545ba58e1ad24/library/std/src/panicking.rs:695:5
[INFO] [stdout]   17:     0x62093fd4e980 - core::panicking::panic_fmt::h9e7c637e9e5f29c9
[INFO] [stdout]                                at /rustc/6067b36314ab5eb2eb47cecc464545ba58e1ad24/library/core/src/panicking.rs:75:14
[INFO] [stdout]   18:     0x62093fd4edf6 - core::result::unwrap_failed::h7979f09313fe1849
[INFO] [stdout]                                at /rustc/6067b36314ab5eb2eb47cecc464545ba58e1ad24/library/core/src/result.rs:1704:5
[INFO] [stdout]   19:     0x62093f9c81a0 - core::result::Result<T,E>::unwrap::h79d88399d35eef5c
[INFO] [stdout]                                at /rustc/6067b36314ab5eb2eb47cecc464545ba58e1ad24/library/core/src/result.rs:1109:23
[INFO] [stdout]   20:     0x62093f9c81a0 - copenBlockchain::server::test::test_cmd::hbe4d5be2cf1411cf
[INFO] [stdout]                                at /opt/rustwide/workdir/src/server.rs:555:22
[INFO] [stdout]   21:     0x62093f9c8107 - copenBlockchain::server::test::test_cmd::{{closure}}::hc3791e01e2fa92c5
[INFO] [stdout]                                at /opt/rustwide/workdir/src/server.rs:554:18
[INFO] [stdout]   22:     0x62093f9b16e6 - core::ops::function::FnOnce::call_once::h84c153a974692ed4
[INFO] [stdout]                                at /rustc/6067b36314ab5eb2eb47cecc464545ba58e1ad24/library/core/src/ops/function.rs:250:5
[INFO] [stdout]   23:     0x62093fa083db - core::ops::function::FnOnce::call_once::he27718dfdd183f43
[INFO] [stdout]                                at /rustc/6067b36314ab5eb2eb47cecc464545ba58e1ad24/library/core/src/ops/function.rs:250:5
[INFO] [stdout]   24:     0x62093fa083db - test::__rust_begin_short_backtrace::h4e84902998457a5d
[INFO] [stdout]                                at /rustc/6067b36314ab5eb2eb47cecc464545ba58e1ad24/library/test/src/lib.rs:632:18
[INFO] [stdout]   25:     0x62093fa07313 - test::run_test_in_process::{{closure}}::h7176fd18fc1feca0
[INFO] [stdout]                                at /rustc/6067b36314ab5eb2eb47cecc464545ba58e1ad24/library/test/src/lib.rs:655:60
[INFO] [stdout]   26:     0x62093fa07313 - <core::panic::unwind_safe::AssertUnwindSafe<F> as core::ops::function::FnOnce<()>>::call_once::hf79cff2a624d8cf7
[INFO] [stdout]                                at /rustc/6067b36314ab5eb2eb47cecc464545ba58e1ad24/library/core/src/panic/unwind_safe.rs:272:9
[INFO] [stdout]   27:     0x62093fa07313 - std::panicking::try::do_call::h3da0561d9ab99c25
[INFO] [stdout]                                at /rustc/6067b36314ab5eb2eb47cecc464545ba58e1ad24/library/std/src/panicking.rs:587:40
[INFO] [stdout]   28:     0x62093fa07313 - std::panicking::try::h41c9fa508bc61df6
[INFO] [stdout]                                at /rustc/6067b36314ab5eb2eb47cecc464545ba58e1ad24/library/std/src/panicking.rs:550:19
[INFO] [stdout]   29:     0x62093fa07313 - std::panic::catch_unwind::h6b3ff07bb5afad93
[INFO] [stdout]                                at /rustc/6067b36314ab5eb2eb47cecc464545ba58e1ad24/library/std/src/panic.rs:358:14
[INFO] [stdout]   30:     0x62093fa07313 - test::run_test_in_process::hc7253dd11b39b9f4
[INFO] [stdout]                                at /rustc/6067b36314ab5eb2eb47cecc464545ba58e1ad24/library/test/src/lib.rs:655:27
[INFO] [stdout]   31:     0x62093fa07313 - test::run_test::{{closure}}::hfb2007f8649c30bb
[INFO] [stdout]                                at /rustc/6067b36314ab5eb2eb47cecc464545ba58e1ad24/library/test/src/lib.rs:576:43
[INFO] [stdout]   32:     0x62093f9ca3f5 - test::run_test::{{closure}}::h56a17aa7a282a9f4
[INFO] [stdout]                                at /rustc/6067b36314ab5eb2eb47cecc464545ba58e1ad24/library/test/src/lib.rs:606:41
[INFO] [stdout]   33:     0x62093f9ca3f5 - std::sys::backtrace::__rust_begin_short_backtrace::hd2d2d2fb8e8c6aac
[INFO] [stdout]                                at /rustc/6067b36314ab5eb2eb47cecc464545ba58e1ad24/library/std/src/sys/backtrace.rs:152:18
[INFO] [stdout]   34:     0x62093f9cdcda - std::thread::Builder::spawn_unchecked_::{{closure}}::{{closure}}::h4faa3f9db6133423
[INFO] [stdout]                                at /rustc/6067b36314ab5eb2eb47cecc464545ba58e1ad24/library/std/src/thread/mod.rs:559:17
[INFO] [stdout]   35:     0x62093f9cdcda - <core::panic::unwind_safe::AssertUnwindSafe<F> as core::ops::function::FnOnce<()>>::call_once::hf2e855a36a4ea846
[INFO] [stdout]                                at /rustc/6067b36314ab5eb2eb47cecc464545ba58e1ad24/library/core/src/panic/unwind_safe.rs:272:9
[INFO] [stdout]   36:     0x62093f9cdcda - std::panicking::try::do_call::h2f73af3616c35465
[INFO] [stdout]                                at /rustc/6067b36314ab5eb2eb47cecc464545ba58e1ad24/library/std/src/panicking.rs:587:40
[INFO] [stdout]   37:     0x62093f9cdcda - std::panicking::try::hd1660ce9efadef5a
[INFO] [stdout]                                at /rustc/6067b36314ab5eb2eb47cecc464545ba58e1ad24/library/std/src/panicking.rs:550:19
[INFO] [stdout]   38:     0x62093f9cdcda - std::panic::catch_unwind::h5ee8d7823b8ca744
[INFO] [stdout]                                at /rustc/6067b36314ab5eb2eb47cecc464545ba58e1ad24/library/std/src/panic.rs:358:14
[INFO] [stdout]   39:     0x62093f9cdcda - std::thread::Builder::spawn_unchecked_::{{closure}}::h53c3a1894dce8407
[INFO] [stdout]                                at /rustc/6067b36314ab5eb2eb47cecc464545ba58e1ad24/library/std/src/thread/mod.rs:557:30
[INFO] [stdout]   40:     0x62093f9cdcda - core::ops::function::FnOnce::call_once{{vtable.shim}}::h048ce291ad4f62bf
[INFO] [stdout]                                at /rustc/6067b36314ab5eb2eb47cecc464545ba58e1ad24/library/core/src/ops/function.rs:250:5
[INFO] [stdout]   41:     0x62093fd2dd8b - <alloc::boxed::Box<F,A> as core::ops::function::FnOnce<Args>>::call_once::ha52bedf99a3b4981
[INFO] [stdout]                                at /rustc/6067b36314ab5eb2eb47cecc464545ba58e1ad24/library/alloc/src/boxed.rs:2013:9
[INFO] [stdout]   42:     0x62093fd2dd8b - <alloc::boxed::Box<F,A> as core::ops::function::FnOnce<Args>>::call_once::h567748934d80ccf8
[INFO] [stdout]                                at /rustc/6067b36314ab5eb2eb47cecc464545ba58e1ad24/library/alloc/src/boxed.rs:2013:9
[INFO] [stdout]   43:     0x62093fd2dd8b - std::sys::pal::unix::thread::Thread::new::thread_start::h2d970728ae887adc
[INFO] [stdout]                                at /rustc/6067b36314ab5eb2eb47cecc464545ba58e1ad24/library/std/src/sys/pal/unix/thread.rs:106:17
[INFO] [stdout]   44:     0x71325bb56ac3 - <unknown>
[INFO] [stdout]   45:     0x71325bbe7a04 - clone
[INFO] [stdout]   46:                0x0 - <unknown>
[INFO] [stdout] 
[INFO] [stdout] 
[INFO] [stdout] failures:
[INFO] [stdout]     server::test::test_cmd
[INFO] [stdout]     transaction::test::test_signature
[INFO] [stdout]     wallets::test::test_wallets
[INFO] [stdout] 
[INFO] [stdout] test result: FAILED. 3 passed; 3 failed; 0 ignored; 0 measured; 0 filtered out; finished in 0.27s
[INFO] [stdout] 
[INFO] [stderr] error: test failed, to rerun pass `--bin copenBlockchain`
[INFO] running `Command { std: "docker" "inspect" "5086fcf9c023bc73afed9d49beeea05ecbba24738da353e8a53dac5fb7d4cc36", kill_on_drop: false }`
[INFO] running `Command { std: "docker" "rm" "-f" "5086fcf9c023bc73afed9d49beeea05ecbba24738da353e8a53dac5fb7d4cc36", kill_on_drop: false }`
[INFO] [stdout] 5086fcf9c023bc73afed9d49beeea05ecbba24738da353e8a53dac5fb7d4cc36
