[INFO] cloning repository https://github.com/Dmarcano/advent_of_code_2021_rs
[INFO] running `Command { std: "git" "-c" "credential.helper=" "-c" "credential.helper=/workspace/cargo-home/bin/git-credential-null" "clone" "--bare" "https://github.com/Dmarcano/advent_of_code_2021_rs" "/workspace/cache/git-repos/https%3A%2F%2Fgithub.com%2FDmarcano%2Fadvent_of_code_2021_rs", kill_on_drop: false }`
[INFO] [stderr] Cloning into bare repository '/workspace/cache/git-repos/https%3A%2F%2Fgithub.com%2FDmarcano%2Fadvent_of_code_2021_rs'...
[INFO] running `Command { std: "git" "rev-parse" "HEAD", kill_on_drop: false }`
[INFO] [stdout] 2e6aafe2c41eae438913377434b0f021a4ba2f1b
[INFO] testing Dmarcano/advent_of_code_2021_rs against nightly-2025-01-18 for randomize-layout-2
[INFO] running `Command { std: "git" "clone" "/workspace/cache/git-repos/https%3A%2F%2Fgithub.com%2FDmarcano%2Fadvent_of_code_2021_rs" "/workspace/builds/worker-5-tc1/source", kill_on_drop: false }`
[INFO] [stderr] Cloning into '/workspace/builds/worker-5-tc1/source'...
[INFO] [stderr] done.
[INFO] validating manifest of git repo https://github.com/Dmarcano/advent_of_code_2021_rs on toolchain nightly-2025-01-18
[INFO] running `Command { std: CARGO_HOME="/workspace/cargo-home" RUSTUP_HOME="/workspace/rustup-home" "/workspace/cargo-home/bin/cargo" "+nightly-2025-01-18" "metadata" "--manifest-path" "Cargo.toml" "--no-deps", kill_on_drop: false }`
[INFO] started tweaking git repo https://github.com/Dmarcano/advent_of_code_2021_rs
[INFO] finished tweaking git repo https://github.com/Dmarcano/advent_of_code_2021_rs
[INFO] tweaked toml for git repo https://github.com/Dmarcano/advent_of_code_2021_rs written to /workspace/builds/worker-5-tc1/source/Cargo.toml
[INFO] crate git repo https://github.com/Dmarcano/advent_of_code_2021_rs already has a lockfile, it will not be regenerated
[INFO] running `Command { std: CARGO_HOME="/workspace/cargo-home" RUSTUP_HOME="/workspace/rustup-home" "/workspace/cargo-home/bin/cargo" "+nightly-2025-01-18" "fetch" "--manifest-path" "Cargo.toml", kill_on_drop: false }`
[INFO] [stderr]  Downloading crates ...
[INFO] [stderr]   Downloaded hyper v0.14.15
[INFO] [stderr]   Downloaded reqwest v0.11.7
[INFO] [stderr]   Downloaded h2 v0.3.7
[INFO] running `Command { std: "docker" "create" "-v" "/var/lib/crater-agent-workspace/builds/worker-5-tc1/target:/opt/rustwide/target:rw,Z" "-v" "/var/lib/crater-agent-workspace/builds/worker-5-tc1/source:/opt/rustwide/workdir:ro,Z" "-v" "/var/lib/crater-agent-workspace/cargo-home:/opt/rustwide/cargo-home:ro,Z" "-v" "/var/lib/crater-agent-workspace/rustup-home:/opt/rustwide/rustup-home:ro,Z" "-e" "SOURCE_DIR=/opt/rustwide/workdir" "-e" "CARGO_TARGET_DIR=/opt/rustwide/target" "-e" "CARGO_HOME=/opt/rustwide/cargo-home" "-e" "RUSTUP_HOME=/opt/rustwide/rustup-home" "-w" "/opt/rustwide/workdir" "-m" "1610612736" "--user" "0:0" "--network" "none" "ghcr.io/rust-lang/crates-build-env/linux@sha256:819108c5571ea2e421544af4d832f968d213c87fbe3707a016657f43d2f853bc" "/opt/rustwide/cargo-home/bin/cargo" "+nightly-2025-01-18" "metadata" "--no-deps" "--format-version=1", kill_on_drop: false }`
[INFO] [stdout] 246ed963119822c37fe8d6eb1ba77ed6969a58c5875fd431815102440006b8f7
[INFO] running `Command { std: "docker" "start" "-a" "246ed963119822c37fe8d6eb1ba77ed6969a58c5875fd431815102440006b8f7", kill_on_drop: false }`
[INFO] running `Command { std: "docker" "inspect" "246ed963119822c37fe8d6eb1ba77ed6969a58c5875fd431815102440006b8f7", kill_on_drop: false }`
[INFO] running `Command { std: "docker" "rm" "-f" "246ed963119822c37fe8d6eb1ba77ed6969a58c5875fd431815102440006b8f7", kill_on_drop: false }`
[INFO] [stdout] 246ed963119822c37fe8d6eb1ba77ed6969a58c5875fd431815102440006b8f7
[INFO] running `Command { std: "docker" "create" "-v" "/var/lib/crater-agent-workspace/builds/worker-5-tc1/target:/opt/rustwide/target:rw,Z" "-v" "/var/lib/crater-agent-workspace/builds/worker-5-tc1/source:/opt/rustwide/workdir:ro,Z" "-v" "/var/lib/crater-agent-workspace/cargo-home:/opt/rustwide/cargo-home:ro,Z" "-v" "/var/lib/crater-agent-workspace/rustup-home:/opt/rustwide/rustup-home:ro,Z" "-e" "SOURCE_DIR=/opt/rustwide/workdir" "-e" "CARGO_TARGET_DIR=/opt/rustwide/target" "-e" "CARGO_INCREMENTAL=0" "-e" "RUST_BACKTRACE=full" "-e" "RUSTFLAGS=--cap-lints=forbid" "-e" "RUSTDOCFLAGS=--cap-lints=forbid" "-e" "CARGO_HOME=/opt/rustwide/cargo-home" "-e" "RUSTUP_HOME=/opt/rustwide/rustup-home" "-w" "/opt/rustwide/workdir" "-m" "1610612736" "--user" "0:0" "--network" "none" "ghcr.io/rust-lang/crates-build-env/linux@sha256:819108c5571ea2e421544af4d832f968d213c87fbe3707a016657f43d2f853bc" "/opt/rustwide/cargo-home/bin/cargo" "+nightly-2025-01-18" "build" "--frozen" "--message-format=json", kill_on_drop: false }`
[INFO] [stdout] 98996f9f9d5bdd7b35f5964519009ef74cb22d41a703b328040e967e732843d4
[INFO] running `Command { std: "docker" "start" "-a" "98996f9f9d5bdd7b35f5964519009ef74cb22d41a703b328040e967e732843d4", kill_on_drop: false }`
[INFO] [stderr]    Compiling libc v0.2.108
[INFO] [stderr]    Compiling memchr v2.4.1
[INFO] [stderr]    Compiling pkg-config v0.3.22
[INFO] [stderr]    Compiling cc v1.0.72
[INFO] [stderr]    Compiling pin-project-lite v0.2.7
[INFO] [stderr]    Compiling bytes v1.1.0
[INFO] [stderr]    Compiling futures-core v0.3.18
[INFO] [stderr]    Compiling tokio v1.14.0
[INFO] [stderr]    Compiling itoa v0.4.8
[INFO] [stderr]    Compiling futures-task v0.3.18
[INFO] [stderr]    Compiling indexmap v1.7.0
[INFO] [stderr]    Compiling futures-util v0.3.18
[INFO] [stderr]    Compiling openssl v0.10.38
[INFO] [stderr]    Compiling tracing-core v0.1.21
[INFO] [stderr]    Compiling bitflags v1.3.2
[INFO] [stderr]    Compiling futures-io v0.3.18
[INFO] [stderr]    Compiling http v0.2.5
[INFO] [stderr]    Compiling hashbrown v0.11.2
[INFO] [stderr]    Compiling httparse v1.5.1
[INFO] [stderr]    Compiling once_cell v1.8.0
[INFO] [stderr]    Compiling serde v1.0.130
[INFO] [stderr]    Compiling futures-sink v0.3.18
[INFO] [stderr]    Compiling mio v0.7.14
[INFO] [stderr]    Compiling num_cpus v1.13.0
[INFO] [stderr]    Compiling futures-channel v0.3.18
[INFO] [stderr]    Compiling matches v0.1.9
[INFO] [stderr]    Compiling slab v0.4.5
[INFO] [stderr]    Compiling native-tls v0.2.8
[INFO] [stderr]    Compiling ryu v1.0.6
[INFO] [stderr]    Compiling openssl-sys v0.9.71
[INFO] [stderr]    Compiling tinyvec v1.5.1
[INFO] [stderr]    Compiling tracing v0.1.29
[INFO] [stderr]    Compiling form_urlencoded v1.0.1
[INFO] [stderr]    Compiling http-body v0.4.4
[INFO] [stderr]    Compiling socket2 v0.4.2
[INFO] [stderr]    Compiling unicode-normalization v0.1.19
[INFO] [stderr]    Compiling serde_json v1.0.72
[INFO] [stderr]    Compiling httpdate v1.0.2
[INFO] [stderr]    Compiling crossbeam-utils v0.8.5
[INFO] [stderr]    Compiling encoding_rs v0.8.29
[INFO] [stderr]    Compiling unicode-bidi v0.3.7
[INFO] [stderr]    Compiling idna v0.2.3
[INFO] [stderr]    Compiling crossbeam-channel v0.5.1
[INFO] [stderr]    Compiling url v2.2.2
[INFO] [stderr]    Compiling tokio-util v0.6.9
[INFO] [stderr]    Compiling h2 v0.3.7
[INFO] [stderr]    Compiling tokio-native-tls v0.3.0
[INFO] [stderr]    Compiling serde_urlencoded v0.7.0
[INFO] [stderr]    Compiling hyper v0.14.15
[INFO] [stderr]    Compiling hyper-tls v0.5.0
[INFO] [stderr]    Compiling reqwest v0.11.7
[INFO] [stderr]    Compiling aoc_2021 v0.1.0 (/opt/rustwide/workdir)
[INFO] [stdout] warning: unused imports: `Receiver` and `unbounded`
[INFO] [stdout]  --> src/utils/server.rs:7:25
[INFO] [stdout]   |
[INFO] [stdout] 7 | use crossbeam_channel::{unbounded, Receiver, Sender};
[INFO] [stdout]   |                         ^^^^^^^^^  ^^^^^^^^
[INFO] [stdout]   |
[INFO] [stdout]   = note: `#[warn(unused_imports)]` on by default
[INFO] [stdout] 
[INFO] [stdout] 
[INFO] [stdout] warning: unused variable: `least_significant_bits`
[INFO] [stdout]   --> src/days/day3.rs:77:9
[INFO] [stdout]    |
[INFO] [stdout] 77 |     let least_significant_bits = most_significant_bits
[INFO] [stdout]    |         ^^^^^^^^^^^^^^^^^^^^^^ help: if this is intentional, prefix it with an underscore: `_least_significant_bits`
[INFO] [stdout]    |
[INFO] [stdout]    = note: `#[warn(unused_variables)]` on by default
[INFO] [stdout] 
[INFO] [stdout] 
[INFO] [stdout] warning: unused variable: `gamma`
[INFO] [stdout]    --> src/days/day3.rs:110:9
[INFO] [stdout]     |
[INFO] [stdout] 110 |     let gamma = u32::from_str_radix(&most_significant_lines, 2).unwrap();
[INFO] [stdout]     |         ^^^^^ help: if this is intentional, prefix it with an underscore: `_gamma`
[INFO] [stdout] 
[INFO] [stdout] 
[INFO] [stdout] warning: unused variable: `epsilon`
[INFO] [stdout]    --> src/days/day3.rs:111:9
[INFO] [stdout]     |
[INFO] [stdout] 111 |     let epsilon = u32::from_str_radix(&least_significant_lines, 2).unwrap();
[INFO] [stdout]     |         ^^^^^^^ help: if this is intentional, prefix it with an underscore: `_epsilon`
[INFO] [stdout] 
[INFO] [stdout] 
[INFO] [stdout] warning: unused variable: `status`
[INFO] [stdout]   --> src/utils/get_input.rs:53:13
[INFO] [stdout]    |
[INFO] [stdout] 53 |         let status = response.status();
[INFO] [stdout]    |             ^^^^^^ help: if this is intentional, prefix it with an underscore: `_status`
[INFO] [stdout] 
[INFO] [stdout] 
[INFO] [stdout] warning: struct `SyncServer` is never constructed
[INFO] [stdout]   --> src/utils/server.rs:10:8
[INFO] [stdout]    |
[INFO] [stdout] 10 | struct SyncServer {
[INFO] [stdout]    |        ^^^^^^^^^^
[INFO] [stdout]    |
[INFO] [stdout]    = note: `#[warn(dead_code)]` on by default
[INFO] [stdout] 
[INFO] [stdout] 
[INFO] [stderr]     Finished `dev` profile [unoptimized + debuginfo] target(s) in 41.03s
[INFO] running `Command { std: "docker" "inspect" "98996f9f9d5bdd7b35f5964519009ef74cb22d41a703b328040e967e732843d4", kill_on_drop: false }`
[INFO] running `Command { std: "docker" "rm" "-f" "98996f9f9d5bdd7b35f5964519009ef74cb22d41a703b328040e967e732843d4", kill_on_drop: false }`
[INFO] [stdout] 98996f9f9d5bdd7b35f5964519009ef74cb22d41a703b328040e967e732843d4
[INFO] running `Command { std: "docker" "create" "-v" "/var/lib/crater-agent-workspace/builds/worker-5-tc1/target:/opt/rustwide/target:rw,Z" "-v" "/var/lib/crater-agent-workspace/builds/worker-5-tc1/source:/opt/rustwide/workdir:ro,Z" "-v" "/var/lib/crater-agent-workspace/cargo-home:/opt/rustwide/cargo-home:ro,Z" "-v" "/var/lib/crater-agent-workspace/rustup-home:/opt/rustwide/rustup-home:ro,Z" "-e" "SOURCE_DIR=/opt/rustwide/workdir" "-e" "CARGO_TARGET_DIR=/opt/rustwide/target" "-e" "CARGO_INCREMENTAL=0" "-e" "RUST_BACKTRACE=full" "-e" "RUSTFLAGS=--cap-lints=forbid" "-e" "RUSTDOCFLAGS=--cap-lints=forbid" "-e" "CARGO_HOME=/opt/rustwide/cargo-home" "-e" "RUSTUP_HOME=/opt/rustwide/rustup-home" "-w" "/opt/rustwide/workdir" "-m" "1610612736" "--user" "0:0" "--network" "none" "ghcr.io/rust-lang/crates-build-env/linux@sha256:819108c5571ea2e421544af4d832f968d213c87fbe3707a016657f43d2f853bc" "/opt/rustwide/cargo-home/bin/cargo" "+nightly-2025-01-18" "test" "--frozen" "--no-run" "--message-format=json", kill_on_drop: false }`
[INFO] [stdout] 982a61cf4c16773095a2e7e4bc858e39598ad58a3aec7eeb7cb6acab61bf2453
[INFO] running `Command { std: "docker" "start" "-a" "982a61cf4c16773095a2e7e4bc858e39598ad58a3aec7eeb7cb6acab61bf2453", kill_on_drop: false }`
[INFO] [stderr]    Compiling aoc_2021 v0.1.0 (/opt/rustwide/workdir)
[INFO] [stdout] warning: unused imports: `Receiver` and `unbounded`
[INFO] [stdout]  --> src/utils/server.rs:7:25
[INFO] [stdout]   |
[INFO] [stdout] 7 | use crossbeam_channel::{unbounded, Receiver, Sender};
[INFO] [stdout]   |                         ^^^^^^^^^  ^^^^^^^^
[INFO] [stdout]   |
[INFO] [stdout]   = note: `#[warn(unused_imports)]` on by default
[INFO] [stdout] 
[INFO] [stdout] 
[INFO] [stdout] warning: unused variable: `least_significant_bits`
[INFO] [stdout]   --> src/days/day3.rs:77:9
[INFO] [stdout]    |
[INFO] [stdout] 77 |     let least_significant_bits = most_significant_bits
[INFO] [stdout]    |         ^^^^^^^^^^^^^^^^^^^^^^ help: if this is intentional, prefix it with an underscore: `_least_significant_bits`
[INFO] [stdout]    |
[INFO] [stdout]    = note: `#[warn(unused_variables)]` on by default
[INFO] [stdout] 
[INFO] [stdout] 
[INFO] [stdout] warning: unused variable: `gamma`
[INFO] [stdout]    --> src/days/day3.rs:110:9
[INFO] [stdout]     |
[INFO] [stdout] 110 |     let gamma = u32::from_str_radix(&most_significant_lines, 2).unwrap();
[INFO] [stdout]     |         ^^^^^ help: if this is intentional, prefix it with an underscore: `_gamma`
[INFO] [stdout] 
[INFO] [stdout] 
[INFO] [stdout] warning: unused variable: `epsilon`
[INFO] [stdout]    --> src/days/day3.rs:111:9
[INFO] [stdout]     |
[INFO] [stdout] 111 |     let epsilon = u32::from_str_radix(&least_significant_lines, 2).unwrap();
[INFO] [stdout]     |         ^^^^^^^ help: if this is intentional, prefix it with an underscore: `_epsilon`
[INFO] [stdout] 
[INFO] [stdout] 
[INFO] [stdout] warning: unused variable: `status`
[INFO] [stdout]   --> src/utils/get_input.rs:53:13
[INFO] [stdout]    |
[INFO] [stdout] 53 |         let status = response.status();
[INFO] [stdout]    |             ^^^^^^ help: if this is intentional, prefix it with an underscore: `_status`
[INFO] [stdout] 
[INFO] [stdout] 
[INFO] [stdout] warning: struct `SyncServer` is never constructed
[INFO] [stdout]   --> src/utils/server.rs:10:8
[INFO] [stdout]    |
[INFO] [stdout] 10 | struct SyncServer {
[INFO] [stdout]    |        ^^^^^^^^^^
[INFO] [stdout]    |
[INFO] [stdout]    = note: `#[warn(dead_code)]` on by default
[INFO] [stdout] 
[INFO] [stdout] 
[INFO] [stderr]     Finished `test` profile [unoptimized + debuginfo] target(s) in 1.19s
[INFO] running `Command { std: "docker" "inspect" "982a61cf4c16773095a2e7e4bc858e39598ad58a3aec7eeb7cb6acab61bf2453", kill_on_drop: false }`
[INFO] running `Command { std: "docker" "rm" "-f" "982a61cf4c16773095a2e7e4bc858e39598ad58a3aec7eeb7cb6acab61bf2453", kill_on_drop: false }`
[INFO] [stdout] 982a61cf4c16773095a2e7e4bc858e39598ad58a3aec7eeb7cb6acab61bf2453
[INFO] running `Command { std: "docker" "create" "-v" "/var/lib/crater-agent-workspace/builds/worker-5-tc1/target:/opt/rustwide/target:rw,Z" "-v" "/var/lib/crater-agent-workspace/builds/worker-5-tc1/source:/opt/rustwide/workdir:ro,Z" "-v" "/var/lib/crater-agent-workspace/cargo-home:/opt/rustwide/cargo-home:ro,Z" "-v" "/var/lib/crater-agent-workspace/rustup-home:/opt/rustwide/rustup-home:ro,Z" "-e" "SOURCE_DIR=/opt/rustwide/workdir" "-e" "CARGO_TARGET_DIR=/opt/rustwide/target" "-e" "CARGO_INCREMENTAL=0" "-e" "RUST_BACKTRACE=full" "-e" "RUSTFLAGS=--cap-lints=forbid" "-e" "RUSTDOCFLAGS=--cap-lints=forbid" "-e" "CARGO_HOME=/opt/rustwide/cargo-home" "-e" "RUSTUP_HOME=/opt/rustwide/rustup-home" "-w" "/opt/rustwide/workdir" "-m" "1610612736" "--user" "0:0" "--network" "none" "ghcr.io/rust-lang/crates-build-env/linux@sha256:819108c5571ea2e421544af4d832f968d213c87fbe3707a016657f43d2f853bc" "/opt/rustwide/cargo-home/bin/cargo" "+nightly-2025-01-18" "test" "--frozen", kill_on_drop: false }`
[INFO] [stdout] 1ad3ddd2cca39b7fe1490703d8941b2220f73447729ef9aee66644a41cc2e9a6
[INFO] running `Command { std: "docker" "start" "-a" "1ad3ddd2cca39b7fe1490703d8941b2220f73447729ef9aee66644a41cc2e9a6", kill_on_drop: false }`
[INFO] [stderr] warning: unused imports: `Receiver` and `unbounded`
[INFO] [stderr]  --> src/utils/server.rs:7:25
[INFO] [stderr]   |
[INFO] [stderr] 7 | use crossbeam_channel::{unbounded, Receiver, Sender};
[INFO] [stderr]   |                         ^^^^^^^^^  ^^^^^^^^
[INFO] [stderr]   |
[INFO] [stderr]   = note: `#[warn(unused_imports)]` on by default
[INFO] [stderr] 
[INFO] [stderr] warning: unused variable: `least_significant_bits`
[INFO] [stderr]   --> src/days/day3.rs:77:9
[INFO] [stderr]    |
[INFO] [stderr] 77 |     let least_significant_bits = most_significant_bits
[INFO] [stderr]    |         ^^^^^^^^^^^^^^^^^^^^^^ help: if this is intentional, prefix it with an underscore: `_least_significant_bits`
[INFO] [stderr]    |
[INFO] [stderr]    = note: `#[warn(unused_variables)]` on by default
[INFO] [stderr] 
[INFO] [stderr] warning: unused variable: `gamma`
[INFO] [stderr]    --> src/days/day3.rs:110:9
[INFO] [stderr]     |
[INFO] [stderr] 110 |     let gamma = u32::from_str_radix(&most_significant_lines, 2).unwrap();
[INFO] [stderr]     |         ^^^^^ help: if this is intentional, prefix it with an underscore: `_gamma`
[INFO] [stderr] 
[INFO] [stderr] warning: unused variable: `epsilon`
[INFO] [stderr]    --> src/days/day3.rs:111:9
[INFO] [stderr]     |
[INFO] [stderr] 111 |     let epsilon = u32::from_str_radix(&least_significant_lines, 2).unwrap();
[INFO] [stderr]     |         ^^^^^^^ help: if this is intentional, prefix it with an underscore: `_epsilon`
[INFO] [stderr] 
[INFO] [stderr] warning: unused variable: `status`
[INFO] [stderr]   --> src/utils/get_input.rs:53:13
[INFO] [stderr]    |
[INFO] [stderr] 53 |         let status = response.status();
[INFO] [stderr]    |             ^^^^^^ help: if this is intentional, prefix it with an underscore: `_status`
[INFO] [stderr] 
[INFO] [stderr] warning: struct `SyncServer` is never constructed
[INFO] [stderr]   --> src/utils/server.rs:10:8
[INFO] [stderr]    |
[INFO] [stderr] 10 | struct SyncServer {
[INFO] [stderr]    |        ^^^^^^^^^^
[INFO] [stderr]    |
[INFO] [stderr]    = note: `#[warn(dead_code)]` on by default
[INFO] [stderr] 
[INFO] [stderr] warning: `aoc_2021` (bin "aoc_2021" test) generated 6 warnings (run `cargo fix --bin "aoc_2021" --tests` to apply 1 suggestion)
[INFO] [stderr]     Finished `test` profile [unoptimized + debuginfo] target(s) in 0.32s
[INFO] [stdout] 
[INFO] [stderr]      Running unittests src/main.rs (/opt/rustwide/target/debug/deps/aoc_2021-1e6c68acd7124ead)
[INFO] [stdout] running 7 tests
[INFO] [stdout] test days::day2::test::add_directions_test ... ok
[INFO] [stdout] test days::day2::test::submarine_aim_addition_test ... ok
[INFO] [stdout] test days::day3::test::gen_gamma_test ... ok
[INFO] [stdout] test days::day3::test::parse_line_test ... ok
[INFO] [stdout] test days::day3::test::part_one_test ... ok
[INFO] [stdout] test days::day2::test::test_parse_line_directions ... ok
[INFO] [stdout] test utils::get_input::tests::test_session_id_new ... FAILED
[INFO] [stdout] 
[INFO] [stdout] failures:
[INFO] [stdout] 
[INFO] [stdout] ---- utils::get_input::tests::test_session_id_new stdout ----
[INFO] [stdout] Err("Could not open token.json. Make sure that token.json is in the top level directory")
[INFO] [stdout] 
[INFO] [stdout] thread 'utils::get_input::tests::test_session_id_new' panicked at src/utils/get_input.rs:97:9:
[INFO] [stdout] assertion failed: session_id.is_ok()
[INFO] [stdout] stack backtrace:
[INFO] [stdout]    0:     0x630eb602b5ea - std::backtrace_rs::backtrace::libunwind::trace::hb059275cfc8d6126
[INFO] [stdout]                                at /rustc/6067b36314ab5eb2eb47cecc464545ba58e1ad24/library/std/src/../../backtrace/src/backtrace/libunwind.rs:116:5
[INFO] [stdout]    1:     0x630eb602b5ea - std::backtrace_rs::backtrace::trace_unsynchronized::h2da071e4327ce3ee
[INFO] [stdout]                                at /rustc/6067b36314ab5eb2eb47cecc464545ba58e1ad24/library/std/src/../../backtrace/src/backtrace/mod.rs:66:5
[INFO] [stdout]    2:     0x630eb602b5ea - std::sys::backtrace::_print_fmt::h842a1474e6f8d23f
[INFO] [stdout]                                at /rustc/6067b36314ab5eb2eb47cecc464545ba58e1ad24/library/std/src/sys/backtrace.rs:66:9
[INFO] [stdout]    3:     0x630eb602b5ea - <std::sys::backtrace::BacktraceLock::print::DisplayBacktrace as core::fmt::Display>::fmt::h71a62eb3b9696b12
[INFO] [stdout]                                at /rustc/6067b36314ab5eb2eb47cecc464545ba58e1ad24/library/std/src/sys/backtrace.rs:39:26
[INFO] [stdout]    4:     0x630eb6052dc3 - core::fmt::rt::Argument::fmt::hdb6b616786b41dc1
[INFO] [stdout]                                at /rustc/6067b36314ab5eb2eb47cecc464545ba58e1ad24/library/core/src/fmt/rt.rs:177:76
[INFO] [stdout]    5:     0x630eb6052dc3 - core::fmt::write::h2cc1698af7e2d686
[INFO] [stdout]                                at /rustc/6067b36314ab5eb2eb47cecc464545ba58e1ad24/library/core/src/fmt/mod.rs:1440:21
[INFO] [stdout]    6:     0x630eb6028143 - std::io::Write::write_fmt::hab1b4cd059a79022
[INFO] [stdout]                                at /rustc/6067b36314ab5eb2eb47cecc464545ba58e1ad24/library/std/src/io/mod.rs:1887:15
[INFO] [stdout]    7:     0x630eb602b432 - std::sys::backtrace::BacktraceLock::print::h147fe35b4ea13b08
[INFO] [stdout]                                at /rustc/6067b36314ab5eb2eb47cecc464545ba58e1ad24/library/std/src/sys/backtrace.rs:42:9
[INFO] [stdout]    8:     0x630eb602ca0f - std::panicking::default_hook::{{closure}}::hbd44223dbdc0d208
[INFO] [stdout]                                at /rustc/6067b36314ab5eb2eb47cecc464545ba58e1ad24/library/std/src/panicking.rs:298:22
[INFO] [stdout]    9:     0x630eb602c828 - std::panicking::default_hook::h20f81eb0576efcec
[INFO] [stdout]                                at /rustc/6067b36314ab5eb2eb47cecc464545ba58e1ad24/library/std/src/panicking.rs:322:9
[INFO] [stdout]   10:     0x630eb5fdd203 - <alloc::boxed::Box<F,A> as core::ops::function::Fn<Args>>::call::hdb53814c496a4d34
[INFO] [stdout]                                at /rustc/6067b36314ab5eb2eb47cecc464545ba58e1ad24/library/alloc/src/boxed.rs:2027:9
[INFO] [stdout]   11:     0x630eb5fdd203 - test::test_main::{{closure}}::hc0a4963c59427c24
[INFO] [stdout]                                at /rustc/6067b36314ab5eb2eb47cecc464545ba58e1ad24/library/test/src/lib.rs:134:21
[INFO] [stdout]   12:     0x630eb602d503 - <alloc::boxed::Box<F,A> as core::ops::function::Fn<Args>>::call::h591b2225413a77e9
[INFO] [stdout]                                at /rustc/6067b36314ab5eb2eb47cecc464545ba58e1ad24/library/alloc/src/boxed.rs:2027:9
[INFO] [stdout]   13:     0x630eb602d503 - std::panicking::rust_panic_with_hook::h625eea43051b2edc
[INFO] [stdout]                                at /rustc/6067b36314ab5eb2eb47cecc464545ba58e1ad24/library/std/src/panicking.rs:839:13
[INFO] [stdout]   14:     0x630eb602d186 - std::panicking::begin_panic_handler::{{closure}}::h4f9159cfbc3f6bd3
[INFO] [stdout]                                at /rustc/6067b36314ab5eb2eb47cecc464545ba58e1ad24/library/std/src/panicking.rs:697:13
[INFO] [stdout]   15:     0x630eb602bae9 - std::sys::backtrace::__rust_end_short_backtrace::h0390abce48353151
[INFO] [stdout]                                at /rustc/6067b36314ab5eb2eb47cecc464545ba58e1ad24/library/std/src/sys/backtrace.rs:168:18
[INFO] [stdout]   16:     0x630eb602ce4d - rust_begin_unwind
[INFO] [stdout]                                at /rustc/6067b36314ab5eb2eb47cecc464545ba58e1ad24/library/std/src/panicking.rs:695:5
[INFO] [stdout]   17:     0x630eb60517d0 - core::panicking::panic_fmt::h9e7c637e9e5f29c9
[INFO] [stdout]                                at /rustc/6067b36314ab5eb2eb47cecc464545ba58e1ad24/library/core/src/panicking.rs:75:14
[INFO] [stdout]   18:     0x630eb605185c - core::panicking::panic::haa3255ea20181a33
[INFO] [stdout]                                at /rustc/6067b36314ab5eb2eb47cecc464545ba58e1ad24/library/core/src/panicking.rs:145:5
[INFO] [stdout]   19:     0x630eb5fa3108 - aoc_2021::utils::get_input::tests::test_session_id_new::h3ccae477e26ced61
[INFO] [stdout]                                at /opt/rustwide/workdir/src/utils/get_input.rs:97:9
[INFO] [stdout]   20:     0x630eb5fa3037 - aoc_2021::utils::get_input::tests::test_session_id_new::{{closure}}::h3d4d65e4463025e7
[INFO] [stdout]                                at /opt/rustwide/workdir/src/utils/get_input.rs:94:29
[INFO] [stdout]   21:     0x630eb5f998d6 - core::ops::function::FnOnce::call_once::h6a0eb654cf2db5a6
[INFO] [stdout]                                at /rustc/6067b36314ab5eb2eb47cecc464545ba58e1ad24/library/core/src/ops/function.rs:250:5
[INFO] [stdout]   22:     0x630eb5fe295b - core::ops::function::FnOnce::call_once::he27718dfdd183f43
[INFO] [stdout]                                at /rustc/6067b36314ab5eb2eb47cecc464545ba58e1ad24/library/core/src/ops/function.rs:250:5
[INFO] [stdout]   23:     0x630eb5fe295b - test::__rust_begin_short_backtrace::h4e84902998457a5d
[INFO] [stdout]                                at /rustc/6067b36314ab5eb2eb47cecc464545ba58e1ad24/library/test/src/lib.rs:632:18
[INFO] [stdout]   24:     0x630eb5fe1893 - test::run_test_in_process::{{closure}}::h7176fd18fc1feca0
[INFO] [stdout]                                at /rustc/6067b36314ab5eb2eb47cecc464545ba58e1ad24/library/test/src/lib.rs:655:60
[INFO] [stdout]   25:     0x630eb5fe1893 - <core::panic::unwind_safe::AssertUnwindSafe<F> as core::ops::function::FnOnce<()>>::call_once::hf79cff2a624d8cf7
[INFO] [stdout]                                at /rustc/6067b36314ab5eb2eb47cecc464545ba58e1ad24/library/core/src/panic/unwind_safe.rs:272:9
[INFO] [stdout]   26:     0x630eb5fe1893 - std::panicking::try::do_call::h3da0561d9ab99c25
[INFO] [stdout]                                at /rustc/6067b36314ab5eb2eb47cecc464545ba58e1ad24/library/std/src/panicking.rs:587:40
[INFO] [stdout]   27:     0x630eb5fe1893 - std::panicking::try::h41c9fa508bc61df6
[INFO] [stdout]                                at /rustc/6067b36314ab5eb2eb47cecc464545ba58e1ad24/library/std/src/panicking.rs:550:19
[INFO] [stdout]   28:     0x630eb5fe1893 - std::panic::catch_unwind::h6b3ff07bb5afad93
[INFO] [stdout]                                at /rustc/6067b36314ab5eb2eb47cecc464545ba58e1ad24/library/std/src/panic.rs:358:14
[INFO] [stdout]   29:     0x630eb5fe1893 - test::run_test_in_process::hc7253dd11b39b9f4
[INFO] [stdout]                                at /rustc/6067b36314ab5eb2eb47cecc464545ba58e1ad24/library/test/src/lib.rs:655:27
[INFO] [stdout]   30:     0x630eb5fe1893 - test::run_test::{{closure}}::hfb2007f8649c30bb
[INFO] [stdout]                                at /rustc/6067b36314ab5eb2eb47cecc464545ba58e1ad24/library/test/src/lib.rs:576:43
[INFO] [stdout]   31:     0x630eb5fa4975 - test::run_test::{{closure}}::h56a17aa7a282a9f4
[INFO] [stdout]                                at /rustc/6067b36314ab5eb2eb47cecc464545ba58e1ad24/library/test/src/lib.rs:606:41
[INFO] [stdout]   32:     0x630eb5fa4975 - std::sys::backtrace::__rust_begin_short_backtrace::hd2d2d2fb8e8c6aac
[INFO] [stdout]                                at /rustc/6067b36314ab5eb2eb47cecc464545ba58e1ad24/library/std/src/sys/backtrace.rs:152:18
[INFO] [stdout]   33:     0x630eb5fa825a - std::thread::Builder::spawn_unchecked_::{{closure}}::{{closure}}::h4faa3f9db6133423
[INFO] [stdout]                                at /rustc/6067b36314ab5eb2eb47cecc464545ba58e1ad24/library/std/src/thread/mod.rs:559:17
[INFO] [stdout]   34:     0x630eb5fa825a - <core::panic::unwind_safe::AssertUnwindSafe<F> as core::ops::function::FnOnce<()>>::call_once::hf2e855a36a4ea846
[INFO] [stdout]                                at /rustc/6067b36314ab5eb2eb47cecc464545ba58e1ad24/library/core/src/panic/unwind_safe.rs:272:9
[INFO] [stdout]   35:     0x630eb5fa825a - std::panicking::try::do_call::h2f73af3616c35465
[INFO] [stdout]                                at /rustc/6067b36314ab5eb2eb47cecc464545ba58e1ad24/library/std/src/panicking.rs:587:40
[INFO] [stdout]   36:     0x630eb5fa825a - std::panicking::try::hd1660ce9efadef5a
[INFO] [stdout]                                at /rustc/6067b36314ab5eb2eb47cecc464545ba58e1ad24/library/std/src/panicking.rs:550:19
[INFO] [stdout]   37:     0x630eb5fa825a - std::panic::catch_unwind::h5ee8d7823b8ca744
[INFO] [stdout]                                at /rustc/6067b36314ab5eb2eb47cecc464545ba58e1ad24/library/std/src/panic.rs:358:14
[INFO] [stdout]   38:     0x630eb5fa825a - std::thread::Builder::spawn_unchecked_::{{closure}}::h53c3a1894dce8407
[INFO] [stdout]                                at /rustc/6067b36314ab5eb2eb47cecc464545ba58e1ad24/library/std/src/thread/mod.rs:557:30
[INFO] [stdout]   39:     0x630eb5fa825a - core::ops::function::FnOnce::call_once{{vtable.shim}}::h048ce291ad4f62bf
[INFO] [stdout]                                at /rustc/6067b36314ab5eb2eb47cecc464545ba58e1ad24/library/core/src/ops/function.rs:250:5
[INFO] [stdout]   40:     0x630eb603143b - <alloc::boxed::Box<F,A> as core::ops::function::FnOnce<Args>>::call_once::ha52bedf99a3b4981
[INFO] [stdout]                                at /rustc/6067b36314ab5eb2eb47cecc464545ba58e1ad24/library/alloc/src/boxed.rs:2013:9
[INFO] [stdout]   41:     0x630eb603143b - <alloc::boxed::Box<F,A> as core::ops::function::FnOnce<Args>>::call_once::h567748934d80ccf8
[INFO] [stdout]                                at /rustc/6067b36314ab5eb2eb47cecc464545ba58e1ad24/library/alloc/src/boxed.rs:2013:9
[INFO] [stdout]   42:     0x630eb603143b - std::sys::pal::unix::thread::Thread::new::thread_start::h2d970728ae887adc
[INFO] [stdout]                                at /rustc/6067b36314ab5eb2eb47cecc464545ba58e1ad24/library/std/src/sys/pal/unix/thread.rs:106:17
[INFO] [stdout]   43:     0x74ed6ed30ac3 - <unknown>
[INFO] [stdout]   44:     0x74ed6edc1a04 - clone
[INFO] [stdout]   45:                0x0 - <unknown>
[INFO] [stdout] 
[INFO] [stdout] 
[INFO] [stdout] failures:
[INFO] [stdout]     utils::get_input::tests::test_session_id_new
[INFO] [stdout] 
[INFO] [stdout] test result: FAILED. 6 passed; 1 failed; 0 ignored; 0 measured; 0 filtered out; finished in 0.11s
[INFO] [stdout] 
[INFO] [stderr] error: test failed, to rerun pass `--bin aoc_2021`
[INFO] running `Command { std: "docker" "inspect" "1ad3ddd2cca39b7fe1490703d8941b2220f73447729ef9aee66644a41cc2e9a6", kill_on_drop: false }`
[INFO] running `Command { std: "docker" "rm" "-f" "1ad3ddd2cca39b7fe1490703d8941b2220f73447729ef9aee66644a41cc2e9a6", kill_on_drop: false }`
[INFO] [stdout] 1ad3ddd2cca39b7fe1490703d8941b2220f73447729ef9aee66644a41cc2e9a6
