[INFO] cloning repository https://github.com/DavidVentura/snapcast-client
[INFO] running `Command { std: "git" "-c" "credential.helper=" "-c" "credential.helper=/workspace/cargo-home/bin/git-credential-null" "clone" "--bare" "https://github.com/DavidVentura/snapcast-client" "/workspace/cache/git-repos/https%3A%2F%2Fgithub.com%2FDavidVentura%2Fsnapcast-client", kill_on_drop: false }`
[INFO] [stderr] Cloning into bare repository '/workspace/cache/git-repos/https%3A%2F%2Fgithub.com%2FDavidVentura%2Fsnapcast-client'...
[INFO] running `Command { std: "git" "rev-parse" "HEAD", kill_on_drop: false }`
[INFO] [stdout] f6bcaaaf038ed0b8cf3d97d06a6c87c8eb7ca587
[INFO] testing DavidVentura/snapcast-client against nightly-2025-01-18+rustflags=-Zrandomize-layout for randomize-layout-2
[INFO] running `Command { std: "git" "clone" "/workspace/cache/git-repos/https%3A%2F%2Fgithub.com%2FDavidVentura%2Fsnapcast-client" "/workspace/builds/worker-4-tc2/source", kill_on_drop: false }`
[INFO] [stderr] Cloning into '/workspace/builds/worker-4-tc2/source'...
[INFO] [stderr] done.
[INFO] validating manifest of git repo https://github.com/DavidVentura/snapcast-client on toolchain nightly-2025-01-18
[INFO] running `Command { std: CARGO_HOME="/workspace/cargo-home" RUSTUP_HOME="/workspace/rustup-home" "/workspace/cargo-home/bin/cargo" "+nightly-2025-01-18" "metadata" "--manifest-path" "Cargo.toml" "--no-deps", kill_on_drop: false }`
[INFO] started tweaking git repo https://github.com/DavidVentura/snapcast-client
[INFO] finished tweaking git repo https://github.com/DavidVentura/snapcast-client
[INFO] tweaked toml for git repo https://github.com/DavidVentura/snapcast-client written to /workspace/builds/worker-4-tc2/source/Cargo.toml
[INFO] crate git repo https://github.com/DavidVentura/snapcast-client already has a lockfile, it will not be regenerated
[INFO] running `Command { std: CARGO_HOME="/workspace/cargo-home" RUSTUP_HOME="/workspace/rustup-home" "/workspace/cargo-home/bin/cargo" "+nightly-2025-01-18" "fetch" "--manifest-path" "Cargo.toml", kill_on_drop: false }`
[INFO] [stderr] warning: unused manifest key: lib.src
[INFO] [stderr]     Blocking waiting for file lock on package cache
[INFO] [stderr]     Updating crates.io index
[INFO] [stderr]     Updating git repository `https://github.com/DavidVentura/claxon.git`
[INFO] [stderr]     Blocking waiting for file lock on package cache
[INFO] [stderr]      Locking 8 packages to latest compatible versions
[INFO] [stderr]       Adding claxon v0.4.3 (https://github.com/DavidVentura/claxon.git?branch=borrow-api#7cb02684)
[INFO] [stderr]       Adding endian-type v0.1.2
[INFO] [stderr]       Adding nibble_vec v0.1.0
[INFO] [stderr]       Adding radix_trie v0.2.1
[INFO] [stderr]       Adding simple-dns v0.7.1 (available: v0.9.3)
[INFO] [stderr]       Adding simple-mdns v0.6.2
[INFO] [stderr]       Adding smallvec v1.13.2
[INFO] [stderr]       Adding socket2 v0.5.8
[INFO] running `Command { std: "docker" "create" "-v" "/var/lib/crater-agent-workspace/builds/worker-4-tc2/target:/opt/rustwide/target:rw,Z" "-v" "/var/lib/crater-agent-workspace/builds/worker-4-tc2/source:/opt/rustwide/workdir:ro,Z" "-v" "/var/lib/crater-agent-workspace/cargo-home:/opt/rustwide/cargo-home:ro,Z" "-v" "/var/lib/crater-agent-workspace/rustup-home:/opt/rustwide/rustup-home:ro,Z" "-e" "SOURCE_DIR=/opt/rustwide/workdir" "-e" "CARGO_TARGET_DIR=/opt/rustwide/target" "-e" "CARGO_HOME=/opt/rustwide/cargo-home" "-e" "RUSTUP_HOME=/opt/rustwide/rustup-home" "-w" "/opt/rustwide/workdir" "-m" "1610612736" "--user" "0:0" "--network" "none" "ghcr.io/rust-lang/crates-build-env/linux@sha256:819108c5571ea2e421544af4d832f968d213c87fbe3707a016657f43d2f853bc" "/opt/rustwide/cargo-home/bin/cargo" "+nightly-2025-01-18" "metadata" "--no-deps" "--format-version=1", kill_on_drop: false }`
[INFO] [stdout] 35808addf2d989258d3c3dee5ff6fdbc9aa1524dac453f4f2ebf44975d4e7834
[INFO] running `Command { std: "docker" "start" "-a" "35808addf2d989258d3c3dee5ff6fdbc9aa1524dac453f4f2ebf44975d4e7834", kill_on_drop: false }`
[INFO] running `Command { std: "docker" "inspect" "35808addf2d989258d3c3dee5ff6fdbc9aa1524dac453f4f2ebf44975d4e7834", kill_on_drop: false }`
[INFO] running `Command { std: "docker" "rm" "-f" "35808addf2d989258d3c3dee5ff6fdbc9aa1524dac453f4f2ebf44975d4e7834", kill_on_drop: false }`
[INFO] [stdout] 35808addf2d989258d3c3dee5ff6fdbc9aa1524dac453f4f2ebf44975d4e7834
[INFO] running `Command { std: "docker" "create" "-v" "/var/lib/crater-agent-workspace/builds/worker-4-tc2/target:/opt/rustwide/target:rw,Z" "-v" "/var/lib/crater-agent-workspace/builds/worker-4-tc2/source:/opt/rustwide/workdir:ro,Z" "-v" "/var/lib/crater-agent-workspace/cargo-home:/opt/rustwide/cargo-home:ro,Z" "-v" "/var/lib/crater-agent-workspace/rustup-home:/opt/rustwide/rustup-home:ro,Z" "-e" "SOURCE_DIR=/opt/rustwide/workdir" "-e" "CARGO_TARGET_DIR=/opt/rustwide/target" "-e" "CARGO_INCREMENTAL=0" "-e" "RUST_BACKTRACE=full" "-e" "RUSTFLAGS=--cap-lints=forbid -Zrandomize-layout" "-e" "RUSTDOCFLAGS=--cap-lints=forbid" "-e" "CARGO_HOME=/opt/rustwide/cargo-home" "-e" "RUSTUP_HOME=/opt/rustwide/rustup-home" "-w" "/opt/rustwide/workdir" "-m" "1610612736" "--user" "0:0" "--network" "none" "ghcr.io/rust-lang/crates-build-env/linux@sha256:819108c5571ea2e421544af4d832f968d213c87fbe3707a016657f43d2f853bc" "/opt/rustwide/cargo-home/bin/cargo" "+nightly-2025-01-18" "build" "--frozen" "--message-format=json", kill_on_drop: false }`
[INFO] [stdout] ed357a5c66f86d7fe69d8ca463b0bdbfb12b1f99a0f199b50589ac023af269a7
[INFO] running `Command { std: "docker" "start" "-a" "ed357a5c66f86d7fe69d8ca463b0bdbfb12b1f99a0f199b50589ac023af269a7", kill_on_drop: false }`
[INFO] [stderr] warning: unused manifest key: lib.src
[INFO] [stderr]    Compiling proc-macro2 v1.0.78
[INFO] [stderr]    Compiling libc v0.2.153
[INFO] [stderr]    Compiling utf8parse v0.2.1
[INFO] [stderr]    Compiling anstyle v1.0.6
[INFO] [stderr]    Compiling anstyle-query v1.0.2
[INFO] [stderr]    Compiling colorchoice v1.0.0
[INFO] [stderr]    Compiling serde v1.0.197
[INFO] [stderr]    Compiling bitflags v2.4.2
[INFO] [stderr]    Compiling anyhow v1.0.81
[INFO] [stderr]    Compiling serde_json v1.0.114
[INFO] [stderr]    Compiling endian-type v0.1.2
[INFO] [stderr]    Compiling strsim v0.11.0
[INFO] [stderr]    Compiling nibble_vec v0.1.0
[INFO] [stderr]    Compiling log v0.4.21
[INFO] [stderr]    Compiling itoa v1.0.10
[INFO] [stderr]    Compiling ryu v1.0.17
[INFO] [stderr]    Compiling circular-buffer v0.1.6
[INFO] [stderr]    Compiling anstyle-parse v0.2.3
[INFO] [stderr]    Compiling radix_trie v0.2.1
[INFO] [stderr]    Compiling simple-dns v0.7.1
[INFO] [stderr]    Compiling anstream v0.6.13
[INFO] [stderr]    Compiling clap_builder v4.5.2
[INFO] [stderr]    Compiling quote v1.0.35
[INFO] [stderr]    Compiling syn v2.0.52
[INFO] [stderr]    Compiling socket2 v0.5.8
[INFO] [stderr]    Compiling simple-mdns v0.6.2
[INFO] [stderr]    Compiling serde_derive v1.0.197
[INFO] [stderr]    Compiling clap_derive v4.5.0
[INFO] [stderr]    Compiling enum_dispatch v0.3.12
[INFO] [stderr]    Compiling clap v4.5.2
[INFO] [stderr]    Compiling snapcast-client v0.1.0 (/opt/rustwide/workdir)
[INFO] [stdout] warning: field `dec_buf` is never read
[INFO] [stdout]   --> src/decoder.rs:76:5
[INFO] [stdout]    |
[INFO] [stdout] 75 | pub struct FlacDecoder {
[INFO] [stdout]    |            ----------- field in this struct
[INFO] [stdout] 76 |     dec_buf: Vec<i32>,
[INFO] [stdout]    |     ^^^^^^^
[INFO] [stdout]    |
[INFO] [stdout]    = note: `#[warn(dead_code)]` on by default
[INFO] [stdout] 
[INFO] [stdout] 
[INFO] [stdout] warning: methods `synchronized` and `latency_to_server` are never used
[INFO] [stdout]    --> src/client.rs:73:12
[INFO] [stdout]     |
[INFO] [stdout] 38  | impl ConnectedClient {
[INFO] [stdout]     | -------------------- methods in this implementation
[INFO] [stdout] ...
[INFO] [stdout] 73  |     pub fn synchronized(&self) -> bool {
[INFO] [stdout]     |            ^^^^^^^^^^^^
[INFO] [stdout] ...
[INFO] [stdout] 177 |     pub fn latency_to_server(&self) -> TimeVal {
[INFO] [stdout]     |            ^^^^^^^^^^^^^^^^^
[INFO] [stdout]     |
[INFO] [stdout]     = note: `#[warn(dead_code)]` on by default
[INFO] [stdout] 
[INFO] [stdout] 
[INFO] [stdout] warning: struct `FlacDecoder` is never constructed
[INFO] [stdout]   --> src/decoder.rs:75:12
[INFO] [stdout]    |
[INFO] [stdout] 75 | pub struct FlacDecoder {
[INFO] [stdout]    |            ^^^^^^^^^^^
[INFO] [stdout] 
[INFO] [stdout] 
[INFO] [stdout] warning: associated function `new` is never used
[INFO] [stdout]   --> src/decoder.rs:79:12
[INFO] [stdout]    |
[INFO] [stdout] 78 | impl FlacDecoder {
[INFO] [stdout]    | ---------------- associated function in this implementation
[INFO] [stdout] 79 |     pub fn new() -> FlacDecoder {
[INFO] [stdout]    |            ^^^
[INFO] [stdout] 
[INFO] [stdout] 
[INFO] [stdout] warning: method `abs` is never used
[INFO] [stdout]   --> src/proto.rs:20:12
[INFO] [stdout]    |
[INFO] [stdout] 13 | impl TimeVal {
[INFO] [stdout]    | ------------ method in this implementation
[INFO] [stdout] ...
[INFO] [stdout] 20 |     pub fn abs(&self) -> TimeVal {
[INFO] [stdout]    |            ^^^
[INFO] [stdout] 
[INFO] [stdout] 
[INFO] [stdout] warning: variants `Time` and `Hello` are never constructed
[INFO] [stdout]    --> src/proto.rs:126:5
[INFO] [stdout]     |
[INFO] [stdout] 125 | pub enum ClientMessage<'a> {
[INFO] [stdout]     |          ------------- variants in this enum
[INFO] [stdout] 126 |     Time(Time),
[INFO] [stdout]     |     ^^^^
[INFO] [stdout] 127 |     Hello(ClientHello<'a>),
[INFO] [stdout]     |     ^^^^^
[INFO] [stdout]     |
[INFO] [stdout]     = note: `ClientMessage` has a derived impl for the trait `Debug`, but this is intentionally ignored during dead code analysis
[INFO] [stdout] 
[INFO] [stdout] 
[INFO] [stdout] warning: method `as_buf` is never used
[INFO] [stdout]    --> src/proto.rs:193:12
[INFO] [stdout]     |
[INFO] [stdout] 192 | impl ServerSettings {
[INFO] [stdout]     | ------------------- method in this implementation
[INFO] [stdout] 193 |     pub fn as_buf(&self) -> Vec<u8> {
[INFO] [stdout]     |            ^^^^^^
[INFO] [stdout] 
[INFO] [stdout] 
[INFO] [stdout] warning: method `as_buf` is never used
[INFO] [stdout]    --> src/proto.rs:218:12
[INFO] [stdout]     |
[INFO] [stdout] 217 | impl WireChunk<'_> {
[INFO] [stdout]     | ------------------ method in this implementation
[INFO] [stdout] 218 |     pub fn as_buf(&self) -> Vec<u8> {
[INFO] [stdout]     |            ^^^^^^
[INFO] [stdout] 
[INFO] [stdout] 
[INFO] [stdout] warning: method `decode_c` is never used
[INFO] [stdout]    --> src/proto.rs:281:12
[INFO] [stdout]     |
[INFO] [stdout] 267 | impl Base {
[INFO] [stdout]     | --------- method in this implementation
[INFO] [stdout] ...
[INFO] [stdout] 281 |     pub fn decode_c<'a>(&self, payload: &'a [u8]) -> ClientMessage<'a> {
[INFO] [stdout]     |            ^^^^^^^^
[INFO] [stdout] 
[INFO] [stdout] 
[INFO] [stdout] warning: method `channels` is never used
[INFO] [stdout]    --> src/proto.rs:426:12
[INFO] [stdout]     |
[INFO] [stdout] 425 | impl CodecMetadata {
[INFO] [stdout]     | ------------------ method in this implementation
[INFO] [stdout] 426 |     pub fn channels(&self) -> usize {
[INFO] [stdout]     |            ^^^^^^^^
[INFO] [stdout] 
[INFO] [stdout] 
[INFO] [stderr]     Finished `dev` profile [unoptimized + debuginfo] target(s) in 15.52s
[INFO] running `Command { std: "docker" "inspect" "ed357a5c66f86d7fe69d8ca463b0bdbfb12b1f99a0f199b50589ac023af269a7", kill_on_drop: false }`
[INFO] running `Command { std: "docker" "rm" "-f" "ed357a5c66f86d7fe69d8ca463b0bdbfb12b1f99a0f199b50589ac023af269a7", kill_on_drop: false }`
[INFO] [stdout] ed357a5c66f86d7fe69d8ca463b0bdbfb12b1f99a0f199b50589ac023af269a7
[INFO] running `Command { std: "docker" "create" "-v" "/var/lib/crater-agent-workspace/builds/worker-4-tc2/target:/opt/rustwide/target:rw,Z" "-v" "/var/lib/crater-agent-workspace/builds/worker-4-tc2/source:/opt/rustwide/workdir:ro,Z" "-v" "/var/lib/crater-agent-workspace/cargo-home:/opt/rustwide/cargo-home:ro,Z" "-v" "/var/lib/crater-agent-workspace/rustup-home:/opt/rustwide/rustup-home:ro,Z" "-e" "SOURCE_DIR=/opt/rustwide/workdir" "-e" "CARGO_TARGET_DIR=/opt/rustwide/target" "-e" "CARGO_INCREMENTAL=0" "-e" "RUST_BACKTRACE=full" "-e" "RUSTFLAGS=--cap-lints=forbid -Zrandomize-layout" "-e" "RUSTDOCFLAGS=--cap-lints=forbid" "-e" "CARGO_HOME=/opt/rustwide/cargo-home" "-e" "RUSTUP_HOME=/opt/rustwide/rustup-home" "-w" "/opt/rustwide/workdir" "-m" "1610612736" "--user" "0:0" "--network" "none" "ghcr.io/rust-lang/crates-build-env/linux@sha256:819108c5571ea2e421544af4d832f968d213c87fbe3707a016657f43d2f853bc" "/opt/rustwide/cargo-home/bin/cargo" "+nightly-2025-01-18" "test" "--frozen" "--no-run" "--message-format=json", kill_on_drop: false }`
[INFO] [stdout] dca60e729067715f3a85e25ae1820c54bbad88ffac61d083da8af4596226eec9
[INFO] running `Command { std: "docker" "start" "-a" "dca60e729067715f3a85e25ae1820c54bbad88ffac61d083da8af4596226eec9", kill_on_drop: false }`
[INFO] [stderr] warning: unused manifest key: lib.src
[INFO] [stdout] warning: field `dec_buf` is never read
[INFO] [stdout]   --> src/decoder.rs:76:5
[INFO] [stdout]    |
[INFO] [stdout] 75 | pub struct FlacDecoder {
[INFO] [stdout]    |            ----------- field in this struct
[INFO] [stdout] 76 |     dec_buf: Vec<i32>,
[INFO] [stdout]    |     ^^^^^^^
[INFO] [stdout]    |
[INFO] [stdout]    = note: `#[warn(dead_code)]` on by default
[INFO] [stdout] 
[INFO] [stdout] 
[INFO] [stderr]    Compiling snapcast-client v0.1.0 (/opt/rustwide/workdir)
[INFO] [stdout] warning: field `dec_buf` is never read
[INFO] [stdout]   --> src/decoder.rs:76:5
[INFO] [stdout]    |
[INFO] [stdout] 75 | pub struct FlacDecoder {
[INFO] [stdout]    |            ----------- field in this struct
[INFO] [stdout] 76 |     dec_buf: Vec<i32>,
[INFO] [stdout]    |     ^^^^^^^
[INFO] [stdout]    |
[INFO] [stdout]    = note: `#[warn(dead_code)]` on by default
[INFO] [stdout] 
[INFO] [stdout] 
[INFO] [stdout] warning: methods `synchronized` and `latency_to_server` are never used
[INFO] [stdout]    --> src/client.rs:73:12
[INFO] [stdout]     |
[INFO] [stdout] 38  | impl ConnectedClient {
[INFO] [stdout]     | -------------------- methods in this implementation
[INFO] [stdout] ...
[INFO] [stdout] 73  |     pub fn synchronized(&self) -> bool {
[INFO] [stdout]     |            ^^^^^^^^^^^^
[INFO] [stdout] ...
[INFO] [stdout] 177 |     pub fn latency_to_server(&self) -> TimeVal {
[INFO] [stdout]     |            ^^^^^^^^^^^^^^^^^
[INFO] [stdout]     |
[INFO] [stdout]     = note: `#[warn(dead_code)]` on by default
[INFO] [stdout] 
[INFO] [stdout] 
[INFO] [stdout] warning: struct `FlacDecoder` is never constructed
[INFO] [stdout]   --> src/decoder.rs:75:12
[INFO] [stdout]    |
[INFO] [stdout] 75 | pub struct FlacDecoder {
[INFO] [stdout]    |            ^^^^^^^^^^^
[INFO] [stdout] 
[INFO] [stdout] 
[INFO] [stdout] warning: associated function `new` is never used
[INFO] [stdout]   --> src/decoder.rs:79:12
[INFO] [stdout]    |
[INFO] [stdout] 78 | impl FlacDecoder {
[INFO] [stdout]    | ---------------- associated function in this implementation
[INFO] [stdout] 79 |     pub fn new() -> FlacDecoder {
[INFO] [stdout]    |            ^^^
[INFO] [stdout] 
[INFO] [stdout] 
[INFO] [stdout] warning: variants `Time` and `Hello` are never constructed
[INFO] [stdout]    --> src/proto.rs:126:5
[INFO] [stdout]     |
[INFO] [stdout] 125 | pub enum ClientMessage<'a> {
[INFO] [stdout]     |          ------------- variants in this enum
[INFO] [stdout] 126 |     Time(Time),
[INFO] [stdout]     |     ^^^^
[INFO] [stdout] 127 |     Hello(ClientHello<'a>),
[INFO] [stdout]     |     ^^^^^
[INFO] [stdout]     |
[INFO] [stdout]     = note: `ClientMessage` has a derived impl for the trait `Debug`, but this is intentionally ignored during dead code analysis
[INFO] [stdout] 
[INFO] [stdout] 
[INFO] [stdout] warning: method `as_buf` is never used
[INFO] [stdout]    --> src/proto.rs:193:12
[INFO] [stdout]     |
[INFO] [stdout] 192 | impl ServerSettings {
[INFO] [stdout]     | ------------------- method in this implementation
[INFO] [stdout] 193 |     pub fn as_buf(&self) -> Vec<u8> {
[INFO] [stdout]     |            ^^^^^^
[INFO] [stdout] 
[INFO] [stdout] 
[INFO] [stdout] warning: method `as_buf` is never used
[INFO] [stdout]    --> src/proto.rs:218:12
[INFO] [stdout]     |
[INFO] [stdout] 217 | impl WireChunk<'_> {
[INFO] [stdout]     | ------------------ method in this implementation
[INFO] [stdout] 218 |     pub fn as_buf(&self) -> Vec<u8> {
[INFO] [stdout]     |            ^^^^^^
[INFO] [stdout] 
[INFO] [stdout] 
[INFO] [stdout] warning: method `decode_c` is never used
[INFO] [stdout]    --> src/proto.rs:281:12
[INFO] [stdout]     |
[INFO] [stdout] 267 | impl Base {
[INFO] [stdout]     | --------- method in this implementation
[INFO] [stdout] ...
[INFO] [stdout] 281 |     pub fn decode_c<'a>(&self, payload: &'a [u8]) -> ClientMessage<'a> {
[INFO] [stdout]     |            ^^^^^^^^
[INFO] [stdout] 
[INFO] [stdout] 
[INFO] [stdout] warning: method `channels` is never used
[INFO] [stdout]    --> src/proto.rs:426:12
[INFO] [stdout]     |
[INFO] [stdout] 425 | impl CodecMetadata {
[INFO] [stdout]     | ------------------ method in this implementation
[INFO] [stdout] 426 |     pub fn channels(&self) -> usize {
[INFO] [stdout]     |            ^^^^^^^^
[INFO] [stdout] 
[INFO] [stdout] 
[INFO] [stderr]     Finished `test` profile [unoptimized + debuginfo] target(s) in 0.84s
[INFO] running `Command { std: "docker" "inspect" "dca60e729067715f3a85e25ae1820c54bbad88ffac61d083da8af4596226eec9", kill_on_drop: false }`
[INFO] running `Command { std: "docker" "rm" "-f" "dca60e729067715f3a85e25ae1820c54bbad88ffac61d083da8af4596226eec9", kill_on_drop: false }`
[INFO] [stdout] dca60e729067715f3a85e25ae1820c54bbad88ffac61d083da8af4596226eec9
[INFO] running `Command { std: "docker" "create" "-v" "/var/lib/crater-agent-workspace/builds/worker-4-tc2/target:/opt/rustwide/target:rw,Z" "-v" "/var/lib/crater-agent-workspace/builds/worker-4-tc2/source:/opt/rustwide/workdir:ro,Z" "-v" "/var/lib/crater-agent-workspace/cargo-home:/opt/rustwide/cargo-home:ro,Z" "-v" "/var/lib/crater-agent-workspace/rustup-home:/opt/rustwide/rustup-home:ro,Z" "-e" "SOURCE_DIR=/opt/rustwide/workdir" "-e" "CARGO_TARGET_DIR=/opt/rustwide/target" "-e" "CARGO_INCREMENTAL=0" "-e" "RUST_BACKTRACE=full" "-e" "RUSTFLAGS=--cap-lints=forbid -Zrandomize-layout" "-e" "RUSTDOCFLAGS=--cap-lints=forbid" "-e" "CARGO_HOME=/opt/rustwide/cargo-home" "-e" "RUSTUP_HOME=/opt/rustwide/rustup-home" "-w" "/opt/rustwide/workdir" "-m" "1610612736" "--user" "0:0" "--network" "none" "ghcr.io/rust-lang/crates-build-env/linux@sha256:819108c5571ea2e421544af4d832f968d213c87fbe3707a016657f43d2f853bc" "/opt/rustwide/cargo-home/bin/cargo" "+nightly-2025-01-18" "test" "--frozen", kill_on_drop: false }`
[INFO] [stdout] f8edfe9982d09b464325ef65c70b7565495390ca49569918cfe34ccfbdd95267
[INFO] running `Command { std: "docker" "start" "-a" "f8edfe9982d09b464325ef65c70b7565495390ca49569918cfe34ccfbdd95267", kill_on_drop: false }`
[INFO] [stderr] warning: unused manifest key: lib.src
[INFO] [stderr] warning: field `dec_buf` is never read
[INFO] [stderr]   --> src/decoder.rs:76:5
[INFO] [stderr]    |
[INFO] [stderr] 75 | pub struct FlacDecoder {
[INFO] [stderr]    |            ----------- field in this struct
[INFO] [stderr] 76 |     dec_buf: Vec<i32>,
[INFO] [stderr]    |     ^^^^^^^
[INFO] [stderr]    |
[INFO] [stderr]    = note: `#[warn(dead_code)]` on by default
[INFO] [stderr] 
[INFO] [stderr] warning: `snapcast-client` (lib) generated 1 warning
[INFO] [stderr] warning: `snapcast-client` (lib test) generated 1 warning (1 duplicate)
[INFO] [stderr] warning: methods `synchronized` and `latency_to_server` are never used
[INFO] [stderr]    --> src/client.rs:73:12
[INFO] [stderr]     |
[INFO] [stderr] 38  | impl ConnectedClient {
[INFO] [stderr]     | -------------------- methods in this implementation
[INFO] [stderr] ...
[INFO] [stderr] 73  |     pub fn synchronized(&self) -> bool {
[INFO] [stderr]     |            ^^^^^^^^^^^^
[INFO] [stderr] ...
[INFO] [stderr] 177 |     pub fn latency_to_server(&self) -> TimeVal {
[INFO] [stderr]     |            ^^^^^^^^^^^^^^^^^
[INFO] [stderr]     |
[INFO] [stderr]     = note: `#[warn(dead_code)]` on by default
[INFO] [stderr] 
[INFO] [stderr] warning: struct `FlacDecoder` is never constructed
[INFO] [stderr]   --> src/decoder.rs:75:12
[INFO] [stderr]    |
[INFO] [stderr] 75 | pub struct FlacDecoder {
[INFO] [stderr]    |            ^^^^^^^^^^^
[INFO] [stderr] 
[INFO] [stderr] warning: associated function `new` is never used
[INFO] [stderr]   --> src/decoder.rs:79:12
[INFO] [stderr]    |
[INFO] [stderr] 78 | impl FlacDecoder {
[INFO] [stderr]    | ---------------- associated function in this implementation
[INFO] [stderr] 79 |     pub fn new() -> FlacDecoder {
[INFO] [stderr]    |            ^^^
[INFO] [stderr] 
[INFO] [stderr] warning: variants `Time` and `Hello` are never constructed
[INFO] [stderr]    --> src/proto.rs:126:5
[INFO] [stderr]     |
[INFO] [stderr] 125 | pub enum ClientMessage<'a> {
[INFO] [stderr]     |          ------------- variants in this enum
[INFO] [stderr] 126 |     Time(Time),
[INFO] [stderr]     |     ^^^^
[INFO] [stderr] 127 |     Hello(ClientHello<'a>),
[INFO] [stderr]     |     ^^^^^
[INFO] [stderr]     |
[INFO] [stderr]     = note: `ClientMessage` has a derived impl for the trait `Debug`, but this is intentionally ignored during dead code analysis
[INFO] [stderr] 
[INFO] [stderr] warning: method `as_buf` is never used
[INFO] [stderr]    --> src/proto.rs:193:12
[INFO] [stderr]     |
[INFO] [stderr] 192 | impl ServerSettings {
[INFO] [stderr]     | ------------------- method in this implementation
[INFO] [stderr] 193 |     pub fn as_buf(&self) -> Vec<u8> {
[INFO] [stderr]     |            ^^^^^^
[INFO] [stderr] 
[INFO] [stderr] warning: method `as_buf` is never used
[INFO] [stderr]    --> src/proto.rs:218:12
[INFO] [stderr]     |
[INFO] [stderr] 217 | impl WireChunk<'_> {
[INFO] [stderr]     | ------------------ method in this implementation
[INFO] [stderr] 218 |     pub fn as_buf(&self) -> Vec<u8> {
[INFO] [stderr]     |            ^^^^^^
[INFO] [stderr] 
[INFO] [stderr] warning: method `decode_c` is never used
[INFO] [stderr]    --> src/proto.rs:281:12
[INFO] [stderr]     |
[INFO] [stderr] 267 | impl Base {
[INFO] [stderr]     | --------- method in this implementation
[INFO] [stderr] ...
[INFO] [stderr] 281 |     pub fn decode_c<'a>(&self, payload: &'a [u8]) -> ClientMessage<'a> {
[INFO] [stderr]     |            ^^^^^^^^
[INFO] [stderr] 
[INFO] [stderr] warning: method `channels` is never used
[INFO] [stderr]    --> src/proto.rs:426:12
[INFO] [stderr]     |
[INFO] [stderr] 425 | impl CodecMetadata {
[INFO] [stderr]     | ------------------ method in this implementation
[INFO] [stderr] 426 |     pub fn channels(&self) -> usize {
[INFO] [stderr]     |            ^^^^^^^^
[INFO] [stderr] 
[INFO] [stderr] warning: `snapcast-client` (bin "snapcast-client" test) generated 8 warnings
[INFO] [stderr]     Finished `test` profile [unoptimized + debuginfo] target(s) in 0.07s
[INFO] [stderr]      Running unittests src/lib.rs (/opt/rustwide/target/debug/deps/snapcast_client-82fd395d6eb1269e)
[INFO] [stdout] 
[INFO] [stdout] running 6 tests
[INFO] [stdout] test proto::tests::test_pcm_ch ... ok
[INFO] [stdout] test proto::tests::test_serversettings ... ok
[INFO] [stdout] test proto::tests::test_sub_timeval ... ok
[INFO] [stdout] test proto::tests::test_time ... ok
[INFO] [stdout] test proto::tests::test_base ... ok
[INFO] [stdout] test proto::tests::test_sub_timeval_bug ... FAILED
[INFO] [stdout] 
[INFO] [stdout] failures:
[INFO] [stdout] 
[INFO] [stdout] ---- proto::tests::test_sub_timeval_bug stdout ----
[INFO] [stdout] 
[INFO] [stdout] thread 'proto::tests::test_sub_timeval_bug' panicked at src/proto.rs:502:9:
[INFO] [stdout] assertion `left == right` failed
[INFO] [stdout]   left: TimeVal { sec: -1, usec: 640851 }
[INFO] [stdout]  right: TimeVal { sec: 0, usec: -359149 }
[INFO] [stdout] stack backtrace:
[INFO] [stdout]    0:     0x5faa64ca803a - std::backtrace_rs::backtrace::libunwind::trace::hb059275cfc8d6126
[INFO] [stdout]                                at /rustc/6067b36314ab5eb2eb47cecc464545ba58e1ad24/library/std/src/../../backtrace/src/backtrace/libunwind.rs:116:5
[INFO] [stdout]    1:     0x5faa64ca803a - std::backtrace_rs::backtrace::trace_unsynchronized::h2da071e4327ce3ee
[INFO] [stdout]                                at /rustc/6067b36314ab5eb2eb47cecc464545ba58e1ad24/library/std/src/../../backtrace/src/backtrace/mod.rs:66:5
[INFO] [stdout]    2:     0x5faa64ca803a - std::sys::backtrace::_print_fmt::h842a1474e6f8d23f
[INFO] [stdout]                                at /rustc/6067b36314ab5eb2eb47cecc464545ba58e1ad24/library/std/src/sys/backtrace.rs:66:9
[INFO] [stdout]    3:     0x5faa64ca803a - <std::sys::backtrace::BacktraceLock::print::DisplayBacktrace as core::fmt::Display>::fmt::h71a62eb3b9696b12
[INFO] [stdout]                                at /rustc/6067b36314ab5eb2eb47cecc464545ba58e1ad24/library/std/src/sys/backtrace.rs:39:26
[INFO] [stdout]    4:     0x5faa64ccf6f3 - core::fmt::rt::Argument::fmt::hdb6b616786b41dc1
[INFO] [stdout]                                at /rustc/6067b36314ab5eb2eb47cecc464545ba58e1ad24/library/core/src/fmt/rt.rs:177:76
[INFO] [stdout]    5:     0x5faa64ccf6f3 - core::fmt::write::h2cc1698af7e2d686
[INFO] [stdout]                                at /rustc/6067b36314ab5eb2eb47cecc464545ba58e1ad24/library/core/src/fmt/mod.rs:1440:21
[INFO] [stdout]    6:     0x5faa64ca4b93 - std::io::Write::write_fmt::hab1b4cd059a79022
[INFO] [stdout]                                at /rustc/6067b36314ab5eb2eb47cecc464545ba58e1ad24/library/std/src/io/mod.rs:1887:15
[INFO] [stdout]    7:     0x5faa64ca7e82 - std::sys::backtrace::BacktraceLock::print::h147fe35b4ea13b08
[INFO] [stdout]                                at /rustc/6067b36314ab5eb2eb47cecc464545ba58e1ad24/library/std/src/sys/backtrace.rs:42:9
[INFO] [stdout]    8:     0x5faa64ca945f - std::panicking::default_hook::{{closure}}::hbd44223dbdc0d208
[INFO] [stdout]                                at /rustc/6067b36314ab5eb2eb47cecc464545ba58e1ad24/library/std/src/panicking.rs:298:22
[INFO] [stdout]    9:     0x5faa64ca9278 - std::panicking::default_hook::h20f81eb0576efcec
[INFO] [stdout]                                at /rustc/6067b36314ab5eb2eb47cecc464545ba58e1ad24/library/std/src/panicking.rs:322:9
[INFO] [stdout]   10:     0x5faa64c6c253 - <alloc::boxed::Box<F,A> as core::ops::function::Fn<Args>>::call::hdb53814c496a4d34
[INFO] [stdout]                                at /rustc/6067b36314ab5eb2eb47cecc464545ba58e1ad24/library/alloc/src/boxed.rs:2027:9
[INFO] [stdout]   11:     0x5faa64c6c253 - test::test_main::{{closure}}::hc0a4963c59427c24
[INFO] [stdout]                                at /rustc/6067b36314ab5eb2eb47cecc464545ba58e1ad24/library/test/src/lib.rs:134:21
[INFO] [stdout]   12:     0x5faa64ca9f53 - <alloc::boxed::Box<F,A> as core::ops::function::Fn<Args>>::call::h591b2225413a77e9
[INFO] [stdout]                                at /rustc/6067b36314ab5eb2eb47cecc464545ba58e1ad24/library/alloc/src/boxed.rs:2027:9
[INFO] [stdout]   13:     0x5faa64ca9f53 - std::panicking::rust_panic_with_hook::h625eea43051b2edc
[INFO] [stdout]                                at /rustc/6067b36314ab5eb2eb47cecc464545ba58e1ad24/library/std/src/panicking.rs:839:13
[INFO] [stdout]   14:     0x5faa64ca9c0a - std::panicking::begin_panic_handler::{{closure}}::h4f9159cfbc3f6bd3
[INFO] [stdout]                                at /rustc/6067b36314ab5eb2eb47cecc464545ba58e1ad24/library/std/src/panicking.rs:704:13
[INFO] [stdout]   15:     0x5faa64ca8539 - std::sys::backtrace::__rust_end_short_backtrace::h0390abce48353151
[INFO] [stdout]                                at /rustc/6067b36314ab5eb2eb47cecc464545ba58e1ad24/library/std/src/sys/backtrace.rs:168:18
[INFO] [stdout]   16:     0x5faa64ca989d - rust_begin_unwind
[INFO] [stdout]                                at /rustc/6067b36314ab5eb2eb47cecc464545ba58e1ad24/library/std/src/panicking.rs:695:5
[INFO] [stdout]   17:     0x5faa64cce0d0 - core::panicking::panic_fmt::h9e7c637e9e5f29c9
[INFO] [stdout]                                at /rustc/6067b36314ab5eb2eb47cecc464545ba58e1ad24/library/core/src/panicking.rs:75:14
[INFO] [stdout]   18:     0x5faa64cce4c2 - core::panicking::assert_failed_inner::h538bec7c1374cd9c
[INFO] [stdout]   19:     0x5faa64c1c479 - core::panicking::assert_failed::h7803ed0c87d66892
[INFO] [stdout]                                at /rustc/6067b36314ab5eb2eb47cecc464545ba58e1ad24/library/core/src/panicking.rs:364:5
[INFO] [stdout]   20:     0x5faa64c1b202 - snapcast_client::proto::tests::test_sub_timeval_bug::h878d7401c42f147b
[INFO] [stdout]                                at /opt/rustwide/workdir/src/proto.rs:502:9
[INFO] [stdout]   21:     0x5faa64c1b0f7 - snapcast_client::proto::tests::test_sub_timeval_bug::{{closure}}::h186c8b63bd3d2b22
[INFO] [stdout]                                at /opt/rustwide/workdir/src/proto.rs:491:30
[INFO] [stdout]   22:     0x5faa64c17786 - core::ops::function::FnOnce::call_once::h09c9b7e5a0a841b4
[INFO] [stdout]                                at /rustc/6067b36314ab5eb2eb47cecc464545ba58e1ad24/library/core/src/ops/function.rs:250:5
[INFO] [stdout]   23:     0x5faa64c719ab - core::ops::function::FnOnce::call_once::he27718dfdd183f43
[INFO] [stdout]                                at /rustc/6067b36314ab5eb2eb47cecc464545ba58e1ad24/library/core/src/ops/function.rs:250:5
[INFO] [stdout]   24:     0x5faa64c719ab - test::__rust_begin_short_backtrace::h4e84902998457a5d
[INFO] [stdout]                                at /rustc/6067b36314ab5eb2eb47cecc464545ba58e1ad24/library/test/src/lib.rs:632:18
[INFO] [stdout]   25:     0x5faa64c708e3 - test::run_test_in_process::{{closure}}::h7176fd18fc1feca0
[INFO] [stdout]                                at /rustc/6067b36314ab5eb2eb47cecc464545ba58e1ad24/library/test/src/lib.rs:655:60
[INFO] [stdout]   26:     0x5faa64c708e3 - <core::panic::unwind_safe::AssertUnwindSafe<F> as core::ops::function::FnOnce<()>>::call_once::hf79cff2a624d8cf7
[INFO] [stdout]                                at /rustc/6067b36314ab5eb2eb47cecc464545ba58e1ad24/library/core/src/panic/unwind_safe.rs:272:9
[INFO] [stdout]   27:     0x5faa64c708e3 - std::panicking::try::do_call::h3da0561d9ab99c25
[INFO] [stdout]                                at /rustc/6067b36314ab5eb2eb47cecc464545ba58e1ad24/library/std/src/panicking.rs:587:40
[INFO] [stdout]   28:     0x5faa64c708e3 - std::panicking::try::h41c9fa508bc61df6
[INFO] [stdout]                                at /rustc/6067b36314ab5eb2eb47cecc464545ba58e1ad24/library/std/src/panicking.rs:550:19
[INFO] [stdout]   29:     0x5faa64c708e3 - std::panic::catch_unwind::h6b3ff07bb5afad93
[INFO] [stdout]                                at /rustc/6067b36314ab5eb2eb47cecc464545ba58e1ad24/library/std/src/panic.rs:358:14
[INFO] [stdout]   30:     0x5faa64c708e3 - test::run_test_in_process::hc7253dd11b39b9f4
[INFO] [stdout]                                at /rustc/6067b36314ab5eb2eb47cecc464545ba58e1ad24/library/test/src/lib.rs:655:27
[INFO] [stdout]   31:     0x5faa64c708e3 - test::run_test::{{closure}}::hfb2007f8649c30bb
[INFO] [stdout]                                at /rustc/6067b36314ab5eb2eb47cecc464545ba58e1ad24/library/test/src/lib.rs:576:43
[INFO] [stdout]   32:     0x5faa64c339c5 - test::run_test::{{closure}}::h56a17aa7a282a9f4
[INFO] [stdout]                                at /rustc/6067b36314ab5eb2eb47cecc464545ba58e1ad24/library/test/src/lib.rs:606:41
[INFO] [stdout]   33:     0x5faa64c339c5 - std::sys::backtrace::__rust_begin_short_backtrace::hd2d2d2fb8e8c6aac
[INFO] [stdout]                                at /rustc/6067b36314ab5eb2eb47cecc464545ba58e1ad24/library/std/src/sys/backtrace.rs:152:18
[INFO] [stdout]   34:     0x5faa64c372aa - std::thread::Builder::spawn_unchecked_::{{closure}}::{{closure}}::h4faa3f9db6133423
[INFO] [stdout]                                at /rustc/6067b36314ab5eb2eb47cecc464545ba58e1ad24/library/std/src/thread/mod.rs:559:17
[INFO] [stdout]   35:     0x5faa64c372aa - <core::panic::unwind_safe::AssertUnwindSafe<F> as core::ops::function::FnOnce<()>>::call_once::hf2e855a36a4ea846
[INFO] [stdout]                                at /rustc/6067b36314ab5eb2eb47cecc464545ba58e1ad24/library/core/src/panic/unwind_safe.rs:272:9
[INFO] [stdout]   36:     0x5faa64c372aa - std::panicking::try::do_call::h2f73af3616c35465
[INFO] [stdout]                                at /rustc/6067b36314ab5eb2eb47cecc464545ba58e1ad24/library/std/src/panicking.rs:587:40
[INFO] [stdout]   37:     0x5faa64c372aa - std::panicking::try::hd1660ce9efadef5a
[INFO] [stdout]                                at /rustc/6067b36314ab5eb2eb47cecc464545ba58e1ad24/library/std/src/panicking.rs:550:19
[INFO] [stdout]   38:     0x5faa64c372aa - std::panic::catch_unwind::h5ee8d7823b8ca744
[INFO] [stdout]                                at /rustc/6067b36314ab5eb2eb47cecc464545ba58e1ad24/library/std/src/panic.rs:358:14
[INFO] [stdout]   39:     0x5faa64c372aa - std::thread::Builder::spawn_unchecked_::{{closure}}::h53c3a1894dce8407
[INFO] [stdout]                                at /rustc/6067b36314ab5eb2eb47cecc464545ba58e1ad24/library/std/src/thread/mod.rs:557:30
[INFO] [stdout]   40:     0x5faa64c372aa - core::ops::function::FnOnce::call_once{{vtable.shim}}::h048ce291ad4f62bf
[INFO] [stdout]                                at /rustc/6067b36314ab5eb2eb47cecc464545ba58e1ad24/library/core/src/ops/function.rs:250:5
[INFO] [stdout]   41:     0x5faa64cade8b - <alloc::boxed::Box<F,A> as core::ops::function::FnOnce<Args>>::call_once::ha52bedf99a3b4981
[INFO] [stdout]                                at /rustc/6067b36314ab5eb2eb47cecc464545ba58e1ad24/library/alloc/src/boxed.rs:2013:9
[INFO] [stdout]   42:     0x5faa64cade8b - <alloc::boxed::Box<F,A> as core::ops::function::FnOnce<Args>>::call_once::h567748934d80ccf8
[INFO] [stdout]                                at /rustc/6067b36314ab5eb2eb47cecc464545ba58e1ad24/library/alloc/src/boxed.rs:2013:9
[INFO] [stdout]   43:     0x5faa64cade8b - std::sys::pal::unix::thread::Thread::new::thread_start::h2d970728ae887adc
[INFO] [stdout]                                at /rustc/6067b36314ab5eb2eb47cecc464545ba58e1ad24/library/std/src/sys/pal/unix/thread.rs:106:17
[INFO] [stdout]   44:     0x769ef9784ac3 - <unknown>
[INFO] [stdout]   45:     0x769ef9815a04 - clone
[INFO] [stdout]   46:                0x0 - <unknown>
[INFO] [stdout] 
[INFO] [stdout] 
[INFO] [stdout] failures:
[INFO] [stdout]     proto::tests::test_sub_timeval_bug
[INFO] [stdout] 
[INFO] [stdout] test result: FAILED. 5 passed; 1 failed; 0 ignored; 0 measured; 0 filtered out; finished in 0.03s
[INFO] [stdout] 
[INFO] [stderr] error: test failed, to rerun pass `--lib`
[INFO] running `Command { std: "docker" "inspect" "f8edfe9982d09b464325ef65c70b7565495390ca49569918cfe34ccfbdd95267", kill_on_drop: false }`
[INFO] running `Command { std: "docker" "rm" "-f" "f8edfe9982d09b464325ef65c70b7565495390ca49569918cfe34ccfbdd95267", kill_on_drop: false }`
[INFO] [stdout] f8edfe9982d09b464325ef65c70b7565495390ca49569918cfe34ccfbdd95267
