[INFO] cloning repository https://github.com/Danny-Duck/bin_chicken
[INFO] running `Command { std: "git" "-c" "credential.helper=" "-c" "credential.helper=/workspace/cargo-home/bin/git-credential-null" "clone" "--bare" "https://github.com/Danny-Duck/bin_chicken" "/workspace/cache/git-repos/https%3A%2F%2Fgithub.com%2FDanny-Duck%2Fbin_chicken", kill_on_drop: false }`
[INFO] [stderr] Cloning into bare repository '/workspace/cache/git-repos/https%3A%2F%2Fgithub.com%2FDanny-Duck%2Fbin_chicken'...
[INFO] running `Command { std: "git" "rev-parse" "HEAD", kill_on_drop: false }`
[INFO] [stdout] 07a1013c184a5459a035b17fb5fdbff263617d3b
[INFO] testing Danny-Duck/bin_chicken against nightly-2025-01-18+rustflags=-Zrandomize-layout for randomize-layout-2
[INFO] running `Command { std: "git" "clone" "/workspace/cache/git-repos/https%3A%2F%2Fgithub.com%2FDanny-Duck%2Fbin_chicken" "/workspace/builds/worker-0-tc2/source", kill_on_drop: false }`
[INFO] [stderr] Cloning into '/workspace/builds/worker-0-tc2/source'...
[INFO] [stderr] done.
[INFO] validating manifest of git repo https://github.com/Danny-Duck/bin_chicken on toolchain nightly-2025-01-18
[INFO] running `Command { std: CARGO_HOME="/workspace/cargo-home" RUSTUP_HOME="/workspace/rustup-home" "/workspace/cargo-home/bin/cargo" "+nightly-2025-01-18" "metadata" "--manifest-path" "Cargo.toml" "--no-deps", kill_on_drop: false }`
[INFO] started tweaking git repo https://github.com/Danny-Duck/bin_chicken
[INFO] finished tweaking git repo https://github.com/Danny-Duck/bin_chicken
[INFO] tweaked toml for git repo https://github.com/Danny-Duck/bin_chicken written to /workspace/builds/worker-0-tc2/source/Cargo.toml
[INFO] crate git repo https://github.com/Danny-Duck/bin_chicken already has a lockfile, it will not be regenerated
[INFO] running `Command { std: CARGO_HOME="/workspace/cargo-home" RUSTUP_HOME="/workspace/rustup-home" "/workspace/cargo-home/bin/cargo" "+nightly-2025-01-18" "fetch" "--manifest-path" "Cargo.toml", kill_on_drop: false }`
[INFO] [stderr] warning: unused manifest key: package.crate-type
[INFO] [stderr]     Blocking waiting for file lock on package cache
[INFO] running `Command { std: "docker" "create" "-v" "/var/lib/crater-agent-workspace/builds/worker-0-tc2/target:/opt/rustwide/target:rw,Z" "-v" "/var/lib/crater-agent-workspace/builds/worker-0-tc2/source:/opt/rustwide/workdir:ro,Z" "-v" "/var/lib/crater-agent-workspace/cargo-home:/opt/rustwide/cargo-home:ro,Z" "-v" "/var/lib/crater-agent-workspace/rustup-home:/opt/rustwide/rustup-home:ro,Z" "-e" "SOURCE_DIR=/opt/rustwide/workdir" "-e" "CARGO_TARGET_DIR=/opt/rustwide/target" "-e" "CARGO_HOME=/opt/rustwide/cargo-home" "-e" "RUSTUP_HOME=/opt/rustwide/rustup-home" "-w" "/opt/rustwide/workdir" "-m" "1610612736" "--user" "0:0" "--network" "none" "ghcr.io/rust-lang/crates-build-env/linux@sha256:819108c5571ea2e421544af4d832f968d213c87fbe3707a016657f43d2f853bc" "/opt/rustwide/cargo-home/bin/cargo" "+nightly-2025-01-18" "metadata" "--no-deps" "--format-version=1", kill_on_drop: false }`
[INFO] [stdout] 65ba395d7d58bf40a8a8a656d634dde622645b1b92db4a9e4d78d994e11011f3
[INFO] running `Command { std: "docker" "start" "-a" "65ba395d7d58bf40a8a8a656d634dde622645b1b92db4a9e4d78d994e11011f3", kill_on_drop: false }`
[INFO] running `Command { std: "docker" "inspect" "65ba395d7d58bf40a8a8a656d634dde622645b1b92db4a9e4d78d994e11011f3", kill_on_drop: false }`
[INFO] running `Command { std: "docker" "rm" "-f" "65ba395d7d58bf40a8a8a656d634dde622645b1b92db4a9e4d78d994e11011f3", kill_on_drop: false }`
[INFO] [stdout] 65ba395d7d58bf40a8a8a656d634dde622645b1b92db4a9e4d78d994e11011f3
[INFO] running `Command { std: "docker" "create" "-v" "/var/lib/crater-agent-workspace/builds/worker-0-tc2/target:/opt/rustwide/target:rw,Z" "-v" "/var/lib/crater-agent-workspace/builds/worker-0-tc2/source:/opt/rustwide/workdir:ro,Z" "-v" "/var/lib/crater-agent-workspace/cargo-home:/opt/rustwide/cargo-home:ro,Z" "-v" "/var/lib/crater-agent-workspace/rustup-home:/opt/rustwide/rustup-home:ro,Z" "-e" "SOURCE_DIR=/opt/rustwide/workdir" "-e" "CARGO_TARGET_DIR=/opt/rustwide/target" "-e" "CARGO_INCREMENTAL=0" "-e" "RUST_BACKTRACE=full" "-e" "RUSTFLAGS=--cap-lints=forbid -Zrandomize-layout" "-e" "RUSTDOCFLAGS=--cap-lints=forbid" "-e" "CARGO_HOME=/opt/rustwide/cargo-home" "-e" "RUSTUP_HOME=/opt/rustwide/rustup-home" "-w" "/opt/rustwide/workdir" "-m" "1610612736" "--user" "0:0" "--network" "none" "ghcr.io/rust-lang/crates-build-env/linux@sha256:819108c5571ea2e421544af4d832f968d213c87fbe3707a016657f43d2f853bc" "/opt/rustwide/cargo-home/bin/cargo" "+nightly-2025-01-18" "build" "--frozen" "--message-format=json", kill_on_drop: false }`
[INFO] [stdout] 96779a5ec48b8021cf099cd7bb5540258acaa3b70037738d5e829536d2efa4e4
[INFO] running `Command { std: "docker" "start" "-a" "96779a5ec48b8021cf099cd7bb5540258acaa3b70037738d5e829536d2efa4e4", kill_on_drop: false }`
[INFO] [stderr] warning: unused manifest key: package.crate-type
[INFO] [stderr]    Compiling proc-macro2 v1.0.70
[INFO] [stderr]    Compiling libc v0.2.150
[INFO] [stderr]    Compiling num-traits v0.2.17
[INFO] [stderr]    Compiling memchr v2.6.4
[INFO] [stderr]    Compiling unicode-width v0.1.11
[INFO] [stderr]    Compiling regex-syntax v0.8.2
[INFO] [stderr]    Compiling rustix v0.38.26
[INFO] [stderr]    Compiling syn v1.0.109
[INFO] [stderr]    Compiling utf8parse v0.2.1
[INFO] [stderr]    Compiling anstyle-query v1.0.0
[INFO] [stderr]    Compiling predicates-core v1.0.6
[INFO] [stderr]    Compiling lazy_static v1.4.0
[INFO] [stderr]    Compiling either v1.9.0
[INFO] [stderr]    Compiling colorchoice v1.0.0
[INFO] [stderr]    Compiling unicase v2.6.0
[INFO] [stderr]    Compiling linux-raw-sys v0.4.12
[INFO] [stderr]    Compiling anstyle v1.0.4
[INFO] [stderr]    Compiling bitflags v2.4.1
[INFO] [stderr]    Compiling anstyle-parse v0.2.2
[INFO] [stderr]    Compiling clap_lex v0.6.0
[INFO] [stderr]    Compiling normalize-line-endings v0.3.0
[INFO] [stderr]    Compiling strsim v0.10.0
[INFO] [stderr]    Compiling termtree v0.4.1
[INFO] [stderr]    Compiling fastrand v2.0.1
[INFO] [stderr]    Compiling difflib v0.4.0
[INFO] [stderr]    Compiling itertools v0.10.5
[INFO] [stderr]    Compiling predicates-tree v1.0.9
[INFO] [stderr]    Compiling zeroize v1.7.0
[INFO] [stderr]    Compiling downcast v0.11.0
[INFO] [stderr]    Compiling fragile v2.0.0
[INFO] [stderr]    Compiling anstream v0.6.4
[INFO] [stderr]    Compiling shell-words v1.1.0
[INFO] [stderr]    Compiling clap_builder v4.4.9
[INFO] [stderr]    Compiling aho-corasick v1.1.2
[INFO] [stderr]    Compiling quote v1.0.33
[INFO] [stderr]    Compiling syn v2.0.39
[INFO] [stderr]    Compiling console v0.15.7
[INFO] [stderr]    Compiling dirs-sys v0.3.7
[INFO] [stderr]    Compiling float-cmp v0.9.0
[INFO] [stderr]    Compiling dirs v4.0.0
[INFO] [stderr]    Compiling regex-automata v0.4.3
[INFO] [stderr]    Compiling tempfile v3.8.1
[INFO] [stderr]    Compiling dialoguer v0.10.4
[INFO] [stderr]    Compiling clap_derive v4.4.7
[INFO] [stderr]    Compiling regex v1.10.2
[INFO] [stderr]    Compiling mockall_derive v0.11.4
[INFO] [stderr]    Compiling predicates v2.1.5
[INFO] [stderr]    Compiling clap v4.4.10
[INFO] [stderr]    Compiling mockall v0.11.4
[INFO] [stderr]    Compiling bin_chicken v0.1.0 (/opt/rustwide/workdir)
[INFO] [stdout] warning: unused import: `tempfile::TempDir`
[INFO] [stdout]  --> src/paths.rs:6:5
[INFO] [stdout]   |
[INFO] [stdout] 6 | use tempfile::TempDir;
[INFO] [stdout]   |     ^^^^^^^^^^^^^^^^^
[INFO] [stdout]   |
[INFO] [stdout]   = note: `#[warn(unused_imports)]` on by default
[INFO] [stdout] 
[INFO] [stdout] 
[INFO] [stdout] warning: fields `history_item` and `name_with_timestamp` are never read
[INFO] [stdout]   --> src/file.rs:17:9
[INFO] [stdout]    |
[INFO] [stdout] 16 | pub struct File<P, U> {
[INFO] [stdout]    |            ---- fields in this struct
[INFO] [stdout] 17 |     pub history_item: String,
[INFO] [stdout]    |         ^^^^^^^^^^^^
[INFO] [stdout] 18 |     pub original_absolute_path: PathBuf,
[INFO] [stdout] 19 |     pub name_with_timestamp: String,
[INFO] [stdout]    |         ^^^^^^^^^^^^^^^^^^^
[INFO] [stdout]    |
[INFO] [stdout]    = note: `File` has a derived impl for the trait `Debug`, but this is intentionally ignored during dead code analysis
[INFO] [stdout]    = note: `#[warn(dead_code)]` on by default
[INFO] [stdout] 
[INFO] [stdout] 
[INFO] [stderr]     Finished `dev` profile [unoptimized + debuginfo] target(s) in 22.42s
[INFO] running `Command { std: "docker" "inspect" "96779a5ec48b8021cf099cd7bb5540258acaa3b70037738d5e829536d2efa4e4", kill_on_drop: false }`
[INFO] running `Command { std: "docker" "rm" "-f" "96779a5ec48b8021cf099cd7bb5540258acaa3b70037738d5e829536d2efa4e4", kill_on_drop: false }`
[INFO] [stdout] 96779a5ec48b8021cf099cd7bb5540258acaa3b70037738d5e829536d2efa4e4
[INFO] running `Command { std: "docker" "create" "-v" "/var/lib/crater-agent-workspace/builds/worker-0-tc2/target:/opt/rustwide/target:rw,Z" "-v" "/var/lib/crater-agent-workspace/builds/worker-0-tc2/source:/opt/rustwide/workdir:ro,Z" "-v" "/var/lib/crater-agent-workspace/cargo-home:/opt/rustwide/cargo-home:ro,Z" "-v" "/var/lib/crater-agent-workspace/rustup-home:/opt/rustwide/rustup-home:ro,Z" "-e" "SOURCE_DIR=/opt/rustwide/workdir" "-e" "CARGO_TARGET_DIR=/opt/rustwide/target" "-e" "CARGO_INCREMENTAL=0" "-e" "RUST_BACKTRACE=full" "-e" "RUSTFLAGS=--cap-lints=forbid -Zrandomize-layout" "-e" "RUSTDOCFLAGS=--cap-lints=forbid" "-e" "CARGO_HOME=/opt/rustwide/cargo-home" "-e" "RUSTUP_HOME=/opt/rustwide/rustup-home" "-w" "/opt/rustwide/workdir" "-m" "1610612736" "--user" "0:0" "--network" "none" "ghcr.io/rust-lang/crates-build-env/linux@sha256:819108c5571ea2e421544af4d832f968d213c87fbe3707a016657f43d2f853bc" "/opt/rustwide/cargo-home/bin/cargo" "+nightly-2025-01-18" "test" "--frozen" "--no-run" "--message-format=json", kill_on_drop: false }`
[INFO] [stdout] aaae5c88a55e3db0a200d10b493528a88e18593e772b16a6ed1a72e343a47e4f
[INFO] running `Command { std: "docker" "start" "-a" "aaae5c88a55e3db0a200d10b493528a88e18593e772b16a6ed1a72e343a47e4f", kill_on_drop: false }`
[INFO] [stderr] warning: unused manifest key: package.crate-type
[INFO] [stderr]    Compiling bin_chicken v0.1.0 (/opt/rustwide/workdir)
[INFO] [stdout] warning: unused import: `tempfile::TempDir`
[INFO] [stdout]  --> src/paths.rs:6:5
[INFO] [stdout]   |
[INFO] [stdout] 6 | use tempfile::TempDir;
[INFO] [stdout]   |     ^^^^^^^^^^^^^^^^^
[INFO] [stdout]   |
[INFO] [stdout]   = note: `#[warn(unused_imports)]` on by default
[INFO] [stdout] 
[INFO] [stdout] 
[INFO] [stdout] warning: fields `history_item` and `name_with_timestamp` are never read
[INFO] [stdout]   --> src/file.rs:17:9
[INFO] [stdout]    |
[INFO] [stdout] 16 | pub struct File<P, U> {
[INFO] [stdout]    |            ---- fields in this struct
[INFO] [stdout] 17 |     pub history_item: String,
[INFO] [stdout]    |         ^^^^^^^^^^^^
[INFO] [stdout] 18 |     pub original_absolute_path: PathBuf,
[INFO] [stdout] 19 |     pub name_with_timestamp: String,
[INFO] [stdout]    |         ^^^^^^^^^^^^^^^^^^^
[INFO] [stdout]    |
[INFO] [stdout]    = note: `File` has a derived impl for the trait `Debug`, but this is intentionally ignored during dead code analysis
[INFO] [stdout]    = note: `#[warn(dead_code)]` on by default
[INFO] [stdout] 
[INFO] [stdout] 
[INFO] [stderr]     Finished `test` profile [unoptimized + debuginfo] target(s) in 0.47s
[INFO] running `Command { std: "docker" "inspect" "aaae5c88a55e3db0a200d10b493528a88e18593e772b16a6ed1a72e343a47e4f", kill_on_drop: false }`
[INFO] running `Command { std: "docker" "rm" "-f" "aaae5c88a55e3db0a200d10b493528a88e18593e772b16a6ed1a72e343a47e4f", kill_on_drop: false }`
[INFO] [stdout] aaae5c88a55e3db0a200d10b493528a88e18593e772b16a6ed1a72e343a47e4f
[INFO] running `Command { std: "docker" "create" "-v" "/var/lib/crater-agent-workspace/builds/worker-0-tc2/target:/opt/rustwide/target:rw,Z" "-v" "/var/lib/crater-agent-workspace/builds/worker-0-tc2/source:/opt/rustwide/workdir:ro,Z" "-v" "/var/lib/crater-agent-workspace/cargo-home:/opt/rustwide/cargo-home:ro,Z" "-v" "/var/lib/crater-agent-workspace/rustup-home:/opt/rustwide/rustup-home:ro,Z" "-e" "SOURCE_DIR=/opt/rustwide/workdir" "-e" "CARGO_TARGET_DIR=/opt/rustwide/target" "-e" "CARGO_INCREMENTAL=0" "-e" "RUST_BACKTRACE=full" "-e" "RUSTFLAGS=--cap-lints=forbid -Zrandomize-layout" "-e" "RUSTDOCFLAGS=--cap-lints=forbid" "-e" "CARGO_HOME=/opt/rustwide/cargo-home" "-e" "RUSTUP_HOME=/opt/rustwide/rustup-home" "-w" "/opt/rustwide/workdir" "-m" "1610612736" "--user" "0:0" "--network" "none" "ghcr.io/rust-lang/crates-build-env/linux@sha256:819108c5571ea2e421544af4d832f968d213c87fbe3707a016657f43d2f853bc" "/opt/rustwide/cargo-home/bin/cargo" "+nightly-2025-01-18" "test" "--frozen", kill_on_drop: false }`
[INFO] [stdout] e44292be8e016d1240e0460bf8fb345bf18fbc0161a8881f782c956c686ebc84
[INFO] running `Command { std: "docker" "start" "-a" "e44292be8e016d1240e0460bf8fb345bf18fbc0161a8881f782c956c686ebc84", kill_on_drop: false }`
[INFO] [stderr] warning: unused manifest key: package.crate-type
[INFO] [stderr] warning: unused import: `tempfile::TempDir`
[INFO] [stderr]  --> src/paths.rs:6:5
[INFO] [stderr]   |
[INFO] [stderr] 6 | use tempfile::TempDir;
[INFO] [stderr]   |     ^^^^^^^^^^^^^^^^^
[INFO] [stderr]   |
[INFO] [stderr]   = note: `#[warn(unused_imports)]` on by default
[INFO] [stderr] 
[INFO] [stderr] warning: fields `history_item` and `name_with_timestamp` are never read
[INFO] [stderr]   --> src/file.rs:17:9
[INFO] [stderr]    |
[INFO] [stderr] 16 | pub struct File<P, U> {
[INFO] [stderr]    |            ---- fields in this struct
[INFO] [stderr] 17 |     pub history_item: String,
[INFO] [stderr]    |         ^^^^^^^^^^^^
[INFO] [stderr] 18 |     pub original_absolute_path: PathBuf,
[INFO] [stderr] 19 |     pub name_with_timestamp: String,
[INFO] [stderr]    |         ^^^^^^^^^^^^^^^^^^^
[INFO] [stderr]    |
[INFO] [stderr]    = note: `File` has a derived impl for the trait `Debug`, but this is intentionally ignored during dead code analysis
[INFO] [stderr]    = note: `#[warn(dead_code)]` on by default
[INFO] [stderr] 
[INFO] [stderr] warning: `bin_chicken` (bin "bin_chicken" test) generated 2 warnings (run `cargo fix --bin "bin_chicken" --tests` to apply 1 suggestion)
[INFO] [stderr]     Finished `test` profile [unoptimized + debuginfo] target(s) in 0.06s
[INFO] [stderr]      Running unittests src/main.rs (/opt/rustwide/target/debug/deps/bin_chicken-906194c9ff73a8b6)
[INFO] [stdout] 
[INFO] [stdout] running 4 tests
[INFO] [stdout] test history::tests::test_decode_history_item ... ok
[INFO] [stdout] test history::tests::test_encode_history_item ... ok
[INFO] [stdout] test paths::tests::test_check_file_exists_else_create ... ok
[INFO] [stdout] test history::tests::test_read_latest_with_non_empty_history ... FAILED
[INFO] [stdout] 
[INFO] [stdout] failures:
[INFO] [stdout] 
[INFO] [stdout] ---- history::tests::test_read_latest_with_non_empty_history stdout ----
[INFO] [stdout] 
[INFO] [stdout] thread 'history::tests::test_read_latest_with_non_empty_history' panicked at src/history.rs:94:41:
[INFO] [stdout] called `Result::unwrap()` on an `Err` value: Custom { kind: ReadOnlyFilesystem, error: PathError { path: "/opt/rustwide/workdir/./.tmpT34bbq", err: Os { code: 30, kind: ReadOnlyFilesystem, message: "Read-only file system" } } }
[INFO] [stdout] stack backtrace:
[INFO] [stdout]    0:     0x5ccbb27b28fa - std::backtrace_rs::backtrace::libunwind::trace::hb059275cfc8d6126
[INFO] [stdout]                                at /rustc/6067b36314ab5eb2eb47cecc464545ba58e1ad24/library/std/src/../../backtrace/src/backtrace/libunwind.rs:116:5
[INFO] [stdout]    1:     0x5ccbb27b28fa - std::backtrace_rs::backtrace::trace_unsynchronized::h2da071e4327ce3ee
[INFO] [stdout]                                at /rustc/6067b36314ab5eb2eb47cecc464545ba58e1ad24/library/std/src/../../backtrace/src/backtrace/mod.rs:66:5
[INFO] [stdout]    2:     0x5ccbb27b28fa - std::sys::backtrace::_print_fmt::h842a1474e6f8d23f
[INFO] [stdout]                                at /rustc/6067b36314ab5eb2eb47cecc464545ba58e1ad24/library/std/src/sys/backtrace.rs:66:9
[INFO] [stdout]    3:     0x5ccbb27b28fa - <std::sys::backtrace::BacktraceLock::print::DisplayBacktrace as core::fmt::Display>::fmt::h71a62eb3b9696b12
[INFO] [stdout]                                at /rustc/6067b36314ab5eb2eb47cecc464545ba58e1ad24/library/std/src/sys/backtrace.rs:39:26
[INFO] [stdout]    4:     0x5ccbb27daa23 - core::fmt::rt::Argument::fmt::hdb6b616786b41dc1
[INFO] [stdout]                                at /rustc/6067b36314ab5eb2eb47cecc464545ba58e1ad24/library/core/src/fmt/rt.rs:177:76
[INFO] [stdout]    5:     0x5ccbb27daa23 - core::fmt::write::h2cc1698af7e2d686
[INFO] [stdout]                                at /rustc/6067b36314ab5eb2eb47cecc464545ba58e1ad24/library/core/src/fmt/mod.rs:1440:21
[INFO] [stdout]    6:     0x5ccbb27af183 - std::io::Write::write_fmt::hab1b4cd059a79022
[INFO] [stdout]                                at /rustc/6067b36314ab5eb2eb47cecc464545ba58e1ad24/library/std/src/io/mod.rs:1887:15
[INFO] [stdout]    7:     0x5ccbb27b2742 - std::sys::backtrace::BacktraceLock::print::h147fe35b4ea13b08
[INFO] [stdout]                                at /rustc/6067b36314ab5eb2eb47cecc464545ba58e1ad24/library/std/src/sys/backtrace.rs:42:9
[INFO] [stdout]    8:     0x5ccbb27b3d1f - std::panicking::default_hook::{{closure}}::hbd44223dbdc0d208
[INFO] [stdout]                                at /rustc/6067b36314ab5eb2eb47cecc464545ba58e1ad24/library/std/src/panicking.rs:298:22
[INFO] [stdout]    9:     0x5ccbb27b3b38 - std::panicking::default_hook::h20f81eb0576efcec
[INFO] [stdout]                                at /rustc/6067b36314ab5eb2eb47cecc464545ba58e1ad24/library/std/src/panicking.rs:322:9
[INFO] [stdout]   10:     0x5ccbb2770fb3 - <alloc::boxed::Box<F,A> as core::ops::function::Fn<Args>>::call::hdb53814c496a4d34
[INFO] [stdout]                                at /rustc/6067b36314ab5eb2eb47cecc464545ba58e1ad24/library/alloc/src/boxed.rs:2027:9
[INFO] [stdout]   11:     0x5ccbb2770fb3 - test::test_main::{{closure}}::hc0a4963c59427c24
[INFO] [stdout]                                at /rustc/6067b36314ab5eb2eb47cecc464545ba58e1ad24/library/test/src/lib.rs:134:21
[INFO] [stdout]   12:     0x5ccbb27b4813 - <alloc::boxed::Box<F,A> as core::ops::function::Fn<Args>>::call::h591b2225413a77e9
[INFO] [stdout]                                at /rustc/6067b36314ab5eb2eb47cecc464545ba58e1ad24/library/alloc/src/boxed.rs:2027:9
[INFO] [stdout]   13:     0x5ccbb27b4813 - std::panicking::rust_panic_with_hook::h625eea43051b2edc
[INFO] [stdout]                                at /rustc/6067b36314ab5eb2eb47cecc464545ba58e1ad24/library/std/src/panicking.rs:839:13
[INFO] [stdout]   14:     0x5ccbb27b44ca - std::panicking::begin_panic_handler::{{closure}}::h4f9159cfbc3f6bd3
[INFO] [stdout]                                at /rustc/6067b36314ab5eb2eb47cecc464545ba58e1ad24/library/std/src/panicking.rs:704:13
[INFO] [stdout]   15:     0x5ccbb27b2df9 - std::sys::backtrace::__rust_end_short_backtrace::h0390abce48353151
[INFO] [stdout]                                at /rustc/6067b36314ab5eb2eb47cecc464545ba58e1ad24/library/std/src/sys/backtrace.rs:168:18
[INFO] [stdout]   16:     0x5ccbb27b415d - rust_begin_unwind
[INFO] [stdout]                                at /rustc/6067b36314ab5eb2eb47cecc464545ba58e1ad24/library/std/src/panicking.rs:695:5
[INFO] [stdout]   17:     0x5ccbb27d94d0 - core::panicking::panic_fmt::h9e7c637e9e5f29c9
[INFO] [stdout]                                at /rustc/6067b36314ab5eb2eb47cecc464545ba58e1ad24/library/core/src/panicking.rs:75:14
[INFO] [stdout]   18:     0x5ccbb27d9876 - core::result::unwrap_failed::h7979f09313fe1849
[INFO] [stdout]                                at /rustc/6067b36314ab5eb2eb47cecc464545ba58e1ad24/library/core/src/result.rs:1704:5
[INFO] [stdout]   19:     0x5ccbb27352b6 - core::result::Result<T,E>::unwrap::hc3143b862f224648
[INFO] [stdout]                                at /rustc/6067b36314ab5eb2eb47cecc464545ba58e1ad24/library/core/src/result.rs:1109:23
[INFO] [stdout]   20:     0x5ccbb27352b6 - bin_chicken::history::tests::test_read_latest_with_non_empty_history::h7bad7a75c2cadd64
[INFO] [stdout]                                at /opt/rustwide/workdir/src/history.rs:94:20
[INFO] [stdout]   21:     0x5ccbb2735227 - bin_chicken::history::tests::test_read_latest_with_non_empty_history::{{closure}}::h0e760e56b4b410e7
[INFO] [stdout]                                at /opt/rustwide/workdir/src/history.rs:93:49
[INFO] [stdout]   22:     0x5ccbb27315f6 - core::ops::function::FnOnce::call_once::h6d29348d29195f18
[INFO] [stdout]                                at /rustc/6067b36314ab5eb2eb47cecc464545ba58e1ad24/library/core/src/ops/function.rs:250:5
[INFO] [stdout]   23:     0x5ccbb277670b - core::ops::function::FnOnce::call_once::he27718dfdd183f43
[INFO] [stdout]                                at /rustc/6067b36314ab5eb2eb47cecc464545ba58e1ad24/library/core/src/ops/function.rs:250:5
[INFO] [stdout]   24:     0x5ccbb277670b - test::__rust_begin_short_backtrace::h4e84902998457a5d
[INFO] [stdout]                                at /rustc/6067b36314ab5eb2eb47cecc464545ba58e1ad24/library/test/src/lib.rs:632:18
[INFO] [stdout]   25:     0x5ccbb2775643 - test::run_test_in_process::{{closure}}::h7176fd18fc1feca0
[INFO] [stdout]                                at /rustc/6067b36314ab5eb2eb47cecc464545ba58e1ad24/library/test/src/lib.rs:655:60
[INFO] [stdout]   26:     0x5ccbb2775643 - <core::panic::unwind_safe::AssertUnwindSafe<F> as core::ops::function::FnOnce<()>>::call_once::hf79cff2a624d8cf7
[INFO] [stdout]                                at /rustc/6067b36314ab5eb2eb47cecc464545ba58e1ad24/library/core/src/panic/unwind_safe.rs:272:9
[INFO] [stdout]   27:     0x5ccbb2775643 - std::panicking::try::do_call::h3da0561d9ab99c25
[INFO] [stdout]                                at /rustc/6067b36314ab5eb2eb47cecc464545ba58e1ad24/library/std/src/panicking.rs:587:40
[INFO] [stdout]   28:     0x5ccbb2775643 - std::panicking::try::h41c9fa508bc61df6
[INFO] [stdout]                                at /rustc/6067b36314ab5eb2eb47cecc464545ba58e1ad24/library/std/src/panicking.rs:550:19
[INFO] [stdout]   29:     0x5ccbb2775643 - std::panic::catch_unwind::h6b3ff07bb5afad93
[INFO] [stdout]                                at /rustc/6067b36314ab5eb2eb47cecc464545ba58e1ad24/library/std/src/panic.rs:358:14
[INFO] [stdout]   30:     0x5ccbb2775643 - test::run_test_in_process::hc7253dd11b39b9f4
[INFO] [stdout]                                at /rustc/6067b36314ab5eb2eb47cecc464545ba58e1ad24/library/test/src/lib.rs:655:27
[INFO] [stdout]   31:     0x5ccbb2775643 - test::run_test::{{closure}}::hfb2007f8649c30bb
[INFO] [stdout]                                at /rustc/6067b36314ab5eb2eb47cecc464545ba58e1ad24/library/test/src/lib.rs:576:43
[INFO] [stdout]   32:     0x5ccbb2738725 - test::run_test::{{closure}}::h56a17aa7a282a9f4
[INFO] [stdout]                                at /rustc/6067b36314ab5eb2eb47cecc464545ba58e1ad24/library/test/src/lib.rs:606:41
[INFO] [stdout]   33:     0x5ccbb2738725 - std::sys::backtrace::__rust_begin_short_backtrace::hd2d2d2fb8e8c6aac
[INFO] [stdout]                                at /rustc/6067b36314ab5eb2eb47cecc464545ba58e1ad24/library/std/src/sys/backtrace.rs:152:18
[INFO] [stdout]   34:     0x5ccbb273c00a - std::thread::Builder::spawn_unchecked_::{{closure}}::{{closure}}::h4faa3f9db6133423
[INFO] [stdout]                                at /rustc/6067b36314ab5eb2eb47cecc464545ba58e1ad24/library/std/src/thread/mod.rs:559:17
[INFO] [stdout]   35:     0x5ccbb273c00a - <core::panic::unwind_safe::AssertUnwindSafe<F> as core::ops::function::FnOnce<()>>::call_once::hf2e855a36a4ea846
[INFO] [stdout]                                at /rustc/6067b36314ab5eb2eb47cecc464545ba58e1ad24/library/core/src/panic/unwind_safe.rs:272:9
[INFO] [stdout]   36:     0x5ccbb273c00a - std::panicking::try::do_call::h2f73af3616c35465
[INFO] [stdout]                                at /rustc/6067b36314ab5eb2eb47cecc464545ba58e1ad24/library/std/src/panicking.rs:587:40
[INFO] [stdout]   37:     0x5ccbb273c00a - std::panicking::try::hd1660ce9efadef5a
[INFO] [stdout]                                at /rustc/6067b36314ab5eb2eb47cecc464545ba58e1ad24/library/std/src/panicking.rs:550:19
[INFO] [stdout]   38:     0x5ccbb273c00a - std::panic::catch_unwind::h5ee8d7823b8ca744
[INFO] [stdout]                                at /rustc/6067b36314ab5eb2eb47cecc464545ba58e1ad24/library/std/src/panic.rs:358:14
[INFO] [stdout]   39:     0x5ccbb273c00a - std::thread::Builder::spawn_unchecked_::{{closure}}::h53c3a1894dce8407
[INFO] [stdout]                                at /rustc/6067b36314ab5eb2eb47cecc464545ba58e1ad24/library/std/src/thread/mod.rs:557:30
[INFO] [stdout]   40:     0x5ccbb273c00a - core::ops::function::FnOnce::call_once{{vtable.shim}}::h048ce291ad4f62bf
[INFO] [stdout]                                at /rustc/6067b36314ab5eb2eb47cecc464545ba58e1ad24/library/core/src/ops/function.rs:250:5
[INFO] [stdout]   41:     0x5ccbb27b91eb - <alloc::boxed::Box<F,A> as core::ops::function::FnOnce<Args>>::call_once::ha52bedf99a3b4981
[INFO] [stdout]                                at /rustc/6067b36314ab5eb2eb47cecc464545ba58e1ad24/library/alloc/src/boxed.rs:2013:9
[INFO] [stdout]   42:     0x5ccbb27b91eb - <alloc::boxed::Box<F,A> as core::ops::function::FnOnce<Args>>::call_once::h567748934d80ccf8
[INFO] [stdout]                                at /rustc/6067b36314ab5eb2eb47cecc464545ba58e1ad24/library/alloc/src/boxed.rs:2013:9
[INFO] [stdout]   43:     0x5ccbb27b91eb - std::sys::pal::unix::thread::Thread::new::thread_start::h2d970728ae887adc
[INFO] [stdout]                                at /rustc/6067b36314ab5eb2eb47cecc464545ba58e1ad24/library/std/src/sys/pal/unix/thread.rs:106:17
[INFO] [stdout]   44:     0x7ddc63d4eac3 - <unknown>
[INFO] [stdout]   45:     0x7ddc63ddfa04 - clone
[INFO] [stdout]   46:                0x0 - <unknown>
[INFO] [stdout] 
[INFO] [stdout] 
[INFO] [stdout] failures:
[INFO] [stdout]     history::tests::test_read_latest_with_non_empty_history
[INFO] [stdout] 
[INFO] [stdout] test result: FAILED. 3 passed; 1 failed; 0 ignored; 0 measured; 0 filtered out; finished in 0.02s
[INFO] [stdout] 
[INFO] [stderr] error: test failed, to rerun pass `--bin bin_chicken`
[INFO] running `Command { std: "docker" "inspect" "e44292be8e016d1240e0460bf8fb345bf18fbc0161a8881f782c956c686ebc84", kill_on_drop: false }`
[INFO] running `Command { std: "docker" "rm" "-f" "e44292be8e016d1240e0460bf8fb345bf18fbc0161a8881f782c956c686ebc84", kill_on_drop: false }`
[INFO] [stdout] e44292be8e016d1240e0460bf8fb345bf18fbc0161a8881f782c956c686ebc84
