[INFO] cloning repository https://github.com/Danno040/AoC-2024
[INFO] running `Command { std: "git" "-c" "credential.helper=" "-c" "credential.helper=/workspace/cargo-home/bin/git-credential-null" "clone" "--bare" "https://github.com/Danno040/AoC-2024" "/workspace/cache/git-repos/https%3A%2F%2Fgithub.com%2FDanno040%2FAoC-2024", kill_on_drop: false }`
[INFO] [stderr] Cloning into bare repository '/workspace/cache/git-repos/https%3A%2F%2Fgithub.com%2FDanno040%2FAoC-2024'...
[INFO] running `Command { std: "git" "rev-parse" "HEAD", kill_on_drop: false }`
[INFO] [stdout] 6a71a2e15b48adc0139da7475c79016d181fa257
[INFO] testing Danno040/AoC-2024 against nightly-2025-01-18+rustflags=-Zrandomize-layout for randomize-layout-2
[INFO] running `Command { std: "git" "clone" "/workspace/cache/git-repos/https%3A%2F%2Fgithub.com%2FDanno040%2FAoC-2024" "/workspace/builds/worker-3-tc2/source", kill_on_drop: false }`
[INFO] [stderr] Cloning into '/workspace/builds/worker-3-tc2/source'...
[INFO] [stderr] done.
[INFO] validating manifest of git repo https://github.com/Danno040/AoC-2024 on toolchain nightly-2025-01-18
[INFO] running `Command { std: CARGO_HOME="/workspace/cargo-home" RUSTUP_HOME="/workspace/rustup-home" "/workspace/cargo-home/bin/cargo" "+nightly-2025-01-18" "metadata" "--manifest-path" "Cargo.toml" "--no-deps", kill_on_drop: false }`
[INFO] started tweaking git repo https://github.com/Danno040/AoC-2024
[INFO] finished tweaking git repo https://github.com/Danno040/AoC-2024
[INFO] tweaked toml for git repo https://github.com/Danno040/AoC-2024 written to /workspace/builds/worker-3-tc2/source/Cargo.toml
[INFO] crate git repo https://github.com/Danno040/AoC-2024 already has a lockfile, it will not be regenerated
[INFO] running `Command { std: CARGO_HOME="/workspace/cargo-home" RUSTUP_HOME="/workspace/rustup-home" "/workspace/cargo-home/bin/cargo" "+nightly-2025-01-18" "fetch" "--manifest-path" "Cargo.toml", kill_on_drop: false }`
[INFO] running `Command { std: "docker" "create" "-v" "/var/lib/crater-agent-workspace/builds/worker-3-tc2/target:/opt/rustwide/target:rw,Z" "-v" "/var/lib/crater-agent-workspace/builds/worker-3-tc2/source:/opt/rustwide/workdir:ro,Z" "-v" "/var/lib/crater-agent-workspace/cargo-home:/opt/rustwide/cargo-home:ro,Z" "-v" "/var/lib/crater-agent-workspace/rustup-home:/opt/rustwide/rustup-home:ro,Z" "-e" "SOURCE_DIR=/opt/rustwide/workdir" "-e" "CARGO_TARGET_DIR=/opt/rustwide/target" "-e" "CARGO_HOME=/opt/rustwide/cargo-home" "-e" "RUSTUP_HOME=/opt/rustwide/rustup-home" "-w" "/opt/rustwide/workdir" "-m" "1610612736" "--user" "0:0" "--network" "none" "ghcr.io/rust-lang/crates-build-env/linux@sha256:819108c5571ea2e421544af4d832f968d213c87fbe3707a016657f43d2f853bc" "/opt/rustwide/cargo-home/bin/cargo" "+nightly-2025-01-18" "metadata" "--no-deps" "--format-version=1", kill_on_drop: false }`
[INFO] [stdout] a6cfcc7fe1f745b476f1a7227f4b611b01c322a200db46bac057a0774d6d6e2f
[INFO] running `Command { std: "docker" "start" "-a" "a6cfcc7fe1f745b476f1a7227f4b611b01c322a200db46bac057a0774d6d6e2f", kill_on_drop: false }`
[INFO] running `Command { std: "docker" "inspect" "a6cfcc7fe1f745b476f1a7227f4b611b01c322a200db46bac057a0774d6d6e2f", kill_on_drop: false }`
[INFO] running `Command { std: "docker" "rm" "-f" "a6cfcc7fe1f745b476f1a7227f4b611b01c322a200db46bac057a0774d6d6e2f", kill_on_drop: false }`
[INFO] [stdout] a6cfcc7fe1f745b476f1a7227f4b611b01c322a200db46bac057a0774d6d6e2f
[INFO] running `Command { std: "docker" "create" "-v" "/var/lib/crater-agent-workspace/builds/worker-3-tc2/target:/opt/rustwide/target:rw,Z" "-v" "/var/lib/crater-agent-workspace/builds/worker-3-tc2/source:/opt/rustwide/workdir:ro,Z" "-v" "/var/lib/crater-agent-workspace/cargo-home:/opt/rustwide/cargo-home:ro,Z" "-v" "/var/lib/crater-agent-workspace/rustup-home:/opt/rustwide/rustup-home:ro,Z" "-e" "SOURCE_DIR=/opt/rustwide/workdir" "-e" "CARGO_TARGET_DIR=/opt/rustwide/target" "-e" "CARGO_INCREMENTAL=0" "-e" "RUST_BACKTRACE=full" "-e" "RUSTFLAGS=--cap-lints=forbid -Zrandomize-layout" "-e" "RUSTDOCFLAGS=--cap-lints=forbid" "-e" "CARGO_HOME=/opt/rustwide/cargo-home" "-e" "RUSTUP_HOME=/opt/rustwide/rustup-home" "-w" "/opt/rustwide/workdir" "-m" "1610612736" "--user" "0:0" "--network" "none" "ghcr.io/rust-lang/crates-build-env/linux@sha256:819108c5571ea2e421544af4d832f968d213c87fbe3707a016657f43d2f853bc" "/opt/rustwide/cargo-home/bin/cargo" "+nightly-2025-01-18" "build" "--frozen" "--message-format=json", kill_on_drop: false }`
[INFO] [stdout] 5957010f5225249e6d46125eeecaf2fb17afa86cc16e8a1ea9b9be472be71319
[INFO] running `Command { std: "docker" "start" "-a" "5957010f5225249e6d46125eeecaf2fb17afa86cc16e8a1ea9b9be472be71319", kill_on_drop: false }`
[INFO] [stderr]    Compiling memchr v2.7.4
[INFO] [stderr]    Compiling regex-syntax v0.8.5
[INFO] [stderr]    Compiling hashbrown v0.15.2
[INFO] [stderr]    Compiling fixedbitset v0.4.2
[INFO] [stderr]    Compiling aho-corasick v1.1.3
[INFO] [stderr]    Compiling indexmap v2.7.0
[INFO] [stderr]    Compiling petgraph v0.6.5
[INFO] [stderr]    Compiling regex-automata v0.4.9
[INFO] [stderr]    Compiling regex v1.11.1
[INFO] [stderr]    Compiling aoc-2024 v0.1.0 (/opt/rustwide/workdir)
[INFO] [stdout] warning: variable does not need to be mutable
[INFO] [stdout]   --> src/day2.rs:52:26
[INFO] [stdout]    |
[INFO] [stdout] 52 | fn is_safe_with_dampener(mut report: Vec<u64>) -> bool {
[INFO] [stdout]    |                          ----^^^^^^
[INFO] [stdout]    |                          |
[INFO] [stdout]    |                          help: remove this `mut`
[INFO] [stdout]    |
[INFO] [stdout]    = note: `#[warn(unused_mut)]` on by default
[INFO] [stdout] 
[INFO] [stdout] 
[INFO] [stdout] warning: unused variable: `y`
[INFO] [stdout]   --> src/day6.rs:79:14
[INFO] [stdout]    |
[INFO] [stdout] 79 |         for (y, row) in self.iter().enumerate() {
[INFO] [stdout]    |              ^ help: if this is intentional, prefix it with an underscore: `_y`
[INFO] [stdout]    |
[INFO] [stdout]    = note: `#[warn(unused_variables)]` on by default
[INFO] [stdout] 
[INFO] [stdout] 
[INFO] [stdout] warning: unused variable: `x`
[INFO] [stdout]   --> src/day6.rs:80:18
[INFO] [stdout]    |
[INFO] [stdout] 80 |             for (x, spot) in row.iter().enumerate() {
[INFO] [stdout]    |                  ^ help: if this is intentional, prefix it with an underscore: `_x`
[INFO] [stdout] 
[INFO] [stdout] 
[INFO] [stdout] warning: unused variable: `y`
[INFO] [stdout]   --> src/day6.rs:92:14
[INFO] [stdout]    |
[INFO] [stdout] 92 |         for (y, row) in self.into_iter().enumerate() {
[INFO] [stdout]    |              ^ help: if this is intentional, prefix it with an underscore: `_y`
[INFO] [stdout] 
[INFO] [stdout] 
[INFO] [stdout] warning: unused variable: `x`
[INFO] [stdout]   --> src/day6.rs:93:18
[INFO] [stdout]    |
[INFO] [stdout] 93 |             for (x, spot) in row.into_iter().enumerate() {
[INFO] [stdout]    |                  ^ help: if this is intentional, prefix it with an underscore: `_x`
[INFO] [stdout] 
[INFO] [stdout] 
[INFO] [stdout] warning: type `Puzzle` is more private than the item `find_xmas`
[INFO] [stdout]    --> src/day4.rs:171:1
[INFO] [stdout]     |
[INFO] [stdout] 171 | pub fn find_xmas(puzzle: Puzzle) -> u64 {
[INFO] [stdout]     | ^^^^^^^^^^^^^^^^^^^^^^^^^^^^^^^^^^^^^^^ function `find_xmas` is reachable at visibility `pub(crate)`
[INFO] [stdout]     |
[INFO] [stdout] note: but type `Puzzle` is only usable at visibility `pub(self)`
[INFO] [stdout]    --> src/day4.rs:22:1
[INFO] [stdout]     |
[INFO] [stdout] 22  | struct Puzzle {
[INFO] [stdout]     | ^^^^^^^^^^^^^
[INFO] [stdout]     = note: `#[warn(private_interfaces)]` on by default
[INFO] [stdout] 
[INFO] [stdout] 
[INFO] [stdout] warning: type `Puzzle` is more private than the item `find_mases`
[INFO] [stdout]    --> src/day4.rs:200:1
[INFO] [stdout]     |
[INFO] [stdout] 200 | pub fn find_mases(puzzle: Puzzle) -> u64 {
[INFO] [stdout]     | ^^^^^^^^^^^^^^^^^^^^^^^^^^^^^^^^^^^^^^^^ function `find_mases` is reachable at visibility `pub(crate)`
[INFO] [stdout]     |
[INFO] [stdout] note: but type `Puzzle` is only usable at visibility `pub(self)`
[INFO] [stdout]    --> src/day4.rs:22:1
[INFO] [stdout]     |
[INFO] [stdout] 22  | struct Puzzle {
[INFO] [stdout]     | ^^^^^^^^^^^^^
[INFO] [stdout] 
[INFO] [stdout] 
[INFO] [stdout] warning: type `Spot` is more private than the item `walk`
[INFO] [stdout]    --> src/day6.rs:113:1
[INFO] [stdout]     |
[INFO] [stdout] 113 | pub fn walk(map: &Map, start: (usize, usize), direction: &Heading) -> Map {
[INFO] [stdout]     | ^^^^^^^^^^^^^^^^^^^^^^^^^^^^^^^^^^^^^^^^^^^^^^^^^^^^^^^^^^^^^^^^^^^^^^^^^ function `walk` is reachable at visibility `pub(crate)`
[INFO] [stdout]     |
[INFO] [stdout] note: but type `Spot` is only usable at visibility `pub(self)`
[INFO] [stdout]    --> src/day6.rs:12:1
[INFO] [stdout]     |
[INFO] [stdout] 12  | enum Spot {
[INFO] [stdout]     | ^^^^^^^^^
[INFO] [stdout] 
[INFO] [stdout] 
[INFO] [stdout] warning: type `Heading` is more private than the item `walk`
[INFO] [stdout]    --> src/day6.rs:113:1
[INFO] [stdout]     |
[INFO] [stdout] 113 | pub fn walk(map: &Map, start: (usize, usize), direction: &Heading) -> Map {
[INFO] [stdout]     | ^^^^^^^^^^^^^^^^^^^^^^^^^^^^^^^^^^^^^^^^^^^^^^^^^^^^^^^^^^^^^^^^^^^^^^^^^ function `walk` is reachable at visibility `pub(crate)`
[INFO] [stdout]     |
[INFO] [stdout] note: but type `Heading` is only usable at visibility `pub(self)`
[INFO] [stdout]    --> src/day6.rs:4:1
[INFO] [stdout]     |
[INFO] [stdout] 4   | enum Heading {
[INFO] [stdout]     | ^^^^^^^^^^^^
[INFO] [stdout] 
[INFO] [stdout] 
[INFO] [stdout] warning: function `process_input` is never used
[INFO] [stdout]  --> src/day1.rs:3:8
[INFO] [stdout]   |
[INFO] [stdout] 3 | pub fn process_input(path: &str) {
[INFO] [stdout]   |        ^^^^^^^^^^^^^
[INFO] [stdout]   |
[INFO] [stdout]   = note: `#[warn(dead_code)]` on by default
[INFO] [stdout] 
[INFO] [stdout] 
[INFO] [stdout] warning: function `calculate_distances` is never used
[INFO] [stdout]   --> src/day1.rs:24:8
[INFO] [stdout]    |
[INFO] [stdout] 24 | pub fn calculate_distances(mut left: Vec<u64>, mut right: Vec<u64>) -> u64 {
[INFO] [stdout]    |        ^^^^^^^^^^^^^^^^^^^
[INFO] [stdout] 
[INFO] [stdout] 
[INFO] [stdout] warning: function `calculate_similarity` is never used
[INFO] [stdout]   --> src/day1.rs:38:8
[INFO] [stdout]    |
[INFO] [stdout] 38 | pub fn calculate_similarity(mut left: Vec<u64>, mut right: Vec<u64>) -> u64 {
[INFO] [stdout]    |        ^^^^^^^^^^^^^^^^^^^^
[INFO] [stdout] 
[INFO] [stdout] 
[INFO] [stdout] warning: function `process_input` is never used
[INFO] [stdout]  --> src/day2.rs:3:8
[INFO] [stdout]   |
[INFO] [stdout] 3 | pub fn process_input(path: &str) {
[INFO] [stdout]   |        ^^^^^^^^^^^^^
[INFO] [stdout] 
[INFO] [stdout] 
[INFO] [stdout] warning: function `is_safe` is never used
[INFO] [stdout]   --> src/day2.rs:25:4
[INFO] [stdout]    |
[INFO] [stdout] 25 | fn is_safe(mut report: Vec<u64>) -> bool {
[INFO] [stdout]    |    ^^^^^^^
[INFO] [stdout] 
[INFO] [stdout] 
[INFO] [stdout] warning: function `is_safe_with_dampener` is never used
[INFO] [stdout]   --> src/day2.rs:52:4
[INFO] [stdout]    |
[INFO] [stdout] 52 | fn is_safe_with_dampener(mut report: Vec<u64>) -> bool {
[INFO] [stdout]    |    ^^^^^^^^^^^^^^^^^^^^^
[INFO] [stdout] 
[INFO] [stdout] 
[INFO] [stdout] warning: function `process_input` is never used
[INFO] [stdout]  --> src/day3.rs:5:8
[INFO] [stdout]   |
[INFO] [stdout] 5 | pub fn process_input(path: &str) {
[INFO] [stdout]   |        ^^^^^^^^^^^^^
[INFO] [stdout] 
[INFO] [stdout] 
[INFO] [stdout] warning: function `uncorrupt` is never used
[INFO] [stdout]   --> src/day3.rs:11:4
[INFO] [stdout]    |
[INFO] [stdout] 11 | fn uncorrupt(input: &str) -> i64 {
[INFO] [stdout]    |    ^^^^^^^^^
[INFO] [stdout] 
[INFO] [stdout] 
[INFO] [stdout] warning: function `uncorrupt_with_donts` is never used
[INFO] [stdout]   --> src/day3.rs:25:4
[INFO] [stdout]    |
[INFO] [stdout] 25 | fn uncorrupt_with_donts(input: &str) -> i64 {
[INFO] [stdout]    |    ^^^^^^^^^^^^^^^^^^^^
[INFO] [stdout] 
[INFO] [stdout] 
[INFO] [stdout] warning: fields `rows`, `height`, and `width` are never read
[INFO] [stdout]   --> src/day4.rs:23:9
[INFO] [stdout]    |
[INFO] [stdout] 22 | struct Puzzle {
[INFO] [stdout]    |        ------ fields in this struct
[INFO] [stdout] 23 |     pub rows: Vec<Row>,
[INFO] [stdout]    |         ^^^^
[INFO] [stdout] 24 |     pub height: usize,
[INFO] [stdout]    |         ^^^^^^
[INFO] [stdout] 25 |     pub width: usize,
[INFO] [stdout]    |         ^^^^^
[INFO] [stdout]    |
[INFO] [stdout]    = note: `Puzzle` has derived impls for the traits `Default`, `Clone`, and `Debug`, but these are intentionally ignored during dead code analysis
[INFO] [stdout] 
[INFO] [stdout] 
[INFO] [stdout] warning: enum `Direction` is never used
[INFO] [stdout]   --> src/day4.rs:29:6
[INFO] [stdout]    |
[INFO] [stdout] 29 | enum Direction {
[INFO] [stdout]    |      ^^^^^^^^^
[INFO] [stdout] 
[INFO] [stdout] 
[INFO] [stdout] warning: methods `at`, `is_char_at`, `is_chain`, and `is_x_mas` are never used
[INFO] [stdout]    --> src/day4.rs:41:8
[INFO] [stdout]     |
[INFO] [stdout] 40  | impl Puzzle {
[INFO] [stdout]     | ----------- methods in this implementation
[INFO] [stdout] 41  |     fn at(&self, x: usize, y: usize) -> Option<&char> {
[INFO] [stdout]     |        ^^
[INFO] [stdout] ...
[INFO] [stdout] 52  |     fn is_char_at(&self, x: usize, y: usize, needle: char) -> bool {
[INFO] [stdout]     |        ^^^^^^^^^^
[INFO] [stdout] ...
[INFO] [stdout] 61  |     fn is_chain(&self, x: usize, y: usize, chain: Vec<char>, direction: &Direction) -> bool {
[INFO] [stdout]     |        ^^^^^^^^
[INFO] [stdout] ...
[INFO] [stdout] 105 |     fn is_x_mas(&self, x: usize, y: usize) -> bool {
[INFO] [stdout]     |        ^^^^^^^^
[INFO] [stdout] 
[INFO] [stdout] 
[INFO] [stdout] warning: function `process_input` is never used
[INFO] [stdout]    --> src/day4.rs:164:8
[INFO] [stdout]     |
[INFO] [stdout] 164 | pub fn process_input(path: &str) {
[INFO] [stdout]     |        ^^^^^^^^^^^^^
[INFO] [stdout] 
[INFO] [stdout] 
[INFO] [stdout] warning: function `find_xmas` is never used
[INFO] [stdout]    --> src/day4.rs:171:8
[INFO] [stdout]     |
[INFO] [stdout] 171 | pub fn find_xmas(puzzle: Puzzle) -> u64 {
[INFO] [stdout]     |        ^^^^^^^^^
[INFO] [stdout] 
[INFO] [stdout] 
[INFO] [stdout] warning: function `find_mases` is never used
[INFO] [stdout]    --> src/day4.rs:200:8
[INFO] [stdout]     |
[INFO] [stdout] 200 | pub fn find_mases(puzzle: Puzzle) -> u64 {
[INFO] [stdout]     |        ^^^^^^^^^^
[INFO] [stdout] 
[INFO] [stdout] 
[INFO] [stdout] warning: type alias `Rules` is never used
[INFO] [stdout]  --> src/day5.rs:3:6
[INFO] [stdout]   |
[INFO] [stdout] 3 | type Rules = HashMap<u64, Vec<u64>>;
[INFO] [stdout]   |      ^^^^^
[INFO] [stdout] 
[INFO] [stdout] 
[INFO] [stdout] warning: type alias `Order` is never used
[INFO] [stdout]  --> src/day5.rs:4:6
[INFO] [stdout]   |
[INFO] [stdout] 4 | type Order = Vec<u64>;
[INFO] [stdout]   |      ^^^^^
[INFO] [stdout] 
[INFO] [stdout] 
[INFO] [stdout] warning: trait `Findable` is never used
[INFO] [stdout]  --> src/day5.rs:6:7
[INFO] [stdout]   |
[INFO] [stdout] 6 | trait Findable {
[INFO] [stdout]   |       ^^^^^^^^
[INFO] [stdout] 
[INFO] [stdout] 
[INFO] [stdout] warning: function `is_order_valid` is never used
[INFO] [stdout]   --> src/day5.rs:21:4
[INFO] [stdout]    |
[INFO] [stdout] 21 | fn is_order_valid(rules: &Rules, order: &Order) -> bool {
[INFO] [stdout]    |    ^^^^^^^^^^^^^^
[INFO] [stdout] 
[INFO] [stdout] 
[INFO] [stdout] warning: function `get_middle_page` is never used
[INFO] [stdout]   --> src/day5.rs:38:4
[INFO] [stdout]    |
[INFO] [stdout] 38 | fn get_middle_page(order: &Order) -> u64 {
[INFO] [stdout]    |    ^^^^^^^^^^^^^^^
[INFO] [stdout] 
[INFO] [stdout] 
[INFO] [stdout] warning: function `process_input` is never used
[INFO] [stdout]   --> src/day5.rs:42:8
[INFO] [stdout]    |
[INFO] [stdout] 42 | pub fn process_input(path: &str) {
[INFO] [stdout]    |        ^^^^^^^^^^^^^
[INFO] [stdout] 
[INFO] [stdout] 
[INFO] [stdout] warning: function `raw_input_to_rules_and_orders` is never used
[INFO] [stdout]   --> src/day5.rs:69:4
[INFO] [stdout]    |
[INFO] [stdout] 69 | fn raw_input_to_rules_and_orders(raw_input: &str) -> (Rules, Vec<Order>) {
[INFO] [stdout]    |    ^^^^^^^^^^^^^^^^^^^^^^^^^^^^^
[INFO] [stdout] 
[INFO] [stdout] 
[INFO] [stdout] warning: function `correct_invalid_order` is never used
[INFO] [stdout]    --> src/day5.rs:100:4
[INFO] [stdout]     |
[INFO] [stdout] 100 | fn correct_invalid_order(rules: &Rules, invalid_order: &Order) -> Order {
[INFO] [stdout]     |    ^^^^^^^^^^^^^^^^^^^^^
[INFO] [stdout] 
[INFO] [stdout] 
[INFO] [stdout] warning: method `to_str` is never used
[INFO] [stdout]   --> src/day6.rs:31:8
[INFO] [stdout]    |
[INFO] [stdout] 22 | trait Mappable {
[INFO] [stdout]    |       -------- method in this trait
[INFO] [stdout] ...
[INFO] [stdout] 31 |     fn to_str(&self) -> String;
[INFO] [stdout]    |        ^^^^^^
[INFO] [stdout] 
[INFO] [stdout] 
[INFO] [stdout] warning: function `count_possible_obstruction_positions` is never used
[INFO] [stdout]    --> src/day6.rs:182:4
[INFO] [stdout]     |
[INFO] [stdout] 182 | fn count_possible_obstruction_positions(
[INFO] [stdout]     |    ^^^^^^^^^^^^^^^^^^^^^^^^^^^^^^^^^^^^
[INFO] [stdout] 
[INFO] [stdout] 
[INFO] [stderr]     Finished `dev` profile [unoptimized + debuginfo] target(s) in 9.47s
[INFO] running `Command { std: "docker" "inspect" "5957010f5225249e6d46125eeecaf2fb17afa86cc16e8a1ea9b9be472be71319", kill_on_drop: false }`
[INFO] running `Command { std: "docker" "rm" "-f" "5957010f5225249e6d46125eeecaf2fb17afa86cc16e8a1ea9b9be472be71319", kill_on_drop: false }`
[INFO] [stdout] 5957010f5225249e6d46125eeecaf2fb17afa86cc16e8a1ea9b9be472be71319
[INFO] running `Command { std: "docker" "create" "-v" "/var/lib/crater-agent-workspace/builds/worker-3-tc2/target:/opt/rustwide/target:rw,Z" "-v" "/var/lib/crater-agent-workspace/builds/worker-3-tc2/source:/opt/rustwide/workdir:ro,Z" "-v" "/var/lib/crater-agent-workspace/cargo-home:/opt/rustwide/cargo-home:ro,Z" "-v" "/var/lib/crater-agent-workspace/rustup-home:/opt/rustwide/rustup-home:ro,Z" "-e" "SOURCE_DIR=/opt/rustwide/workdir" "-e" "CARGO_TARGET_DIR=/opt/rustwide/target" "-e" "CARGO_INCREMENTAL=0" "-e" "RUST_BACKTRACE=full" "-e" "RUSTFLAGS=--cap-lints=forbid -Zrandomize-layout" "-e" "RUSTDOCFLAGS=--cap-lints=forbid" "-e" "CARGO_HOME=/opt/rustwide/cargo-home" "-e" "RUSTUP_HOME=/opt/rustwide/rustup-home" "-w" "/opt/rustwide/workdir" "-m" "1610612736" "--user" "0:0" "--network" "none" "ghcr.io/rust-lang/crates-build-env/linux@sha256:819108c5571ea2e421544af4d832f968d213c87fbe3707a016657f43d2f853bc" "/opt/rustwide/cargo-home/bin/cargo" "+nightly-2025-01-18" "test" "--frozen" "--no-run" "--message-format=json", kill_on_drop: false }`
[INFO] [stdout] 79f84ff46db159519f1d74dbd1968b4cf53c16d6cb545d5ab0602cf96a5db016
[INFO] running `Command { std: "docker" "start" "-a" "79f84ff46db159519f1d74dbd1968b4cf53c16d6cb545d5ab0602cf96a5db016", kill_on_drop: false }`
[INFO] [stderr]    Compiling diff v0.1.13
[INFO] [stderr]    Compiling yansi v1.0.1
[INFO] [stderr]    Compiling pretty_assertions v1.4.1
[INFO] [stderr]    Compiling aoc-2024 v0.1.0 (/opt/rustwide/workdir)
[INFO] [stdout] warning: variable does not need to be mutable
[INFO] [stdout]   --> src/day2.rs:52:26
[INFO] [stdout]    |
[INFO] [stdout] 52 | fn is_safe_with_dampener(mut report: Vec<u64>) -> bool {
[INFO] [stdout]    |                          ----^^^^^^
[INFO] [stdout]    |                          |
[INFO] [stdout]    |                          help: remove this `mut`
[INFO] [stdout]    |
[INFO] [stdout]    = note: `#[warn(unused_mut)]` on by default
[INFO] [stdout] 
[INFO] [stdout] 
[INFO] [stdout] warning: unused variable: `y`
[INFO] [stdout]   --> src/day6.rs:79:14
[INFO] [stdout]    |
[INFO] [stdout] 79 |         for (y, row) in self.iter().enumerate() {
[INFO] [stdout]    |              ^ help: if this is intentional, prefix it with an underscore: `_y`
[INFO] [stdout]    |
[INFO] [stdout]    = note: `#[warn(unused_variables)]` on by default
[INFO] [stdout] 
[INFO] [stdout] 
[INFO] [stdout] warning: unused variable: `x`
[INFO] [stdout]   --> src/day6.rs:80:18
[INFO] [stdout]    |
[INFO] [stdout] 80 |             for (x, spot) in row.iter().enumerate() {
[INFO] [stdout]    |                  ^ help: if this is intentional, prefix it with an underscore: `_x`
[INFO] [stdout] 
[INFO] [stdout] 
[INFO] [stdout] warning: unused variable: `y`
[INFO] [stdout]   --> src/day6.rs:92:14
[INFO] [stdout]    |
[INFO] [stdout] 92 |         for (y, row) in self.into_iter().enumerate() {
[INFO] [stdout]    |              ^ help: if this is intentional, prefix it with an underscore: `_y`
[INFO] [stdout] 
[INFO] [stdout] 
[INFO] [stdout] warning: unused variable: `x`
[INFO] [stdout]   --> src/day6.rs:93:18
[INFO] [stdout]    |
[INFO] [stdout] 93 |             for (x, spot) in row.into_iter().enumerate() {
[INFO] [stdout]    |                  ^ help: if this is intentional, prefix it with an underscore: `_x`
[INFO] [stdout] 
[INFO] [stdout] 
[INFO] [stdout] warning: variable does not need to be mutable
[INFO] [stdout]    --> src/day6.rs:317:13
[INFO] [stdout]     |
[INFO] [stdout] 317 |         let mut map = Map::from_str(&raw_input);
[INFO] [stdout]     |             ----^^^
[INFO] [stdout]     |             |
[INFO] [stdout]     |             help: remove this `mut`
[INFO] [stdout] 
[INFO] [stdout] 
[INFO] [stdout] warning: variable does not need to be mutable
[INFO] [stdout]    --> src/day6.rs:470:13
[INFO] [stdout]     |
[INFO] [stdout] 470 |         let mut map = Map::from_str(&raw_input);
[INFO] [stdout]     |             ----^^^
[INFO] [stdout]     |             |
[INFO] [stdout]     |             help: remove this `mut`
[INFO] [stdout] 
[INFO] [stdout] 
[INFO] [stdout] warning: type `day4::Puzzle` is more private than the item `day4::find_xmas`
[INFO] [stdout]    --> src/day4.rs:171:1
[INFO] [stdout]     |
[INFO] [stdout] 171 | pub fn find_xmas(puzzle: Puzzle) -> u64 {
[INFO] [stdout]     | ^^^^^^^^^^^^^^^^^^^^^^^^^^^^^^^^^^^^^^^ function `day4::find_xmas` is reachable at visibility `pub(crate)`
[INFO] [stdout]     |
[INFO] [stdout] note: but type `day4::Puzzle` is only usable at visibility `pub(self)`
[INFO] [stdout]    --> src/day4.rs:22:1
[INFO] [stdout]     |
[INFO] [stdout] 22  | struct Puzzle {
[INFO] [stdout]     | ^^^^^^^^^^^^^
[INFO] [stdout]     = note: `#[warn(private_interfaces)]` on by default
[INFO] [stdout] 
[INFO] [stdout] 
[INFO] [stdout] warning: type `day4::Puzzle` is more private than the item `day4::find_mases`
[INFO] [stdout]    --> src/day4.rs:200:1
[INFO] [stdout]     |
[INFO] [stdout] 200 | pub fn find_mases(puzzle: Puzzle) -> u64 {
[INFO] [stdout]     | ^^^^^^^^^^^^^^^^^^^^^^^^^^^^^^^^^^^^^^^^ function `day4::find_mases` is reachable at visibility `pub(crate)`
[INFO] [stdout]     |
[INFO] [stdout] note: but type `day4::Puzzle` is only usable at visibility `pub(self)`
[INFO] [stdout]    --> src/day4.rs:22:1
[INFO] [stdout]     |
[INFO] [stdout] 22  | struct Puzzle {
[INFO] [stdout]     | ^^^^^^^^^^^^^
[INFO] [stdout] 
[INFO] [stdout] 
[INFO] [stdout] warning: type `day6::Spot` is more private than the item `day6::walk`
[INFO] [stdout]    --> src/day6.rs:113:1
[INFO] [stdout]     |
[INFO] [stdout] 113 | pub fn walk(map: &Map, start: (usize, usize), direction: &Heading) -> Map {
[INFO] [stdout]     | ^^^^^^^^^^^^^^^^^^^^^^^^^^^^^^^^^^^^^^^^^^^^^^^^^^^^^^^^^^^^^^^^^^^^^^^^^ function `day6::walk` is reachable at visibility `pub(crate)`
[INFO] [stdout]     |
[INFO] [stdout] note: but type `day6::Spot` is only usable at visibility `pub(self)`
[INFO] [stdout]    --> src/day6.rs:12:1
[INFO] [stdout]     |
[INFO] [stdout] 12  | enum Spot {
[INFO] [stdout]     | ^^^^^^^^^
[INFO] [stdout] 
[INFO] [stdout] 
[INFO] [stdout] warning: type `day6::Heading` is more private than the item `day6::walk`
[INFO] [stdout]    --> src/day6.rs:113:1
[INFO] [stdout]     |
[INFO] [stdout] 113 | pub fn walk(map: &Map, start: (usize, usize), direction: &Heading) -> Map {
[INFO] [stdout]     | ^^^^^^^^^^^^^^^^^^^^^^^^^^^^^^^^^^^^^^^^^^^^^^^^^^^^^^^^^^^^^^^^^^^^^^^^^ function `day6::walk` is reachable at visibility `pub(crate)`
[INFO] [stdout]     |
[INFO] [stdout] note: but type `day6::Heading` is only usable at visibility `pub(self)`
[INFO] [stdout]    --> src/day6.rs:4:1
[INFO] [stdout]     |
[INFO] [stdout] 4   | enum Heading {
[INFO] [stdout]     | ^^^^^^^^^^^^
[INFO] [stdout] 
[INFO] [stdout] 
[INFO] [stdout] warning: function `process_input` is never used
[INFO] [stdout]  --> src/day1.rs:3:8
[INFO] [stdout]   |
[INFO] [stdout] 3 | pub fn process_input(path: &str) {
[INFO] [stdout]   |        ^^^^^^^^^^^^^
[INFO] [stdout]   |
[INFO] [stdout]   = note: `#[warn(dead_code)]` on by default
[INFO] [stdout] 
[INFO] [stdout] 
[INFO] [stdout] warning: function `process_input` is never used
[INFO] [stdout]  --> src/day2.rs:3:8
[INFO] [stdout]   |
[INFO] [stdout] 3 | pub fn process_input(path: &str) {
[INFO] [stdout]   |        ^^^^^^^^^^^^^
[INFO] [stdout] 
[INFO] [stdout] 
[INFO] [stdout] warning: function `process_input` is never used
[INFO] [stdout]  --> src/day3.rs:5:8
[INFO] [stdout]   |
[INFO] [stdout] 5 | pub fn process_input(path: &str) {
[INFO] [stdout]   |        ^^^^^^^^^^^^^
[INFO] [stdout] 
[INFO] [stdout] 
[INFO] [stdout] warning: function `process_input` is never used
[INFO] [stdout]    --> src/day4.rs:164:8
[INFO] [stdout]     |
[INFO] [stdout] 164 | pub fn process_input(path: &str) {
[INFO] [stdout]     |        ^^^^^^^^^^^^^
[INFO] [stdout] 
[INFO] [stdout] 
[INFO] [stdout] warning: function `process_input` is never used
[INFO] [stdout]   --> src/day5.rs:42:8
[INFO] [stdout]    |
[INFO] [stdout] 42 | pub fn process_input(path: &str) {
[INFO] [stdout]    |        ^^^^^^^^^^^^^
[INFO] [stdout] 
[INFO] [stdout] 
[INFO] [stderr]     Finished `test` profile [unoptimized + debuginfo] target(s) in 1.79s
[INFO] running `Command { std: "docker" "inspect" "79f84ff46db159519f1d74dbd1968b4cf53c16d6cb545d5ab0602cf96a5db016", kill_on_drop: false }`
[INFO] running `Command { std: "docker" "rm" "-f" "79f84ff46db159519f1d74dbd1968b4cf53c16d6cb545d5ab0602cf96a5db016", kill_on_drop: false }`
[INFO] [stdout] 79f84ff46db159519f1d74dbd1968b4cf53c16d6cb545d5ab0602cf96a5db016
[INFO] running `Command { std: "docker" "create" "-v" "/var/lib/crater-agent-workspace/builds/worker-3-tc2/target:/opt/rustwide/target:rw,Z" "-v" "/var/lib/crater-agent-workspace/builds/worker-3-tc2/source:/opt/rustwide/workdir:ro,Z" "-v" "/var/lib/crater-agent-workspace/cargo-home:/opt/rustwide/cargo-home:ro,Z" "-v" "/var/lib/crater-agent-workspace/rustup-home:/opt/rustwide/rustup-home:ro,Z" "-e" "SOURCE_DIR=/opt/rustwide/workdir" "-e" "CARGO_TARGET_DIR=/opt/rustwide/target" "-e" "CARGO_INCREMENTAL=0" "-e" "RUST_BACKTRACE=full" "-e" "RUSTFLAGS=--cap-lints=forbid -Zrandomize-layout" "-e" "RUSTDOCFLAGS=--cap-lints=forbid" "-e" "CARGO_HOME=/opt/rustwide/cargo-home" "-e" "RUSTUP_HOME=/opt/rustwide/rustup-home" "-w" "/opt/rustwide/workdir" "-m" "1610612736" "--user" "0:0" "--network" "none" "ghcr.io/rust-lang/crates-build-env/linux@sha256:819108c5571ea2e421544af4d832f968d213c87fbe3707a016657f43d2f853bc" "/opt/rustwide/cargo-home/bin/cargo" "+nightly-2025-01-18" "test" "--frozen", kill_on_drop: false }`
[INFO] [stdout] 05f65955b5fdb29c2c5cef6933e41003d9dbe3970e5b14b548f3915fc79698a5
[INFO] running `Command { std: "docker" "start" "-a" "05f65955b5fdb29c2c5cef6933e41003d9dbe3970e5b14b548f3915fc79698a5", kill_on_drop: false }`
[INFO] [stderr] warning: variable does not need to be mutable
[INFO] [stderr]   --> src/day2.rs:52:26
[INFO] [stderr]    |
[INFO] [stderr] 52 | fn is_safe_with_dampener(mut report: Vec<u64>) -> bool {
[INFO] [stderr]    |                          ----^^^^^^
[INFO] [stderr]    |                          |
[INFO] [stderr]    |                          help: remove this `mut`
[INFO] [stderr]    |
[INFO] [stderr]    = note: `#[warn(unused_mut)]` on by default
[INFO] [stderr] 
[INFO] [stderr] warning: unused variable: `y`
[INFO] [stderr]   --> src/day6.rs:79:14
[INFO] [stderr]    |
[INFO] [stderr] 79 |         for (y, row) in self.iter().enumerate() {
[INFO] [stderr]    |              ^ help: if this is intentional, prefix it with an underscore: `_y`
[INFO] [stderr]    |
[INFO] [stderr]    = note: `#[warn(unused_variables)]` on by default
[INFO] [stderr] 
[INFO] [stderr] warning: unused variable: `x`
[INFO] [stderr]   --> src/day6.rs:80:18
[INFO] [stderr]    |
[INFO] [stderr] 80 |             for (x, spot) in row.iter().enumerate() {
[INFO] [stderr]    |                  ^ help: if this is intentional, prefix it with an underscore: `_x`
[INFO] [stderr] 
[INFO] [stderr] warning: unused variable: `y`
[INFO] [stderr]   --> src/day6.rs:92:14
[INFO] [stderr]    |
[INFO] [stderr] 92 |         for (y, row) in self.into_iter().enumerate() {
[INFO] [stderr]    |              ^ help: if this is intentional, prefix it with an underscore: `_y`
[INFO] [stderr] 
[INFO] [stderr] warning: unused variable: `x`
[INFO] [stderr]   --> src/day6.rs:93:18
[INFO] [stderr]    |
[INFO] [stderr] 93 |             for (x, spot) in row.into_iter().enumerate() {
[INFO] [stderr]    |                  ^ help: if this is intentional, prefix it with an underscore: `_x`
[INFO] [stderr] 
[INFO] [stderr] warning: variable does not need to be mutable
[INFO] [stderr]    --> src/day6.rs:317:13
[INFO] [stderr]     |
[INFO] [stderr] 317 |         let mut map = Map::from_str(&raw_input);
[INFO] [stderr]     |             ----^^^
[INFO] [stderr]     |             |
[INFO] [stderr]     |             help: remove this `mut`
[INFO] [stderr] 
[INFO] [stderr] warning: variable does not need to be mutable
[INFO] [stderr]    --> src/day6.rs:470:13
[INFO] [stderr]     |
[INFO] [stderr] 470 |         let mut map = Map::from_str(&raw_input);
[INFO] [stderr]     |             ----^^^
[INFO] [stderr]     |             |
[INFO] [stderr]     |             help: remove this `mut`
[INFO] [stderr] 
[INFO] [stderr] warning: type `day4::Puzzle` is more private than the item `day4::find_xmas`
[INFO] [stderr]    --> src/day4.rs:171:1
[INFO] [stderr]     |
[INFO] [stderr] 171 | pub fn find_xmas(puzzle: Puzzle) -> u64 {
[INFO] [stderr]     | ^^^^^^^^^^^^^^^^^^^^^^^^^^^^^^^^^^^^^^^ function `day4::find_xmas` is reachable at visibility `pub(crate)`
[INFO] [stderr]     |
[INFO] [stderr] note: but type `day4::Puzzle` is only usable at visibility `pub(self)`
[INFO] [stderr]    --> src/day4.rs:22:1
[INFO] [stderr]     |
[INFO] [stderr] 22  | struct Puzzle {
[INFO] [stderr]     | ^^^^^^^^^^^^^
[INFO] [stderr]     = note: `#[warn(private_interfaces)]` on by default
[INFO] [stderr] 
[INFO] [stderr] warning: type `day4::Puzzle` is more private than the item `day4::find_mases`
[INFO] [stderr]    --> src/day4.rs:200:1
[INFO] [stderr]     |
[INFO] [stderr] 200 | pub fn find_mases(puzzle: Puzzle) -> u64 {
[INFO] [stderr]     | ^^^^^^^^^^^^^^^^^^^^^^^^^^^^^^^^^^^^^^^^ function `day4::find_mases` is reachable at visibility `pub(crate)`
[INFO] [stderr]     |
[INFO] [stderr] note: but type `day4::Puzzle` is only usable at visibility `pub(self)`
[INFO] [stderr]    --> src/day4.rs:22:1
[INFO] [stderr]     |
[INFO] [stderr] 22  | struct Puzzle {
[INFO] [stderr]     | ^^^^^^^^^^^^^
[INFO] [stderr] 
[INFO] [stderr] warning: type `day6::Spot` is more private than the item `day6::walk`
[INFO] [stderr]    --> src/day6.rs:113:1
[INFO] [stderr]     |
[INFO] [stderr] 113 | pub fn walk(map: &Map, start: (usize, usize), direction: &Heading) -> Map {
[INFO] [stderr]     | ^^^^^^^^^^^^^^^^^^^^^^^^^^^^^^^^^^^^^^^^^^^^^^^^^^^^^^^^^^^^^^^^^^^^^^^^^ function `day6::walk` is reachable at visibility `pub(crate)`
[INFO] [stderr]     |
[INFO] [stderr] note: but type `day6::Spot` is only usable at visibility `pub(self)`
[INFO] [stderr]    --> src/day6.rs:12:1
[INFO] [stderr]     |
[INFO] [stderr] 12  | enum Spot {
[INFO] [stderr]     | ^^^^^^^^^
[INFO] [stderr] 
[INFO] [stderr] warning: type `day6::Heading` is more private than the item `day6::walk`
[INFO] [stderr]    --> src/day6.rs:113:1
[INFO] [stderr]     |
[INFO] [stderr] 113 | pub fn walk(map: &Map, start: (usize, usize), direction: &Heading) -> Map {
[INFO] [stderr]     | ^^^^^^^^^^^^^^^^^^^^^^^^^^^^^^^^^^^^^^^^^^^^^^^^^^^^^^^^^^^^^^^^^^^^^^^^^ function `day6::walk` is reachable at visibility `pub(crate)`
[INFO] [stderr]     |
[INFO] [stderr] note: but type `day6::Heading` is only usable at visibility `pub(self)`
[INFO] [stderr]    --> src/day6.rs:4:1
[INFO] [stderr]     |
[INFO] [stderr] 4   | enum Heading {
[INFO] [stderr]     | ^^^^^^^^^^^^
[INFO] [stderr] 
[INFO] [stderr] warning: function `process_input` is never used
[INFO] [stderr]  --> src/day1.rs:3:8
[INFO] [stderr]   |
[INFO] [stderr] 3 | pub fn process_input(path: &str) {
[INFO] [stderr]   |        ^^^^^^^^^^^^^
[INFO] [stderr]   |
[INFO] [stderr]   = note: `#[warn(dead_code)]` on by default
[INFO] [stderr] 
[INFO] [stderr] warning: function `process_input` is never used
[INFO] [stderr]  --> src/day2.rs:3:8
[INFO] [stderr]   |
[INFO] [stderr] 3 | pub fn process_input(path: &str) {
[INFO] [stderr]   |        ^^^^^^^^^^^^^
[INFO] [stderr] 
[INFO] [stderr] warning: function `process_input` is never used
[INFO] [stderr]  --> src/day3.rs:5:8
[INFO] [stderr]   |
[INFO] [stderr] 5 | pub fn process_input(path: &str) {
[INFO] [stderr]   |        ^^^^^^^^^^^^^
[INFO] [stderr] 
[INFO] [stderr] warning: function `process_input` is never used
[INFO] [stderr]    --> src/day4.rs:164:8
[INFO] [stderr]     |
[INFO] [stderr] 164 | pub fn process_input(path: &str) {
[INFO] [stderr]     |        ^^^^^^^^^^^^^
[INFO] [stderr] 
[INFO] [stderr] warning: function `process_input` is never used
[INFO] [stderr]   --> src/day5.rs:42:8
[INFO] [stderr]    |
[INFO] [stderr] 42 | pub fn process_input(path: &str) {
[INFO] [stderr]    |        ^^^^^^^^^^^^^
[INFO] [stderr] 
[INFO] [stderr] warning: `aoc-2024` (bin "aoc-2024" test) generated 16 warnings (run `cargo fix --bin "aoc-2024" --tests` to apply 3 suggestions)
[INFO] [stderr]     Finished `test` profile [unoptimized + debuginfo] target(s) in 0.01s
[INFO] [stderr]      Running unittests src/main.rs (/opt/rustwide/target/debug/deps/aoc_2024-7b072c8b692d1989)
[INFO] [stdout] 
[INFO] [stdout] running 13 tests
[INFO] [stdout] test day1::tests::test_calculate_similarity_where_mismatch ... ok
[INFO] [stdout] test day2::tests::test_report_is_safe ... ok
[INFO] [stdout] test day1::tests::test_calculate_distances ... ok
[INFO] [stdout] test day1::tests::test_calculate_similarity ... ok
[INFO] [stdout] test day2::tests::test_report_is_safe_with_dampener ... ok
[INFO] [stdout] test day4::tests::test_known_input ... ok
[INFO] [stdout] test day4::tests::test_known_input_mases ... ok
[INFO] [stdout] test day3::tests::test_known_input ... ok
[INFO] [stdout] test day6::tests::test_input_to_map ... ok
[INFO] [stdout] test day5::tests::test_known_input_part_2 ... ok
[INFO] [stdout] test day3::tests::test_known_input_with_donts ... ok
[INFO] [stdout] test day5::tests::test_known_input ... ok
[INFO] [stdout] test day6::tests::test_input_with_new_obstructions ... FAILED
[INFO] [stdout] 
[INFO] [stdout] failures:
[INFO] [stdout] 
[INFO] [stdout] ---- day6::tests::test_input_with_new_obstructions stdout ----
[INFO] [stdout] ....#.....
[INFO] [stdout] ....>>>>v#
[INFO] [stdout] ....^...v.
[INFO] [stdout] ..#.^...v.
[INFO] [stdout] ..>>>>v#v.
[INFO] [stdout] ..^.^.v.v.
[INFO] [stdout] .#^<<<v<<.
[INFO] [stdout] .>>>>>>v#.
[INFO] [stdout] #^<<<<<v..
[INFO] [stdout] ......#v..
[INFO] [stdout] 
[INFO] [stdout] Checking (4, 5) heading Up
[INFO] [stdout] Checking (4, 4) heading Up
[INFO] [stdout] Checking (4, 3) heading Up
[INFO] [stdout] Checking (4, 2) heading Up
[INFO] [stdout] Checking (4, 1) heading Up
[INFO] [stdout] Checking (4, 0) heading Up
[INFO] [stdout] Checking (5, 1) heading Right
[INFO] [stdout] Checking (5, 2) heading Down
[INFO] [stdout] 
[INFO] [stdout] thread 'day6::tests::test_input_with_new_obstructions' panicked at src/day6.rs:217:25:
[INFO] [stdout] Found unvisited node
[INFO] [stdout] stack backtrace:
[INFO] [stdout]    0:     0x5bfac6a9060a - std::backtrace_rs::backtrace::libunwind::trace::hb059275cfc8d6126
[INFO] [stdout]                                at /rustc/6067b36314ab5eb2eb47cecc464545ba58e1ad24/library/std/src/../../backtrace/src/backtrace/libunwind.rs:116:5
[INFO] [stdout]    1:     0x5bfac6a9060a - std::backtrace_rs::backtrace::trace_unsynchronized::h2da071e4327ce3ee
[INFO] [stdout]                                at /rustc/6067b36314ab5eb2eb47cecc464545ba58e1ad24/library/std/src/../../backtrace/src/backtrace/mod.rs:66:5
[INFO] [stdout]    2:     0x5bfac6a9060a - std::sys::backtrace::_print_fmt::h842a1474e6f8d23f
[INFO] [stdout]                                at /rustc/6067b36314ab5eb2eb47cecc464545ba58e1ad24/library/std/src/sys/backtrace.rs:66:9
[INFO] [stdout]    3:     0x5bfac6a9060a - <std::sys::backtrace::BacktraceLock::print::DisplayBacktrace as core::fmt::Display>::fmt::h71a62eb3b9696b12
[INFO] [stdout]                                at /rustc/6067b36314ab5eb2eb47cecc464545ba58e1ad24/library/std/src/sys/backtrace.rs:39:26
[INFO] [stdout]    4:     0x5bfac6ab88c3 - core::fmt::rt::Argument::fmt::hdb6b616786b41dc1
[INFO] [stdout]                                at /rustc/6067b36314ab5eb2eb47cecc464545ba58e1ad24/library/core/src/fmt/rt.rs:177:76
[INFO] [stdout]    5:     0x5bfac6ab88c3 - core::fmt::write::h2cc1698af7e2d686
[INFO] [stdout]                                at /rustc/6067b36314ab5eb2eb47cecc464545ba58e1ad24/library/core/src/fmt/mod.rs:1440:21
[INFO] [stdout]    6:     0x5bfac6a8d163 - std::io::Write::write_fmt::hab1b4cd059a79022
[INFO] [stdout]                                at /rustc/6067b36314ab5eb2eb47cecc464545ba58e1ad24/library/std/src/io/mod.rs:1887:15
[INFO] [stdout]    7:     0x5bfac6a90452 - std::sys::backtrace::BacktraceLock::print::h147fe35b4ea13b08
[INFO] [stdout]                                at /rustc/6067b36314ab5eb2eb47cecc464545ba58e1ad24/library/std/src/sys/backtrace.rs:42:9
[INFO] [stdout]    8:     0x5bfac6a91a2f - std::panicking::default_hook::{{closure}}::hbd44223dbdc0d208
[INFO] [stdout]                                at /rustc/6067b36314ab5eb2eb47cecc464545ba58e1ad24/library/std/src/panicking.rs:298:22
[INFO] [stdout]    9:     0x5bfac6a91848 - std::panicking::default_hook::h20f81eb0576efcec
[INFO] [stdout]                                at /rustc/6067b36314ab5eb2eb47cecc464545ba58e1ad24/library/std/src/panicking.rs:322:9
[INFO] [stdout]   10:     0x5bfac67c1833 - <alloc::boxed::Box<F,A> as core::ops::function::Fn<Args>>::call::hdb53814c496a4d34
[INFO] [stdout]                                at /rustc/6067b36314ab5eb2eb47cecc464545ba58e1ad24/library/alloc/src/boxed.rs:2027:9
[INFO] [stdout]   11:     0x5bfac67c1833 - test::test_main::{{closure}}::hc0a4963c59427c24
[INFO] [stdout]                                at /rustc/6067b36314ab5eb2eb47cecc464545ba58e1ad24/library/test/src/lib.rs:134:21
[INFO] [stdout]   12:     0x5bfac6a92523 - <alloc::boxed::Box<F,A> as core::ops::function::Fn<Args>>::call::h591b2225413a77e9
[INFO] [stdout]                                at /rustc/6067b36314ab5eb2eb47cecc464545ba58e1ad24/library/alloc/src/boxed.rs:2027:9
[INFO] [stdout]   13:     0x5bfac6a92523 - std::panicking::rust_panic_with_hook::h625eea43051b2edc
[INFO] [stdout]                                at /rustc/6067b36314ab5eb2eb47cecc464545ba58e1ad24/library/std/src/panicking.rs:839:13
[INFO] [stdout]   14:     0x5bfac6a921a6 - std::panicking::begin_panic_handler::{{closure}}::h4f9159cfbc3f6bd3
[INFO] [stdout]                                at /rustc/6067b36314ab5eb2eb47cecc464545ba58e1ad24/library/std/src/panicking.rs:697:13
[INFO] [stdout]   15:     0x5bfac6a90b09 - std::sys::backtrace::__rust_end_short_backtrace::h0390abce48353151
[INFO] [stdout]                                at /rustc/6067b36314ab5eb2eb47cecc464545ba58e1ad24/library/std/src/sys/backtrace.rs:168:18
[INFO] [stdout]   16:     0x5bfac6a91e6d - rust_begin_unwind
[INFO] [stdout]                                at /rustc/6067b36314ab5eb2eb47cecc464545ba58e1ad24/library/std/src/panicking.rs:695:5
[INFO] [stdout]   17:     0x5bfac6ab6f50 - core::panicking::panic_fmt::h9e7c637e9e5f29c9
[INFO] [stdout]                                at /rustc/6067b36314ab5eb2eb47cecc464545ba58e1ad24/library/core/src/panicking.rs:75:14
[INFO] [stdout]   18:     0x5bfac6766c2a - aoc_2024::day6::count_possible_obstruction_positions::hb1b542e4533276bb
[INFO] [stdout]                                at /opt/rustwide/workdir/src/day6.rs:217:25
[INFO] [stdout]   19:     0x5bfac67741c6 - aoc_2024::day6::tests::test_input_with_new_obstructions::hc4b0e88070841b62
[INFO] [stdout]                                at /opt/rustwide/workdir/src/day6.rs:475:27
[INFO] [stdout]   20:     0x5bfac6774037 - aoc_2024::day6::tests::test_input_with_new_obstructions::{{closure}}::h92a66acfe49b9310
[INFO] [stdout]                                at /opt/rustwide/workdir/src/day6.rs:456:42
[INFO] [stdout]   21:     0x5bfac675efd6 - core::ops::function::FnOnce::call_once::he3ae1d7fc39e2a64
[INFO] [stdout]                                at /rustc/6067b36314ab5eb2eb47cecc464545ba58e1ad24/library/core/src/ops/function.rs:250:5
[INFO] [stdout]   22:     0x5bfac67c6f8b - core::ops::function::FnOnce::call_once::he27718dfdd183f43
[INFO] [stdout]                                at /rustc/6067b36314ab5eb2eb47cecc464545ba58e1ad24/library/core/src/ops/function.rs:250:5
[INFO] [stdout]   23:     0x5bfac67c6f8b - test::__rust_begin_short_backtrace::h4e84902998457a5d
[INFO] [stdout]                                at /rustc/6067b36314ab5eb2eb47cecc464545ba58e1ad24/library/test/src/lib.rs:632:18
[INFO] [stdout]   24:     0x5bfac67c5ec3 - test::run_test_in_process::{{closure}}::h7176fd18fc1feca0
[INFO] [stdout]                                at /rustc/6067b36314ab5eb2eb47cecc464545ba58e1ad24/library/test/src/lib.rs:655:60
[INFO] [stdout]   25:     0x5bfac67c5ec3 - <core::panic::unwind_safe::AssertUnwindSafe<F> as core::ops::function::FnOnce<()>>::call_once::hf79cff2a624d8cf7
[INFO] [stdout]                                at /rustc/6067b36314ab5eb2eb47cecc464545ba58e1ad24/library/core/src/panic/unwind_safe.rs:272:9
[INFO] [stdout]   26:     0x5bfac67c5ec3 - std::panicking::try::do_call::h3da0561d9ab99c25
[INFO] [stdout]                                at /rustc/6067b36314ab5eb2eb47cecc464545ba58e1ad24/library/std/src/panicking.rs:587:40
[INFO] [stdout]   27:     0x5bfac67c5ec3 - std::panicking::try::h41c9fa508bc61df6
[INFO] [stdout]                                at /rustc/6067b36314ab5eb2eb47cecc464545ba58e1ad24/library/std/src/panicking.rs:550:19
[INFO] [stdout]   28:     0x5bfac67c5ec3 - std::panic::catch_unwind::h6b3ff07bb5afad93
[INFO] [stdout]                                at /rustc/6067b36314ab5eb2eb47cecc464545ba58e1ad24/library/std/src/panic.rs:358:14
[INFO] [stdout]   29:     0x5bfac67c5ec3 - test::run_test_in_process::hc7253dd11b39b9f4
[INFO] [stdout]                                at /rustc/6067b36314ab5eb2eb47cecc464545ba58e1ad24/library/test/src/lib.rs:655:27
[INFO] [stdout]   30:     0x5bfac67c5ec3 - test::run_test::{{closure}}::hfb2007f8649c30bb
[INFO] [stdout]                                at /rustc/6067b36314ab5eb2eb47cecc464545ba58e1ad24/library/test/src/lib.rs:576:43
[INFO] [stdout]   31:     0x5bfac6788fa5 - test::run_test::{{closure}}::h56a17aa7a282a9f4
[INFO] [stdout]                                at /rustc/6067b36314ab5eb2eb47cecc464545ba58e1ad24/library/test/src/lib.rs:606:41
[INFO] [stdout]   32:     0x5bfac6788fa5 - std::sys::backtrace::__rust_begin_short_backtrace::hd2d2d2fb8e8c6aac
[INFO] [stdout]                                at /rustc/6067b36314ab5eb2eb47cecc464545ba58e1ad24/library/std/src/sys/backtrace.rs:152:18
[INFO] [stdout]   33:     0x5bfac678c88a - std::thread::Builder::spawn_unchecked_::{{closure}}::{{closure}}::h4faa3f9db6133423
[INFO] [stdout]                                at /rustc/6067b36314ab5eb2eb47cecc464545ba58e1ad24/library/std/src/thread/mod.rs:559:17
[INFO] [stdout]   34:     0x5bfac678c88a - <core::panic::unwind_safe::AssertUnwindSafe<F> as core::ops::function::FnOnce<()>>::call_once::hf2e855a36a4ea846
[INFO] [stdout]                                at /rustc/6067b36314ab5eb2eb47cecc464545ba58e1ad24/library/core/src/panic/unwind_safe.rs:272:9
[INFO] [stdout]   35:     0x5bfac678c88a - std::panicking::try::do_call::h2f73af3616c35465
[INFO] [stdout]                                at /rustc/6067b36314ab5eb2eb47cecc464545ba58e1ad24/library/std/src/panicking.rs:587:40
[INFO] [stdout]   36:     0x5bfac678c88a - std::panicking::try::hd1660ce9efadef5a
[INFO] [stdout]                                at /rustc/6067b36314ab5eb2eb47cecc464545ba58e1ad24/library/std/src/panicking.rs:550:19
[INFO] [stdout]   37:     0x5bfac678c88a - std::panic::catch_unwind::h5ee8d7823b8ca744
[INFO] [stdout]                                at /rustc/6067b36314ab5eb2eb47cecc464545ba58e1ad24/library/std/src/panic.rs:358:14
[INFO] [stdout]   38:     0x5bfac678c88a - std::thread::Builder::spawn_unchecked_::{{closure}}::h53c3a1894dce8407
[INFO] [stdout]                                at /rustc/6067b36314ab5eb2eb47cecc464545ba58e1ad24/library/std/src/thread/mod.rs:557:30
[INFO] [stdout]   39:     0x5bfac678c88a - core::ops::function::FnOnce::call_once{{vtable.shim}}::h048ce291ad4f62bf
[INFO] [stdout]                                at /rustc/6067b36314ab5eb2eb47cecc464545ba58e1ad24/library/core/src/ops/function.rs:250:5
[INFO] [stdout]   40:     0x5bfac6a9645b - <alloc::boxed::Box<F,A> as core::ops::function::FnOnce<Args>>::call_once::ha52bedf99a3b4981
[INFO] [stdout]                                at /rustc/6067b36314ab5eb2eb47cecc464545ba58e1ad24/library/alloc/src/boxed.rs:2013:9
[INFO] [stdout]   41:     0x5bfac6a9645b - <alloc::boxed::Box<F,A> as core::ops::function::FnOnce<Args>>::call_once::h567748934d80ccf8
[INFO] [stdout]                                at /rustc/6067b36314ab5eb2eb47cecc464545ba58e1ad24/library/alloc/src/boxed.rs:2013:9
[INFO] [stdout]   42:     0x5bfac6a9645b - std::sys::pal::unix::thread::Thread::new::thread_start::h2d970728ae887adc
[INFO] [stdout]                                at /rustc/6067b36314ab5eb2eb47cecc464545ba58e1ad24/library/std/src/sys/pal/unix/thread.rs:106:17
[INFO] [stdout]   43:     0x7dc633838ac3 - <unknown>
[INFO] [stdout]   44:     0x7dc6338c9a04 - clone
[INFO] [stdout]   45:                0x0 - <unknown>
[INFO] [stdout] 
[INFO] [stdout] 
[INFO] [stdout] failures:
[INFO] [stdout]     day6::tests::test_input_with_new_obstructions
[INFO] [stdout] 
[INFO] [stdout] test result: FAILED. 12 passed; 1 failed; 0 ignored; 0 measured; 0 filtered out; finished in 0.02s
[INFO] [stdout] 
[INFO] [stderr] error: test failed, to rerun pass `--bin aoc-2024`
[INFO] running `Command { std: "docker" "inspect" "05f65955b5fdb29c2c5cef6933e41003d9dbe3970e5b14b548f3915fc79698a5", kill_on_drop: false }`
[INFO] running `Command { std: "docker" "rm" "-f" "05f65955b5fdb29c2c5cef6933e41003d9dbe3970e5b14b548f3915fc79698a5", kill_on_drop: false }`
[INFO] [stdout] 05f65955b5fdb29c2c5cef6933e41003d9dbe3970e5b14b548f3915fc79698a5
