[INFO] cloning repository https://github.com/DanNixon/satori
[INFO] running `Command { std: "git" "-c" "credential.helper=" "-c" "credential.helper=/workspace/cargo-home/bin/git-credential-null" "clone" "--bare" "https://github.com/DanNixon/satori" "/workspace/cache/git-repos/https%3A%2F%2Fgithub.com%2FDanNixon%2Fsatori", kill_on_drop: false }`
[INFO] [stderr] Cloning into bare repository '/workspace/cache/git-repos/https%3A%2F%2Fgithub.com%2FDanNixon%2Fsatori'...
[INFO] running `Command { std: "git" "rev-parse" "HEAD", kill_on_drop: false }`
[INFO] [stdout] bb5bb56bc6e85b77bd459a07941db42c6069893e
[INFO] testing DanNixon/satori against nightly-2025-01-18 for randomize-layout-2
[INFO] running `Command { std: "git" "clone" "/workspace/cache/git-repos/https%3A%2F%2Fgithub.com%2FDanNixon%2Fsatori" "/workspace/builds/worker-7-tc1/source", kill_on_drop: false }`
[INFO] [stderr] Cloning into '/workspace/builds/worker-7-tc1/source'...
[INFO] [stderr] done.
[INFO] validating manifest of git repo https://github.com/DanNixon/satori on toolchain nightly-2025-01-18
[INFO] running `Command { std: CARGO_HOME="/workspace/cargo-home" RUSTUP_HOME="/workspace/rustup-home" "/workspace/cargo-home/bin/cargo" "+nightly-2025-01-18" "metadata" "--manifest-path" "Cargo.toml" "--no-deps", kill_on_drop: false }`
[INFO] started tweaking git repo https://github.com/DanNixon/satori
[INFO] finished tweaking git repo https://github.com/DanNixon/satori
[INFO] tweaked toml for git repo https://github.com/DanNixon/satori written to /workspace/builds/worker-7-tc1/source/Cargo.toml
[INFO] crate git repo https://github.com/DanNixon/satori already has a lockfile, it will not be regenerated
[INFO] running `Command { std: CARGO_HOME="/workspace/cargo-home" RUSTUP_HOME="/workspace/rustup-home" "/workspace/cargo-home/bin/cargo" "+nightly-2025-01-18" "fetch" "--manifest-path" "Cargo.toml", kill_on_drop: false }`
[INFO] [stderr]     Updating crates.io index
[INFO] [stderr]  Downloading crates ...
[INFO] [stderr]   Downloaded aws-region v0.25.4
[INFO] [stderr]   Downloaded ctor v0.2.9
[INFO] [stderr]   Downloaded aws-creds v0.36.0
[INFO] [stderr]   Downloaded ordered-multimap v0.6.0
[INFO] [stderr]   Downloaded rust-ini v0.19.0
[INFO] [stderr]   Downloaded maybe-async v0.2.10
[INFO] [stderr]   Downloaded metrics-macros v0.7.1
[INFO] [stderr]   Downloaded dlv-list v0.5.2
[INFO] [stderr]   Downloaded sketches-ddsketch v0.2.2
[INFO] [stderr]   Downloaded metrics v0.21.1
[INFO] [stderr]   Downloaded metrics-util v0.15.0
[INFO] [stderr]   Downloaded attohttpc v0.26.1
[INFO] [stderr]   Downloaded rust-s3 v0.34.0
[INFO] [stderr]   Downloaded m3u8-rs v5.0.5
[INFO] [stderr]   Downloaded quanta v0.11.1
[INFO] [stderr]   Downloaded metrics-exporter-prometheus v0.12.2
[INFO] [stderr]   Downloaded rumqttc v0.23.0
[INFO] [stderr]   Downloaded hpke v0.11.0
[INFO] running `Command { std: "docker" "create" "-v" "/var/lib/crater-agent-workspace/builds/worker-7-tc1/target:/opt/rustwide/target:rw,Z" "-v" "/var/lib/crater-agent-workspace/builds/worker-7-tc1/source:/opt/rustwide/workdir:ro,Z" "-v" "/var/lib/crater-agent-workspace/cargo-home:/opt/rustwide/cargo-home:ro,Z" "-v" "/var/lib/crater-agent-workspace/rustup-home:/opt/rustwide/rustup-home:ro,Z" "-e" "SOURCE_DIR=/opt/rustwide/workdir" "-e" "CARGO_TARGET_DIR=/opt/rustwide/target" "-e" "CARGO_HOME=/opt/rustwide/cargo-home" "-e" "RUSTUP_HOME=/opt/rustwide/rustup-home" "-w" "/opt/rustwide/workdir" "-m" "1610612736" "--user" "0:0" "--network" "none" "ghcr.io/rust-lang/crates-build-env/linux@sha256:819108c5571ea2e421544af4d832f968d213c87fbe3707a016657f43d2f853bc" "/opt/rustwide/cargo-home/bin/cargo" "+nightly-2025-01-18" "metadata" "--no-deps" "--format-version=1", kill_on_drop: false }`
[INFO] [stdout] f6ee2a3586e9b43e3006574b0753113ba8203fe63c4db176956464dec0d4023a
[INFO] running `Command { std: "docker" "start" "-a" "f6ee2a3586e9b43e3006574b0753113ba8203fe63c4db176956464dec0d4023a", kill_on_drop: false }`
[INFO] running `Command { std: "docker" "inspect" "f6ee2a3586e9b43e3006574b0753113ba8203fe63c4db176956464dec0d4023a", kill_on_drop: false }`
[INFO] running `Command { std: "docker" "rm" "-f" "f6ee2a3586e9b43e3006574b0753113ba8203fe63c4db176956464dec0d4023a", kill_on_drop: false }`
[INFO] [stdout] f6ee2a3586e9b43e3006574b0753113ba8203fe63c4db176956464dec0d4023a
[INFO] running `Command { std: "docker" "create" "-v" "/var/lib/crater-agent-workspace/builds/worker-7-tc1/target:/opt/rustwide/target:rw,Z" "-v" "/var/lib/crater-agent-workspace/builds/worker-7-tc1/source:/opt/rustwide/workdir:ro,Z" "-v" "/var/lib/crater-agent-workspace/cargo-home:/opt/rustwide/cargo-home:ro,Z" "-v" "/var/lib/crater-agent-workspace/rustup-home:/opt/rustwide/rustup-home:ro,Z" "-e" "SOURCE_DIR=/opt/rustwide/workdir" "-e" "CARGO_TARGET_DIR=/opt/rustwide/target" "-e" "CARGO_INCREMENTAL=0" "-e" "RUST_BACKTRACE=full" "-e" "RUSTFLAGS=--cap-lints=forbid" "-e" "RUSTDOCFLAGS=--cap-lints=forbid" "-e" "CARGO_HOME=/opt/rustwide/cargo-home" "-e" "RUSTUP_HOME=/opt/rustwide/rustup-home" "-w" "/opt/rustwide/workdir" "-m" "1610612736" "--user" "0:0" "--network" "none" "ghcr.io/rust-lang/crates-build-env/linux@sha256:819108c5571ea2e421544af4d832f968d213c87fbe3707a016657f43d2f853bc" "/opt/rustwide/cargo-home/bin/cargo" "+nightly-2025-01-18" "build" "--frozen" "--message-format=json", kill_on_drop: false }`
[INFO] [stdout] ca79ac393f73dacd75052c7357b9a011a7a36fb891f0371ccc01540b9d98e25e
[INFO] running `Command { std: "docker" "start" "-a" "ca79ac393f73dacd75052c7357b9a011a7a36fb891f0371ccc01540b9d98e25e", kill_on_drop: false }`
[INFO] [stderr]    Compiling proc-macro2 v1.0.92
[INFO] [stderr]    Compiling serde v1.0.217
[INFO] [stderr]    Compiling libc v0.2.167
[INFO] [stderr]    Compiling memchr v2.7.4
[INFO] [stderr]    Compiling typenum v1.17.0
[INFO] [stderr]    Compiling log v0.4.22
[INFO] [stderr]    Compiling futures-core v0.3.31
[INFO] [stderr]    Compiling cc v1.1.6
[INFO] [stderr]    Compiling generic-array v0.14.7
[INFO] [stderr]    Compiling futures-sink v0.3.31
[INFO] [stderr]    Compiling futures-task v0.3.31
[INFO] [stderr]    Compiling futures-io v0.3.31
[INFO] [stderr]    Compiling subtle v2.6.1
[INFO] [stderr]    Compiling stable_deref_trait v1.2.0
[INFO] [stderr]    Compiling tracing-core v0.1.33
[INFO] [stderr]    Compiling litemap v0.7.4
[INFO] [stderr]    Compiling writeable v0.5.5
[INFO] [stderr]    Compiling crossbeam-utils v0.8.20
[INFO] [stderr]    Compiling futures-channel v0.3.31
[INFO] [stderr]    Compiling bitflags v2.6.0
[INFO] [stderr]    Compiling icu_locid_transform_data v1.5.0
[INFO] [stderr]    Compiling indexmap v2.2.6
[INFO] [stderr]    Compiling spin v0.9.8
[INFO] [stderr]    Compiling ahash v0.8.11
[INFO] [stderr]    Compiling cpufeatures v0.2.12
[INFO] [stderr]    Compiling httpdate v1.0.3
[INFO] [stderr]    Compiling icu_properties_data v1.5.0
[INFO] [stderr]    Compiling icu_normalizer_data v1.5.0
[INFO] [stderr]    Compiling utf8_iter v1.0.4
[INFO] [stderr]    Compiling utf16_iter v1.0.5
[INFO] [stderr]    Compiling zerocopy v0.7.35
[INFO] [stderr]    Compiling untrusted v0.9.0
[INFO] [stderr]    Compiling write16 v1.0.0
[INFO] [stderr]    Compiling crunchy v0.2.2
[INFO] [stderr]    Compiling thiserror v1.0.69
[INFO] [stderr]    Compiling base64 v0.21.7
[INFO] [stderr]    Compiling rustls v0.21.12
[INFO] [stderr]    Compiling serde_json v1.0.134
[INFO] [stderr]    Compiling tiny-keccak v2.0.2
[INFO] [stderr]    Compiling strsim v0.11.1
[INFO] [stderr]    Compiling ident_case v1.0.1
[INFO] [stderr]    Compiling once_cell v1.19.0
[INFO] [stderr]    Compiling semver v1.0.23
[INFO] [stderr]    Compiling rustversion v1.0.17
[INFO] [stderr]    Compiling quote v1.0.36
[INFO] [stderr]    Compiling aho-corasick v1.1.3
[INFO] [stderr]    Compiling smartstring v1.0.1
[INFO] [stderr]    Compiling rustls-pemfile v1.0.4
[INFO] [stderr]    Compiling hashbrown v0.13.2
[INFO] [stderr]    Compiling crossbeam-epoch v0.9.18
[INFO] [stderr]    Compiling syn v2.0.90
[INFO] [stderr]    Compiling regex-syntax v0.8.5
[INFO] [stderr]    Compiling time-core v0.1.2
[INFO] [stderr]    Compiling opaque-debug v0.3.1
[INFO] [stderr]    Compiling heck v0.4.1
[INFO] [stderr]    Compiling num-conv v0.1.0
[INFO] [stderr]    Compiling const-oid v0.9.6
[INFO] [stderr]    Compiling powerfmt v0.2.0
[INFO] [stderr]    Compiling winnow v0.6.18
[INFO] [stderr]    Compiling time-macros v0.2.18
[INFO] [stderr]    Compiling rustls-native-certs v0.6.3
[INFO] [stderr]    Compiling flume v0.11.0
[INFO] [stderr]    Compiling base16ct v0.2.0
[INFO] [stderr]    Compiling utf8parse v0.2.2
[INFO] [stderr]    Compiling rustc_version v0.4.0
[INFO] [stderr]    Compiling static_assertions v1.1.0
[INFO] [stderr]    Compiling num_threads v0.1.7
[INFO] [stderr]    Compiling anstyle-parse v0.2.4
[INFO] [stderr]    Compiling unicase v2.7.0
[INFO] [stderr]    Compiling colorchoice v1.0.1
[INFO] [stderr]    Compiling ring v0.17.8
[INFO] [stderr]    Compiling openssl-sys v0.9.103
[INFO] [stderr]    Compiling rxml_validation v0.9.1
[INFO] [stderr]    Compiling sync_wrapper v0.1.2
[INFO] [stderr]    Compiling is_terminal_polyfill v1.70.0
[INFO] [stderr]    Compiling curve25519-dalek v4.1.3
[INFO] [stderr]    Compiling anstyle v1.0.7
[INFO] [stderr]    Compiling bitflags v1.3.2
[INFO] [stderr]    Compiling anstyle-query v1.1.0
[INFO] [stderr]    Compiling raw-cpuid v10.7.0
[INFO] [stderr]    Compiling concurrent-queue v2.5.0
[INFO] [stderr]    Compiling indexmap v1.9.3
[INFO] [stderr]    Compiling home v0.5.9
[INFO] [stderr]    Compiling signal-hook v0.3.17
[INFO] [stderr]    Compiling getrandom v0.2.15
[INFO] [stderr]    Compiling overload v0.1.1
[INFO] [stderr]    Compiling ipnet v2.9.0
[INFO] [stderr]    Compiling clap_lex v0.6.0
[INFO] [stderr]    Compiling lazy_static v1.5.0
[INFO] [stderr]    Compiling parking v2.2.0
[INFO] [stderr]    Compiling strsim v0.10.0
[INFO] [stderr]    Compiling sharded-slab v0.1.7
[INFO] [stderr]    Compiling const-random-macro v0.1.16
[INFO] [stderr]    Compiling anstream v0.6.14
[INFO] [stderr]    Compiling openssl v0.10.66
[INFO] [stderr]    Compiling native-tls v0.2.12
[INFO] [stderr]    Compiling event-listener v5.3.1
[INFO] [stderr]    Compiling nu-ansi-term v0.46.0
[INFO] [stderr]    Compiling signal-hook-registry v1.4.2
[INFO] [stderr]    Compiling socket2 v0.5.7
[INFO] [stderr]    Compiling mio v1.0.1
[INFO] [stderr]    Compiling rand_core v0.6.4
[INFO] [stderr]    Compiling const-random v0.1.18
[INFO] [stderr]    Compiling dlv-list v0.5.2
[INFO] [stderr]    Compiling ff v0.13.0
[INFO] [stderr]    Compiling rand_chacha v0.3.1
[INFO] [stderr]    Compiling group v0.13.0
[INFO] [stderr]    Compiling ordered-multimap v0.6.0
[INFO] [stderr]    Compiling clap_builder v4.4.18
[INFO] [stderr]    Compiling num_cpus v1.16.0
[INFO] [stderr]    Compiling tracing-log v0.2.0
[INFO] [stderr]    Compiling quanta v0.11.1
[INFO] [stderr]    Compiling thread_local v1.1.8
[INFO] [stderr]    Compiling half v2.4.1
[INFO] [stderr]    Compiling rust-ini v0.19.0
[INFO] [stderr]    Compiling sketches-ddsketch v0.2.2
[INFO] [stderr]    Compiling md5 v0.7.0
[INFO] [stderr]    Compiling ciborium-io v0.2.2
[INFO] [stderr]    Compiling hashbrown v0.12.3
[INFO] [stderr]    Compiling hex v0.4.3
[INFO] [stderr]    Compiling tracing-subscriber v0.3.19
[INFO] [stderr]    Compiling mime_guess v2.0.5
[INFO] [stderr]    Compiling rand v0.8.5
[INFO] [stderr]    Compiling ciborium-ll v0.2.2
[INFO] [stderr]    Compiling parking_lot_core v0.9.10
[INFO] [stderr]    Compiling regex-automata v0.4.8
[INFO] [stderr]    Compiling event-listener-strategy v0.5.2
[INFO] [stderr]    Compiling mio v0.8.11
[INFO] [stderr]    Compiling webpki-roots v0.25.4
[INFO] [stderr]    Compiling rayon-core v1.12.1
[INFO] [stderr]    Compiling paste v1.0.15
[INFO] [stderr]    Compiling rustix v0.38.41
[INFO] [stderr]    Compiling base64ct v1.6.0
[INFO] [stderr]    Compiling byteorder v1.5.0
[INFO] [stderr]    Compiling sync_wrapper v1.0.1
[INFO] [stderr]    Compiling minimal-lexical v0.2.1
[INFO] [stderr]    Compiling pem-rfc7468 v0.7.0
[INFO] [stderr]    Compiling parking_lot v0.12.3
[INFO] [stderr]    Compiling async-channel v2.3.1
[INFO] [stderr]    Compiling crossbeam-deque v0.8.5
[INFO] [stderr]    Compiling matchit v0.7.3
[INFO] [stderr]    Compiling linux-raw-sys v0.4.14
[INFO] [stderr]    Compiling signal-hook-mio v0.2.3
[INFO] [stderr]    Compiling nom v7.1.3
[INFO] [stderr]    Compiling crossterm v0.27.0
[INFO] [stderr]    Compiling itertools v0.11.0
[INFO] [stderr]    Compiling nix v0.27.1
[INFO] [stderr]    Compiling indoc v2.0.5
[INFO] [stderr]    Compiling utf8-width v0.1.7
[INFO] [stderr]    Compiling http-range-header v0.4.1
[INFO] [stderr]    Compiling unicode-width v0.1.13
[INFO] [stderr]    Compiling fastrand v2.1.1
[INFO] [stderr]    Compiling unicode-segmentation v1.11.0
[INFO] [stderr]    Compiling cassowary v0.3.0
[INFO] [stderr]    Compiling satori-integration-tests v0.3.1 (/opt/rustwide/workdir/integration-tests)
[INFO] [stderr]    Compiling synstructure v0.13.1
[INFO] [stderr]    Compiling darling_core v0.20.10
[INFO] [stderr]    Compiling rayon v1.10.0
[INFO] [stderr]    Compiling sct v0.7.1
[INFO] [stderr]    Compiling rustls-webpki v0.101.7
[INFO] [stderr]    Compiling regex v1.11.1
[INFO] [stderr]    Compiling serde_derive v1.0.217
[INFO] [stderr]    Compiling zeroize_derive v1.4.2
[INFO] [stderr]    Compiling futures-macro v0.3.31
[INFO] [stderr]    Compiling tokio-macros v2.4.0
[INFO] [stderr]    Compiling zerofrom-derive v0.1.5
[INFO] [stderr]    Compiling yoke-derive v0.7.5
[INFO] [stderr]    Compiling zerovec-derive v0.10.3
[INFO] [stderr]    Compiling displaydoc v0.2.5
[INFO] [stderr]    Compiling zeroize v1.8.1
[INFO] [stderr]    Compiling tracing-attributes v0.1.28
[INFO] [stderr]    Compiling icu_provider_macros v1.5.0
[INFO] [stderr]    Compiling thiserror-impl v1.0.69
[INFO] [stderr]    Compiling openssl-macros v0.1.1
[INFO] [stderr]    Compiling futures-util v0.3.31
[INFO] [stderr]    Compiling async-trait v0.1.83
[INFO] [stderr]    Compiling der v0.7.9
[INFO] [stderr]    Compiling pin-project-internal v1.1.5
[INFO] [stderr]    Compiling curve25519-dalek-derive v0.1.1
[INFO] [stderr]    Compiling darling_macro v0.20.10
[INFO] [stderr]    Compiling metrics-macros v0.7.1
[INFO] [stderr]    Compiling clap_derive v4.4.7
[INFO] [stderr]    Compiling maybe-async v0.2.10
[INFO] [stderr]    Compiling strum_macros v0.25.3
[INFO] [stderr]    Compiling darling v0.20.10
[INFO] [stderr]    Compiling serde_with_macros v3.12.0
[INFO] [stderr]    Compiling metrics v0.21.1
[INFO] [stderr]    Compiling tracing v0.1.41
[INFO] [stderr]    Compiling zerofrom v0.1.5
[INFO] [stderr]    Compiling tempfile v3.14.0
[INFO] [stderr]    Compiling yoke v0.7.5
[INFO] [stderr]    Compiling aws-region v0.25.4
[INFO] [stderr]    Compiling pin-project v1.1.5
[INFO] [stderr]    Compiling metrics-util v0.15.0
[INFO] [stderr]    Compiling zerovec v0.10.4
[INFO] [stderr]    Compiling x25519-dalek v2.0.1
[INFO] [stderr]    Compiling strum v0.25.0
[INFO] [stderr]    Compiling tinystr v0.7.6
[INFO] [stderr]    Compiling icu_collections v1.5.0
[INFO] [stderr]    Compiling clap v4.4.18
[INFO] [stderr]    Compiling icu_locid v1.5.0
[INFO] [stderr]    Compiling icu_provider v1.5.0
[INFO] [stderr]    Compiling futures-executor v0.3.31
[INFO] [stderr]    Compiling icu_locid_transform v1.5.0
[INFO] [stderr]    Compiling futures v0.3.31
[INFO] [stderr]    Compiling icu_properties v1.5.1
[INFO] [stderr]    Compiling bytes v1.9.0
[INFO] [stderr]    Compiling toml_datetime v0.6.8
[INFO] [stderr]    Compiling serde_spanned v0.6.7
[INFO] [stderr]    Compiling chrono v0.4.39
[INFO] [stderr]    Compiling deranged v0.3.11
[INFO] [stderr]    Compiling serde_with v3.12.0
[INFO] [stderr]    Compiling serde_urlencoded v0.7.1
[INFO] [stderr]    Compiling quick-xml v0.30.0
[INFO] [stderr]    Compiling serde_path_to_error v0.1.16
[INFO] [stderr]    Compiling ciborium v0.2.2
[INFO] [stderr]    Compiling byte-unit v4.0.19
[INFO] [stderr]    Compiling toml_edit v0.22.20
[INFO] [stderr]    Compiling tokio v1.42.0
[INFO] [stderr]    Compiling http v0.2.12
[INFO] [stderr]    Compiling http v1.1.0
[INFO] [stderr]    Compiling rxml v0.9.1
[INFO] [stderr]    Compiling icu_normalizer v1.5.0
[INFO] [stderr]    Compiling crypto-common v0.1.6
[INFO] [stderr]    Compiling block-buffer v0.10.4
[INFO] [stderr]    Compiling inout v0.1.3
[INFO] [stderr]    Compiling crypto-bigint v0.5.5
[INFO] [stderr]    Compiling sec1 v0.7.3
[INFO] [stderr]    Compiling digest v0.10.7
[INFO] [stderr]    Compiling cipher v0.4.4
[INFO] [stderr]    Compiling universal-hash v0.5.1
[INFO] [stderr]    Compiling polyval v0.6.2
[INFO] [stderr]    Compiling aead v0.5.2
[INFO] [stderr]    Compiling hmac v0.12.1
[INFO] [stderr]    Compiling http-body v1.0.1
[INFO] [stderr]    Compiling idna_adapter v1.2.0
[INFO] [stderr]    Compiling hkdf v0.12.4
[INFO] [stderr]    Compiling idna v1.0.3
[INFO] [stderr]    Compiling sha2 v0.10.8
[INFO] [stderr]    Compiling http-body-util v0.1.2
[INFO] [stderr]    Compiling ghash v0.5.1
[INFO] [stderr]    Compiling time v0.3.36
[INFO] [stderr]    Compiling http-body v0.4.6
[INFO] [stderr]    Compiling poly1305 v0.8.0
[INFO] [stderr]    Compiling url v2.5.4
[INFO] [stderr]    Compiling ctr v0.9.2
[INFO] [stderr]    Compiling chacha20 v0.9.1
[INFO] [stderr]    Compiling aes v0.8.4
[INFO] [stderr]    Compiling minidom v0.15.2
[INFO] [stderr]    Compiling axum-core v0.4.5
[INFO] [stderr]    Compiling m3u8-rs v5.0.5
[INFO] [stderr]    Compiling chacha20poly1305 v0.10.1
[INFO] [stderr]    Compiling aes-gcm v0.10.3
[INFO] [stderr]    Compiling attohttpc v0.26.1
[INFO] [stderr]    Compiling toml v0.8.19
[INFO] [stderr]    Compiling elliptic-curve v0.13.8
[INFO] [stderr]    Compiling primeorder v0.13.6
[INFO] [stderr]    Compiling p256 v0.13.2
[INFO] [stderr]    Compiling hpke v0.11.0
[INFO] [stderr]    Compiling aws-creds v0.36.0
[INFO] [stderr]    Compiling ratatui v0.23.0
[INFO] [stderr]    Compiling tokio-util v0.7.13
[INFO] [stderr]    Compiling tokio-rustls v0.24.1
[INFO] [stderr]    Compiling tokio-native-tls v0.3.1
[INFO] [stderr]    Compiling tower v0.4.13
[INFO] [stderr]    Compiling hyper v1.4.1
[INFO] [stderr]    Compiling tower v0.5.1
[INFO] [stderr]    Compiling rumqttc v0.23.0
[INFO] [stderr]    Compiling hyper-util v0.1.6
[INFO] [stderr]    Compiling h2 v0.3.26
[INFO] [stderr]    Compiling tokio-stream v0.1.17
[INFO] [stderr]    Compiling tower-http v0.5.2
[INFO] [stderr]    Compiling axum v0.7.9
[INFO] [stderr]    Compiling satori-common v0.3.1 (/opt/rustwide/workdir/common)
[INFO] [stderr]    Compiling hyper v0.14.30
[INFO] [stderr]    Compiling hyper-tls v0.5.0
[INFO] [stderr]    Compiling hyper-rustls v0.24.2
[INFO] [stderr]    Compiling metrics-exporter-prometheus v0.12.2
[INFO] [stderr]    Compiling reqwest v0.11.27
[INFO] [stderr]    Compiling rust-s3 v0.34.0
[INFO] [stderr]    Compiling satori-agent v0.3.1 (/opt/rustwide/workdir/agent)
[INFO] [stderr]    Compiling satori-event-processor v0.3.1 (/opt/rustwide/workdir/event-processor)
[INFO] [stderr]    Compiling satori-storage v0.3.1 (/opt/rustwide/workdir/storage)
[INFO] [stderr]    Compiling satori-testing-utils v0.3.1 (/opt/rustwide/workdir/testing-utils)
[INFO] [stderr]    Compiling satori-archiver v0.3.1 (/opt/rustwide/workdir/archiver)
[INFO] [stderr]    Compiling satorictl v0.3.1 (/opt/rustwide/workdir/ctl)
[INFO] [stderr]     Finished `dev` profile [unoptimized + debuginfo] target(s) in 2m 11s
[INFO] running `Command { std: "docker" "inspect" "ca79ac393f73dacd75052c7357b9a011a7a36fb891f0371ccc01540b9d98e25e", kill_on_drop: false }`
[INFO] running `Command { std: "docker" "rm" "-f" "ca79ac393f73dacd75052c7357b9a011a7a36fb891f0371ccc01540b9d98e25e", kill_on_drop: false }`
[INFO] [stdout] ca79ac393f73dacd75052c7357b9a011a7a36fb891f0371ccc01540b9d98e25e
[INFO] running `Command { std: "docker" "create" "-v" "/var/lib/crater-agent-workspace/builds/worker-7-tc1/target:/opt/rustwide/target:rw,Z" "-v" "/var/lib/crater-agent-workspace/builds/worker-7-tc1/source:/opt/rustwide/workdir:ro,Z" "-v" "/var/lib/crater-agent-workspace/cargo-home:/opt/rustwide/cargo-home:ro,Z" "-v" "/var/lib/crater-agent-workspace/rustup-home:/opt/rustwide/rustup-home:ro,Z" "-e" "SOURCE_DIR=/opt/rustwide/workdir" "-e" "CARGO_TARGET_DIR=/opt/rustwide/target" "-e" "CARGO_INCREMENTAL=0" "-e" "RUST_BACKTRACE=full" "-e" "RUSTFLAGS=--cap-lints=forbid" "-e" "RUSTDOCFLAGS=--cap-lints=forbid" "-e" "CARGO_HOME=/opt/rustwide/cargo-home" "-e" "RUSTUP_HOME=/opt/rustwide/rustup-home" "-w" "/opt/rustwide/workdir" "-m" "1610612736" "--user" "0:0" "--network" "none" "ghcr.io/rust-lang/crates-build-env/linux@sha256:819108c5571ea2e421544af4d832f968d213c87fbe3707a016657f43d2f853bc" "/opt/rustwide/cargo-home/bin/cargo" "+nightly-2025-01-18" "test" "--frozen" "--no-run" "--message-format=json", kill_on_drop: false }`
[INFO] [stdout] d2b36c3f2946378ff9c96e0819ced6b038a11338ec5e02774987a0e361de7053
[INFO] running `Command { std: "docker" "start" "-a" "d2b36c3f2946378ff9c96e0819ced6b038a11338ec5e02774987a0e361de7053", kill_on_drop: false }`
[INFO] [stderr]    Compiling ctor v0.2.9
[INFO] [stderr]    Compiling satori-event-processor v0.3.1 (/opt/rustwide/workdir/event-processor)
[INFO] [stderr]    Compiling satori-archiver v0.3.1 (/opt/rustwide/workdir/archiver)
[INFO] [stderr]    Compiling satori-agent v0.3.1 (/opt/rustwide/workdir/agent)
[INFO] [stderr]    Compiling satorictl v0.3.1 (/opt/rustwide/workdir/ctl)
[INFO] [stderr]    Compiling satori-integration-tests v0.3.1 (/opt/rustwide/workdir/integration-tests)
[INFO] [stderr]    Compiling satori-storage v0.3.1 (/opt/rustwide/workdir/storage)
[INFO] [stderr]    Compiling satori-common v0.3.1 (/opt/rustwide/workdir/common)
[INFO] [stderr]    Compiling satori-testing-utils v0.3.1 (/opt/rustwide/workdir/testing-utils)
[INFO] [stderr]     Finished `test` profile [unoptimized + debuginfo] target(s) in 18.99s
[INFO] running `Command { std: "docker" "inspect" "d2b36c3f2946378ff9c96e0819ced6b038a11338ec5e02774987a0e361de7053", kill_on_drop: false }`
[INFO] running `Command { std: "docker" "rm" "-f" "d2b36c3f2946378ff9c96e0819ced6b038a11338ec5e02774987a0e361de7053", kill_on_drop: false }`
[INFO] [stdout] d2b36c3f2946378ff9c96e0819ced6b038a11338ec5e02774987a0e361de7053
[INFO] running `Command { std: "docker" "create" "-v" "/var/lib/crater-agent-workspace/builds/worker-7-tc1/target:/opt/rustwide/target:rw,Z" "-v" "/var/lib/crater-agent-workspace/builds/worker-7-tc1/source:/opt/rustwide/workdir:ro,Z" "-v" "/var/lib/crater-agent-workspace/cargo-home:/opt/rustwide/cargo-home:ro,Z" "-v" "/var/lib/crater-agent-workspace/rustup-home:/opt/rustwide/rustup-home:ro,Z" "-e" "SOURCE_DIR=/opt/rustwide/workdir" "-e" "CARGO_TARGET_DIR=/opt/rustwide/target" "-e" "CARGO_INCREMENTAL=0" "-e" "RUST_BACKTRACE=full" "-e" "RUSTFLAGS=--cap-lints=forbid" "-e" "RUSTDOCFLAGS=--cap-lints=forbid" "-e" "CARGO_HOME=/opt/rustwide/cargo-home" "-e" "RUSTUP_HOME=/opt/rustwide/rustup-home" "-w" "/opt/rustwide/workdir" "-m" "1610612736" "--user" "0:0" "--network" "none" "ghcr.io/rust-lang/crates-build-env/linux@sha256:819108c5571ea2e421544af4d832f968d213c87fbe3707a016657f43d2f853bc" "/opt/rustwide/cargo-home/bin/cargo" "+nightly-2025-01-18" "test" "--frozen", kill_on_drop: false }`
[INFO] [stdout] b640efd6e156a82936a80b46e81843da642f94eabab7e731f7237dad403716db
[INFO] running `Command { std: "docker" "start" "-a" "b640efd6e156a82936a80b46e81843da642f94eabab7e731f7237dad403716db", kill_on_drop: false }`
[INFO] [stderr]     Finished `test` profile [unoptimized + debuginfo] target(s) in 0.25s
[INFO] [stderr]      Running unittests src/main.rs (/opt/rustwide/target/debug/deps/satori_agent-fcfebc8d51c5e8a7)
[INFO] [stdout] 
[INFO] [stdout] running 9 tests
[INFO] [stdout] test jpeg_frame_decoder::test::decoder_multiple ... ok
[INFO] [stdout] test jpeg_frame_decoder::test::decoder_none ... ok
[INFO] [stdout] test jpeg_frame_decoder::test::decoder_one ... ok
[INFO] [stdout] test jpeg_frame_decoder::test::find_first_jpeg_eoi_multiple ... ok
[INFO] [stdout] test jpeg_frame_decoder::test::find_first_jpeg_eoi_none ... ok
[INFO] [stdout] test jpeg_frame_decoder::test::find_first_jpeg_eoi_single ... ok
[INFO] [stdout] test ffmpeg::version::test::test_version_4 ... ok
[INFO] [stdout] test ffmpeg::version::test::test_version_5 ... ok
[INFO] [stdout] test ffmpeg::version::test::test_version_6 ... ok
[INFO] [stdout] 
[INFO] [stdout] test result: ok. 9 passed; 0 failed; 0 ignored; 0 measured; 0 filtered out; finished in 0.00s
[INFO] [stdout] 
[INFO] [stderr]      Running unittests src/main.rs (/opt/rustwide/target/debug/deps/satori_archiver-5d61e4b6b23abb80)
[INFO] [stdout] 
[INFO] [stdout] running 5 tests
[INFO] [stdout] test queue::test::test_archive_segments_no_segments_no_tasks ... ok
[INFO] [stdout] test queue::test::test_archive_segments_some_segments_some_tasks ... ok
[INFO] [stdout] test task::test::test_get_segment_url_1 ... ok
[INFO] [stdout] test task::test::test_get_segment_url_2 ... ok
[INFO] [stdout] test queue::test::test_load_bad_file_gives_empty_queue ... ok
[INFO] [stdout] 
[INFO] [stdout] test result: ok. 5 passed; 0 failed; 0 ignored; 0 measured; 0 filtered out; finished in 0.00s
[INFO] [stdout] 
[INFO] [stderr]      Running unittests src/lib.rs (/opt/rustwide/target/debug/deps/satori_common-55fc7654622e250e)
[INFO] [stdout] 
[INFO] [stdout] running 18 tests
[INFO] [stdout] test event::test::test_should_expire ... ok
[INFO] [stdout] test event::test::test_reasons ... ok
[INFO] [stdout] test event::test::test_should_not_expire ... ok
[INFO] [stdout] test trigger::test::test_from_default_and_command_all_default ... ok
[INFO] [stdout] test trigger::test::test_from_default_and_command_all_specified ... ok
[INFO] [stdout] test trigger::test::test_get_filename ... ok
[INFO] [stdout] test trigger::test::test_wall_clock_times ... ok
[INFO] [stdout] test utils::throttled_error::test::log_once ... ok
[INFO] [stdout] test utils::throttled_error::test::new ... ok
[INFO] [stdout] test trigger::test::test_from_filename ... ok
[INFO] [stdout] test trigger::test::test_from_filename_fail_no_id ... ok
[INFO] [stdout] test trigger::test::test_from_filename_underscore_in_id ... ok
[INFO] [stdout] test trigger::test::test_from_filename_fail_bad_timestamp ... ok
[INFO] [stdout] test mqtt::test::client_poll_until_message_is_sent_qos_atleastonce ... FAILED
[INFO] [stdout] test mqtt::test::client_poll_until_message_is_sent_qos_exactlyonce ... FAILED
[INFO] [stdout] test utils::throttled_error::test::log_duplicates_fast ... ok
[INFO] [stdout] test utils::throttled_error::test::log_unique_fast ... ok
[INFO] [stdout] test utils::throttled_error::test::log_duplicates_slow ... ok
[INFO] [stdout] 
[INFO] [stdout] failures:
[INFO] [stdout] 
[INFO] [stdout] ---- mqtt::test::client_poll_until_message_is_sent_qos_atleastonce stdout ----
[INFO] [stdout] 
[INFO] [stdout] thread 'mqtt::test::client_poll_until_message_is_sent_qos_atleastonce' panicked at testing-utils/src/podman.rs:45:81:
[INFO] [stdout] called `Result::unwrap()` on an `Err` value: Os { code: 2, kind: NotFound, message: "No such file or directory" }
[INFO] [stdout] stack backtrace:
[INFO] [stdout]    0:     0x61b2e35dec8a - std::backtrace_rs::backtrace::libunwind::trace::hb059275cfc8d6126
[INFO] [stdout]                                at /rustc/6067b36314ab5eb2eb47cecc464545ba58e1ad24/library/std/src/../../backtrace/src/backtrace/libunwind.rs:116:5
[INFO] [stdout]    1:     0x61b2e35dec8a - std::backtrace_rs::backtrace::trace_unsynchronized::h2da071e4327ce3ee
[INFO] [stdout]                                at /rustc/6067b36314ab5eb2eb47cecc464545ba58e1ad24/library/std/src/../../backtrace/src/backtrace/mod.rs:66:5
[INFO] [stdout]    2:     0x61b2e35dec8a - std::sys::backtrace::_print_fmt::h842a1474e6f8d23f
[INFO] [stdout]                                at /rustc/6067b36314ab5eb2eb47cecc464545ba58e1ad24/library/std/src/sys/backtrace.rs:66:9
[INFO] [stdout]    3:     0x61b2e35dec8a - <std::sys::backtrace::BacktraceLock::print::DisplayBacktrace as core::fmt::Display>::fmt::h71a62eb3b9696b12
[INFO] [stdout]                                at /rustc/6067b36314ab5eb2eb47cecc464545ba58e1ad24/library/std/src/sys/backtrace.rs:39:26
[INFO] [stdout]    4:     0x61b2e360a1a3 - core::fmt::rt::Argument::fmt::hdb6b616786b41dc1
[INFO] [stdout]                                at /rustc/6067b36314ab5eb2eb47cecc464545ba58e1ad24/library/core/src/fmt/rt.rs:177:76
[INFO] [stdout]    5:     0x61b2e360a1a3 - core::fmt::write::h2cc1698af7e2d686
[INFO] [stdout]                                at /rustc/6067b36314ab5eb2eb47cecc464545ba58e1ad24/library/core/src/fmt/mod.rs:1440:21
[INFO] [stdout]    6:     0x61b2e35da8e3 - std::io::Write::write_fmt::hab1b4cd059a79022
[INFO] [stdout]                                at /rustc/6067b36314ab5eb2eb47cecc464545ba58e1ad24/library/std/src/io/mod.rs:1887:15
[INFO] [stdout]    7:     0x61b2e35dead2 - std::sys::backtrace::BacktraceLock::print::h147fe35b4ea13b08
[INFO] [stdout]                                at /rustc/6067b36314ab5eb2eb47cecc464545ba58e1ad24/library/std/src/sys/backtrace.rs:42:9
[INFO] [stdout]    8:     0x61b2e35e00af - std::panicking::default_hook::{{closure}}::hbd44223dbdc0d208
[INFO] [stdout]                                at /rustc/6067b36314ab5eb2eb47cecc464545ba58e1ad24/library/std/src/panicking.rs:298:22
[INFO] [stdout]    9:     0x61b2e35dfec8 - std::panicking::default_hook::h20f81eb0576efcec
[INFO] [stdout]                                at /rustc/6067b36314ab5eb2eb47cecc464545ba58e1ad24/library/std/src/panicking.rs:322:9
[INFO] [stdout]   10:     0x61b2e304a663 - <alloc::boxed::Box<F,A> as core::ops::function::Fn<Args>>::call::hdb53814c496a4d34
[INFO] [stdout]                                at /rustc/6067b36314ab5eb2eb47cecc464545ba58e1ad24/library/alloc/src/boxed.rs:2027:9
[INFO] [stdout]   11:     0x61b2e304a663 - test::test_main::{{closure}}::hc0a4963c59427c24
[INFO] [stdout]                                at /rustc/6067b36314ab5eb2eb47cecc464545ba58e1ad24/library/test/src/lib.rs:134:21
[INFO] [stdout]   12:     0x61b2e35e0ba3 - <alloc::boxed::Box<F,A> as core::ops::function::Fn<Args>>::call::h591b2225413a77e9
[INFO] [stdout]                                at /rustc/6067b36314ab5eb2eb47cecc464545ba58e1ad24/library/alloc/src/boxed.rs:2027:9
[INFO] [stdout]   13:     0x61b2e35e0ba3 - std::panicking::rust_panic_with_hook::h625eea43051b2edc
[INFO] [stdout]                                at /rustc/6067b36314ab5eb2eb47cecc464545ba58e1ad24/library/std/src/panicking.rs:839:13
[INFO] [stdout]   14:     0x61b2e35e085a - std::panicking::begin_panic_handler::{{closure}}::h4f9159cfbc3f6bd3
[INFO] [stdout]                                at /rustc/6067b36314ab5eb2eb47cecc464545ba58e1ad24/library/std/src/panicking.rs:704:13
[INFO] [stdout]   15:     0x61b2e35df189 - std::sys::backtrace::__rust_end_short_backtrace::h0390abce48353151
[INFO] [stdout]                                at /rustc/6067b36314ab5eb2eb47cecc464545ba58e1ad24/library/std/src/sys/backtrace.rs:168:18
[INFO] [stdout]   16:     0x61b2e35e04ed - rust_begin_unwind
[INFO] [stdout]                                at /rustc/6067b36314ab5eb2eb47cecc464545ba58e1ad24/library/std/src/panicking.rs:695:5
[INFO] [stdout]   17:     0x61b2e3607c70 - core::panicking::panic_fmt::h9e7c637e9e5f29c9
[INFO] [stdout]                                at /rustc/6067b36314ab5eb2eb47cecc464545ba58e1ad24/library/core/src/panicking.rs:75:14
[INFO] [stdout]   18:     0x61b2e3608146 - core::result::unwrap_failed::h7979f09313fe1849
[INFO] [stdout]                                at /rustc/6067b36314ab5eb2eb47cecc464545ba58e1ad24/library/core/src/result.rs:1704:5
[INFO] [stdout]   19:     0x61b2e3055a04 - core::result::Result<T,E>::unwrap::h2822066ac7a66231
[INFO] [stdout]                                at /rustc/6067b36314ab5eb2eb47cecc464545ba58e1ad24/library/core/src/result.rs:1109:23
[INFO] [stdout]   20:     0x61b2e3055a04 - satori_testing_utils::podman::PodmanDriver::new::h894cdb4c78b44e72
[INFO] [stdout]                                at /opt/rustwide/workdir/testing-utils/src/podman.rs:45:31
[INFO] [stdout]   21:     0x61b2e305a942 - satori_testing_utils::mosquitto::MosquittoDriver::with_port::h1078071a4077545c
[INFO] [stdout]                                at /opt/rustwide/workdir/testing-utils/src/mosquitto.rs:28:22
[INFO] [stdout]   22:     0x61b2e305a454 - <satori_testing_utils::mosquitto::MosquittoDriver as core::default::Default>::default::h2056bca786e7bbc6
[INFO] [stdout]                                at /opt/rustwide/workdir/testing-utils/src/mosquitto.rs:12:9
[INFO] [stdout]   23:     0x61b2e2f9e382 - satori_common::mqtt::test::client_poll_until_message_is_sent_qos_atleastonce::{{closure}}::hbea8ddd6c3b8f2b1
[INFO] [stdout]                                at /opt/rustwide/workdir/common/src/mqtt.rs:199:25
[INFO] [stdout]   24:     0x61b2e2fc5d32 - <core::pin::Pin<P> as core::future::future::Future>::poll::h68e459a22d23073a
[INFO] [stdout]                                at /rustc/6067b36314ab5eb2eb47cecc464545ba58e1ad24/library/core/src/future/future.rs:124:9
[INFO] [stdout]   25:     0x61b2e2fc5dad - <core::pin::Pin<P> as core::future::future::Future>::poll::h84a9cc30f478f040
[INFO] [stdout]                                at /rustc/6067b36314ab5eb2eb47cecc464545ba58e1ad24/library/core/src/future/future.rs:124:9
[INFO] [stdout]   26:     0x61b2e2fc5a8f - tokio::runtime::scheduler::current_thread::CoreGuard::block_on::{{closure}}::{{closure}}::{{closure}}::h657bd22fcacdb8a5
[INFO] [stdout]                                at /opt/rustwide/cargo-home/registry/src/index.crates.io-1949cf8c6b5b557f/tokio-1.42.0/src/runtime/scheduler/current_thread/mod.rs:729:57
[INFO] [stdout]   27:     0x61b2e2fc5975 - tokio::runtime::coop::with_budget::hd9fcec05b6fbc416
[INFO] [stdout]                                at /opt/rustwide/cargo-home/registry/src/index.crates.io-1949cf8c6b5b557f/tokio-1.42.0/src/runtime/coop.rs:107:5
[INFO] [stdout]   28:     0x61b2e2fc5975 - tokio::runtime::coop::budget::hc06a57233228f543
[INFO] [stdout]                                at /opt/rustwide/cargo-home/registry/src/index.crates.io-1949cf8c6b5b557f/tokio-1.42.0/src/runtime/coop.rs:73:5
[INFO] [stdout]   29:     0x61b2e2fc5975 - tokio::runtime::scheduler::current_thread::CoreGuard::block_on::{{closure}}::{{closure}}::h7864a22c8e2c876d
[INFO] [stdout]                                at /opt/rustwide/cargo-home/registry/src/index.crates.io-1949cf8c6b5b557f/tokio-1.42.0/src/runtime/scheduler/current_thread/mod.rs:729:25
[INFO] [stdout]   30:     0x61b2e2fc35d0 - tokio::runtime::scheduler::current_thread::Context::enter::he9616017bc1051da
[INFO] [stdout]                                at /opt/rustwide/cargo-home/registry/src/index.crates.io-1949cf8c6b5b557f/tokio-1.42.0/src/runtime/scheduler/current_thread/mod.rs:428:19
[INFO] [stdout]   31:     0x61b2e2fc503e - tokio::runtime::scheduler::current_thread::CoreGuard::block_on::{{closure}}::hef65d381e228db02
[INFO] [stdout]                                at /opt/rustwide/cargo-home/registry/src/index.crates.io-1949cf8c6b5b557f/tokio-1.42.0/src/runtime/scheduler/current_thread/mod.rs:728:36
[INFO] [stdout]   32:     0x61b2e2fc4494 - tokio::runtime::scheduler::current_thread::CoreGuard::enter::{{closure}}::h56dbe8959586ab32
[INFO] [stdout]                                at /opt/rustwide/cargo-home/registry/src/index.crates.io-1949cf8c6b5b557f/tokio-1.42.0/src/runtime/scheduler/current_thread/mod.rs:807:68
[INFO] [stdout]   33:     0x61b2e2f9da5b - tokio::runtime::context::scoped::Scoped<T>::set::hdab73785ea9e6cea
[INFO] [stdout]                                at /opt/rustwide/cargo-home/registry/src/index.crates.io-1949cf8c6b5b557f/tokio-1.42.0/src/runtime/context/scoped.rs:40:9
[INFO] [stdout]   34:     0x61b2e2f9d609 - tokio::runtime::context::set_scheduler::{{closure}}::hb9a1373b151d902e
[INFO] [stdout]                                at /opt/rustwide/cargo-home/registry/src/index.crates.io-1949cf8c6b5b557f/tokio-1.42.0/src/runtime/context.rs:180:26
[INFO] [stdout]   35:     0x61b2e2f9c172 - std::thread::local::LocalKey<T>::try_with::he8e97c5998286502
[INFO] [stdout]                                at /rustc/6067b36314ab5eb2eb47cecc464545ba58e1ad24/library/std/src/thread/local.rs:308:12
[INFO] [stdout]   36:     0x61b2e2f9adca - std::thread::local::LocalKey<T>::with::h55154b146cb6cdf8
[INFO] [stdout]                                at /rustc/6067b36314ab5eb2eb47cecc464545ba58e1ad24/library/std/src/thread/local.rs:272:9
[INFO] [stdout]   37:     0x61b2e2f9d57d - tokio::runtime::context::set_scheduler::h234fb1c18ee88fe2
[INFO] [stdout]                                at /opt/rustwide/cargo-home/registry/src/index.crates.io-1949cf8c6b5b557f/tokio-1.42.0/src/runtime/context.rs:180:9
[INFO] [stdout]   38:     0x61b2e2fc3e20 - tokio::runtime::scheduler::current_thread::CoreGuard::enter::h03a4d4f8fc387022
[INFO] [stdout]                                at /opt/rustwide/cargo-home/registry/src/index.crates.io-1949cf8c6b5b557f/tokio-1.42.0/src/runtime/scheduler/current_thread/mod.rs:807:27
[INFO] [stdout]   39:     0x61b2e2fc44d3 - tokio::runtime::scheduler::current_thread::CoreGuard::block_on::hc56e71476c827e1c
[INFO] [stdout]                                at /opt/rustwide/cargo-home/registry/src/index.crates.io-1949cf8c6b5b557f/tokio-1.42.0/src/runtime/scheduler/current_thread/mod.rs:716:19
[INFO] [stdout]   40:     0x61b2e2fc216a - tokio::runtime::scheduler::current_thread::CurrentThread::block_on::{{closure}}::hf83a681bc210dbf3
[INFO] [stdout]                                at /opt/rustwide/cargo-home/registry/src/index.crates.io-1949cf8c6b5b557f/tokio-1.42.0/src/runtime/scheduler/current_thread/mod.rs:196:28
[INFO] [stdout]   41:     0x61b2e2fcd5c6 - tokio::runtime::context::runtime::enter_runtime::hb88c2938b025132e
[INFO] [stdout]                                at /opt/rustwide/cargo-home/registry/src/index.crates.io-1949cf8c6b5b557f/tokio-1.42.0/src/runtime/context/runtime.rs:65:16
[INFO] [stdout]   42:     0x61b2e2fc19d1 - tokio::runtime::scheduler::current_thread::CurrentThread::block_on::h94a805f479a85527
[INFO] [stdout]                                at /opt/rustwide/cargo-home/registry/src/index.crates.io-1949cf8c6b5b557f/tokio-1.42.0/src/runtime/scheduler/current_thread/mod.rs:184:9
[INFO] [stdout]   43:     0x61b2e2fa4d03 - tokio::runtime::runtime::Runtime::block_on_inner::h963c3277b0203b49
[INFO] [stdout]                                at /opt/rustwide/cargo-home/registry/src/index.crates.io-1949cf8c6b5b557f/tokio-1.42.0/src/runtime/runtime.rs:368:47
[INFO] [stdout]   44:     0x61b2e2fa4ef7 - tokio::runtime::runtime::Runtime::block_on::had4bfb5ef5df9824
[INFO] [stdout]                                at /opt/rustwide/cargo-home/registry/src/index.crates.io-1949cf8c6b5b557f/tokio-1.42.0/src/runtime/runtime.rs:342:13
[INFO] [stdout]   45:     0x61b2e2f9e150 - satori_common::mqtt::test::client_poll_until_message_is_sent_qos_atleastonce::hf8e7f98b39bfc69d
[INFO] [stdout]                                at /opt/rustwide/workdir/common/src/mqtt.rs:233:9
[INFO] [stdout]   46:     0x61b2e2f9dfe7 - satori_common::mqtt::test::client_poll_until_message_is_sent_qos_atleastonce::{{closure}}::hef62d3239c768a57
[INFO] [stdout]                                at /opt/rustwide/workdir/common/src/mqtt.rs:195:65
[INFO] [stdout]   47:     0x61b2e2f94ac6 - core::ops::function::FnOnce::call_once::hceb57d755a728875
[INFO] [stdout]                                at /rustc/6067b36314ab5eb2eb47cecc464545ba58e1ad24/library/core/src/ops/function.rs:250:5
[INFO] [stdout]   48:     0x61b2e304fdbb - core::ops::function::FnOnce::call_once::he27718dfdd183f43
[INFO] [stdout]                                at /rustc/6067b36314ab5eb2eb47cecc464545ba58e1ad24/library/core/src/ops/function.rs:250:5
[INFO] [stdout]   49:     0x61b2e304fdbb - test::__rust_begin_short_backtrace::h4e84902998457a5d
[INFO] [stdout]                                at /rustc/6067b36314ab5eb2eb47cecc464545ba58e1ad24/library/test/src/lib.rs:632:18
[INFO] [stdout]   50:     0x61b2e304ecf3 - test::run_test_in_process::{{closure}}::h7176fd18fc1feca0
[INFO] [stdout]                                at /rustc/6067b36314ab5eb2eb47cecc464545ba58e1ad24/library/test/src/lib.rs:655:60
[INFO] [stdout]   51:     0x61b2e304ecf3 - <core::panic::unwind_safe::AssertUnwindSafe<F> as core::ops::function::FnOnce<()>>::call_once::hf79cff2a624d8cf7
[INFO] [stdout]                                at /rustc/6067b36314ab5eb2eb47cecc464545ba58e1ad24/library/core/src/panic/unwind_safe.rs:272:9
[INFO] [stdout]   52:     0x61b2e304ecf3 - std::panicking::try::do_call::h3da0561d9ab99c25
[INFO] [stdout]                                at /rustc/6067b36314ab5eb2eb47cecc464545ba58e1ad24/library/std/src/panicking.rs:587:40
[INFO] [stdout]   53:     0x61b2e304ecf3 - std::panicking::try::h41c9fa508bc61df6
[INFO] [stdout]                                at /rustc/6067b36314ab5eb2eb47cecc464545ba58e1ad24/library/std/src/panicking.rs:550:19
[INFO] [stdout]   54:     0x61b2e304ecf3 - std::panic::catch_unwind::h6b3ff07bb5afad93
[INFO] [stdout]                                at /rustc/6067b36314ab5eb2eb47cecc464545ba58e1ad24/library/std/src/panic.rs:358:14
[INFO] [stdout]   55:     0x61b2e304ecf3 - test::run_test_in_process::hc7253dd11b39b9f4
[INFO] [stdout]                                at /rustc/6067b36314ab5eb2eb47cecc464545ba58e1ad24/library/test/src/lib.rs:655:27
[INFO] [stdout]   56:     0x61b2e304ecf3 - test::run_test::{{closure}}::hfb2007f8649c30bb
[INFO] [stdout]                                at /rustc/6067b36314ab5eb2eb47cecc464545ba58e1ad24/library/test/src/lib.rs:576:43
[INFO] [stdout]   57:     0x61b2e3011dd5 - test::run_test::{{closure}}::h56a17aa7a282a9f4
[INFO] [stdout]                                at /rustc/6067b36314ab5eb2eb47cecc464545ba58e1ad24/library/test/src/lib.rs:606:41
[INFO] [stdout]   58:     0x61b2e3011dd5 - std::sys::backtrace::__rust_begin_short_backtrace::hd2d2d2fb8e8c6aac
[INFO] [stdout]                                at /rustc/6067b36314ab5eb2eb47cecc464545ba58e1ad24/library/std/src/sys/backtrace.rs:152:18
[INFO] [stdout]   59:     0x61b2e30156ba - std::thread::Builder::spawn_unchecked_::{{closure}}::{{closure}}::h4faa3f9db6133423
[INFO] [stdout]                                at /rustc/6067b36314ab5eb2eb47cecc464545ba58e1ad24/library/std/src/thread/mod.rs:559:17
[INFO] [stdout]   60:     0x61b2e30156ba - <core::panic::unwind_safe::AssertUnwindSafe<F> as core::ops::function::FnOnce<()>>::call_once::hf2e855a36a4ea846
[INFO] [stdout]                                at /rustc/6067b36314ab5eb2eb47cecc464545ba58e1ad24/library/core/src/panic/unwind_safe.rs:272:9
[INFO] [stdout]   61:     0x61b2e30156ba - std::panicking::try::do_call::h2f73af3616c35465
[INFO] [stdout]                                at /rustc/6067b36314ab5eb2eb47cecc464545ba58e1ad24/library/std/src/panicking.rs:587:40
[INFO] [stdout]   62:     0x61b2e30156ba - std::panicking::try::hd1660ce9efadef5a
[INFO] [stdout]                                at /rustc/6067b36314ab5eb2eb47cecc464545ba58e1ad24/library/std/src/panicking.rs:550:19
[INFO] [stdout]   63:     0x61b2e30156ba - std::panic::catch_unwind::h5ee8d7823b8ca744
[INFO] [stdout]                                at /rustc/6067b36314ab5eb2eb47cecc464545ba58e1ad24/library/std/src/panic.rs:358:14
[INFO] [stdout]   64:     0x61b2e30156ba - std::thread::Builder::spawn_unchecked_::{{closure}}::h53c3a1894dce8407
[INFO] [stdout]                                at /rustc/6067b36314ab5eb2eb47cecc464545ba58e1ad24/library/std/src/thread/mod.rs:557:30
[INFO] [stdout]   65:     0x61b2e30156ba - core::ops::function::FnOnce::call_once{{vtable.shim}}::h048ce291ad4f62bf
[INFO] [stdout]                                at /rustc/6067b36314ab5eb2eb47cecc464545ba58e1ad24/library/core/src/ops/function.rs:250:5
[INFO] [stdout]   66:     0x61b2e35e4fcb - <alloc::boxed::Box<F,A> as core::ops::function::FnOnce<Args>>::call_once::ha52bedf99a3b4981
[INFO] [stdout]                                at /rustc/6067b36314ab5eb2eb47cecc464545ba58e1ad24/library/alloc/src/boxed.rs:2013:9
[INFO] [stdout]   67:     0x61b2e35e4fcb - <alloc::boxed::Box<F,A> as core::ops::function::FnOnce<Args>>::call_once::h567748934d80ccf8
[INFO] [stdout]                                at /rustc/6067b36314ab5eb2eb47cecc464545ba58e1ad24/library/alloc/src/boxed.rs:2013:9
[INFO] [stdout]   68:     0x61b2e35e4fcb - std::sys::pal::unix::thread::Thread::new::thread_start::h2d970728ae887adc
[INFO] [stdout]                                at /rustc/6067b36314ab5eb2eb47cecc464545ba58e1ad24/library/std/src/sys/pal/unix/thread.rs:106:17
[INFO] [stdout]   69:     0x7dd24d122ac3 - <unknown>
[INFO] [stdout]   70:     0x7dd24d1b3a04 - clone
[INFO] [stdout]   71:                0x0 - <unknown>
[INFO] [stdout] 
[INFO] [stdout] ---- mqtt::test::client_poll_until_message_is_sent_qos_exactlyonce stdout ----
[INFO] [stdout] 
[INFO] [stdout] thread 'mqtt::test::client_poll_until_message_is_sent_qos_exactlyonce' panicked at testing-utils/src/podman.rs:45:81:
[INFO] [stdout] called `Result::unwrap()` on an `Err` value: Os { code: 2, kind: NotFound, message: "No such file or directory" }
[INFO] [stdout] stack backtrace:
[INFO] [stdout]    0:     0x61b2e35dec8a - std::backtrace_rs::backtrace::libunwind::trace::hb059275cfc8d6126
[INFO] [stdout]                                at /rustc/6067b36314ab5eb2eb47cecc464545ba58e1ad24/library/std/src/../../backtrace/src/backtrace/libunwind.rs:116:5
[INFO] [stdout]    1:     0x61b2e35dec8a - std::backtrace_rs::backtrace::trace_unsynchronized::h2da071e4327ce3ee
[INFO] [stdout]                                at /rustc/6067b36314ab5eb2eb47cecc464545ba58e1ad24/library/std/src/../../backtrace/src/backtrace/mod.rs:66:5
[INFO] [stdout]    2:     0x61b2e35dec8a - std::sys::backtrace::_print_fmt::h842a1474e6f8d23f
[INFO] [stdout]                                at /rustc/6067b36314ab5eb2eb47cecc464545ba58e1ad24/library/std/src/sys/backtrace.rs:66:9
[INFO] [stdout]    3:     0x61b2e35dec8a - <std::sys::backtrace::BacktraceLock::print::DisplayBacktrace as core::fmt::Display>::fmt::h71a62eb3b9696b12
[INFO] [stdout]                                at /rustc/6067b36314ab5eb2eb47cecc464545ba58e1ad24/library/std/src/sys/backtrace.rs:39:26
[INFO] [stdout]    4:     0x61b2e360a1a3 - core::fmt::rt::Argument::fmt::hdb6b616786b41dc1
[INFO] [stdout]                                at /rustc/6067b36314ab5eb2eb47cecc464545ba58e1ad24/library/core/src/fmt/rt.rs:177:76
[INFO] [stdout]    5:     0x61b2e360a1a3 - core::fmt::write::h2cc1698af7e2d686
[INFO] [stdout]                                at /rustc/6067b36314ab5eb2eb47cecc464545ba58e1ad24/library/core/src/fmt/mod.rs:1440:21
[INFO] [stdout]    6:     0x61b2e35da8e3 - std::io::Write::write_fmt::hab1b4cd059a79022
[INFO] [stdout]                                at /rustc/6067b36314ab5eb2eb47cecc464545ba58e1ad24/library/std/src/io/mod.rs:1887:15
[INFO] [stdout]    7:     0x61b2e35dead2 - std::sys::backtrace::BacktraceLock::print::h147fe35b4ea13b08
[INFO] [stdout]                                at /rustc/6067b36314ab5eb2eb47cecc464545ba58e1ad24/library/std/src/sys/backtrace.rs:42:9
[INFO] [stdout]    8:     0x61b2e35e00af - std::panicking::default_hook::{{closure}}::hbd44223dbdc0d208
[INFO] [stdout]                                at /rustc/6067b36314ab5eb2eb47cecc464545ba58e1ad24/library/std/src/panicking.rs:298:22
[INFO] [stdout]    9:     0x61b2e35dfec8 - std::panicking::default_hook::h20f81eb0576efcec
[INFO] [stdout]                                at /rustc/6067b36314ab5eb2eb47cecc464545ba58e1ad24/library/std/src/panicking.rs:322:9
[INFO] [stdout]   10:     0x61b2e304a663 - <alloc::boxed::Box<F,A> as core::ops::function::Fn<Args>>::call::hdb53814c496a4d34
[INFO] [stdout]                                at /rustc/6067b36314ab5eb2eb47cecc464545ba58e1ad24/library/alloc/src/boxed.rs:2027:9
[INFO] [stdout]   11:     0x61b2e304a663 - test::test_main::{{closure}}::hc0a4963c59427c24
[INFO] [stdout]                                at /rustc/6067b36314ab5eb2eb47cecc464545ba58e1ad24/library/test/src/lib.rs:134:21
[INFO] [stdout]   12:     0x61b2e35e0ba3 - <alloc::boxed::Box<F,A> as core::ops::function::Fn<Args>>::call::h591b2225413a77e9
[INFO] [stdout]                                at /rustc/6067b36314ab5eb2eb47cecc464545ba58e1ad24/library/alloc/src/boxed.rs:2027:9
[INFO] [stdout]   13:     0x61b2e35e0ba3 - std::panicking::rust_panic_with_hook::h625eea43051b2edc
[INFO] [stdout]                                at /rustc/6067b36314ab5eb2eb47cecc464545ba58e1ad24/library/std/src/panicking.rs:839:13
[INFO] [stdout]   14:     0x61b2e35e085a - std::panicking::begin_panic_handler::{{closure}}::h4f9159cfbc3f6bd3
[INFO] [stdout]                                at /rustc/6067b36314ab5eb2eb47cecc464545ba58e1ad24/library/std/src/panicking.rs:704:13
[INFO] [stdout]   15:     0x61b2e35df189 - std::sys::backtrace::__rust_end_short_backtrace::h0390abce48353151
[INFO] [stdout]                                at /rustc/6067b36314ab5eb2eb47cecc464545ba58e1ad24/library/std/src/sys/backtrace.rs:168:18
[INFO] [stdout]   16:     0x61b2e35e04ed - rust_begin_unwind
[INFO] [stdout]                                at /rustc/6067b36314ab5eb2eb47cecc464545ba58e1ad24/library/std/src/panicking.rs:695:5
[INFO] [stdout]   17:     0x61b2e3607c70 - core::panicking::panic_fmt::h9e7c637e9e5f29c9
[INFO] [stdout]                                at /rustc/6067b36314ab5eb2eb47cecc464545ba58e1ad24/library/core/src/panicking.rs:75:14
[INFO] [stdout]   18:     0x61b2e3608146 - core::result::unwrap_failed::h7979f09313fe1849
[INFO] [stdout]                                at /rustc/6067b36314ab5eb2eb47cecc464545ba58e1ad24/library/core/src/result.rs:1704:5
[INFO] [stdout]   19:     0x61b2e3055a04 - core::result::Result<T,E>::unwrap::h2822066ac7a66231
[INFO] [stdout]                                at /rustc/6067b36314ab5eb2eb47cecc464545ba58e1ad24/library/core/src/result.rs:1109:23
[INFO] [stdout]   20:     0x61b2e3055a04 - satori_testing_utils::podman::PodmanDriver::new::h894cdb4c78b44e72
[INFO] [stdout]                                at /opt/rustwide/workdir/testing-utils/src/podman.rs:45:31
[INFO] [stdout]   21:     0x61b2e305a942 - satori_testing_utils::mosquitto::MosquittoDriver::with_port::h1078071a4077545c
[INFO] [stdout]                                at /opt/rustwide/workdir/testing-utils/src/mosquitto.rs:28:22
[INFO] [stdout]   22:     0x61b2e305a454 - <satori_testing_utils::mosquitto::MosquittoDriver as core::default::Default>::default::h2056bca786e7bbc6
[INFO] [stdout]                                at /opt/rustwide/workdir/testing-utils/src/mosquitto.rs:12:9
[INFO] [stdout]   23:     0x61b2e2f9f792 - satori_common::mqtt::test::client_poll_until_message_is_sent_qos_exactlyonce::{{closure}}::h725640dd39484c74
[INFO] [stdout]                                at /opt/rustwide/workdir/common/src/mqtt.rs:241:25
[INFO] [stdout]   24:     0x61b2e2fc5d32 - <core::pin::Pin<P> as core::future::future::Future>::poll::h68e459a22d23073a
[INFO] [stdout]                                at /rustc/6067b36314ab5eb2eb47cecc464545ba58e1ad24/library/core/src/future/future.rs:124:9
[INFO] [stdout]   25:     0x61b2e2fc5dad - <core::pin::Pin<P> as core::future::future::Future>::poll::h84a9cc30f478f040
[INFO] [stdout]                                at /rustc/6067b36314ab5eb2eb47cecc464545ba58e1ad24/library/core/src/future/future.rs:124:9
[INFO] [stdout]   26:     0x61b2e2fc5a8f - tokio::runtime::scheduler::current_thread::CoreGuard::block_on::{{closure}}::{{closure}}::{{closure}}::h657bd22fcacdb8a5
[INFO] [stdout]                                at /opt/rustwide/cargo-home/registry/src/index.crates.io-1949cf8c6b5b557f/tokio-1.42.0/src/runtime/scheduler/current_thread/mod.rs:729:57
[INFO] [stdout]   27:     0x61b2e2fc5975 - tokio::runtime::coop::with_budget::hd9fcec05b6fbc416
[INFO] [stdout]                                at /opt/rustwide/cargo-home/registry/src/index.crates.io-1949cf8c6b5b557f/tokio-1.42.0/src/runtime/coop.rs:107:5
[INFO] [stdout]   28:     0x61b2e2fc5975 - tokio::runtime::coop::budget::hc06a57233228f543
[INFO] [stdout]                                at /opt/rustwide/cargo-home/registry/src/index.crates.io-1949cf8c6b5b557f/tokio-1.42.0/src/runtime/coop.rs:73:5
[INFO] [stdout]   29:     0x61b2e2fc5975 - tokio::runtime::scheduler::current_thread::CoreGuard::block_on::{{closure}}::{{closure}}::h7864a22c8e2c876d
[INFO] [stdout]                                at /opt/rustwide/cargo-home/registry/src/index.crates.io-1949cf8c6b5b557f/tokio-1.42.0/src/runtime/scheduler/current_thread/mod.rs:729:25
[INFO] [stdout]   30:     0x61b2e2fc35d0 - tokio::runtime::scheduler::current_thread::Context::enter::he9616017bc1051da
[INFO] [stdout]                                at /opt/rustwide/cargo-home/registry/src/index.crates.io-1949cf8c6b5b557f/tokio-1.42.0/src/runtime/scheduler/current_thread/mod.rs:428:19
[INFO] [stdout]   31:     0x61b2e2fc503e - tokio::runtime::scheduler::current_thread::CoreGuard::block_on::{{closure}}::hef65d381e228db02
[INFO] [stdout]                                at /opt/rustwide/cargo-home/registry/src/index.crates.io-1949cf8c6b5b557f/tokio-1.42.0/src/runtime/scheduler/current_thread/mod.rs:728:36
[INFO] [stdout]   32:     0x61b2e2fc4494 - tokio::runtime::scheduler::current_thread::CoreGuard::enter::{{closure}}::h56dbe8959586ab32
[INFO] [stdout]                                at /opt/rustwide/cargo-home/registry/src/index.crates.io-1949cf8c6b5b557f/tokio-1.42.0/src/runtime/scheduler/current_thread/mod.rs:807:68
[INFO] [stdout]   33:     0x61b2e2f9da5b - tokio::runtime::context::scoped::Scoped<T>::set::hdab73785ea9e6cea
[INFO] [stdout]                                at /opt/rustwide/cargo-home/registry/src/index.crates.io-1949cf8c6b5b557f/tokio-1.42.0/src/runtime/context/scoped.rs:40:9
[INFO] [stdout]   34:     0x61b2e2f9d609 - tokio::runtime::context::set_scheduler::{{closure}}::hb9a1373b151d902e
[INFO] [stdout]                                at /opt/rustwide/cargo-home/registry/src/index.crates.io-1949cf8c6b5b557f/tokio-1.42.0/src/runtime/context.rs:180:26
[INFO] [stdout]   35:     0x61b2e2f9c172 - std::thread::local::LocalKey<T>::try_with::he8e97c5998286502
[INFO] [stdout]                                at /rustc/6067b36314ab5eb2eb47cecc464545ba58e1ad24/library/std/src/thread/local.rs:308:12
[INFO] [stdout]   36:     0x61b2e2f9adca - std::thread::local::LocalKey<T>::with::h55154b146cb6cdf8
[INFO] [stdout]                                at /rustc/6067b36314ab5eb2eb47cecc464545ba58e1ad24/library/std/src/thread/local.rs:272:9
[INFO] [stdout]   37:     0x61b2e2f9d57d - tokio::runtime::context::set_scheduler::h234fb1c18ee88fe2
[INFO] [stdout]                                at /opt/rustwide/cargo-home/registry/src/index.crates.io-1949cf8c6b5b557f/tokio-1.42.0/src/runtime/context.rs:180:9
[INFO] [stdout]   38:     0x61b2e2fc3e20 - tokio::runtime::scheduler::current_thread::CoreGuard::enter::h03a4d4f8fc387022
[INFO] [stdout]                                at /opt/rustwide/cargo-home/registry/src/index.crates.io-1949cf8c6b5b557f/tokio-1.42.0/src/runtime/scheduler/current_thread/mod.rs:807:27
[INFO] [stdout]   39:     0x61b2e2fc44d3 - tokio::runtime::scheduler::current_thread::CoreGuard::block_on::hc56e71476c827e1c
[INFO] [stdout]                                at /opt/rustwide/cargo-home/registry/src/index.crates.io-1949cf8c6b5b557f/tokio-1.42.0/src/runtime/scheduler/current_thread/mod.rs:716:19
[INFO] [stdout]   40:     0x61b2e2fc216a - tokio::runtime::scheduler::current_thread::CurrentThread::block_on::{{closure}}::hf83a681bc210dbf3
[INFO] [stdout]                                at /opt/rustwide/cargo-home/registry/src/index.crates.io-1949cf8c6b5b557f/tokio-1.42.0/src/runtime/scheduler/current_thread/mod.rs:196:28
[INFO] [stdout]   41:     0x61b2e2fcd5c6 - tokio::runtime::context::runtime::enter_runtime::hb88c2938b025132e
[INFO] [stdout]                                at /opt/rustwide/cargo-home/registry/src/index.crates.io-1949cf8c6b5b557f/tokio-1.42.0/src/runtime/context/runtime.rs:65:16
[INFO] [stdout]   42:     0x61b2e2fc19d1 - tokio::runtime::scheduler::current_thread::CurrentThread::block_on::h94a805f479a85527
[INFO] [stdout]                                at /opt/rustwide/cargo-home/registry/src/index.crates.io-1949cf8c6b5b557f/tokio-1.42.0/src/runtime/scheduler/current_thread/mod.rs:184:9
[INFO] [stdout]   43:     0x61b2e2fa4d03 - tokio::runtime::runtime::Runtime::block_on_inner::h963c3277b0203b49
[INFO] [stdout]                                at /opt/rustwide/cargo-home/registry/src/index.crates.io-1949cf8c6b5b557f/tokio-1.42.0/src/runtime/runtime.rs:368:47
[INFO] [stdout]   44:     0x61b2e2fa4ef7 - tokio::runtime::runtime::Runtime::block_on::had4bfb5ef5df9824
[INFO] [stdout]                                at /opt/rustwide/cargo-home/registry/src/index.crates.io-1949cf8c6b5b557f/tokio-1.42.0/src/runtime/runtime.rs:342:13
[INFO] [stdout]   45:     0x61b2e2f9f560 - satori_common::mqtt::test::client_poll_until_message_is_sent_qos_exactlyonce::h0d47c3d79d3d32d7
[INFO] [stdout]                                at /opt/rustwide/workdir/common/src/mqtt.rs:275:9
[INFO] [stdout]   46:     0x61b2e2f9f3f7 - satori_common::mqtt::test::client_poll_until_message_is_sent_qos_exactlyonce::{{closure}}::h592aed3e38c3b10a
[INFO] [stdout]                                at /opt/rustwide/workdir/common/src/mqtt.rs:237:65
[INFO] [stdout]   47:     0x61b2e2f94226 - core::ops::function::FnOnce::call_once::h01ed90e6d2a00b92
[INFO] [stdout]                                at /rustc/6067b36314ab5eb2eb47cecc464545ba58e1ad24/library/core/src/ops/function.rs:250:5
[INFO] [stdout]   48:     0x61b2e304fdbb - core::ops::function::FnOnce::call_once::he27718dfdd183f43
[INFO] [stdout]                                at /rustc/6067b36314ab5eb2eb47cecc464545ba58e1ad24/library/core/src/ops/function.rs:250:5
[INFO] [stdout]   49:     0x61b2e304fdbb - test::__rust_begin_short_backtrace::h4e84902998457a5d
[INFO] [stdout]                                at /rustc/6067b36314ab5eb2eb47cecc464545ba58e1ad24/library/test/src/lib.rs:632:18
[INFO] [stdout]   50:     0x61b2e304ecf3 - test::run_test_in_process::{{closure}}::h7176fd18fc1feca0
[INFO] [stdout]                                at /rustc/6067b36314ab5eb2eb47cecc464545ba58e1ad24/library/test/src/lib.rs:655:60
[INFO] [stdout]   51:     0x61b2e304ecf3 - <core::panic::unwind_safe::AssertUnwindSafe<F> as core::ops::function::FnOnce<()>>::call_once::hf79cff2a624d8cf7
[INFO] [stdout]                                at /rustc/6067b36314ab5eb2eb47cecc464545ba58e1ad24/library/core/src/panic/unwind_safe.rs:272:9
[INFO] [stdout]   52:     0x61b2e304ecf3 - std::panicking::try::do_call::h3da0561d9ab99c25
[INFO] [stdout]                                at /rustc/6067b36314ab5eb2eb47cecc464545ba58e1ad24/library/std/src/panicking.rs:587:40
[INFO] [stdout]   53:     0x61b2e304ecf3 - std::panicking::try::h41c9fa508bc61df6
[INFO] [stdout]                                at /rustc/6067b36314ab5eb2eb47cecc464545ba58e1ad24/library/std/src/panicking.rs:550:19
[INFO] [stdout]   54:     0x61b2e304ecf3 - std::panic::catch_unwind::h6b3ff07bb5afad93
[INFO] [stdout]                                at /rustc/6067b36314ab5eb2eb47cecc464545ba58e1ad24/library/std/src/panic.rs:358:14
[INFO] [stdout]   55:     0x61b2e304ecf3 - test::run_test_in_process::hc7253dd11b39b9f4
[INFO] [stdout]                                at /rustc/6067b36314ab5eb2eb47cecc464545ba58e1ad24/library/test/src/lib.rs:655:27
[INFO] [stdout]   56:     0x61b2e304ecf3 - test::run_test::{{closure}}::hfb2007f8649c30bb
[INFO] [stdout]                                at /rustc/6067b36314ab5eb2eb47cecc464545ba58e1ad24/library/test/src/lib.rs:576:43
[INFO] [stdout]   57:     0x61b2e3011dd5 - test::run_test::{{closure}}::h56a17aa7a282a9f4
[INFO] [stdout]                                at /rustc/6067b36314ab5eb2eb47cecc464545ba58e1ad24/library/test/src/lib.rs:606:41
[INFO] [stdout]   58:     0x61b2e3011dd5 - std::sys::backtrace::__rust_begin_short_backtrace::hd2d2d2fb8e8c6aac
[INFO] [stdout]                                at /rustc/6067b36314ab5eb2eb47cecc464545ba58e1ad24/library/std/src/sys/backtrace.rs:152:18
[INFO] [stdout]   59:     0x61b2e30156ba - std::thread::Builder::spawn_unchecked_::{{closure}}::{{closure}}::h4faa3f9db6133423
[INFO] [stdout]                                at /rustc/6067b36314ab5eb2eb47cecc464545ba58e1ad24/library/std/src/thread/mod.rs:559:17
[INFO] [stdout]   60:     0x61b2e30156ba - <core::panic::unwind_safe::AssertUnwindSafe<F> as core::ops::function::FnOnce<()>>::call_once::hf2e855a36a4ea846
[INFO] [stdout]                                at /rustc/6067b36314ab5eb2eb47cecc464545ba58e1ad24/library/core/src/panic/unwind_safe.rs:272:9
[INFO] [stdout]   61:     0x61b2e30156ba - std::panicking::try::do_call::h2f73af3616c35465
[INFO] [stdout]                                at /rustc/6067b36314ab5eb2eb47cecc464545ba58e1ad24/library/std/src/panicking.rs:587:40
[INFO] [stdout]   62:     0x61b2e30156ba - std::panicking::try::hd1660ce9efadef5a
[INFO] [stdout]                                at /rustc/6067b36314ab5eb2eb47cecc464545ba58e1ad24/library/std/src/panicking.rs:550:19
[INFO] [stdout]   63:     0x61b2e30156ba - std::panic::catch_unwind::h5ee8d7823b8ca744
[INFO] [stdout]                                at /rustc/6067b36314ab5eb2eb47cecc464545ba58e1ad24/library/std/src/panic.rs:358:14
[INFO] [stdout]   64:     0x61b2e30156ba - std::thread::Builder::spawn_unchecked_::{{closure}}::h53c3a1894dce8407
[INFO] [stdout]                                at /rustc/6067b36314ab5eb2eb47cecc464545ba58e1ad24/library/std/src/thread/mod.rs:557:30
[INFO] [stdout]   65:     0x61b2e30156ba - core::ops::function::FnOnce::call_once{{vtable.shim}}::h048ce291ad4f62bf
[INFO] [stdout]                                at /rustc/6067b36314ab5eb2eb47cecc464545ba58e1ad24/library/core/src/ops/function.rs:250:5
[INFO] [stdout]   66:     0x61b2e35e4fcb - <alloc::boxed::Box<F,A> as core::ops::function::FnOnce<Args>>::call_once::ha52bedf99a3b4981
[INFO] [stdout]                                at /rustc/6067b36314ab5eb2eb47cecc464545ba58e1ad24/library/alloc/src/boxed.rs:2013:9
[INFO] [stdout]   67:     0x61b2e35e4fcb - <alloc::boxed::Box<F,A> as core::ops::function::FnOnce<Args>>::call_once::h567748934d80ccf8
[INFO] [stdout]                                at /rustc/6067b36314ab5eb2eb47cecc464545ba58e1ad24/library/alloc/src/boxed.rs:2013:9
[INFO] [stdout]   68:     0x61b2e35e4fcb - std::sys::pal::unix::thread::Thread::new::thread_start::h2d970728ae887adc
[INFO] [stdout]                                at /rustc/6067b36314ab5eb2eb47cecc464545ba58e1ad24/library/std/src/sys/pal/unix/thread.rs:106:17
[INFO] [stdout]   69:     0x7dd24d122ac3 - <unknown>
[INFO] [stdout]   70:     0x7dd24d1b3a04 - clone
[INFO] [stdout]   71:                0x0 - <unknown>
[INFO] [stdout] 
[INFO] [stdout] 
[INFO] [stdout] failures:
[INFO] [stdout]     mqtt::test::client_poll_until_message_is_sent_qos_atleastonce
[INFO] [stdout]     mqtt::test::client_poll_until_message_is_sent_qos_exactlyonce
[INFO] [stdout] 
[INFO] [stdout] test result: FAILED. 16 passed; 2 failed; 0 ignored; 0 measured; 0 filtered out; finished in 0.10s
[INFO] [stdout] 
[INFO] [stderr] error: test failed, to rerun pass `-p satori-common --lib`
[INFO] running `Command { std: "docker" "inspect" "b640efd6e156a82936a80b46e81843da642f94eabab7e731f7237dad403716db", kill_on_drop: false }`
[INFO] running `Command { std: "docker" "rm" "-f" "b640efd6e156a82936a80b46e81843da642f94eabab7e731f7237dad403716db", kill_on_drop: false }`
[INFO] [stdout] b640efd6e156a82936a80b46e81843da642f94eabab7e731f7237dad403716db
