[INFO] cloning repository https://github.com/DaioEnma/enma.rs
[INFO] running `Command { std: "git" "-c" "credential.helper=" "-c" "credential.helper=/workspace/cargo-home/bin/git-credential-null" "clone" "--bare" "https://github.com/DaioEnma/enma.rs" "/workspace/cache/git-repos/https%3A%2F%2Fgithub.com%2FDaioEnma%2Fenma.rs", kill_on_drop: false }`
[INFO] [stderr] Cloning into bare repository '/workspace/cache/git-repos/https%3A%2F%2Fgithub.com%2FDaioEnma%2Fenma.rs'...
[INFO] running `Command { std: "git" "rev-parse" "HEAD", kill_on_drop: false }`
[INFO] [stdout] 4f8129b0396ab2717453d2a8e93fc51f4b82cce3
[INFO] testing DaioEnma/enma.rs against nightly-2025-01-18 for randomize-layout-2
[INFO] running `Command { std: "git" "clone" "/workspace/cache/git-repos/https%3A%2F%2Fgithub.com%2FDaioEnma%2Fenma.rs" "/workspace/builds/worker-0-tc1/source", kill_on_drop: false }`
[INFO] [stderr] Cloning into '/workspace/builds/worker-0-tc1/source'...
[INFO] [stderr] done.
[INFO] validating manifest of git repo https://github.com/DaioEnma/enma.rs on toolchain nightly-2025-01-18
[INFO] running `Command { std: CARGO_HOME="/workspace/cargo-home" RUSTUP_HOME="/workspace/rustup-home" "/workspace/cargo-home/bin/cargo" "+nightly-2025-01-18" "metadata" "--manifest-path" "Cargo.toml" "--no-deps", kill_on_drop: false }`
[INFO] started tweaking git repo https://github.com/DaioEnma/enma.rs
[INFO] finished tweaking git repo https://github.com/DaioEnma/enma.rs
[INFO] tweaked toml for git repo https://github.com/DaioEnma/enma.rs written to /workspace/builds/worker-0-tc1/source/Cargo.toml
[INFO] crate git repo https://github.com/DaioEnma/enma.rs already has a lockfile, it will not be regenerated
[INFO] running `Command { std: CARGO_HOME="/workspace/cargo-home" RUSTUP_HOME="/workspace/rustup-home" "/workspace/cargo-home/bin/cargo" "+nightly-2025-01-18" "fetch" "--manifest-path" "Cargo.toml", kill_on_drop: false }`
[INFO] [stderr]  Downloading crates ...
[INFO] [stderr]   Downloaded thiserror-impl v2.0.11
[INFO] [stderr]   Downloaded thiserror v2.0.11
[INFO] [stderr]   Downloaded syn v2.0.94
[INFO] [stderr]   Downloaded async-compression v0.4.18
[INFO] [stderr]   Downloaded serde_json v1.0.135
[INFO] [stderr]   Downloaded cc v1.2.7
[INFO] [stderr]   Downloaded brotli v7.0.0
[INFO] running `Command { std: "docker" "create" "-v" "/var/lib/crater-agent-workspace/builds/worker-0-tc1/target:/opt/rustwide/target:rw,Z" "-v" "/var/lib/crater-agent-workspace/builds/worker-0-tc1/source:/opt/rustwide/workdir:ro,Z" "-v" "/var/lib/crater-agent-workspace/cargo-home:/opt/rustwide/cargo-home:ro,Z" "-v" "/var/lib/crater-agent-workspace/rustup-home:/opt/rustwide/rustup-home:ro,Z" "-e" "SOURCE_DIR=/opt/rustwide/workdir" "-e" "CARGO_TARGET_DIR=/opt/rustwide/target" "-e" "CARGO_HOME=/opt/rustwide/cargo-home" "-e" "RUSTUP_HOME=/opt/rustwide/rustup-home" "-w" "/opt/rustwide/workdir" "-m" "1610612736" "--user" "0:0" "--network" "none" "ghcr.io/rust-lang/crates-build-env/linux@sha256:819108c5571ea2e421544af4d832f968d213c87fbe3707a016657f43d2f853bc" "/opt/rustwide/cargo-home/bin/cargo" "+nightly-2025-01-18" "metadata" "--no-deps" "--format-version=1", kill_on_drop: false }`
[INFO] [stdout] d7d4ac68cc21625a8c677a427d93d1fabcfaa58fbd32131c363357e0c6fa4ebd
[INFO] running `Command { std: "docker" "start" "-a" "d7d4ac68cc21625a8c677a427d93d1fabcfaa58fbd32131c363357e0c6fa4ebd", kill_on_drop: false }`
[INFO] running `Command { std: "docker" "inspect" "d7d4ac68cc21625a8c677a427d93d1fabcfaa58fbd32131c363357e0c6fa4ebd", kill_on_drop: false }`
[INFO] running `Command { std: "docker" "rm" "-f" "d7d4ac68cc21625a8c677a427d93d1fabcfaa58fbd32131c363357e0c6fa4ebd", kill_on_drop: false }`
[INFO] [stdout] d7d4ac68cc21625a8c677a427d93d1fabcfaa58fbd32131c363357e0c6fa4ebd
[INFO] running `Command { std: "docker" "create" "-v" "/var/lib/crater-agent-workspace/builds/worker-0-tc1/target:/opt/rustwide/target:rw,Z" "-v" "/var/lib/crater-agent-workspace/builds/worker-0-tc1/source:/opt/rustwide/workdir:ro,Z" "-v" "/var/lib/crater-agent-workspace/cargo-home:/opt/rustwide/cargo-home:ro,Z" "-v" "/var/lib/crater-agent-workspace/rustup-home:/opt/rustwide/rustup-home:ro,Z" "-e" "SOURCE_DIR=/opt/rustwide/workdir" "-e" "CARGO_TARGET_DIR=/opt/rustwide/target" "-e" "CARGO_INCREMENTAL=0" "-e" "RUST_BACKTRACE=full" "-e" "RUSTFLAGS=--cap-lints=forbid" "-e" "RUSTDOCFLAGS=--cap-lints=forbid" "-e" "CARGO_HOME=/opt/rustwide/cargo-home" "-e" "RUSTUP_HOME=/opt/rustwide/rustup-home" "-w" "/opt/rustwide/workdir" "-m" "1610612736" "--user" "0:0" "--network" "none" "ghcr.io/rust-lang/crates-build-env/linux@sha256:819108c5571ea2e421544af4d832f968d213c87fbe3707a016657f43d2f853bc" "/opt/rustwide/cargo-home/bin/cargo" "+nightly-2025-01-18" "build" "--frozen" "--message-format=json", kill_on_drop: false }`
[INFO] [stdout] f1307d2d46780e3779bbbc39c457fba6747f8f9f643d5e25cf071ef8c6a066f0
[INFO] running `Command { std: "docker" "start" "-a" "f1307d2d46780e3779bbbc39c457fba6747f8f9f643d5e25cf071ef8c6a066f0", kill_on_drop: false }`
[INFO] [stderr]    Compiling proc-macro2 v1.0.92
[INFO] [stderr]    Compiling unicode-ident v1.0.14
[INFO] [stderr]    Compiling cfg-if v1.0.0
[INFO] [stderr]    Compiling libc v0.2.169
[INFO] [stderr]    Compiling autocfg v1.4.0
[INFO] [stderr]    Compiling byteorder v1.5.0
[INFO] [stderr]    Compiling siphasher v0.3.11
[INFO] [stderr]    Compiling stable_deref_trait v1.2.0
[INFO] [stderr]    Compiling smallvec v1.13.2
[INFO] [stderr]    Compiling once_cell v1.20.2
[INFO] [stderr]    Compiling phf_shared v0.11.2
[INFO] [stderr]    Compiling itoa v1.0.14
[INFO] [stderr]    Compiling pin-project-lite v0.2.15
[INFO] [stderr]    Compiling bytes v1.9.0
[INFO] [stderr]    Compiling futures-core v0.3.31
[INFO] [stderr]    Compiling shlex v1.3.0
[INFO] [stderr]    Compiling pkg-config v0.3.31
[INFO] [stderr]    Compiling vcpkg v0.2.15
[INFO] [stderr]    Compiling serde v1.0.217
[INFO] [stderr]    Compiling cc v1.2.7
[INFO] [stderr]    Compiling litemap v0.7.4
[INFO] [stderr]    Compiling writeable v0.5.5
[INFO] [stderr]    Compiling quote v1.0.38
[INFO] [stderr]    Compiling phf_shared v0.10.0
[INFO] [stderr]    Compiling socket2 v0.5.8
[INFO] [stderr]    Compiling mio v1.0.3
[INFO] [stderr]    Compiling log v0.4.22
[INFO] [stderr]    Compiling getrandom v0.2.15
[INFO] [stderr]    Compiling fnv v1.0.7
[INFO] [stderr]    Compiling lock_api v0.4.12
[INFO] [stderr]    Compiling syn v2.0.94
[INFO] [stderr]    Compiling http v1.2.0
[INFO] [stderr]    Compiling slab v0.4.9
[INFO] [stderr]    Compiling rand_core v0.6.4
[INFO] [stderr]    Compiling icu_locid_transform_data v1.5.0
[INFO] [stderr]    Compiling bitflags v2.6.0
[INFO] [stderr]    Compiling pin-utils v0.1.0
[INFO] [stderr]    Compiling futures-task v0.3.31
[INFO] [stderr]    Compiling tokio v1.43.0
[INFO] [stderr]    Compiling parking_lot_core v0.9.10
[INFO] [stderr]    Compiling new_debug_unreachable v1.0.6
[INFO] [stderr]    Compiling futures-util v0.3.31
[INFO] [stderr]    Compiling tracing-core v0.1.33
[INFO] [stderr]    Compiling scopeguard v1.2.0
[INFO] [stderr]    Compiling icu_properties_data v1.5.0
[INFO] [stderr]    Compiling memchr v2.7.4
[INFO] [stderr]    Compiling httparse v1.9.5
[INFO] [stderr]    Compiling openssl-sys v0.9.104
[INFO] [stderr]    Compiling foreign-types-shared v0.1.1
[INFO] [stderr]    Compiling equivalent v1.0.1
[INFO] [stderr]    Compiling hashbrown v0.15.2
[INFO] [stderr]    Compiling futures-sink v0.3.31
[INFO] [stderr]    Compiling openssl v0.10.68
[INFO] [stderr]    Compiling http-body v1.0.1
[INFO] [stderr]    Compiling foreign-types v0.3.2
[INFO] [stderr]    Compiling tracing v0.1.41
[INFO] [stderr]    Compiling native-tls v0.2.12
[INFO] [stderr]    Compiling mac v0.1.1
[INFO] [stderr]    Compiling alloc-no-stdlib v2.0.4
[INFO] [stderr]    Compiling indexmap v2.7.0
[INFO] [stderr]    Compiling precomputed-hash v0.1.1
[INFO] [stderr]    Compiling try-lock v0.2.5
[INFO] [stderr]    Compiling icu_normalizer_data v1.5.0
[INFO] [stderr]    Compiling utf16_iter v1.0.5
[INFO] [stderr]    Compiling atomic-waker v1.1.2
[INFO] [stderr]    Compiling write16 v1.0.0
[INFO] [stderr]    Compiling utf8_iter v1.0.4
[INFO] [stderr]    Compiling want v0.3.1
[INFO] [stderr]    Compiling alloc-stdlib v0.2.2
[INFO] [stderr]    Compiling parking_lot v0.12.3
[INFO] [stderr]    Compiling futf v0.1.5
[INFO] [stderr]    Compiling futures-channel v0.3.31
[INFO] [stderr]    Compiling tower-service v0.3.3
[INFO] [stderr]    Compiling openssl-probe v0.1.5
[INFO] [stderr]    Compiling utf-8 v0.7.6
[INFO] [stderr]    Compiling percent-encoding v2.3.1
[INFO] [stderr]    Compiling adler2 v2.0.0
[INFO] [stderr]    Compiling dtoa v1.0.9
[INFO] [stderr]    Compiling miniz_oxide v0.8.2
[INFO] [stderr]    Compiling form_urlencoded v1.2.1
[INFO] [stderr]    Compiling tendril v0.4.3
[INFO] [stderr]    Compiling brotli-decompressor v4.0.1
[INFO] [stderr]    Compiling dtoa-short v0.3.5
[INFO] [stderr]    Compiling num-traits v0.2.19
[INFO] [stderr]    Compiling crc32fast v1.4.2
[INFO] [stderr]    Compiling ryu v1.0.18
[INFO] [stderr]    Compiling serde_json v1.0.135
[INFO] [stderr]    Compiling aho-corasick v1.1.3
[INFO] [stderr]    Compiling fxhash v0.2.1
[INFO] [stderr]    Compiling flate2 v1.0.35
[INFO] [stderr]    Compiling http-body-util v0.1.2
[INFO] [stderr]    Compiling sync_wrapper v1.0.2
[INFO] [stderr]    Compiling servo_arc v0.4.0
[INFO] [stderr]    Compiling thiserror v2.0.11
[INFO] [stderr]    Compiling regex-syntax v0.8.5
[INFO] [stderr]    Compiling rustls-pki-types v1.10.1
[INFO] [stderr]    Compiling tower-layer v0.3.3
[INFO] [stderr]    Compiling unicode-width v0.1.14
[INFO] [stderr]    Compiling brotli v7.0.0
[INFO] [stderr]    Compiling synstructure v0.13.1
[INFO] [stderr]    Compiling rustls-pemfile v2.2.0
[INFO] [stderr]    Compiling getopts v0.2.21
[INFO] [stderr]    Compiling encoding_rs v0.8.35
[INFO] [stderr]    Compiling iana-time-zone v0.1.61
[INFO] [stderr]    Compiling tokio-util v0.7.13
[INFO] [stderr]    Compiling tower v0.5.2
[INFO] [stderr]    Compiling h2 v0.4.7
[INFO] [stderr]    Compiling regex-automata v0.4.9
[INFO] [stderr]    Compiling zerocopy-derive v0.7.35
[INFO] [stderr]    Compiling zerofrom-derive v0.1.5
[INFO] [stderr]    Compiling yoke-derive v0.7.5
[INFO] [stderr]    Compiling zerocopy v0.7.35
[INFO] [stderr]    Compiling zerovec-derive v0.10.3
[INFO] [stderr]    Compiling displaydoc v0.2.5
[INFO] [stderr]    Compiling ppv-lite86 v0.2.20
[INFO] [stderr]    Compiling serde_derive v1.0.217
[INFO] [stderr]    Compiling zerofrom v0.1.5
[INFO] [stderr]    Compiling icu_provider_macros v1.5.0
[INFO] [stderr]    Compiling rand_chacha v0.3.1
[INFO] [stderr]    Compiling yoke v0.7.5
[INFO] [stderr]    Compiling rand v0.8.5
[INFO] [stderr]    Compiling openssl-macros v0.1.1
[INFO] [stderr]    Compiling zerovec v0.10.4
[INFO] [stderr]    Compiling hyper v1.5.2
[INFO] [stderr]    Compiling cssparser-macros v0.6.1
[INFO] [stderr]    Compiling html5ever v0.29.0
[INFO] [stderr]    Compiling phf_generator v0.11.2
[INFO] [stderr]    Compiling phf_codegen v0.11.2
[INFO] [stderr]    Compiling tinystr v0.7.6
[INFO] [stderr]    Compiling icu_collections v1.5.0
[INFO] [stderr]    Compiling icu_locid v1.5.0
[INFO] [stderr]    Compiling phf_macros v0.11.2
[INFO] [stderr]    Compiling phf_generator v0.10.0
[INFO] [stderr]    Compiling selectors v0.26.0
[INFO] [stderr]    Compiling icu_provider v1.5.0
[INFO] [stderr]    Compiling string_cache_codegen v0.5.2
[INFO] [stderr]    Compiling hyper-util v0.1.10
[INFO] [stderr]    Compiling phf v0.11.2
[INFO] [stderr]    Compiling derive_more v0.99.18
[INFO] [stderr]    Compiling icu_locid_transform v1.5.0
[INFO] [stderr]    Compiling markup5ever v0.14.0
[INFO] [stderr]    Compiling cssparser v0.34.0
[INFO] [stderr]    Compiling async-compression v0.4.18
[INFO] [stderr]    Compiling thiserror-impl v2.0.11
[INFO] [stderr]    Compiling icu_properties v1.5.1
[INFO] [stderr]    Compiling mime v0.3.17
[INFO] [stderr]    Compiling ego-tree v0.10.0
[INFO] [stderr]    Compiling ipnet v2.10.1
[INFO] [stderr]    Compiling tokio-native-tls v0.3.1
[INFO] [stderr]    Compiling hyper-tls v0.6.0
[INFO] [stderr]    Compiling base64 v0.22.1
[INFO] [stderr]    Compiling regex v1.11.1
[INFO] [stderr]    Compiling chrono v0.4.39
[INFO] [stderr]    Compiling urlencoding v2.1.3
[INFO] [stderr]    Compiling icu_normalizer v1.5.0
[INFO] [stderr]    Compiling idna_adapter v1.2.0
[INFO] [stderr]    Compiling idna v1.0.3
[INFO] [stderr]    Compiling url v2.5.4
[INFO] [stderr]    Compiling string_cache v0.8.7
[INFO] [stderr]    Compiling serde_urlencoded v0.7.1
[INFO] [stderr]    Compiling reqwest v0.12.12
[INFO] [stderr]    Compiling scraper v0.22.0
[INFO] [stderr]    Compiling enma v0.9.2 (/opt/rustwide/workdir)
[INFO] [stderr]     Finished `dev` profile [unoptimized + debuginfo] target(s) in 1m 48s
[INFO] running `Command { std: "docker" "inspect" "f1307d2d46780e3779bbbc39c457fba6747f8f9f643d5e25cf071ef8c6a066f0", kill_on_drop: false }`
[INFO] running `Command { std: "docker" "rm" "-f" "f1307d2d46780e3779bbbc39c457fba6747f8f9f643d5e25cf071ef8c6a066f0", kill_on_drop: false }`
[INFO] [stdout] f1307d2d46780e3779bbbc39c457fba6747f8f9f643d5e25cf071ef8c6a066f0
[INFO] running `Command { std: "docker" "create" "-v" "/var/lib/crater-agent-workspace/builds/worker-0-tc1/target:/opt/rustwide/target:rw,Z" "-v" "/var/lib/crater-agent-workspace/builds/worker-0-tc1/source:/opt/rustwide/workdir:ro,Z" "-v" "/var/lib/crater-agent-workspace/cargo-home:/opt/rustwide/cargo-home:ro,Z" "-v" "/var/lib/crater-agent-workspace/rustup-home:/opt/rustwide/rustup-home:ro,Z" "-e" "SOURCE_DIR=/opt/rustwide/workdir" "-e" "CARGO_TARGET_DIR=/opt/rustwide/target" "-e" "CARGO_INCREMENTAL=0" "-e" "RUST_BACKTRACE=full" "-e" "RUSTFLAGS=--cap-lints=forbid" "-e" "RUSTDOCFLAGS=--cap-lints=forbid" "-e" "CARGO_HOME=/opt/rustwide/cargo-home" "-e" "RUSTUP_HOME=/opt/rustwide/rustup-home" "-w" "/opt/rustwide/workdir" "-m" "1610612736" "--user" "0:0" "--network" "none" "ghcr.io/rust-lang/crates-build-env/linux@sha256:819108c5571ea2e421544af4d832f968d213c87fbe3707a016657f43d2f853bc" "/opt/rustwide/cargo-home/bin/cargo" "+nightly-2025-01-18" "test" "--frozen" "--no-run" "--message-format=json", kill_on_drop: false }`
[INFO] [stdout] 805d676274fbdfc2e79ee195d9e958c3f92a3ca88f9417c0515941919dd361e5
[INFO] running `Command { std: "docker" "start" "-a" "805d676274fbdfc2e79ee195d9e958c3f92a3ca88f9417c0515941919dd361e5", kill_on_drop: false }`
[INFO] [stderr]    Compiling tokio-macros v2.5.0
[INFO] [stderr]    Compiling signal-hook-registry v1.4.2
[INFO] [stderr]    Compiling tokio v1.43.0
[INFO] [stderr]    Compiling tokio-util v0.7.13
[INFO] [stderr]    Compiling tokio-native-tls v0.3.1
[INFO] [stderr]    Compiling tower v0.5.2
[INFO] [stderr]    Compiling async-compression v0.4.18
[INFO] [stderr]    Compiling h2 v0.4.7
[INFO] [stderr]    Compiling hyper v1.5.2
[INFO] [stderr]    Compiling hyper-util v0.1.10
[INFO] [stderr]    Compiling hyper-tls v0.6.0
[INFO] [stderr]    Compiling reqwest v0.12.12
[INFO] [stderr]    Compiling enma v0.9.2 (/opt/rustwide/workdir)
[INFO] [stderr]     Finished `test` profile [unoptimized + debuginfo] target(s) in 31.42s
[INFO] running `Command { std: "docker" "inspect" "805d676274fbdfc2e79ee195d9e958c3f92a3ca88f9417c0515941919dd361e5", kill_on_drop: false }`
[INFO] running `Command { std: "docker" "rm" "-f" "805d676274fbdfc2e79ee195d9e958c3f92a3ca88f9417c0515941919dd361e5", kill_on_drop: false }`
[INFO] [stdout] 805d676274fbdfc2e79ee195d9e958c3f92a3ca88f9417c0515941919dd361e5
[INFO] running `Command { std: "docker" "create" "-v" "/var/lib/crater-agent-workspace/builds/worker-0-tc1/target:/opt/rustwide/target:rw,Z" "-v" "/var/lib/crater-agent-workspace/builds/worker-0-tc1/source:/opt/rustwide/workdir:ro,Z" "-v" "/var/lib/crater-agent-workspace/cargo-home:/opt/rustwide/cargo-home:ro,Z" "-v" "/var/lib/crater-agent-workspace/rustup-home:/opt/rustwide/rustup-home:ro,Z" "-e" "SOURCE_DIR=/opt/rustwide/workdir" "-e" "CARGO_TARGET_DIR=/opt/rustwide/target" "-e" "CARGO_INCREMENTAL=0" "-e" "RUST_BACKTRACE=full" "-e" "RUSTFLAGS=--cap-lints=forbid" "-e" "RUSTDOCFLAGS=--cap-lints=forbid" "-e" "CARGO_HOME=/opt/rustwide/cargo-home" "-e" "RUSTUP_HOME=/opt/rustwide/rustup-home" "-w" "/opt/rustwide/workdir" "-m" "1610612736" "--user" "0:0" "--network" "none" "ghcr.io/rust-lang/crates-build-env/linux@sha256:819108c5571ea2e421544af4d832f968d213c87fbe3707a016657f43d2f853bc" "/opt/rustwide/cargo-home/bin/cargo" "+nightly-2025-01-18" "test" "--frozen", kill_on_drop: false }`
[INFO] [stdout] 25e721b2a504294aee769f6f888ad8d6796160058bb6087de2255ec7723f1b51
[INFO] running `Command { std: "docker" "start" "-a" "25e721b2a504294aee769f6f888ad8d6796160058bb6087de2255ec7723f1b51", kill_on_drop: false }`
[INFO] [stderr]     Finished `test` profile [unoptimized + debuginfo] target(s) in 0.31s
[INFO] [stderr]      Running unittests src/lib.rs (/opt/rustwide/target/debug/deps/enma-02762a754a70c555)
[INFO] [stdout] 
[INFO] [stdout] running 12 tests
[INFO] [stdout] test anime::hianime::parsers::az_list::test::test_get_az_list ... ok
[INFO] [stdout] test anime::hianime::parsers::home_page::test::test_get_home_page ... ok
[INFO] [stdout] test anime::hianime::parsers::episodes::test::test_get_anime_episodes ... ok
[INFO] [stdout] test anime::hianime::parsers::qtip::test::test_get_qtip_info ... ok
[INFO] [stdout] test anime::hianime::parsers::genre::test::test_get_genre_anime ... ok
[INFO] [stdout] test anime::hianime::parsers::producer::test::test_get_producer_animee ... ok
[INFO] [stdout] test anime::hianime::parsers::info::test::test_get_info ... ok
[INFO] [stdout] test anime::hianime::parsers::category::test::test_get_category_anime ... ok
[INFO] [stdout] test anime::hianime::parsers::episode_servers::test::test_get_episode_servers ... ok
[INFO] [stdout] test anime::hianime::parsers::schedule::test::test_get_schedule ... ok
[INFO] [stdout] test anime::hianime::parsers::search::test::test_get_search_results ... ok
[INFO] [stderr]    Doc-tests enma
[INFO] [stdout] test anime::hianime::parsers::search_suggestions::test::test_get_search_suggestions ... ok
[INFO] [stdout] 
[INFO] [stdout] test result: ok. 12 passed; 0 failed; 0 ignored; 0 measured; 0 filtered out; finished in 0.71s
[INFO] [stdout] 
[INFO] [stdout] 
[INFO] [stdout] running 13 tests
[INFO] [stdout] test src/anime/hianime/parsers/az_list.rs - anime::hianime::parsers::az_list::Scraper::get_az_list (line 11) ... ok
[INFO] [stdout] test src/anime/hianime/parsers/episode_servers.rs - anime::hianime::parsers::episode_servers::Scraper::get_episode_servers (line 23) ... ok
[INFO] [stdout] test src/anime/hianime/parsers/category.rs - anime::hianime::parsers::category::Scraper::get_category_anime (line 14) ... ok
[INFO] [stdout] test src/anime/hianime/parsers/info.rs - anime::hianime::parsers::info::Scraper::get_info (line 20) ... ok
[INFO] [stdout] test src/anime/hianime/parsers/home_page.rs - anime::hianime::parsers::home_page::Scraper::get_home_page (line 10) ... ok
[INFO] [stdout] test src/anime/hianime/parsers/episodes.rs - anime::hianime::parsers::episodes::Scraper::get_anime_episodes (line 21) ... ok
[INFO] [stdout] test src/anime/hianime/parsers/producer.rs - anime::hianime::parsers::producer::Scraper::get_producer_anime (line 12) ... ok
[INFO] [stdout] test src/anime/hianime/parsers/genre.rs - anime::hianime::parsers::genre::Scraper::get_genre_anime (line 12) ... ok
[INFO] [stdout] test src/anime/hianime/parsers/search.rs - anime::hianime::parsers::search::Scraper::get_search_results (line 17) ... FAILED
[INFO] [stdout] test src/anime/hianime/parsers/qtip.rs - anime::hianime::parsers::qtip::Scraper::get_qtip_info (line 14) ... ok
[INFO] [stdout] test src/anime/hianime/parsers/schedule.rs - anime::hianime::parsers::schedule::Scraper::get_schedule (line 21) ... ok
[INFO] [stdout] test src/anime/hianime/parsers/search_suggestions.rs - anime::hianime::parsers::search_suggestions::Scraper::get_search_suggestions (line 21) ... ok
[INFO] [stdout] test src/lib.rs - (line 47) ... ok
[INFO] [stdout] 
[INFO] [stdout] failures:
[INFO] [stdout] 
[INFO] [stdout] ---- src/anime/hianime/parsers/search.rs - anime::hianime::parsers::search::Scraper::get_search_results (line 17) stdout ----
[INFO] [stdout] error[E0433]: failed to resolve: use of undeclared crate or module `hianime`
[INFO] [stdout]  --> src/anime/hianime/parsers/search.rs:19:19
[INFO] [stdout]   |
[INFO] [stdout] 4 |     let hianime = hianime::Scraper::new();
[INFO] [stdout]   |                   ^^^^^^^ use of undeclared crate or module `hianime`
[INFO] [stdout]   |
[INFO] [stdout] help: consider importing one of these structs
[INFO] [stdout]   |
[INFO] [stdout] 2 + use enma::anime::hianime::Scraper;
[INFO] [stdout]   |
[INFO] [stdout] 2 + use enma::manga::mangareader::Scraper;
[INFO] [stdout]   |
[INFO] [stdout] help: if you import `Scraper`, refer to it directly
[INFO] [stdout]   |
[INFO] [stdout] 4 -     let hianime = hianime::Scraper::new();
[INFO] [stdout] 4 +     let hianime = Scraper::new();
[INFO] [stdout]   |
[INFO] [stdout] 
[INFO] [stdout] error[E0433]: failed to resolve: use of undeclared type `SearchFilters`
[INFO] [stdout]  --> src/anime/hianime/parsers/search.rs:21:19
[INFO] [stdout]   |
[INFO] [stdout] 6 |     let filters = SearchFilters::new(vec![
[INFO] [stdout]   |                   ^^^^^^^^^^^^^ use of undeclared type `SearchFilters`
[INFO] [stdout]   |
[INFO] [stdout] help: consider importing this struct
[INFO] [stdout]   |
[INFO] [stdout] 2 + use enma::anime::hianime::SearchFilters;
[INFO] [stdout]   |
[INFO] [stdout] 
[INFO] [stdout] error[E0433]: failed to resolve: use of undeclared type `SearchFilter`
[INFO] [stdout]  --> src/anime/hianime/parsers/search.rs:22:9
[INFO] [stdout]   |
[INFO] [stdout] 7 |         SearchFilter::Language(String::from("sub")),
[INFO] [stdout]   |         ^^^^^^^^^^^^ use of undeclared type `SearchFilter`
[INFO] [stdout]   |
[INFO] [stdout] help: consider importing this enum
[INFO] [stdout]   |
[INFO] [stdout] 2 + use enma::anime::hianime::SearchFilter;
[INFO] [stdout]   |
[INFO] [stdout] 
[INFO] [stdout] error[E0433]: failed to resolve: use of undeclared type `SearchFilter`
[INFO] [stdout]  --> src/anime/hianime/parsers/search.rs:23:9
[INFO] [stdout]   |
[INFO] [stdout] 8 |         SearchFilter::Sort(String::from("recently-added")),
[INFO] [stdout]   |         ^^^^^^^^^^^^ use of undeclared type `SearchFilter`
[INFO] [stdout]   |
[INFO] [stdout] help: consider importing this enum
[INFO] [stdout]   |
[INFO] [stdout] 2 + use enma::anime::hianime::SearchFilter;
[INFO] [stdout]   |
[INFO] [stdout] 
[INFO] [stdout] error[E0433]: failed to resolve: use of undeclared type `SearchFilter`
[INFO] [stdout]  --> src/anime/hianime/parsers/search.rs:24:9
[INFO] [stdout]   |
[INFO] [stdout] 9 |         SearchFilter::Genres(String::from("drama,comedy")),
[INFO] [stdout]   |         ^^^^^^^^^^^^ use of undeclared type `SearchFilter`
[INFO] [stdout]   |
[INFO] [stdout] help: consider importing this enum
[INFO] [stdout]   |
[INFO] [stdout] 2 + use enma::anime::hianime::SearchFilter;
[INFO] [stdout]   |
[INFO] [stdout] 
[INFO] [stdout] error: aborting due to 5 previous errors
[INFO] [stdout] 
[INFO] [stdout] For more information about this error, try `rustc --explain E0433`.
[INFO] [stdout] Couldn't compile the test.
[INFO] [stdout] 
[INFO] [stdout] failures:
[INFO] [stdout]     src/anime/hianime/parsers/search.rs - anime::hianime::parsers::search::Scraper::get_search_results (line 17)
[INFO] [stdout] 
[INFO] [stdout] test result: FAILED. 12 passed; 1 failed; 0 ignored; 0 measured; 0 filtered out; finished in 2.56s
[INFO] [stdout] 
[INFO] [stderr] error: doctest failed, to rerun pass `--doc`
[INFO] running `Command { std: "docker" "inspect" "25e721b2a504294aee769f6f888ad8d6796160058bb6087de2255ec7723f1b51", kill_on_drop: false }`
[INFO] running `Command { std: "docker" "rm" "-f" "25e721b2a504294aee769f6f888ad8d6796160058bb6087de2255ec7723f1b51", kill_on_drop: false }`
[INFO] [stdout] 25e721b2a504294aee769f6f888ad8d6796160058bb6087de2255ec7723f1b51
