[INFO] cloning repository https://github.com/Daichi0914/practice_todo
[INFO] running `Command { std: "git" "-c" "credential.helper=" "-c" "credential.helper=/workspace/cargo-home/bin/git-credential-null" "clone" "--bare" "https://github.com/Daichi0914/practice_todo" "/workspace/cache/git-repos/https%3A%2F%2Fgithub.com%2FDaichi0914%2Fpractice_todo", kill_on_drop: false }`
[INFO] [stderr] Cloning into bare repository '/workspace/cache/git-repos/https%3A%2F%2Fgithub.com%2FDaichi0914%2Fpractice_todo'...
[INFO] running `Command { std: "git" "rev-parse" "HEAD", kill_on_drop: false }`
[INFO] [stdout] 66ca72098a4571aa9554e82a85601fb3c819c8a3
[INFO] testing Daichi0914/practice_todo against nightly-2025-01-18 for randomize-layout-2
[INFO] running `Command { std: "git" "clone" "/workspace/cache/git-repos/https%3A%2F%2Fgithub.com%2FDaichi0914%2Fpractice_todo" "/workspace/builds/worker-7-tc1/source", kill_on_drop: false }`
[INFO] [stderr] Cloning into '/workspace/builds/worker-7-tc1/source'...
[INFO] [stderr] done.
[INFO] validating manifest of git repo https://github.com/Daichi0914/practice_todo on toolchain nightly-2025-01-18
[INFO] running `Command { std: CARGO_HOME="/workspace/cargo-home" RUSTUP_HOME="/workspace/rustup-home" "/workspace/cargo-home/bin/cargo" "+nightly-2025-01-18" "metadata" "--manifest-path" "Cargo.toml" "--no-deps", kill_on_drop: false }`
[INFO] started tweaking git repo https://github.com/Daichi0914/practice_todo
[INFO] finished tweaking git repo https://github.com/Daichi0914/practice_todo
[INFO] tweaked toml for git repo https://github.com/Daichi0914/practice_todo written to /workspace/builds/worker-7-tc1/source/Cargo.toml
[INFO] crate git repo https://github.com/Daichi0914/practice_todo already has a lockfile, it will not be regenerated
[INFO] running `Command { std: CARGO_HOME="/workspace/cargo-home" RUSTUP_HOME="/workspace/rustup-home" "/workspace/cargo-home/bin/cargo" "+nightly-2025-01-18" "fetch" "--manifest-path" "Cargo.toml", kill_on_drop: false }`
[INFO] [stderr]  Downloading crates ...
[INFO] [stderr]   Downloaded windows-targets v0.48.2
[INFO] [stderr]   Downloaded thiserror-impl v1.0.45
[INFO] [stderr]   Downloaded thiserror v1.0.45
[INFO] [stderr]   Downloaded anyhow v1.0.73
[INFO] [stderr]   Downloaded windows_aarch64_gnullvm v0.48.2
[INFO] [stderr]   Downloaded windows_x86_64_gnullvm v0.48.2
[INFO] [stderr]   Downloaded windows_aarch64_msvc v0.48.2
[INFO] [stderr]   Downloaded tokio v1.31.0
[INFO] [stderr]   Downloaded windows_i686_gnu v0.48.2
[INFO] [stderr]   Downloaded windows_x86_64_gnu v0.48.2
[INFO] [stderr]   Downloaded windows_x86_64_msvc v0.48.2
[INFO] [stderr]   Downloaded windows_i686_msvc v0.48.2
[INFO] running `Command { std: "docker" "create" "-v" "/var/lib/crater-agent-workspace/builds/worker-7-tc1/target:/opt/rustwide/target:rw,Z" "-v" "/var/lib/crater-agent-workspace/builds/worker-7-tc1/source:/opt/rustwide/workdir:ro,Z" "-v" "/var/lib/crater-agent-workspace/cargo-home:/opt/rustwide/cargo-home:ro,Z" "-v" "/var/lib/crater-agent-workspace/rustup-home:/opt/rustwide/rustup-home:ro,Z" "-e" "SOURCE_DIR=/opt/rustwide/workdir" "-e" "CARGO_TARGET_DIR=/opt/rustwide/target" "-e" "CARGO_HOME=/opt/rustwide/cargo-home" "-e" "RUSTUP_HOME=/opt/rustwide/rustup-home" "-w" "/opt/rustwide/workdir" "-m" "1610612736" "--user" "0:0" "--network" "none" "ghcr.io/rust-lang/crates-build-env/linux@sha256:819108c5571ea2e421544af4d832f968d213c87fbe3707a016657f43d2f853bc" "/opt/rustwide/cargo-home/bin/cargo" "+nightly-2025-01-18" "metadata" "--no-deps" "--format-version=1", kill_on_drop: false }`
[INFO] [stdout] 7aa1fa64cc3fa38a259bcc66d30802a1d9104f8a955f4c9279abc1727a08ce10
[INFO] running `Command { std: "docker" "start" "-a" "7aa1fa64cc3fa38a259bcc66d30802a1d9104f8a955f4c9279abc1727a08ce10", kill_on_drop: false }`
[INFO] running `Command { std: "docker" "inspect" "7aa1fa64cc3fa38a259bcc66d30802a1d9104f8a955f4c9279abc1727a08ce10", kill_on_drop: false }`
[INFO] running `Command { std: "docker" "rm" "-f" "7aa1fa64cc3fa38a259bcc66d30802a1d9104f8a955f4c9279abc1727a08ce10", kill_on_drop: false }`
[INFO] [stdout] 7aa1fa64cc3fa38a259bcc66d30802a1d9104f8a955f4c9279abc1727a08ce10
[INFO] running `Command { std: "docker" "create" "-v" "/var/lib/crater-agent-workspace/builds/worker-7-tc1/target:/opt/rustwide/target:rw,Z" "-v" "/var/lib/crater-agent-workspace/builds/worker-7-tc1/source:/opt/rustwide/workdir:ro,Z" "-v" "/var/lib/crater-agent-workspace/cargo-home:/opt/rustwide/cargo-home:ro,Z" "-v" "/var/lib/crater-agent-workspace/rustup-home:/opt/rustwide/rustup-home:ro,Z" "-e" "SOURCE_DIR=/opt/rustwide/workdir" "-e" "CARGO_TARGET_DIR=/opt/rustwide/target" "-e" "CARGO_INCREMENTAL=0" "-e" "RUST_BACKTRACE=full" "-e" "RUSTFLAGS=--cap-lints=forbid" "-e" "RUSTDOCFLAGS=--cap-lints=forbid" "-e" "CARGO_HOME=/opt/rustwide/cargo-home" "-e" "RUSTUP_HOME=/opt/rustwide/rustup-home" "-w" "/opt/rustwide/workdir" "-m" "1610612736" "--user" "0:0" "--network" "none" "ghcr.io/rust-lang/crates-build-env/linux@sha256:819108c5571ea2e421544af4d832f968d213c87fbe3707a016657f43d2f853bc" "/opt/rustwide/cargo-home/bin/cargo" "+nightly-2025-01-18" "build" "--frozen" "--message-format=json", kill_on_drop: false }`
[INFO] [stdout] bc4368860432492153e3bd88af8f9f46b6502b8ad9e3d320ebfdba1a8016a83e
[INFO] running `Command { std: "docker" "start" "-a" "bc4368860432492153e3bd88af8f9f46b6502b8ad9e3d320ebfdba1a8016a83e", kill_on_drop: false }`
[INFO] [stderr]    Compiling proc-macro2 v1.0.66
[INFO] [stderr]    Compiling unicode-ident v1.0.11
[INFO] [stderr]    Compiling autocfg v1.1.0
[INFO] [stderr]    Compiling libc v0.2.147
[INFO] [stderr]    Compiling cfg-if v1.0.0
[INFO] [stderr]    Compiling pin-project-lite v0.2.12
[INFO] [stderr]    Compiling once_cell v1.18.0
[INFO] [stderr]    Compiling futures-core v0.3.28
[INFO] [stderr]    Compiling parking_lot_core v0.9.8
[INFO] [stderr]    Compiling smallvec v1.11.0
[INFO] [stderr]    Compiling bytes v1.4.0
[INFO] [stderr]    Compiling itoa v1.0.9
[INFO] [stderr]    Compiling log v0.4.20
[INFO] [stderr]    Compiling rustversion v1.0.14
[INFO] [stderr]    Compiling futures-task v0.3.28
[INFO] [stderr]    Compiling scopeguard v1.2.0
[INFO] [stderr]    Compiling futures-util v0.3.28
[INFO] [stderr]    Compiling pin-utils v0.1.0
[INFO] [stderr]    Compiling serde v1.0.183
[INFO] [stderr]    Compiling fnv v1.0.7
[INFO] [stderr]    Compiling serde_derive v1.0.183
[INFO] [stderr]    Compiling tower-service v0.3.2
[INFO] [stderr]    Compiling futures-channel v0.3.28
[INFO] [stderr]    Compiling httparse v1.8.0
[INFO] [stderr]    Compiling async-trait v0.1.73
[INFO] [stderr]    Compiling tracing-core v0.1.31
[INFO] [stderr]    Compiling hashbrown v0.12.3
[INFO] [stderr]    Compiling http v0.2.9
[INFO] [stderr]    Compiling futures-sink v0.3.28
[INFO] [stderr]    Compiling lock_api v0.4.10
[INFO] [stderr]    Compiling indexmap v1.9.3
[INFO] [stderr]    Compiling slab v0.4.8
[INFO] [stderr]    Compiling tower-layer v0.3.2
[INFO] [stderr]    Compiling memchr v2.5.0
[INFO] [stderr]    Compiling try-lock v0.2.4
[INFO] [stderr]    Compiling lazy_static v1.4.0
[INFO] [stderr]    Compiling percent-encoding v2.3.0
[INFO] [stderr]    Compiling regex-syntax v0.7.4
[INFO] [stderr]    Compiling ryu v1.0.15
[INFO] [stderr]    Compiling serde_json v1.0.104
[INFO] [stderr]    Compiling regex-syntax v0.6.29
[INFO] [stderr]    Compiling form_urlencoded v1.2.0
[INFO] [stderr]    Compiling want v0.3.1
[INFO] [stderr]    Compiling quote v1.0.32
[INFO] [stderr]    Compiling anyhow v1.0.73
[INFO] [stderr]    Compiling mime v0.3.17
[INFO] [stderr]    Compiling syn v2.0.28
[INFO] [stderr]    Compiling mio v0.8.8
[INFO] [stderr]    Compiling num_cpus v1.16.0
[INFO] [stderr]    Compiling signal-hook-registry v1.4.1
[INFO] [stderr]    Compiling socket2 v0.5.3
[INFO] [stderr]    Compiling axum-core v0.3.4
[INFO] [stderr]    Compiling parking_lot v0.12.1
[INFO] [stderr]    Compiling axum v0.6.20
[INFO] [stderr]    Compiling socket2 v0.4.9
[INFO] [stderr]    Compiling httpdate v1.0.3
[INFO] [stderr]    Compiling thiserror v1.0.45
[INFO] [stderr]    Compiling http-body v0.4.5
[INFO] [stderr]    Compiling overload v0.1.1
[INFO] [stderr]    Compiling nu-ansi-term v0.46.0
[INFO] [stderr]    Compiling tracing-log v0.1.3
[INFO] [stderr]    Compiling sharded-slab v0.1.4
[INFO] [stderr]    Compiling thread_local v1.1.7
[INFO] [stderr]    Compiling bitflags v1.3.2
[INFO] [stderr]    Compiling sync_wrapper v0.1.2
[INFO] [stderr]    Compiling matchit v0.7.2
[INFO] [stderr]    Compiling regex-automata v0.3.6
[INFO] [stderr]    Compiling regex-automata v0.1.10
[INFO] [stderr]    Compiling matchers v0.1.0
[INFO] [stderr]    Compiling serde_path_to_error v0.1.14
[INFO] [stderr]    Compiling serde_urlencoded v0.7.1
[INFO] [stderr]    Compiling regex v1.9.3
[INFO] [stderr]    Compiling tracing-attributes v0.1.26
[INFO] [stderr]    Compiling tokio-macros v2.1.0
[INFO] [stderr]    Compiling pin-project-internal v1.1.3
[INFO] [stderr]    Compiling thiserror-impl v1.0.45
[INFO] [stderr]    Compiling tokio v1.31.0
[INFO] [stderr]    Compiling tracing v0.1.37
[INFO] [stderr]    Compiling pin-project v1.1.3
[INFO] [stderr]    Compiling tracing-subscriber v0.3.17
[INFO] [stderr]    Compiling tokio-util v0.7.8
[INFO] [stderr]    Compiling tower v0.4.13
[INFO] [stderr]    Compiling h2 v0.3.20
[INFO] [stderr]    Compiling hyper v0.14.27
[INFO] [stderr]    Compiling todo v0.1.0 (/opt/rustwide/workdir)
[INFO] [stdout] warning: unused import: `axum::routing::post`
[INFO] [stdout]  --> src/routes/todo_routes.rs:2:5
[INFO] [stdout]   |
[INFO] [stdout] 2 | use axum::routing::post;
[INFO] [stdout]   |     ^^^^^^^^^^^^^^^^^^^
[INFO] [stdout]   |
[INFO] [stdout]   = note: `#[warn(unused_imports)]` on by default
[INFO] [stdout] 
[INFO] [stdout] 
[INFO] [stdout] warning: unused import: `crate::handlers::todo_handlers`
[INFO] [stdout]  --> src/routes/todo_routes.rs:3:5
[INFO] [stdout]   |
[INFO] [stdout] 3 | use crate::handlers::todo_handlers;
[INFO] [stdout]   |     ^^^^^^^^^^^^^^^^^^^^^^^^^^^^^^
[INFO] [stdout] 
[INFO] [stdout] 
[INFO] [stdout] warning: function `create_todo` is never used
[INFO] [stdout]  --> src/handlers/todo_handlers.rs:5:15
[INFO] [stdout]   |
[INFO] [stdout] 5 | pub(crate) fn create_todo(payload: CreateTodo, repository: Extension<Arc<TodoRepositoryForMemory>>) -> Todo {
[INFO] [stdout]   |               ^^^^^^^^^^^
[INFO] [stdout]   |
[INFO] [stdout]   = note: `#[warn(dead_code)]` on by default
[INFO] [stdout] 
[INFO] [stdout] 
[INFO] [stdout] warning: variants `InProgress` and `Done` are never constructed
[INFO] [stdout]  --> src/models/todo_models.rs:8:5
[INFO] [stdout]   |
[INFO] [stdout] 6 | enum TodoStatus {
[INFO] [stdout]   |      ---------- variants in this enum
[INFO] [stdout] 7 |     Undone,
[INFO] [stdout] 8 |     InProgress,
[INFO] [stdout]   |     ^^^^^^^^^^
[INFO] [stdout] 9 |     Done
[INFO] [stdout]   |     ^^^^
[INFO] [stdout]   |
[INFO] [stdout]   = note: `TodoStatus` has derived impls for the traits `Clone` and `Debug`, but these are intentionally ignored during dead code analysis
[INFO] [stdout] 
[INFO] [stdout] 
[INFO] [stdout] warning: methods `create` and `read` are never used
[INFO] [stdout]   --> src/models/todo_models.rs:38:8
[INFO] [stdout]    |
[INFO] [stdout] 37 | pub trait TodoRepository {
[INFO] [stdout]    |           -------------- methods in this trait
[INFO] [stdout] 38 |     fn create(&self, payload: CreateTodo) -> Todo;
[INFO] [stdout]    |        ^^^^^^
[INFO] [stdout] 39 |     fn read(&self, id: u32) -> Option<Todo>;
[INFO] [stdout]    |        ^^^^
[INFO] [stdout] 
[INFO] [stdout] 
[INFO] [stdout] warning: associated function `new` is never used
[INFO] [stdout]   --> src/models/todo_models.rs:50:19
[INFO] [stdout]    |
[INFO] [stdout] 49 | impl TodoRepositoryForMemory {
[INFO] [stdout]    | ---------------------------- associated function in this implementation
[INFO] [stdout] 50 |     pub(crate) fn new() -> Self {
[INFO] [stdout]    |                   ^^^
[INFO] [stdout] 
[INFO] [stdout] 
[INFO] [stderr]     Finished `dev` profile [unoptimized + debuginfo] target(s) in 25.30s
[INFO] running `Command { std: "docker" "inspect" "bc4368860432492153e3bd88af8f9f46b6502b8ad9e3d320ebfdba1a8016a83e", kill_on_drop: false }`
[INFO] running `Command { std: "docker" "rm" "-f" "bc4368860432492153e3bd88af8f9f46b6502b8ad9e3d320ebfdba1a8016a83e", kill_on_drop: false }`
[INFO] [stdout] bc4368860432492153e3bd88af8f9f46b6502b8ad9e3d320ebfdba1a8016a83e
[INFO] running `Command { std: "docker" "create" "-v" "/var/lib/crater-agent-workspace/builds/worker-7-tc1/target:/opt/rustwide/target:rw,Z" "-v" "/var/lib/crater-agent-workspace/builds/worker-7-tc1/source:/opt/rustwide/workdir:ro,Z" "-v" "/var/lib/crater-agent-workspace/cargo-home:/opt/rustwide/cargo-home:ro,Z" "-v" "/var/lib/crater-agent-workspace/rustup-home:/opt/rustwide/rustup-home:ro,Z" "-e" "SOURCE_DIR=/opt/rustwide/workdir" "-e" "CARGO_TARGET_DIR=/opt/rustwide/target" "-e" "CARGO_INCREMENTAL=0" "-e" "RUST_BACKTRACE=full" "-e" "RUSTFLAGS=--cap-lints=forbid" "-e" "RUSTDOCFLAGS=--cap-lints=forbid" "-e" "CARGO_HOME=/opt/rustwide/cargo-home" "-e" "RUSTUP_HOME=/opt/rustwide/rustup-home" "-w" "/opt/rustwide/workdir" "-m" "1610612736" "--user" "0:0" "--network" "none" "ghcr.io/rust-lang/crates-build-env/linux@sha256:819108c5571ea2e421544af4d832f968d213c87fbe3707a016657f43d2f853bc" "/opt/rustwide/cargo-home/bin/cargo" "+nightly-2025-01-18" "test" "--frozen" "--no-run" "--message-format=json", kill_on_drop: false }`
[INFO] [stdout] a751b0317c181259867840ff2f303b2a59a938e1842bcd314caf6813b794207c
[INFO] running `Command { std: "docker" "start" "-a" "a751b0317c181259867840ff2f303b2a59a938e1842bcd314caf6813b794207c", kill_on_drop: false }`
[INFO] [stdout] warning: unused import: `axum::routing::post`
[INFO] [stdout]  --> src/routes/todo_routes.rs:2:5
[INFO] [stdout]   |
[INFO] [stdout] 2 | use axum::routing::post;
[INFO] [stdout]   |     ^^^^^^^^^^^^^^^^^^^
[INFO] [stdout]   |
[INFO] [stdout]   = note: `#[warn(unused_imports)]` on by default
[INFO] [stdout] 
[INFO] [stdout] 
[INFO] [stdout] warning: unused import: `crate::handlers::todo_handlers`
[INFO] [stdout]  --> src/routes/todo_routes.rs:3:5
[INFO] [stdout]   |
[INFO] [stdout] 3 | use crate::handlers::todo_handlers;
[INFO] [stdout]   |     ^^^^^^^^^^^^^^^^^^^^^^^^^^^^^^
[INFO] [stdout] 
[INFO] [stdout] 
[INFO] [stdout] warning: function `create_todo` is never used
[INFO] [stdout]  --> src/handlers/todo_handlers.rs:5:15
[INFO] [stdout]   |
[INFO] [stdout] 5 | pub(crate) fn create_todo(payload: CreateTodo, repository: Extension<Arc<TodoRepositoryForMemory>>) -> Todo {
[INFO] [stdout]   |               ^^^^^^^^^^^
[INFO] [stdout]   |
[INFO] [stdout]   = note: `#[warn(dead_code)]` on by default
[INFO] [stdout] 
[INFO] [stdout] 
[INFO] [stdout] warning: variants `InProgress` and `Done` are never constructed
[INFO] [stdout]  --> src/models/todo_models.rs:8:5
[INFO] [stdout]   |
[INFO] [stdout] 6 | enum TodoStatus {
[INFO] [stdout]   |      ---------- variants in this enum
[INFO] [stdout] 7 |     Undone,
[INFO] [stdout] 8 |     InProgress,
[INFO] [stdout]   |     ^^^^^^^^^^
[INFO] [stdout] 9 |     Done
[INFO] [stdout]   |     ^^^^
[INFO] [stdout]   |
[INFO] [stdout]   = note: `TodoStatus` has derived impls for the traits `Clone` and `Debug`, but these are intentionally ignored during dead code analysis
[INFO] [stdout] 
[INFO] [stdout] 
[INFO] [stdout] warning: methods `create` and `read` are never used
[INFO] [stdout]   --> src/models/todo_models.rs:38:8
[INFO] [stdout]    |
[INFO] [stdout] 37 | pub trait TodoRepository {
[INFO] [stdout]    |           -------------- methods in this trait
[INFO] [stdout] 38 |     fn create(&self, payload: CreateTodo) -> Todo;
[INFO] [stdout]    |        ^^^^^^
[INFO] [stdout] 39 |     fn read(&self, id: u32) -> Option<Todo>;
[INFO] [stdout]    |        ^^^^
[INFO] [stdout] 
[INFO] [stdout] 
[INFO] [stderr]    Compiling todo v0.1.0 (/opt/rustwide/workdir)
[INFO] [stdout] warning: associated function `new` is never used
[INFO] [stdout]   --> src/models/todo_models.rs:50:19
[INFO] [stdout]    |
[INFO] [stdout] 49 | impl TodoRepositoryForMemory {
[INFO] [stdout]    | ---------------------------- associated function in this implementation
[INFO] [stdout] 50 |     pub(crate) fn new() -> Self {
[INFO] [stdout]    |                   ^^^
[INFO] [stdout] 
[INFO] [stdout] 
[INFO] [stdout] warning: unused import: `axum::routing::post`
[INFO] [stdout]  --> src/routes/todo_routes.rs:2:5
[INFO] [stdout]   |
[INFO] [stdout] 2 | use axum::routing::post;
[INFO] [stdout]   |     ^^^^^^^^^^^^^^^^^^^
[INFO] [stdout]   |
[INFO] [stdout]   = note: `#[warn(unused_imports)]` on by default
[INFO] [stdout] 
[INFO] [stdout] 
[INFO] [stdout] warning: unused import: `crate::handlers::todo_handlers`
[INFO] [stdout]  --> src/routes/todo_routes.rs:3:5
[INFO] [stdout]   |
[INFO] [stdout] 3 | use crate::handlers::todo_handlers;
[INFO] [stdout]   |     ^^^^^^^^^^^^^^^^^^^^^^^^^^^^^^
[INFO] [stdout] 
[INFO] [stdout] 
[INFO] [stdout] warning: variants `InProgress` and `Done` are never constructed
[INFO] [stdout]  --> src/models/todo_models.rs:8:5
[INFO] [stdout]   |
[INFO] [stdout] 6 | enum TodoStatus {
[INFO] [stdout]   |      ---------- variants in this enum
[INFO] [stdout] 7 |     Undone,
[INFO] [stdout] 8 |     InProgress,
[INFO] [stdout]   |     ^^^^^^^^^^
[INFO] [stdout] 9 |     Done
[INFO] [stdout]   |     ^^^^
[INFO] [stdout]   |
[INFO] [stdout]   = note: `TodoStatus` has derived impls for the traits `Clone` and `Debug`, but these are intentionally ignored during dead code analysis
[INFO] [stdout]   = note: `#[warn(dead_code)]` on by default
[INFO] [stdout] 
[INFO] [stdout] 
[INFO] [stderr]     Finished `test` profile [unoptimized + debuginfo] target(s) in 0.55s
[INFO] running `Command { std: "docker" "inspect" "a751b0317c181259867840ff2f303b2a59a938e1842bcd314caf6813b794207c", kill_on_drop: false }`
[INFO] running `Command { std: "docker" "rm" "-f" "a751b0317c181259867840ff2f303b2a59a938e1842bcd314caf6813b794207c", kill_on_drop: false }`
[INFO] [stdout] a751b0317c181259867840ff2f303b2a59a938e1842bcd314caf6813b794207c
[INFO] running `Command { std: "docker" "create" "-v" "/var/lib/crater-agent-workspace/builds/worker-7-tc1/target:/opt/rustwide/target:rw,Z" "-v" "/var/lib/crater-agent-workspace/builds/worker-7-tc1/source:/opt/rustwide/workdir:ro,Z" "-v" "/var/lib/crater-agent-workspace/cargo-home:/opt/rustwide/cargo-home:ro,Z" "-v" "/var/lib/crater-agent-workspace/rustup-home:/opt/rustwide/rustup-home:ro,Z" "-e" "SOURCE_DIR=/opt/rustwide/workdir" "-e" "CARGO_TARGET_DIR=/opt/rustwide/target" "-e" "CARGO_INCREMENTAL=0" "-e" "RUST_BACKTRACE=full" "-e" "RUSTFLAGS=--cap-lints=forbid" "-e" "RUSTDOCFLAGS=--cap-lints=forbid" "-e" "CARGO_HOME=/opt/rustwide/cargo-home" "-e" "RUSTUP_HOME=/opt/rustwide/rustup-home" "-w" "/opt/rustwide/workdir" "-m" "1610612736" "--user" "0:0" "--network" "none" "ghcr.io/rust-lang/crates-build-env/linux@sha256:819108c5571ea2e421544af4d832f968d213c87fbe3707a016657f43d2f853bc" "/opt/rustwide/cargo-home/bin/cargo" "+nightly-2025-01-18" "test" "--frozen", kill_on_drop: false }`
[INFO] [stdout] 79d61623e6274d4ce8d86732cf218900e9ce14a1fa1d57d5eecccbac3d186410
[INFO] running `Command { std: "docker" "start" "-a" "79d61623e6274d4ce8d86732cf218900e9ce14a1fa1d57d5eecccbac3d186410", kill_on_drop: false }`
[INFO] [stderr] warning: unused import: `axum::routing::post`
[INFO] [stderr]  --> src/routes/todo_routes.rs:2:5
[INFO] [stderr]   |
[INFO] [stderr] 2 | use axum::routing::post;
[INFO] [stderr]   |     ^^^^^^^^^^^^^^^^^^^
[INFO] [stderr]   |
[INFO] [stderr]   = note: `#[warn(unused_imports)]` on by default
[INFO] [stderr] 
[INFO] [stderr] warning: unused import: `crate::handlers::todo_handlers`
[INFO] [stderr]  --> src/routes/todo_routes.rs:3:5
[INFO] [stderr]   |
[INFO] [stderr] 3 | use crate::handlers::todo_handlers;
[INFO] [stderr]   |     ^^^^^^^^^^^^^^^^^^^^^^^^^^^^^^
[INFO] [stderr] 
[INFO] [stderr] warning: function `create_todo` is never used
[INFO] [stderr]  --> src/handlers/todo_handlers.rs:5:15
[INFO] [stderr]   |
[INFO] [stderr] 5 | pub(crate) fn create_todo(payload: CreateTodo, repository: Extension<Arc<TodoRepositoryForMemory>>) -> Todo {
[INFO] [stderr]   |               ^^^^^^^^^^^
[INFO] [stderr]   |
[INFO] [stderr]   = note: `#[warn(dead_code)]` on by default
[INFO] [stderr] 
[INFO] [stderr] warning: variants `InProgress` and `Done` are never constructed
[INFO] [stderr]  --> src/models/todo_models.rs:8:5
[INFO] [stderr]   |
[INFO] [stderr] 6 | enum TodoStatus {
[INFO] [stderr]   |      ---------- variants in this enum
[INFO] [stderr] 7 |     Undone,
[INFO] [stderr] 8 |     InProgress,
[INFO] [stderr]   |     ^^^^^^^^^^
[INFO] [stderr] 9 |     Done
[INFO] [stderr]   |     ^^^^
[INFO] [stderr]   |
[INFO] [stderr]   = note: `TodoStatus` has derived impls for the traits `Clone` and `Debug`, but these are intentionally ignored during dead code analysis
[INFO] [stderr] 
[INFO] [stderr] warning: methods `create` and `read` are never used
[INFO] [stderr]   --> src/models/todo_models.rs:38:8
[INFO] [stderr]    |
[INFO] [stderr] 37 | pub trait TodoRepository {
[INFO] [stderr]    |           -------------- methods in this trait
[INFO] [stderr] 38 |     fn create(&self, payload: CreateTodo) -> Todo;
[INFO] [stderr]    |        ^^^^^^
[INFO] [stderr] 39 |     fn read(&self, id: u32) -> Option<Todo>;
[INFO] [stderr]    |        ^^^^
[INFO] [stderr] 
[INFO] [stderr] warning: associated function `new` is never used
[INFO] [stderr]   --> src/models/todo_models.rs:50:19
[INFO] [stderr]    |
[INFO] [stderr] 49 | impl TodoRepositoryForMemory {
[INFO] [stderr]    | ---------------------------- associated function in this implementation
[INFO] [stderr] 50 |     pub(crate) fn new() -> Self {
[INFO] [stderr]    |                   ^^^
[INFO] [stderr] 
[INFO] [stderr] warning: variants `InProgress` and `Done` are never constructed
[INFO] [stderr]  --> src/models/todo_models.rs:8:5
[INFO] [stderr]   |
[INFO] [stderr] 6 | enum TodoStatus {
[INFO] [stderr]   |      ---------- variants in this enum
[INFO] [stderr] 7 |     Undone,
[INFO] [stderr] 8 |     InProgress,
[INFO] [stderr]   |     ^^^^^^^^^^
[INFO] [stderr] 9 |     Done
[INFO] [stderr]   |     ^^^^
[INFO] [stderr]   |
[INFO] [stderr]   = note: `TodoStatus` has derived impls for the traits `Clone` and `Debug`, but these are intentionally ignored during dead code analysis
[INFO] [stderr]   = note: `#[warn(dead_code)]` on by default
[INFO] [stderr] 
[INFO] [stderr] warning: `todo` (lib) generated 6 warnings (run `cargo fix --lib -p todo` to apply 2 suggestions)
[INFO] [stderr] warning: `todo` (lib test) generated 3 warnings (2 duplicates)
[INFO] [stderr]     Finished `test` profile [unoptimized + debuginfo] target(s) in 0.09s
[INFO] [stderr]      Running unittests src/lib.rs (/opt/rustwide/target/debug/deps/todo-20fb0e314d8ff49f)
[INFO] [stdout] 
[INFO] [stdout] running 3 tests
[INFO] [stdout] test handlers::todo_handlers::tests::todoを作成した後そのtodoが返ってくる ... ok
[INFO] [stdout] test models::todo_models::tests::todoを作成する ... ok
[INFO] [stdout] test models::todo_models::tests::todoを取得する ... ok
[INFO] [stdout] 
[INFO] [stdout] test result: ok. 3 passed; 0 failed; 0 ignored; 0 measured; 0 filtered out; finished in 0.00s
[INFO] [stdout] 
[INFO] [stderr]      Running unittests src/main.rs (/opt/rustwide/target/debug/deps/todo-5e22cd05b6e194db)
[INFO] [stdout] 
[INFO] [stdout] running 0 tests
[INFO] [stdout] 
[INFO] [stdout] test result: ok. 0 passed; 0 failed; 0 ignored; 0 measured; 0 filtered out; finished in 0.00s
[INFO] [stdout] 
[INFO] [stdout] 
[INFO] [stdout] running 3 tests
[INFO] [stdout] test integration::todo::create::todoを作成する ... ignored
[INFO] [stderr]      Running tests/integration_testing.rs (/opt/rustwide/target/debug/deps/integration_testing-4820ccdcb3d10ff7)
[INFO] [stdout] test integration::health_check::正常な応答が返ってくる ... FAILED
[INFO] [stdout] test integration::user::create::ユーザー名を渡すとidとユーザー名が返ってくる ... FAILED
[INFO] [stdout] 
[INFO] [stdout] failures:
[INFO] [stdout] 
[INFO] [stdout] ---- integration::health_check::正常な応答が返ってくる stdout ----
[INFO] [stdout] 
[INFO] [stdout] thread 'integration::health_check::正常な応答が返ってくる' panicked at src/routes/todo_routes.rs:6:5:
[INFO] [stdout] not yet implemented: handlerに何かしらのトレイトの実装が足りていないっぽい。多分 impl IntoResponse
[INFO] [stdout] stack backtrace:
[INFO] [stdout]    0:     0x609fb309b14a - std::backtrace_rs::backtrace::libunwind::trace::hb059275cfc8d6126
[INFO] [stdout]                                at /rustc/6067b36314ab5eb2eb47cecc464545ba58e1ad24/library/std/src/../../backtrace/src/backtrace/libunwind.rs:116:5
[INFO] [stdout]    1:     0x609fb309b14a - std::backtrace_rs::backtrace::trace_unsynchronized::h2da071e4327ce3ee
[INFO] [stdout]                                at /rustc/6067b36314ab5eb2eb47cecc464545ba58e1ad24/library/std/src/../../backtrace/src/backtrace/mod.rs:66:5
[INFO] [stdout]    2:     0x609fb309b14a - std::sys::backtrace::_print_fmt::h842a1474e6f8d23f
[INFO] [stdout]                                at /rustc/6067b36314ab5eb2eb47cecc464545ba58e1ad24/library/std/src/sys/backtrace.rs:66:9
[INFO] [stdout]    3:     0x609fb309b14a - <std::sys::backtrace::BacktraceLock::print::DisplayBacktrace as core::fmt::Display>::fmt::h71a62eb3b9696b12
[INFO] [stdout]                                at /rustc/6067b36314ab5eb2eb47cecc464545ba58e1ad24/library/std/src/sys/backtrace.rs:39:26
[INFO] [stdout]    4:     0x609fb30c3713 - core::fmt::rt::Argument::fmt::hdb6b616786b41dc1
[INFO] [stdout]                                at /rustc/6067b36314ab5eb2eb47cecc464545ba58e1ad24/library/core/src/fmt/rt.rs:177:76
[INFO] [stdout]    5:     0x609fb30c3713 - core::fmt::write::h2cc1698af7e2d686
[INFO] [stdout]                                at /rustc/6067b36314ab5eb2eb47cecc464545ba58e1ad24/library/core/src/fmt/mod.rs:1440:21
[INFO] [stdout]    6:     0x609fb3097913 - std::io::Write::write_fmt::hab1b4cd059a79022
[INFO] [stdout]                                at /rustc/6067b36314ab5eb2eb47cecc464545ba58e1ad24/library/std/src/io/mod.rs:1887:15
[INFO] [stdout]    7:     0x609fb309af92 - std::sys::backtrace::BacktraceLock::print::h147fe35b4ea13b08
[INFO] [stdout]                                at /rustc/6067b36314ab5eb2eb47cecc464545ba58e1ad24/library/std/src/sys/backtrace.rs:42:9
[INFO] [stdout]    8:     0x609fb309c56f - std::panicking::default_hook::{{closure}}::hbd44223dbdc0d208
[INFO] [stdout]                                at /rustc/6067b36314ab5eb2eb47cecc464545ba58e1ad24/library/std/src/panicking.rs:298:22
[INFO] [stdout]    9:     0x609fb309c388 - std::panicking::default_hook::h20f81eb0576efcec
[INFO] [stdout]                                at /rustc/6067b36314ab5eb2eb47cecc464545ba58e1ad24/library/std/src/panicking.rs:322:9
[INFO] [stdout]   10:     0x609fb2eea433 - <alloc::boxed::Box<F,A> as core::ops::function::Fn<Args>>::call::hdb53814c496a4d34
[INFO] [stdout]                                at /rustc/6067b36314ab5eb2eb47cecc464545ba58e1ad24/library/alloc/src/boxed.rs:2027:9
[INFO] [stdout]   11:     0x609fb2eea433 - test::test_main::{{closure}}::hc0a4963c59427c24
[INFO] [stdout]                                at /rustc/6067b36314ab5eb2eb47cecc464545ba58e1ad24/library/test/src/lib.rs:134:21
[INFO] [stdout]   12:     0x609fb309d063 - <alloc::boxed::Box<F,A> as core::ops::function::Fn<Args>>::call::h591b2225413a77e9
[INFO] [stdout]                                at /rustc/6067b36314ab5eb2eb47cecc464545ba58e1ad24/library/alloc/src/boxed.rs:2027:9
[INFO] [stdout]   13:     0x609fb309d063 - std::panicking::rust_panic_with_hook::h625eea43051b2edc
[INFO] [stdout]                                at /rustc/6067b36314ab5eb2eb47cecc464545ba58e1ad24/library/std/src/panicking.rs:839:13
[INFO] [stdout]   14:     0x609fb309cce6 - std::panicking::begin_panic_handler::{{closure}}::h4f9159cfbc3f6bd3
[INFO] [stdout]                                at /rustc/6067b36314ab5eb2eb47cecc464545ba58e1ad24/library/std/src/panicking.rs:697:13
[INFO] [stdout]   15:     0x609fb309b649 - std::sys::backtrace::__rust_end_short_backtrace::h0390abce48353151
[INFO] [stdout]                                at /rustc/6067b36314ab5eb2eb47cecc464545ba58e1ad24/library/std/src/sys/backtrace.rs:168:18
[INFO] [stdout]   16:     0x609fb309c9ad - rust_begin_unwind
[INFO] [stdout]                                at /rustc/6067b36314ab5eb2eb47cecc464545ba58e1ad24/library/std/src/panicking.rs:695:5
[INFO] [stdout]   17:     0x609fb30c1750 - core::panicking::panic_fmt::h9e7c637e9e5f29c9
[INFO] [stdout]                                at /rustc/6067b36314ab5eb2eb47cecc464545ba58e1ad24/library/core/src/panicking.rs:75:14
[INFO] [stdout]   18:     0x609fb2f156ed - todo::routes::todo_routes::routes::h70d932ace462a8cc
[INFO] [stdout]                                at /opt/rustwide/workdir/src/routes/todo_routes.rs:6:5
[INFO] [stdout]   19:     0x609fb2f22f8b - todo::routes::routes::app::h55bb804a320c283d
[INFO] [stdout]                                at /opt/rustwide/workdir/src/routes/routes.rs:9:31
[INFO] [stdout]   20:     0x609fb2ea5986 - integration_testing::integration::test_helper::response::get_method::call_api_without_body::{{closure}}::h2d6231d7b8b8bbe8
[INFO] [stdout]                                at /opt/rustwide/workdir/tests/integration/test_helper/response.rs:12:9
[INFO] [stdout]   21:     0x609fb2eafda1 - integration_testing::integration::health_check::正常な応答が返ってくる::{{closure}}::habbae699acb6ec16
[INFO] [stdout]                                at /opt/rustwide/workdir/tests/integration/health_check.rs:11:59
[INFO] [stdout]   22:     0x609fb2eadd32 - <core::pin::Pin<P> as core::future::future::Future>::poll::h55e52aeaee87a833
[INFO] [stdout]                                at /rustc/6067b36314ab5eb2eb47cecc464545ba58e1ad24/library/core/src/future/future.rs:124:9
[INFO] [stdout]   23:     0x609fb2eadced - <core::pin::Pin<P> as core::future::future::Future>::poll::h227530a10ebe1c2d
[INFO] [stdout]                                at /rustc/6067b36314ab5eb2eb47cecc464545ba58e1ad24/library/core/src/future/future.rs:124:9
[INFO] [stdout]   24:     0x609fb2ea4a8f - tokio::runtime::scheduler::current_thread::CoreGuard::block_on::{{closure}}::{{closure}}::{{closure}}::haa1c3cf2787d19d0
[INFO] [stdout]                                at /opt/rustwide/cargo-home/registry/src/index.crates.io-1949cf8c6b5b557f/tokio-1.31.0/src/runtime/scheduler/current_thread/mod.rs:665:57
[INFO] [stdout]   25:     0x609fb2ea49c5 - tokio::runtime::coop::with_budget::h1a331e5801454b14
[INFO] [stdout]                                at /opt/rustwide/cargo-home/registry/src/index.crates.io-1949cf8c6b5b557f/tokio-1.31.0/src/runtime/coop.rs:107:5
[INFO] [stdout]   26:     0x609fb2ea49c5 - tokio::runtime::coop::budget::h6d136b876743f746
[INFO] [stdout]                                at /opt/rustwide/cargo-home/registry/src/index.crates.io-1949cf8c6b5b557f/tokio-1.31.0/src/runtime/coop.rs:73:5
[INFO] [stdout]   27:     0x609fb2ea49c5 - tokio::runtime::scheduler::current_thread::CoreGuard::block_on::{{closure}}::{{closure}}::h396a4ec88f2f11f1
[INFO] [stdout]                                at /opt/rustwide/cargo-home/registry/src/index.crates.io-1949cf8c6b5b557f/tokio-1.31.0/src/runtime/scheduler/current_thread/mod.rs:665:25
[INFO] [stdout]   28:     0x609fb2ea3480 - tokio::runtime::scheduler::current_thread::Context::enter::habb728abf454fa42
[INFO] [stdout]                                at /opt/rustwide/cargo-home/registry/src/index.crates.io-1949cf8c6b5b557f/tokio-1.31.0/src/runtime/scheduler/current_thread/mod.rs:410:19
[INFO] [stdout]   29:     0x609fb2ea422e - tokio::runtime::scheduler::current_thread::CoreGuard::block_on::{{closure}}::h69d01722cf62d862
[INFO] [stdout]                                at /opt/rustwide/cargo-home/registry/src/index.crates.io-1949cf8c6b5b557f/tokio-1.31.0/src/runtime/scheduler/current_thread/mod.rs:664:36
[INFO] [stdout]   30:     0x609fb2ea3fa4 - tokio::runtime::scheduler::current_thread::CoreGuard::enter::{{closure}}::hca2491c57a447432
[INFO] [stdout]                                at /opt/rustwide/cargo-home/registry/src/index.crates.io-1949cf8c6b5b557f/tokio-1.31.0/src/runtime/scheduler/current_thread/mod.rs:743:68
[INFO] [stdout]   31:     0x609fb2ea268b - tokio::runtime::context::scoped::Scoped<T>::set::h3051b2650b78aab9
[INFO] [stdout]                                at /opt/rustwide/cargo-home/registry/src/index.crates.io-1949cf8c6b5b557f/tokio-1.31.0/src/runtime/context/scoped.rs:40:9
[INFO] [stdout]   32:     0x609fb2eacfe9 - tokio::runtime::context::set_scheduler::{{closure}}::hed5cc34d9d46e60a
[INFO] [stdout]                                at /opt/rustwide/cargo-home/registry/src/index.crates.io-1949cf8c6b5b557f/tokio-1.31.0/src/runtime/context.rs:176:26
[INFO] [stdout]   33:     0x609fb2e9d982 - std::thread::local::LocalKey<T>::try_with::h26886dfa668d0768
[INFO] [stdout]                                at /rustc/6067b36314ab5eb2eb47cecc464545ba58e1ad24/library/std/src/thread/local.rs:308:12
[INFO] [stdout]   34:     0x609fb2e9d87a - std::thread::local::LocalKey<T>::with::he0e2e19d1e5493b7
[INFO] [stdout]                                at /rustc/6067b36314ab5eb2eb47cecc464545ba58e1ad24/library/std/src/thread/local.rs:272:9
[INFO] [stdout]   35:     0x609fb2eacf9d - tokio::runtime::context::set_scheduler::hcb9d75fafc419dd4
[INFO] [stdout]                                at /opt/rustwide/cargo-home/registry/src/index.crates.io-1949cf8c6b5b557f/tokio-1.31.0/src/runtime/context.rs:176:9
[INFO] [stdout]   36:     0x609fb2ea3d50 - tokio::runtime::scheduler::current_thread::CoreGuard::enter::ha645b3ca6c2e7936
[INFO] [stdout]                                at /opt/rustwide/cargo-home/registry/src/index.crates.io-1949cf8c6b5b557f/tokio-1.31.0/src/runtime/scheduler/current_thread/mod.rs:743:27
[INFO] [stdout]   37:     0x609fb2ea3fc3 - tokio::runtime::scheduler::current_thread::CoreGuard::block_on::haf74d93d1bfc3878
[INFO] [stdout]                                at /opt/rustwide/cargo-home/registry/src/index.crates.io-1949cf8c6b5b557f/tokio-1.31.0/src/runtime/scheduler/current_thread/mod.rs:652:19
[INFO] [stdout]   38:     0x609fb2ea2fbd - tokio::runtime::scheduler::current_thread::CurrentThread::block_on::{{closure}}::h2f589fbad125307e
[INFO] [stdout]                                at /opt/rustwide/cargo-home/registry/src/index.crates.io-1949cf8c6b5b557f/tokio-1.31.0/src/runtime/scheduler/current_thread/mod.rs:175:28
[INFO] [stdout]   39:     0x609fb2ea2806 - tokio::runtime::context::runtime::enter_runtime::hc510dda5c27dba3c
[INFO] [stdout]                                at /opt/rustwide/cargo-home/registry/src/index.crates.io-1949cf8c6b5b557f/tokio-1.31.0/src/runtime/context/runtime.rs:65:16
[INFO] [stdout]   40:     0x609fb2ea2ed1 - tokio::runtime::scheduler::current_thread::CurrentThread::block_on::h68a71b9e64600e19
[INFO] [stdout]                                at /opt/rustwide/cargo-home/registry/src/index.crates.io-1949cf8c6b5b557f/tokio-1.31.0/src/runtime/scheduler/current_thread/mod.rs:167:9
[INFO] [stdout]   41:     0x609fb2ead29d - tokio::runtime::runtime::Runtime::block_on::h8e91ac0f3a766ce3
[INFO] [stdout]                                at /opt/rustwide/cargo-home/registry/src/index.crates.io-1949cf8c6b5b557f/tokio-1.31.0/src/runtime/runtime.rs:347:47
[INFO] [stdout]   42:     0x609fb2eafb81 - integration_testing::integration::health_check::正常な応答が返ってくる::h5a0b1720fd077cfe
[INFO] [stdout]                                at /opt/rustwide/workdir/tests/integration/health_check.rs:15:5
[INFO] [stdout]   43:     0x609fb2eafa27 - integration_testing::integration::health_check::正常な応答が返ってくる::{{closure}}::h4da740e996e23e2a
[INFO] [stdout]                                at /opt/rustwide/workdir/tests/integration/health_check.rs:6:45
[INFO] [stdout]   44:     0x609fb2ea0596 - core::ops::function::FnOnce::call_once::h9157140dc0e37ed3
[INFO] [stdout]                                at /rustc/6067b36314ab5eb2eb47cecc464545ba58e1ad24/library/core/src/ops/function.rs:250:5
[INFO] [stdout]   45:     0x609fb2eefb8b - core::ops::function::FnOnce::call_once::he27718dfdd183f43
[INFO] [stdout]                                at /rustc/6067b36314ab5eb2eb47cecc464545ba58e1ad24/library/core/src/ops/function.rs:250:5
[INFO] [stdout]   46:     0x609fb2eefb8b - test::__rust_begin_short_backtrace::h4e84902998457a5d
[INFO] [stdout]                                at /rustc/6067b36314ab5eb2eb47cecc464545ba58e1ad24/library/test/src/lib.rs:632:18
[INFO] [stdout]   47:     0x609fb2eeeac3 - test::run_test_in_process::{{closure}}::h7176fd18fc1feca0
[INFO] [stdout]                                at /rustc/6067b36314ab5eb2eb47cecc464545ba58e1ad24/library/test/src/lib.rs:655:60
[INFO] [stdout]   48:     0x609fb2eeeac3 - <core::panic::unwind_safe::AssertUnwindSafe<F> as core::ops::function::FnOnce<()>>::call_once::hf79cff2a624d8cf7
[INFO] [stdout]                                at /rustc/6067b36314ab5eb2eb47cecc464545ba58e1ad24/library/core/src/panic/unwind_safe.rs:272:9
[INFO] [stdout]   49:     0x609fb2eeeac3 - std::panicking::try::do_call::h3da0561d9ab99c25
[INFO] [stdout]                                at /rustc/6067b36314ab5eb2eb47cecc464545ba58e1ad24/library/std/src/panicking.rs:587:40
[INFO] [stdout]   50:     0x609fb2eeeac3 - std::panicking::try::h41c9fa508bc61df6
[INFO] [stdout]                                at /rustc/6067b36314ab5eb2eb47cecc464545ba58e1ad24/library/std/src/panicking.rs:550:19
[INFO] [stdout]   51:     0x609fb2eeeac3 - std::panic::catch_unwind::h6b3ff07bb5afad93
[INFO] [stdout]                                at /rustc/6067b36314ab5eb2eb47cecc464545ba58e1ad24/library/std/src/panic.rs:358:14
[INFO] [stdout]   52:     0x609fb2eeeac3 - test::run_test_in_process::hc7253dd11b39b9f4
[INFO] [stdout]                                at /rustc/6067b36314ab5eb2eb47cecc464545ba58e1ad24/library/test/src/lib.rs:655:27
[INFO] [stdout]   53:     0x609fb2eeeac3 - test::run_test::{{closure}}::hfb2007f8649c30bb
[INFO] [stdout]                                at /rustc/6067b36314ab5eb2eb47cecc464545ba58e1ad24/library/test/src/lib.rs:576:43
[INFO] [stdout]   54:     0x609fb2eb1ba5 - test::run_test::{{closure}}::h56a17aa7a282a9f4
[INFO] [stdout]                                at /rustc/6067b36314ab5eb2eb47cecc464545ba58e1ad24/library/test/src/lib.rs:606:41
[INFO] [stdout]   55:     0x609fb2eb1ba5 - std::sys::backtrace::__rust_begin_short_backtrace::hd2d2d2fb8e8c6aac
[INFO] [stdout]                                at /rustc/6067b36314ab5eb2eb47cecc464545ba58e1ad24/library/std/src/sys/backtrace.rs:152:18
[INFO] [stdout]   56:     0x609fb2eb548a - std::thread::Builder::spawn_unchecked_::{{closure}}::{{closure}}::h4faa3f9db6133423
[INFO] [stdout]                                at /rustc/6067b36314ab5eb2eb47cecc464545ba58e1ad24/library/std/src/thread/mod.rs:559:17
[INFO] [stdout]   57:     0x609fb2eb548a - <core::panic::unwind_safe::AssertUnwindSafe<F> as core::ops::function::FnOnce<()>>::call_once::hf2e855a36a4ea846
[INFO] [stdout]                                at /rustc/6067b36314ab5eb2eb47cecc464545ba58e1ad24/library/core/src/panic/unwind_safe.rs:272:9
[INFO] [stdout]   58:     0x609fb2eb548a - std::panicking::try::do_call::h2f73af3616c35465
[INFO] [stdout]                                at /rustc/6067b36314ab5eb2eb47cecc464545ba58e1ad24/library/std/src/panicking.rs:587:40
[INFO] [stdout]   59:     0x609fb2eb548a - std::panicking::try::hd1660ce9efadef5a
[INFO] [stdout]                                at /rustc/6067b36314ab5eb2eb47cecc464545ba58e1ad24/library/std/src/panicking.rs:550:19
[INFO] [stdout]   60:     0x609fb2eb548a - std::panic::catch_unwind::h5ee8d7823b8ca744
[INFO] [stdout]                                at /rustc/6067b36314ab5eb2eb47cecc464545ba58e1ad24/library/std/src/panic.rs:358:14
[INFO] [stdout]   61:     0x609fb2eb548a - std::thread::Builder::spawn_unchecked_::{{closure}}::h53c3a1894dce8407
[INFO] [stdout]                                at /rustc/6067b36314ab5eb2eb47cecc464545ba58e1ad24/library/std/src/thread/mod.rs:557:30
[INFO] [stdout]   62:     0x609fb2eb548a - core::ops::function::FnOnce::call_once{{vtable.shim}}::h048ce291ad4f62bf
[INFO] [stdout]                                at /rustc/6067b36314ab5eb2eb47cecc464545ba58e1ad24/library/core/src/ops/function.rs:250:5
[INFO] [stdout]   63:     0x609fb30a122b - <alloc::boxed::Box<F,A> as core::ops::function::FnOnce<Args>>::call_once::ha52bedf99a3b4981
[INFO] [stdout]                                at /rustc/6067b36314ab5eb2eb47cecc464545ba58e1ad24/library/alloc/src/boxed.rs:2013:9
[INFO] [stdout]   64:     0x609fb30a122b - <alloc::boxed::Box<F,A> as core::ops::function::FnOnce<Args>>::call_once::h567748934d80ccf8
[INFO] [stdout]                                at /rustc/6067b36314ab5eb2eb47cecc464545ba58e1ad24/library/alloc/src/boxed.rs:2013:9
[INFO] [stdout]   65:     0x609fb30a122b - std::sys::pal::unix::thread::Thread::new::thread_start::h2d970728ae887adc
[INFO] [stdout]                                at /rustc/6067b36314ab5eb2eb47cecc464545ba58e1ad24/library/std/src/sys/pal/unix/thread.rs:106:17
[INFO] [stdout]   66:     0x7be463e56ac3 - <unknown>
[INFO] [stdout]   67:     0x7be463ee7a04 - clone
[INFO] [stdout]   68:                0x0 - <unknown>
[INFO] [stdout] 
[INFO] [stdout] ---- integration::user::create::ユーザー名を渡すとidとユーザー名が返ってくる stdout ----
[INFO] [stdout] 
[INFO] [stdout] thread 'integration::user::create::ユーザー名を渡すとidとユーザー名が返ってくる' panicked at src/routes/todo_routes.rs:6:5:
[INFO] [stdout] not yet implemented: handlerに何かしらのトレイトの実装が足りていないっぽい。多分 impl IntoResponse
[INFO] [stdout] stack backtrace:
[INFO] [stdout]    0:     0x609fb309b14a - std::backtrace_rs::backtrace::libunwind::trace::hb059275cfc8d6126
[INFO] [stdout]                                at /rustc/6067b36314ab5eb2eb47cecc464545ba58e1ad24/library/std/src/../../backtrace/src/backtrace/libunwind.rs:116:5
[INFO] [stdout]    1:     0x609fb309b14a - std::backtrace_rs::backtrace::trace_unsynchronized::h2da071e4327ce3ee
[INFO] [stdout]                                at /rustc/6067b36314ab5eb2eb47cecc464545ba58e1ad24/library/std/src/../../backtrace/src/backtrace/mod.rs:66:5
[INFO] [stdout]    2:     0x609fb309b14a - std::sys::backtrace::_print_fmt::h842a1474e6f8d23f
[INFO] [stdout]                                at /rustc/6067b36314ab5eb2eb47cecc464545ba58e1ad24/library/std/src/sys/backtrace.rs:66:9
[INFO] [stdout]    3:     0x609fb309b14a - <std::sys::backtrace::BacktraceLock::print::DisplayBacktrace as core::fmt::Display>::fmt::h71a62eb3b9696b12
[INFO] [stdout]                                at /rustc/6067b36314ab5eb2eb47cecc464545ba58e1ad24/library/std/src/sys/backtrace.rs:39:26
[INFO] [stdout]    4:     0x609fb30c3713 - core::fmt::rt::Argument::fmt::hdb6b616786b41dc1
[INFO] [stdout]                                at /rustc/6067b36314ab5eb2eb47cecc464545ba58e1ad24/library/core/src/fmt/rt.rs:177:76
[INFO] [stdout]    5:     0x609fb30c3713 - core::fmt::write::h2cc1698af7e2d686
[INFO] [stdout]                                at /rustc/6067b36314ab5eb2eb47cecc464545ba58e1ad24/library/core/src/fmt/mod.rs:1440:21
[INFO] [stdout]    6:     0x609fb3097913 - std::io::Write::write_fmt::hab1b4cd059a79022
[INFO] [stdout]                                at /rustc/6067b36314ab5eb2eb47cecc464545ba58e1ad24/library/std/src/io/mod.rs:1887:15
[INFO] [stdout]    7:     0x609fb309af92 - std::sys::backtrace::BacktraceLock::print::h147fe35b4ea13b08
[INFO] [stdout]                                at /rustc/6067b36314ab5eb2eb47cecc464545ba58e1ad24/library/std/src/sys/backtrace.rs:42:9
[INFO] [stdout]    8:     0x609fb309c56f - std::panicking::default_hook::{{closure}}::hbd44223dbdc0d208
[INFO] [stdout]                                at /rustc/6067b36314ab5eb2eb47cecc464545ba58e1ad24/library/std/src/panicking.rs:298:22
[INFO] [stdout]    9:     0x609fb309c388 - std::panicking::default_hook::h20f81eb0576efcec
[INFO] [stdout]                                at /rustc/6067b36314ab5eb2eb47cecc464545ba58e1ad24/library/std/src/panicking.rs:322:9
[INFO] [stdout]   10:     0x609fb2eea433 - <alloc::boxed::Box<F,A> as core::ops::function::Fn<Args>>::call::hdb53814c496a4d34
[INFO] [stdout]                                at /rustc/6067b36314ab5eb2eb47cecc464545ba58e1ad24/library/alloc/src/boxed.rs:2027:9
[INFO] [stdout]   11:     0x609fb2eea433 - test::test_main::{{closure}}::hc0a4963c59427c24
[INFO] [stdout]                                at /rustc/6067b36314ab5eb2eb47cecc464545ba58e1ad24/library/test/src/lib.rs:134:21
[INFO] [stdout]   12:     0x609fb309d063 - <alloc::boxed::Box<F,A> as core::ops::function::Fn<Args>>::call::h591b2225413a77e9
[INFO] [stdout]                                at /rustc/6067b36314ab5eb2eb47cecc464545ba58e1ad24/library/alloc/src/boxed.rs:2027:9
[INFO] [stdout]   13:     0x609fb309d063 - std::panicking::rust_panic_with_hook::h625eea43051b2edc
[INFO] [stdout]                                at /rustc/6067b36314ab5eb2eb47cecc464545ba58e1ad24/library/std/src/panicking.rs:839:13
[INFO] [stdout]   14:     0x609fb309cce6 - std::panicking::begin_panic_handler::{{closure}}::h4f9159cfbc3f6bd3
[INFO] [stdout]                                at /rustc/6067b36314ab5eb2eb47cecc464545ba58e1ad24/library/std/src/panicking.rs:697:13
[INFO] [stdout]   15:     0x609fb309b649 - std::sys::backtrace::__rust_end_short_backtrace::h0390abce48353151
[INFO] [stdout]                                at /rustc/6067b36314ab5eb2eb47cecc464545ba58e1ad24/library/std/src/sys/backtrace.rs:168:18
[INFO] [stdout]   16:     0x609fb309c9ad - rust_begin_unwind
[INFO] [stdout]                                at /rustc/6067b36314ab5eb2eb47cecc464545ba58e1ad24/library/std/src/panicking.rs:695:5
[INFO] [stdout]   17:     0x609fb30c1750 - core::panicking::panic_fmt::h9e7c637e9e5f29c9
[INFO] [stdout]                                at /rustc/6067b36314ab5eb2eb47cecc464545ba58e1ad24/library/core/src/panicking.rs:75:14
[INFO] [stdout]   18:     0x609fb2f156ed - todo::routes::todo_routes::routes::h70d932ace462a8cc
[INFO] [stdout]                                at /opt/rustwide/workdir/src/routes/todo_routes.rs:6:5
[INFO] [stdout]   19:     0x609fb2f22f8b - todo::routes::routes::app::h55bb804a320c283d
[INFO] [stdout]                                at /opt/rustwide/workdir/src/routes/routes.rs:9:31
[INFO] [stdout]   20:     0x609fb2ea5f68 - integration_testing::integration::test_helper::response::get_method::call_api_with_body::{{closure}}::hbb68442810f667bf
[INFO] [stdout]                                at /opt/rustwide/workdir/tests/integration/test_helper/response.rs:25:9
[INFO] [stdout]   21:     0x609fb2eaf50d - integration_testing::integration::user::create::ユーザー名を渡すとidとユーザー名が返ってくる::{{closure}}::ha13f53c4c12f0634
[INFO] [stdout]                                at /opt/rustwide/workdir/tests/integration/user/create.rs:12:59
[INFO] [stdout]   22:     0x609fb2eadd32 - <core::pin::Pin<P> as core::future::future::Future>::poll::h55e52aeaee87a833
[INFO] [stdout]                                at /rustc/6067b36314ab5eb2eb47cecc464545ba58e1ad24/library/core/src/future/future.rs:124:9
[INFO] [stdout]   23:     0x609fb2eadced - <core::pin::Pin<P> as core::future::future::Future>::poll::h227530a10ebe1c2d
[INFO] [stdout]                                at /rustc/6067b36314ab5eb2eb47cecc464545ba58e1ad24/library/core/src/future/future.rs:124:9
[INFO] [stdout]   24:     0x609fb2ea4a8f - tokio::runtime::scheduler::current_thread::CoreGuard::block_on::{{closure}}::{{closure}}::{{closure}}::haa1c3cf2787d19d0
[INFO] [stdout]                                at /opt/rustwide/cargo-home/registry/src/index.crates.io-1949cf8c6b5b557f/tokio-1.31.0/src/runtime/scheduler/current_thread/mod.rs:665:57
[INFO] [stdout]   25:     0x609fb2ea49c5 - tokio::runtime::coop::with_budget::h1a331e5801454b14
[INFO] [stdout]                                at /opt/rustwide/cargo-home/registry/src/index.crates.io-1949cf8c6b5b557f/tokio-1.31.0/src/runtime/coop.rs:107:5
[INFO] [stdout]   26:     0x609fb2ea49c5 - tokio::runtime::coop::budget::h6d136b876743f746
[INFO] [stdout]                                at /opt/rustwide/cargo-home/registry/src/index.crates.io-1949cf8c6b5b557f/tokio-1.31.0/src/runtime/coop.rs:73:5
[INFO] [stdout]   27:     0x609fb2ea49c5 - tokio::runtime::scheduler::current_thread::CoreGuard::block_on::{{closure}}::{{closure}}::h396a4ec88f2f11f1
[INFO] [stdout]                                at /opt/rustwide/cargo-home/registry/src/index.crates.io-1949cf8c6b5b557f/tokio-1.31.0/src/runtime/scheduler/current_thread/mod.rs:665:25
[INFO] [stdout]   28:     0x609fb2ea3480 - tokio::runtime::scheduler::current_thread::Context::enter::habb728abf454fa42
[INFO] [stdout]                                at /opt/rustwide/cargo-home/registry/src/index.crates.io-1949cf8c6b5b557f/tokio-1.31.0/src/runtime/scheduler/current_thread/mod.rs:410:19
[INFO] [stdout]   29:     0x609fb2ea422e - tokio::runtime::scheduler::current_thread::CoreGuard::block_on::{{closure}}::h69d01722cf62d862
[INFO] [stdout]                                at /opt/rustwide/cargo-home/registry/src/index.crates.io-1949cf8c6b5b557f/tokio-1.31.0/src/runtime/scheduler/current_thread/mod.rs:664:36
[INFO] [stdout]   30:     0x609fb2ea3fa4 - tokio::runtime::scheduler::current_thread::CoreGuard::enter::{{closure}}::hca2491c57a447432
[INFO] [stdout]                                at /opt/rustwide/cargo-home/registry/src/index.crates.io-1949cf8c6b5b557f/tokio-1.31.0/src/runtime/scheduler/current_thread/mod.rs:743:68
[INFO] [stdout]   31:     0x609fb2ea268b - tokio::runtime::context::scoped::Scoped<T>::set::h3051b2650b78aab9
[INFO] [stdout]                                at /opt/rustwide/cargo-home/registry/src/index.crates.io-1949cf8c6b5b557f/tokio-1.31.0/src/runtime/context/scoped.rs:40:9
[INFO] [stdout]   32:     0x609fb2eacfe9 - tokio::runtime::context::set_scheduler::{{closure}}::hed5cc34d9d46e60a
[INFO] [stdout]                                at /opt/rustwide/cargo-home/registry/src/index.crates.io-1949cf8c6b5b557f/tokio-1.31.0/src/runtime/context.rs:176:26
[INFO] [stdout]   33:     0x609fb2e9d982 - std::thread::local::LocalKey<T>::try_with::h26886dfa668d0768
[INFO] [stdout]                                at /rustc/6067b36314ab5eb2eb47cecc464545ba58e1ad24/library/std/src/thread/local.rs:308:12
[INFO] [stdout]   34:     0x609fb2e9d87a - std::thread::local::LocalKey<T>::with::he0e2e19d1e5493b7
[INFO] [stdout]                                at /rustc/6067b36314ab5eb2eb47cecc464545ba58e1ad24/library/std/src/thread/local.rs:272:9
[INFO] [stdout]   35:     0x609fb2eacf9d - tokio::runtime::context::set_scheduler::hcb9d75fafc419dd4
[INFO] [stdout]                                at /opt/rustwide/cargo-home/registry/src/index.crates.io-1949cf8c6b5b557f/tokio-1.31.0/src/runtime/context.rs:176:9
[INFO] [stdout]   36:     0x609fb2ea3d50 - tokio::runtime::scheduler::current_thread::CoreGuard::enter::ha645b3ca6c2e7936
[INFO] [stdout]                                at /opt/rustwide/cargo-home/registry/src/index.crates.io-1949cf8c6b5b557f/tokio-1.31.0/src/runtime/scheduler/current_thread/mod.rs:743:27
[INFO] [stdout]   37:     0x609fb2ea3fc3 - tokio::runtime::scheduler::current_thread::CoreGuard::block_on::haf74d93d1bfc3878
[INFO] [stdout]                                at /opt/rustwide/cargo-home/registry/src/index.crates.io-1949cf8c6b5b557f/tokio-1.31.0/src/runtime/scheduler/current_thread/mod.rs:652:19
[INFO] [stdout]   38:     0x609fb2ea2fbd - tokio::runtime::scheduler::current_thread::CurrentThread::block_on::{{closure}}::h2f589fbad125307e
[INFO] [stdout]                                at /opt/rustwide/cargo-home/registry/src/index.crates.io-1949cf8c6b5b557f/tokio-1.31.0/src/runtime/scheduler/current_thread/mod.rs:175:28
[INFO] [stdout]   39:     0x609fb2ea2806 - tokio::runtime::context::runtime::enter_runtime::hc510dda5c27dba3c
[INFO] [stdout]                                at /opt/rustwide/cargo-home/registry/src/index.crates.io-1949cf8c6b5b557f/tokio-1.31.0/src/runtime/context/runtime.rs:65:16
[INFO] [stdout]   40:     0x609fb2ea2ed1 - tokio::runtime::scheduler::current_thread::CurrentThread::block_on::h68a71b9e64600e19
[INFO] [stdout]                                at /opt/rustwide/cargo-home/registry/src/index.crates.io-1949cf8c6b5b557f/tokio-1.31.0/src/runtime/scheduler/current_thread/mod.rs:167:9
[INFO] [stdout]   41:     0x609fb2ead29d - tokio::runtime::runtime::Runtime::block_on::h8e91ac0f3a766ce3
[INFO] [stdout]                                at /opt/rustwide/cargo-home/registry/src/index.crates.io-1949cf8c6b5b557f/tokio-1.31.0/src/runtime/runtime.rs:347:47
[INFO] [stdout]   42:     0x609fb2eaf161 - integration_testing::integration::user::create::ユーザー名を渡すとidとユーザー名が返ってくる::h4fcde07c524bdefa
[INFO] [stdout]                                at /opt/rustwide/workdir/tests/integration/user/create.rs:16:5
[INFO] [stdout]   43:     0x609fb2eaf007 - integration_testing::integration::user::create::ユーザー名を渡すとidとユーザー名が返ってくる::{{closure}}::hb742bd7f3d865da4
[INFO] [stdout]                                at /opt/rustwide/workdir/tests/integration/user/create.rs:6:77
[INFO] [stdout]   44:     0x609fb2ea0626 - core::ops::function::FnOnce::call_once::hc8a04c4339000988
[INFO] [stdout]                                at /rustc/6067b36314ab5eb2eb47cecc464545ba58e1ad24/library/core/src/ops/function.rs:250:5
[INFO] [stdout]   45:     0x609fb2eefb8b - core::ops::function::FnOnce::call_once::he27718dfdd183f43
[INFO] [stdout]                                at /rustc/6067b36314ab5eb2eb47cecc464545ba58e1ad24/library/core/src/ops/function.rs:250:5
[INFO] [stdout]   46:     0x609fb2eefb8b - test::__rust_begin_short_backtrace::h4e84902998457a5d
[INFO] [stdout]                                at /rustc/6067b36314ab5eb2eb47cecc464545ba58e1ad24/library/test/src/lib.rs:632:18
[INFO] [stdout]   47:     0x609fb2eeeac3 - test::run_test_in_process::{{closure}}::h7176fd18fc1feca0
[INFO] [stdout]                                at /rustc/6067b36314ab5eb2eb47cecc464545ba58e1ad24/library/test/src/lib.rs:655:60
[INFO] [stdout]   48:     0x609fb2eeeac3 - <core::panic::unwind_safe::AssertUnwindSafe<F> as core::ops::function::FnOnce<()>>::call_once::hf79cff2a624d8cf7
[INFO] [stdout]                                at /rustc/6067b36314ab5eb2eb47cecc464545ba58e1ad24/library/core/src/panic/unwind_safe.rs:272:9
[INFO] [stdout]   49:     0x609fb2eeeac3 - std::panicking::try::do_call::h3da0561d9ab99c25
[INFO] [stdout]                                at /rustc/6067b36314ab5eb2eb47cecc464545ba58e1ad24/library/std/src/panicking.rs:587:40
[INFO] [stdout]   50:     0x609fb2eeeac3 - std::panicking::try::h41c9fa508bc61df6
[INFO] [stdout]                                at /rustc/6067b36314ab5eb2eb47cecc464545ba58e1ad24/library/std/src/panicking.rs:550:19
[INFO] [stdout]   51:     0x609fb2eeeac3 - std::panic::catch_unwind::h6b3ff07bb5afad93
[INFO] [stdout]                                at /rustc/6067b36314ab5eb2eb47cecc464545ba58e1ad24/library/std/src/panic.rs:358:14
[INFO] [stdout]   52:     0x609fb2eeeac3 - test::run_test_in_process::hc7253dd11b39b9f4
[INFO] [stdout]                                at /rustc/6067b36314ab5eb2eb47cecc464545ba58e1ad24/library/test/src/lib.rs:655:27
[INFO] [stdout]   53:     0x609fb2eeeac3 - test::run_test::{{closure}}::hfb2007f8649c30bb
[INFO] [stdout]                                at /rustc/6067b36314ab5eb2eb47cecc464545ba58e1ad24/library/test/src/lib.rs:576:43
[INFO] [stdout]   54:     0x609fb2eb1ba5 - test::run_test::{{closure}}::h56a17aa7a282a9f4
[INFO] [stdout]                                at /rustc/6067b36314ab5eb2eb47cecc464545ba58e1ad24/library/test/src/lib.rs:606:41
[INFO] [stdout]   55:     0x609fb2eb1ba5 - std::sys::backtrace::__rust_begin_short_backtrace::hd2d2d2fb8e8c6aac
[INFO] [stdout]                                at /rustc/6067b36314ab5eb2eb47cecc464545ba58e1ad24/library/std/src/sys/backtrace.rs:152:18
[INFO] [stdout]   56:     0x609fb2eb548a - std::thread::Builder::spawn_unchecked_::{{closure}}::{{closure}}::h4faa3f9db6133423
[INFO] [stdout]                                at /rustc/6067b36314ab5eb2eb47cecc464545ba58e1ad24/library/std/src/thread/mod.rs:559:17
[INFO] [stdout]   57:     0x609fb2eb548a - <core::panic::unwind_safe::AssertUnwindSafe<F> as core::ops::function::FnOnce<()>>::call_once::hf2e855a36a4ea846
[INFO] [stdout]                                at /rustc/6067b36314ab5eb2eb47cecc464545ba58e1ad24/library/core/src/panic/unwind_safe.rs:272:9
[INFO] [stdout]   58:     0x609fb2eb548a - std::panicking::try::do_call::h2f73af3616c35465
[INFO] [stdout]                                at /rustc/6067b36314ab5eb2eb47cecc464545ba58e1ad24/library/std/src/panicking.rs:587:40
[INFO] [stdout]   59:     0x609fb2eb548a - std::panicking::try::hd1660ce9efadef5a
[INFO] [stdout]                                at /rustc/6067b36314ab5eb2eb47cecc464545ba58e1ad24/library/std/src/panicking.rs:550:19
[INFO] [stdout]   60:     0x609fb2eb548a - std::panic::catch_unwind::h5ee8d7823b8ca744
[INFO] [stdout]                                at /rustc/6067b36314ab5eb2eb47cecc464545ba58e1ad24/library/std/src/panic.rs:358:14
[INFO] [stdout]   61:     0x609fb2eb548a - std::thread::Builder::spawn_unchecked_::{{closure}}::h53c3a1894dce8407
[INFO] [stdout]                                at /rustc/6067b36314ab5eb2eb47cecc464545ba58e1ad24/library/std/src/thread/mod.rs:557:30
[INFO] [stdout]   62:     0x609fb2eb548a - core::ops::function::FnOnce::call_once{{vtable.shim}}::h048ce291ad4f62bf
[INFO] [stdout]                                at /rustc/6067b36314ab5eb2eb47cecc464545ba58e1ad24/library/core/src/ops/function.rs:250:5
[INFO] [stdout]   63:     0x609fb30a122b - <alloc::boxed::Box<F,A> as core::ops::function::FnOnce<Args>>::call_once::ha52bedf99a3b4981
[INFO] [stdout]                                at /rustc/6067b36314ab5eb2eb47cecc464545ba58e1ad24/library/alloc/src/boxed.rs:2013:9
[INFO] [stdout]   64:     0x609fb30a122b - <alloc::boxed::Box<F,A> as core::ops::function::FnOnce<Args>>::call_once::h567748934d80ccf8
[INFO] [stdout]                                at /rustc/6067b36314ab5eb2eb47cecc464545ba58e1ad24/library/alloc/src/boxed.rs:2013:9
[INFO] [stdout]   65:     0x609fb30a122b - std::sys::pal::unix::thread::Thread::new::thread_start::h2d970728ae887adc
[INFO] [stdout]                                at /rustc/6067b36314ab5eb2eb47cecc464545ba58e1ad24/library/std/src/sys/pal/unix/thread.rs:106:17
[INFO] [stdout]   66:     0x7be463e56ac3 - <unknown>
[INFO] [stdout]   67:     0x7be463ee7a04 - clone
[INFO] [stdout]   68:                0x0 - <unknown>
[INFO] [stdout] 
[INFO] [stdout] 
[INFO] [stdout] failures:
[INFO] [stdout]     integration::health_check::正常な応答が返ってくる
[INFO] [stdout]     integration::user::create::ユーザー名を渡すとidとユーザー名が返ってくる
[INFO] [stdout] 
[INFO] [stdout] test result: FAILED. 0 passed; 2 failed; 1 ignored; 0 measured; 0 filtered out; finished in 0.03s
[INFO] [stdout] 
[INFO] [stderr] error: test failed, to rerun pass `--test integration_testing`
[INFO] running `Command { std: "docker" "inspect" "79d61623e6274d4ce8d86732cf218900e9ce14a1fa1d57d5eecccbac3d186410", kill_on_drop: false }`
[INFO] running `Command { std: "docker" "rm" "-f" "79d61623e6274d4ce8d86732cf218900e9ce14a1fa1d57d5eecccbac3d186410", kill_on_drop: false }`
[INFO] [stdout] 79d61623e6274d4ce8d86732cf218900e9ce14a1fa1d57d5eecccbac3d186410
