[INFO] cloning repository https://github.com/Cyphle/kata-game-of-life-rs
[INFO] running `Command { std: "git" "-c" "credential.helper=" "-c" "credential.helper=/workspace/cargo-home/bin/git-credential-null" "clone" "--bare" "https://github.com/Cyphle/kata-game-of-life-rs" "/workspace/cache/git-repos/https%3A%2F%2Fgithub.com%2FCyphle%2Fkata-game-of-life-rs", kill_on_drop: false }`
[INFO] [stderr] Cloning into bare repository '/workspace/cache/git-repos/https%3A%2F%2Fgithub.com%2FCyphle%2Fkata-game-of-life-rs'...
[INFO] running `Command { std: "git" "rev-parse" "HEAD", kill_on_drop: false }`
[INFO] [stdout] 0ba7c8a633b4c3eda27f82d75a1b6431460a863a
[INFO] testing Cyphle/kata-game-of-life-rs against nightly-2025-01-18+rustflags=-Zrandomize-layout for randomize-layout-2
[INFO] running `Command { std: "git" "clone" "/workspace/cache/git-repos/https%3A%2F%2Fgithub.com%2FCyphle%2Fkata-game-of-life-rs" "/workspace/builds/worker-0-tc2/source", kill_on_drop: false }`
[INFO] [stderr] Cloning into '/workspace/builds/worker-0-tc2/source'...
[INFO] [stderr] done.
[INFO] validating manifest of git repo https://github.com/Cyphle/kata-game-of-life-rs on toolchain nightly-2025-01-18
[INFO] running `Command { std: CARGO_HOME="/workspace/cargo-home" RUSTUP_HOME="/workspace/rustup-home" "/workspace/cargo-home/bin/cargo" "+nightly-2025-01-18" "metadata" "--manifest-path" "Cargo.toml" "--no-deps", kill_on_drop: false }`
[INFO] started tweaking git repo https://github.com/Cyphle/kata-game-of-life-rs
[INFO] finished tweaking git repo https://github.com/Cyphle/kata-game-of-life-rs
[INFO] tweaked toml for git repo https://github.com/Cyphle/kata-game-of-life-rs written to /workspace/builds/worker-0-tc2/source/Cargo.toml
[INFO] crate git repo https://github.com/Cyphle/kata-game-of-life-rs already has a lockfile, it will not be regenerated
[INFO] running `Command { std: CARGO_HOME="/workspace/cargo-home" RUSTUP_HOME="/workspace/rustup-home" "/workspace/cargo-home/bin/cargo" "+nightly-2025-01-18" "fetch" "--manifest-path" "Cargo.toml", kill_on_drop: false }`
[INFO] running `Command { std: "docker" "create" "-v" "/var/lib/crater-agent-workspace/builds/worker-0-tc2/target:/opt/rustwide/target:rw,Z" "-v" "/var/lib/crater-agent-workspace/builds/worker-0-tc2/source:/opt/rustwide/workdir:ro,Z" "-v" "/var/lib/crater-agent-workspace/cargo-home:/opt/rustwide/cargo-home:ro,Z" "-v" "/var/lib/crater-agent-workspace/rustup-home:/opt/rustwide/rustup-home:ro,Z" "-e" "SOURCE_DIR=/opt/rustwide/workdir" "-e" "CARGO_TARGET_DIR=/opt/rustwide/target" "-e" "CARGO_HOME=/opt/rustwide/cargo-home" "-e" "RUSTUP_HOME=/opt/rustwide/rustup-home" "-w" "/opt/rustwide/workdir" "-m" "1610612736" "--user" "0:0" "--network" "none" "ghcr.io/rust-lang/crates-build-env/linux@sha256:819108c5571ea2e421544af4d832f968d213c87fbe3707a016657f43d2f853bc" "/opt/rustwide/cargo-home/bin/cargo" "+nightly-2025-01-18" "metadata" "--no-deps" "--format-version=1", kill_on_drop: false }`
[INFO] [stdout] afbbe402ca4d5f5058b3dbba8e144e1bc5df6101c77fb88a3da3baf822abf938
[INFO] running `Command { std: "docker" "start" "-a" "afbbe402ca4d5f5058b3dbba8e144e1bc5df6101c77fb88a3da3baf822abf938", kill_on_drop: false }`
[INFO] running `Command { std: "docker" "inspect" "afbbe402ca4d5f5058b3dbba8e144e1bc5df6101c77fb88a3da3baf822abf938", kill_on_drop: false }`
[INFO] running `Command { std: "docker" "rm" "-f" "afbbe402ca4d5f5058b3dbba8e144e1bc5df6101c77fb88a3da3baf822abf938", kill_on_drop: false }`
[INFO] [stdout] afbbe402ca4d5f5058b3dbba8e144e1bc5df6101c77fb88a3da3baf822abf938
[INFO] running `Command { std: "docker" "create" "-v" "/var/lib/crater-agent-workspace/builds/worker-0-tc2/target:/opt/rustwide/target:rw,Z" "-v" "/var/lib/crater-agent-workspace/builds/worker-0-tc2/source:/opt/rustwide/workdir:ro,Z" "-v" "/var/lib/crater-agent-workspace/cargo-home:/opt/rustwide/cargo-home:ro,Z" "-v" "/var/lib/crater-agent-workspace/rustup-home:/opt/rustwide/rustup-home:ro,Z" "-e" "SOURCE_DIR=/opt/rustwide/workdir" "-e" "CARGO_TARGET_DIR=/opt/rustwide/target" "-e" "CARGO_INCREMENTAL=0" "-e" "RUST_BACKTRACE=full" "-e" "RUSTFLAGS=--cap-lints=forbid -Zrandomize-layout" "-e" "RUSTDOCFLAGS=--cap-lints=forbid" "-e" "CARGO_HOME=/opt/rustwide/cargo-home" "-e" "RUSTUP_HOME=/opt/rustwide/rustup-home" "-w" "/opt/rustwide/workdir" "-m" "1610612736" "--user" "0:0" "--network" "none" "ghcr.io/rust-lang/crates-build-env/linux@sha256:819108c5571ea2e421544af4d832f968d213c87fbe3707a016657f43d2f853bc" "/opt/rustwide/cargo-home/bin/cargo" "+nightly-2025-01-18" "build" "--frozen" "--message-format=json", kill_on_drop: false }`
[INFO] [stdout] 31df67545629618ba86ae1559d6660d7f61f3eb4f1f084612e5ed75da76b87e7
[INFO] running `Command { std: "docker" "start" "-a" "31df67545629618ba86ae1559d6660d7f61f3eb4f1f084612e5ed75da76b87e7", kill_on_drop: false }`
[INFO] [stderr]    Compiling ppv-lite86 v0.2.17
[INFO] [stderr]    Compiling getrandom v0.2.15
[INFO] [stderr]    Compiling rand_core v0.6.4
[INFO] [stderr]    Compiling rand_chacha v0.3.1
[INFO] [stderr]    Compiling rand v0.8.5
[INFO] [stderr]    Compiling kata-game-of-life-rs v0.1.0 (/opt/rustwide/workdir)
[INFO] [stdout] warning: variable does not need to be mutable
[INFO] [stdout]    --> src/nopointer/universe.rs:261:21
[INFO] [stdout]     |
[INFO] [stdout] 261 |                 let mut cell = match states.get(y) {
[INFO] [stdout]     |                     ----^^^^
[INFO] [stdout]     |                     |
[INFO] [stdout]     |                     help: remove this `mut`
[INFO] [stdout]     |
[INFO] [stdout]     = note: `#[warn(unused_mut)]` on by default
[INFO] [stdout] 
[INFO] [stdout] 
[INFO] [stdout] warning: unused variable: `cell`
[INFO] [stdout]    --> src/smartpointers/cell.rs:115:20
[INFO] [stdout]     |
[INFO] [stdout] 115 |             .map(|(cell, position)| position.print())
[INFO] [stdout]     |                    ^^^^ help: if this is intentional, prefix it with an underscore: `_cell`
[INFO] [stdout]     |
[INFO] [stdout]     = note: `#[warn(unused_variables)]` on by default
[INFO] [stdout] 
[INFO] [stdout] 
[INFO] [stdout] warning: fields `x` and `y` are never read
[INFO] [stdout]   --> src/nopointer/universe.rs:11:5
[INFO] [stdout]    |
[INFO] [stdout] 10 | struct CellPosition {
[INFO] [stdout]    |        ------------ fields in this struct
[INFO] [stdout] 11 |     x: usize,
[INFO] [stdout]    |     ^
[INFO] [stdout] 12 |     y: usize,
[INFO] [stdout]    |     ^
[INFO] [stdout]    |
[INFO] [stdout]    = note: `CellPosition` has a derived impl for the trait `Debug`, but this is intentionally ignored during dead code analysis
[INFO] [stdout]    = note: `#[warn(dead_code)]` on by default
[INFO] [stdout] 
[INFO] [stdout] 
[INFO] [stdout] warning: associated items `count_neighbours_of`, `neighbours_positions_of`, `print_check`, and `new_from_states` are never used
[INFO] [stdout]    --> src/nopointer/universe.rs:116:8
[INFO] [stdout]     |
[INFO] [stdout] 23  | impl Universe {
[INFO] [stdout]     | ------------- associated items in this implementation
[INFO] [stdout] ...
[INFO] [stdout] 116 |     fn count_neighbours_of(&self, x: usize, y: usize) -> usize {
[INFO] [stdout]     |        ^^^^^^^^^^^^^^^^^^^
[INFO] [stdout] ...
[INFO] [stdout] 146 |     fn neighbours_positions_of(&self, x: usize, y: usize) -> String {
[INFO] [stdout]     |        ^^^^^^^^^^^^^^^^^^^^^^^
[INFO] [stdout] ...
[INFO] [stdout] 194 |     fn print_check(&self) -> Vec<String> {
[INFO] [stdout]     |        ^^^^^^^^^^^
[INFO] [stdout] ...
[INFO] [stdout] 234 |     pub fn new_from_states(states: &Vec<&str>) -> Universe {
[INFO] [stdout]     |            ^^^^^^^^^^^^^^^
[INFO] [stdout] 
[INFO] [stdout] 
[INFO] [stdout] warning: method `print` is never used
[INFO] [stdout]   --> src/common/relative_position.rs:44:12
[INFO] [stdout]    |
[INFO] [stdout] 14 | impl RelativePosition {
[INFO] [stdout]    | --------------------- method in this implementation
[INFO] [stdout] ...
[INFO] [stdout] 44 |     pub fn print(&self) -> String {
[INFO] [stdout]    |            ^^^^^
[INFO] [stdout] 
[INFO] [stdout] 
[INFO] [stdout] warning: associated items `is_dead`, `number_of_neighbours`, `new_alive`, `new_dead`, `print_neighbours_count`, and `print_neighbours_positions` are never used
[INFO] [stdout]    --> src/smartpointers/cell.rs:22:12
[INFO] [stdout]     |
[INFO] [stdout] 14  | impl Cell {
[INFO] [stdout]     | --------- associated items in this implementation
[INFO] [stdout] ...
[INFO] [stdout] 22  |     pub fn is_dead(&self) -> bool {
[INFO] [stdout]     |            ^^^^^^^
[INFO] [stdout] ...
[INFO] [stdout] 32  |     pub fn number_of_neighbours(&self) -> usize {
[INFO] [stdout]     |            ^^^^^^^^^^^^^^^^^^^^
[INFO] [stdout] ...
[INFO] [stdout] 84  |     pub fn new_alive() -> Cell {
[INFO] [stdout]     |            ^^^^^^^^^
[INFO] [stdout] ...
[INFO] [stdout] 92  |     pub fn new_dead() -> Cell {
[INFO] [stdout]     |            ^^^^^^^^
[INFO] [stdout] ...
[INFO] [stdout] 108 |     pub fn print_neighbours_count(&self) -> String {
[INFO] [stdout]     |            ^^^^^^^^^^^^^^^^^^^^^^
[INFO] [stdout] ...
[INFO] [stdout] 112 |     pub fn print_neighbours_positions(&self) -> String {
[INFO] [stdout]     |            ^^^^^^^^^^^^^^^^^^^^^^^^^^
[INFO] [stdout] 
[INFO] [stdout] 
[INFO] [stdout] warning: method `print_check` is never used
[INFO] [stdout]    --> src/smartpointers/universe.rs:100:8
[INFO] [stdout]     |
[INFO] [stdout] 26  | impl Universe {
[INFO] [stdout]     | ------------- method in this implementation
[INFO] [stdout] ...
[INFO] [stdout] 100 |     fn print_check(&self) -> Vec<String> {
[INFO] [stdout]     |        ^^^^^^^^^^^
[INFO] [stdout] 
[INFO] [stdout] 
[INFO] [stderr]     Finished `dev` profile [unoptimized + debuginfo] target(s) in 2.33s
[INFO] running `Command { std: "docker" "inspect" "31df67545629618ba86ae1559d6660d7f61f3eb4f1f084612e5ed75da76b87e7", kill_on_drop: false }`
[INFO] running `Command { std: "docker" "rm" "-f" "31df67545629618ba86ae1559d6660d7f61f3eb4f1f084612e5ed75da76b87e7", kill_on_drop: false }`
[INFO] [stdout] 31df67545629618ba86ae1559d6660d7f61f3eb4f1f084612e5ed75da76b87e7
[INFO] running `Command { std: "docker" "create" "-v" "/var/lib/crater-agent-workspace/builds/worker-0-tc2/target:/opt/rustwide/target:rw,Z" "-v" "/var/lib/crater-agent-workspace/builds/worker-0-tc2/source:/opt/rustwide/workdir:ro,Z" "-v" "/var/lib/crater-agent-workspace/cargo-home:/opt/rustwide/cargo-home:ro,Z" "-v" "/var/lib/crater-agent-workspace/rustup-home:/opt/rustwide/rustup-home:ro,Z" "-e" "SOURCE_DIR=/opt/rustwide/workdir" "-e" "CARGO_TARGET_DIR=/opt/rustwide/target" "-e" "CARGO_INCREMENTAL=0" "-e" "RUST_BACKTRACE=full" "-e" "RUSTFLAGS=--cap-lints=forbid -Zrandomize-layout" "-e" "RUSTDOCFLAGS=--cap-lints=forbid" "-e" "CARGO_HOME=/opt/rustwide/cargo-home" "-e" "RUSTUP_HOME=/opt/rustwide/rustup-home" "-w" "/opt/rustwide/workdir" "-m" "1610612736" "--user" "0:0" "--network" "none" "ghcr.io/rust-lang/crates-build-env/linux@sha256:819108c5571ea2e421544af4d832f968d213c87fbe3707a016657f43d2f853bc" "/opt/rustwide/cargo-home/bin/cargo" "+nightly-2025-01-18" "test" "--frozen" "--no-run" "--message-format=json", kill_on_drop: false }`
[INFO] [stdout] 3158cedb8e57ae8a5b0b1f77afb5a6c24d9feffe3c39577e37306e41794214dc
[INFO] running `Command { std: "docker" "start" "-a" "3158cedb8e57ae8a5b0b1f77afb5a6c24d9feffe3c39577e37306e41794214dc", kill_on_drop: false }`
[INFO] [stderr]    Compiling kata-game-of-life-rs v0.1.0 (/opt/rustwide/workdir)
[INFO] [stdout] warning: variable does not need to be mutable
[INFO] [stdout]    --> src/nopointer/universe.rs:261:21
[INFO] [stdout]     |
[INFO] [stdout] 261 |                 let mut cell = match states.get(y) {
[INFO] [stdout]     |                     ----^^^^
[INFO] [stdout]     |                     |
[INFO] [stdout]     |                     help: remove this `mut`
[INFO] [stdout]     |
[INFO] [stdout]     = note: `#[warn(unused_mut)]` on by default
[INFO] [stdout] 
[INFO] [stdout] 
[INFO] [stdout] warning: unused variable: `x`
[INFO] [stdout]    --> src/nopointer/universe.rs:438:13
[INFO] [stdout]     |
[INFO] [stdout] 438 |         for x in 0..=number_of_ticks {
[INFO] [stdout]     |             ^ help: if this is intentional, prefix it with an underscore: `_x`
[INFO] [stdout]     |
[INFO] [stdout]     = note: `#[warn(unused_variables)]` on by default
[INFO] [stdout] 
[INFO] [stdout] 
[INFO] [stdout] warning: unused variable: `cell`
[INFO] [stdout]    --> src/smartpointers/cell.rs:115:20
[INFO] [stdout]     |
[INFO] [stdout] 115 |             .map(|(cell, position)| position.print())
[INFO] [stdout]     |                    ^^^^ help: if this is intentional, prefix it with an underscore: `_cell`
[INFO] [stdout] 
[INFO] [stdout] 
[INFO] [stdout] warning: unused variable: `x`
[INFO] [stdout]    --> src/smartpointers/universe.rs:285:13
[INFO] [stdout]     |
[INFO] [stdout] 285 |         for x in 0..=number_of_ticks {
[INFO] [stdout]     |             ^ help: if this is intentional, prefix it with an underscore: `_x`
[INFO] [stdout] 
[INFO] [stdout] 
[INFO] [stdout] warning: method `is_dead` is never used
[INFO] [stdout]   --> src/smartpointers/cell.rs:22:12
[INFO] [stdout]    |
[INFO] [stdout] 14 | impl Cell {
[INFO] [stdout]    | --------- method in this implementation
[INFO] [stdout] ...
[INFO] [stdout] 22 |     pub fn is_dead(&self) -> bool {
[INFO] [stdout]    |            ^^^^^^^
[INFO] [stdout]    |
[INFO] [stdout]    = note: `#[warn(dead_code)]` on by default
[INFO] [stdout] 
[INFO] [stdout] 
[INFO] [stderr]     Finished `test` profile [unoptimized + debuginfo] target(s) in 0.49s
[INFO] running `Command { std: "docker" "inspect" "3158cedb8e57ae8a5b0b1f77afb5a6c24d9feffe3c39577e37306e41794214dc", kill_on_drop: false }`
[INFO] running `Command { std: "docker" "rm" "-f" "3158cedb8e57ae8a5b0b1f77afb5a6c24d9feffe3c39577e37306e41794214dc", kill_on_drop: false }`
[INFO] [stdout] 3158cedb8e57ae8a5b0b1f77afb5a6c24d9feffe3c39577e37306e41794214dc
[INFO] running `Command { std: "docker" "create" "-v" "/var/lib/crater-agent-workspace/builds/worker-0-tc2/target:/opt/rustwide/target:rw,Z" "-v" "/var/lib/crater-agent-workspace/builds/worker-0-tc2/source:/opt/rustwide/workdir:ro,Z" "-v" "/var/lib/crater-agent-workspace/cargo-home:/opt/rustwide/cargo-home:ro,Z" "-v" "/var/lib/crater-agent-workspace/rustup-home:/opt/rustwide/rustup-home:ro,Z" "-e" "SOURCE_DIR=/opt/rustwide/workdir" "-e" "CARGO_TARGET_DIR=/opt/rustwide/target" "-e" "CARGO_INCREMENTAL=0" "-e" "RUST_BACKTRACE=full" "-e" "RUSTFLAGS=--cap-lints=forbid -Zrandomize-layout" "-e" "RUSTDOCFLAGS=--cap-lints=forbid" "-e" "CARGO_HOME=/opt/rustwide/cargo-home" "-e" "RUSTUP_HOME=/opt/rustwide/rustup-home" "-w" "/opt/rustwide/workdir" "-m" "1610612736" "--user" "0:0" "--network" "none" "ghcr.io/rust-lang/crates-build-env/linux@sha256:819108c5571ea2e421544af4d832f968d213c87fbe3707a016657f43d2f853bc" "/opt/rustwide/cargo-home/bin/cargo" "+nightly-2025-01-18" "test" "--frozen", kill_on_drop: false }`
[INFO] [stdout] e855a13b2560349677ec569a7e1b082019d6d232101b69a256b84d2d2b17670b
[INFO] running `Command { std: "docker" "start" "-a" "e855a13b2560349677ec569a7e1b082019d6d232101b69a256b84d2d2b17670b", kill_on_drop: false }`
[INFO] [stderr] warning: variable does not need to be mutable
[INFO] [stderr]    --> src/nopointer/universe.rs:261:21
[INFO] [stderr]     |
[INFO] [stderr] 261 |                 let mut cell = match states.get(y) {
[INFO] [stderr]     |                     ----^^^^
[INFO] [stderr]     |                     |
[INFO] [stderr]     |                     help: remove this `mut`
[INFO] [stderr]     |
[INFO] [stderr]     = note: `#[warn(unused_mut)]` on by default
[INFO] [stderr] 
[INFO] [stderr] warning: unused variable: `x`
[INFO] [stderr]    --> src/nopointer/universe.rs:438:13
[INFO] [stderr]     |
[INFO] [stderr] 438 |         for x in 0..=number_of_ticks {
[INFO] [stderr]     |             ^ help: if this is intentional, prefix it with an underscore: `_x`
[INFO] [stderr]     |
[INFO] [stderr]     = note: `#[warn(unused_variables)]` on by default
[INFO] [stderr] 
[INFO] [stderr] warning: unused variable: `cell`
[INFO] [stderr]    --> src/smartpointers/cell.rs:115:20
[INFO] [stderr]     |
[INFO] [stderr] 115 |             .map(|(cell, position)| position.print())
[INFO] [stderr]     |                    ^^^^ help: if this is intentional, prefix it with an underscore: `_cell`
[INFO] [stderr] 
[INFO] [stderr] warning: unused variable: `x`
[INFO] [stderr]    --> src/smartpointers/universe.rs:285:13
[INFO] [stderr]     |
[INFO] [stderr] 285 |         for x in 0..=number_of_ticks {
[INFO] [stderr]     |             ^ help: if this is intentional, prefix it with an underscore: `_x`
[INFO] [stderr] 
[INFO] [stderr] warning: method `is_dead` is never used
[INFO] [stderr]   --> src/smartpointers/cell.rs:22:12
[INFO] [stderr]    |
[INFO] [stderr] 14 | impl Cell {
[INFO] [stderr]    | --------- method in this implementation
[INFO] [stderr] ...
[INFO] [stderr] 22 |     pub fn is_dead(&self) -> bool {
[INFO] [stderr]    |            ^^^^^^^
[INFO] [stderr]    |
[INFO] [stderr]    = note: `#[warn(dead_code)]` on by default
[INFO] [stderr] 
[INFO] [stderr] warning: `kata-game-of-life-rs` (bin "kata-game-of-life-rs" test) generated 5 warnings (run `cargo fix --bin "kata-game-of-life-rs" --tests` to apply 1 suggestion)
[INFO] [stderr]     Finished `test` profile [unoptimized + debuginfo] target(s) in 0.01s
[INFO] [stderr]      Running unittests src/main.rs (/opt/rustwide/target/debug/deps/kata_game_of_life_rs-d48380c6da7b69a7)
[INFO] [stdout] 
[INFO] [stdout] running 34 tests
[INFO] [stdout] test nopointer::cell::cell_tests::should_return_true_when_is_alive ... ok
[INFO] [stdout] test nopointer::cell::cell_tests::should_return_true_when_is_dead ... ok
[INFO] [stdout] test nopointer::universe::universe_tests::game_rules::should_be_alive_when_have_two_or_three_neighbours_alive_at_next_tick ... ok
[INFO] [stdout] test nopointer::universe::universe_tests::game_rules::should_be_alive_when_three_live_neighbours_alive_at_next_tick ... ok
[INFO] [stdout] test nopointer::universe::universe_tests::game_rules::should_be_dead_when_more_then_three_neighbours_alive_at_next_tick ... ok
[INFO] [stdout] test nopointer::universe::universe_tests::game_rules::should_be_dead_when_have_one_neighbour_alive_at_next_tick ... ok
[INFO] [stdout] test nopointer::universe::universe_tests::should_be_able_to_generate_a_linear_universe_of_two_cells ... ok
[INFO] [stdout] test nopointer::universe::universe_tests::should_be_able_to_generate_a_linear_universe_of_two_cells_and_tick ... ok
[INFO] [stdout] test nopointer::universe::universe_tests::should_be_able_to_generate_a_linear_universe_of_three_cells_with_random_state ... ok
[INFO] [stdout] test nopointer::universe::universe_tests::should_be_able_to_generate_a_monocellular_universe ... ok
[INFO] [stdout] test nopointer::universe::universe_tests::should_be_able_to_generate_a_square_universe_of_three_cells_with_predefined_states ... ok
[INFO] [stdout] test nopointer::universe::universe_tests::should_be_able_to_generate_a_square_universe_of_three_cells ... ok
[INFO] [stdout] test nopointer::universe::universe_tests::should_be_able_to_generate_a_square_universe_of_three_cells_with_predefined_states_str ... ok
[INFO] [stdout] test nopointer::universe::universe_tests::should_be_able_to_generate_a_square_universe_of_two_cells ... ok
[INFO] [stdout] test nopointer::universe::universe_tests::should_be_able_to_generate_a_vertical_universe_of_three_cells_with_random_state ... ok
[INFO] [stdout] test nopointer::universe::universe_tests::should_get_neighbours_states ... ok
[INFO] [stdout] test smartpointers::cell::cell_tests::game_rules::should_be_alive_when_have_two_or_three_neighbours_alive_at_next_tick ... ok
[INFO] [stdout] test smartpointers::cell::cell_tests::game_rules::should_be_dead_when_have_one_neighbour_alive_at_next_tick ... ok
[INFO] [stdout] test smartpointers::cell::cell_tests::should_add_neighbour_to_cell ... ok
[INFO] [stdout] test smartpointers::cell::cell_tests::should_be_alive_at_next_tick_when_alive ... ok
[INFO] [stdout] test smartpointers::cell::cell_tests::game_rules::should_be_alive_when_three_live_neighbours_alive_at_next_tick ... ok
[INFO] [stdout] test smartpointers::cell::cell_tests::game_rules::should_be_dead_when_more_then_three_neighbours_alive_at_next_tick ... ok
[INFO] [stdout] test smartpointers::universe::universe_tests::should_be_able_to_generate_a_linear_universe_of_three_cells_with_random_state ... ok
[INFO] [stdout] test smartpointers::universe::universe_tests::should_be_able_to_generate_a_linear_universe_of_two_cells_and_tick ... ok
[INFO] [stdout] test smartpointers::cell::cell_tests::should_not_be_able_to_add_two_neighbours_at_same_position ... ok
[INFO] [stdout] test smartpointers::universe::universe_tests::should_be_able_to_generate_a_square_universe_of_two_cells ... ok
[INFO] [stdout] test smartpointers::universe::universe_tests::should_be_able_to_generate_a_vertical_universe_of_two_cells ... ok
[INFO] [stdout] test smartpointers::universe::universe_tests::should_be_able_to_generate_a_vertical_universe_of_three_cells_with_random_state ... ok
[INFO] [stdout] test smartpointers::universe::universe_tests::should_be_able_to_generate_a_monocellular_universe ... ok
[INFO] [stdout] test smartpointers::universe::universe_tests::should_be_able_to_generate_a_linear_universe_of_two_cells ... ok
[INFO] [stdout] test smartpointers::universe::universe_tests::should_be_able_to_generate_a_square_universe_of_three_cells ... ok
[INFO] [stdout] test nopointer::universe::universe_tests::should_multiple_ticks ... ok
[INFO] [stdout] test smartpointers::universe::universe_tests::should_multiple_ticks ... ok
[INFO] [stdout] test nopointer::universe::universe_tests::should_be_able_to_generate_a_vertical_universe_of_two_cells ... FAILED
[INFO] [stdout] 
[INFO] [stdout] failures:
[INFO] [stdout] 
[INFO] [stdout] ---- nopointer::universe::universe_tests::should_be_able_to_generate_a_vertical_universe_of_two_cells stdout ----
[INFO] [stdout] "x"
[INFO] [stdout] "o"
[INFO] [stdout] 
[INFO] [stdout] thread 'nopointer::universe::universe_tests::should_be_able_to_generate_a_vertical_universe_of_two_cells' panicked at src/nopointer/universe.rs:322:9:
[INFO] [stdout] assertion `left == right` failed
[INFO] [stdout]   left: "(00)(1:,S)"
[INFO] [stdout]  right: "(00)(1:S)"
[INFO] [stdout] stack backtrace:
[INFO] [stdout]    0:     0x62d005c9334a - std::backtrace_rs::backtrace::libunwind::trace::hb059275cfc8d6126
[INFO] [stdout]                                at /rustc/6067b36314ab5eb2eb47cecc464545ba58e1ad24/library/std/src/../../backtrace/src/backtrace/libunwind.rs:116:5
[INFO] [stdout]    1:     0x62d005c9334a - std::backtrace_rs::backtrace::trace_unsynchronized::h2da071e4327ce3ee
[INFO] [stdout]                                at /rustc/6067b36314ab5eb2eb47cecc464545ba58e1ad24/library/std/src/../../backtrace/src/backtrace/mod.rs:66:5
[INFO] [stdout]    2:     0x62d005c9334a - std::sys::backtrace::_print_fmt::h842a1474e6f8d23f
[INFO] [stdout]                                at /rustc/6067b36314ab5eb2eb47cecc464545ba58e1ad24/library/std/src/sys/backtrace.rs:66:9
[INFO] [stdout]    3:     0x62d005c9334a - <std::sys::backtrace::BacktraceLock::print::DisplayBacktrace as core::fmt::Display>::fmt::h71a62eb3b9696b12
[INFO] [stdout]                                at /rustc/6067b36314ab5eb2eb47cecc464545ba58e1ad24/library/std/src/sys/backtrace.rs:39:26
[INFO] [stdout]    4:     0x62d005cbb073 - core::fmt::rt::Argument::fmt::hdb6b616786b41dc1
[INFO] [stdout]                                at /rustc/6067b36314ab5eb2eb47cecc464545ba58e1ad24/library/core/src/fmt/rt.rs:177:76
[INFO] [stdout]    5:     0x62d005cbb073 - core::fmt::write::h2cc1698af7e2d686
[INFO] [stdout]                                at /rustc/6067b36314ab5eb2eb47cecc464545ba58e1ad24/library/core/src/fmt/mod.rs:1440:21
[INFO] [stdout]    6:     0x62d005c8fea3 - std::io::Write::write_fmt::hab1b4cd059a79022
[INFO] [stdout]                                at /rustc/6067b36314ab5eb2eb47cecc464545ba58e1ad24/library/std/src/io/mod.rs:1887:15
[INFO] [stdout]    7:     0x62d005c93192 - std::sys::backtrace::BacktraceLock::print::h147fe35b4ea13b08
[INFO] [stdout]                                at /rustc/6067b36314ab5eb2eb47cecc464545ba58e1ad24/library/std/src/sys/backtrace.rs:42:9
[INFO] [stdout]    8:     0x62d005c9476f - std::panicking::default_hook::{{closure}}::hbd44223dbdc0d208
[INFO] [stdout]                                at /rustc/6067b36314ab5eb2eb47cecc464545ba58e1ad24/library/std/src/panicking.rs:298:22
[INFO] [stdout]    9:     0x62d005c94588 - std::panicking::default_hook::h20f81eb0576efcec
[INFO] [stdout]                                at /rustc/6067b36314ab5eb2eb47cecc464545ba58e1ad24/library/std/src/panicking.rs:322:9
[INFO] [stdout]   10:     0x62d005c249e3 - <alloc::boxed::Box<F,A> as core::ops::function::Fn<Args>>::call::hdb53814c496a4d34
[INFO] [stdout]                                at /rustc/6067b36314ab5eb2eb47cecc464545ba58e1ad24/library/alloc/src/boxed.rs:2027:9
[INFO] [stdout]   11:     0x62d005c249e3 - test::test_main::{{closure}}::hc0a4963c59427c24
[INFO] [stdout]                                at /rustc/6067b36314ab5eb2eb47cecc464545ba58e1ad24/library/test/src/lib.rs:134:21
[INFO] [stdout]   12:     0x62d005c95263 - <alloc::boxed::Box<F,A> as core::ops::function::Fn<Args>>::call::h591b2225413a77e9
[INFO] [stdout]                                at /rustc/6067b36314ab5eb2eb47cecc464545ba58e1ad24/library/alloc/src/boxed.rs:2027:9
[INFO] [stdout]   13:     0x62d005c95263 - std::panicking::rust_panic_with_hook::h625eea43051b2edc
[INFO] [stdout]                                at /rustc/6067b36314ab5eb2eb47cecc464545ba58e1ad24/library/std/src/panicking.rs:839:13
[INFO] [stdout]   14:     0x62d005c94f1a - std::panicking::begin_panic_handler::{{closure}}::h4f9159cfbc3f6bd3
[INFO] [stdout]                                at /rustc/6067b36314ab5eb2eb47cecc464545ba58e1ad24/library/std/src/panicking.rs:704:13
[INFO] [stdout]   15:     0x62d005c93849 - std::sys::backtrace::__rust_end_short_backtrace::h0390abce48353151
[INFO] [stdout]                                at /rustc/6067b36314ab5eb2eb47cecc464545ba58e1ad24/library/std/src/sys/backtrace.rs:168:18
[INFO] [stdout]   16:     0x62d005c94bad - rust_begin_unwind
[INFO] [stdout]                                at /rustc/6067b36314ab5eb2eb47cecc464545ba58e1ad24/library/std/src/panicking.rs:695:5
[INFO] [stdout]   17:     0x62d005cb9a50 - core::panicking::panic_fmt::h9e7c637e9e5f29c9
[INFO] [stdout]                                at /rustc/6067b36314ab5eb2eb47cecc464545ba58e1ad24/library/core/src/panicking.rs:75:14
[INFO] [stdout]   18:     0x62d005cb9e42 - core::panicking::assert_failed_inner::h538bec7c1374cd9c
[INFO] [stdout]   19:     0x62d005be560f - core::panicking::assert_failed::h5a355019f28cbce3
[INFO] [stdout]                                at /rustc/6067b36314ab5eb2eb47cecc464545ba58e1ad24/library/core/src/panicking.rs:364:5
[INFO] [stdout]   20:     0x62d005be0491 - kata_game_of_life_rs::nopointer::universe::universe_tests::should_be_able_to_generate_a_vertical_universe_of_two_cells::hb5748ef0e6747dd2
[INFO] [stdout]                                at /opt/rustwide/workdir/src/nopointer/universe.rs:322:9
[INFO] [stdout]   21:     0x62d005be0377 - kata_game_of_life_rs::nopointer::universe::universe_tests::should_be_able_to_generate_a_vertical_universe_of_two_cells::{{closure}}::h218fe73131682777
[INFO] [stdout]                                at /opt/rustwide/workdir/src/nopointer/universe.rs:317:69
[INFO] [stdout]   22:     0x62d005bda186 - core::ops::function::FnOnce::call_once::hd7539859acf1849a
[INFO] [stdout]                                at /rustc/6067b36314ab5eb2eb47cecc464545ba58e1ad24/library/core/src/ops/function.rs:250:5
[INFO] [stdout]   23:     0x62d005c2a13b - core::ops::function::FnOnce::call_once::he27718dfdd183f43
[INFO] [stdout]                                at /rustc/6067b36314ab5eb2eb47cecc464545ba58e1ad24/library/core/src/ops/function.rs:250:5
[INFO] [stdout]   24:     0x62d005c2a13b - test::__rust_begin_short_backtrace::h4e84902998457a5d
[INFO] [stdout]                                at /rustc/6067b36314ab5eb2eb47cecc464545ba58e1ad24/library/test/src/lib.rs:632:18
[INFO] [stdout]   25:     0x62d005c29073 - test::run_test_in_process::{{closure}}::h7176fd18fc1feca0
[INFO] [stdout]                                at /rustc/6067b36314ab5eb2eb47cecc464545ba58e1ad24/library/test/src/lib.rs:655:60
[INFO] [stdout]   26:     0x62d005c29073 - <core::panic::unwind_safe::AssertUnwindSafe<F> as core::ops::function::FnOnce<()>>::call_once::hf79cff2a624d8cf7
[INFO] [stdout]                                at /rustc/6067b36314ab5eb2eb47cecc464545ba58e1ad24/library/core/src/panic/unwind_safe.rs:272:9
[INFO] [stdout]   27:     0x62d005c29073 - std::panicking::try::do_call::h3da0561d9ab99c25
[INFO] [stdout]                                at /rustc/6067b36314ab5eb2eb47cecc464545ba58e1ad24/library/std/src/panicking.rs:587:40
[INFO] [stdout]   28:     0x62d005c29073 - std::panicking::try::h41c9fa508bc61df6
[INFO] [stdout]                                at /rustc/6067b36314ab5eb2eb47cecc464545ba58e1ad24/library/std/src/panicking.rs:550:19
[INFO] [stdout]   29:     0x62d005c29073 - std::panic::catch_unwind::h6b3ff07bb5afad93
[INFO] [stdout]                                at /rustc/6067b36314ab5eb2eb47cecc464545ba58e1ad24/library/std/src/panic.rs:358:14
[INFO] [stdout]   30:     0x62d005c29073 - test::run_test_in_process::hc7253dd11b39b9f4
[INFO] [stdout]                                at /rustc/6067b36314ab5eb2eb47cecc464545ba58e1ad24/library/test/src/lib.rs:655:27
[INFO] [stdout]   31:     0x62d005c29073 - test::run_test::{{closure}}::hfb2007f8649c30bb
[INFO] [stdout]                                at /rustc/6067b36314ab5eb2eb47cecc464545ba58e1ad24/library/test/src/lib.rs:576:43
[INFO] [stdout]   32:     0x62d005bec155 - test::run_test::{{closure}}::h56a17aa7a282a9f4
[INFO] [stdout]                                at /rustc/6067b36314ab5eb2eb47cecc464545ba58e1ad24/library/test/src/lib.rs:606:41
[INFO] [stdout]   33:     0x62d005bec155 - std::sys::backtrace::__rust_begin_short_backtrace::hd2d2d2fb8e8c6aac
[INFO] [stdout]                                at /rustc/6067b36314ab5eb2eb47cecc464545ba58e1ad24/library/std/src/sys/backtrace.rs:152:18
[INFO] [stdout]   34:     0x62d005befa3a - std::thread::Builder::spawn_unchecked_::{{closure}}::{{closure}}::h4faa3f9db6133423
[INFO] [stdout]                                at /rustc/6067b36314ab5eb2eb47cecc464545ba58e1ad24/library/std/src/thread/mod.rs:559:17
[INFO] [stdout]   35:     0x62d005befa3a - <core::panic::unwind_safe::AssertUnwindSafe<F> as core::ops::function::FnOnce<()>>::call_once::hf2e855a36a4ea846
[INFO] [stdout]                                at /rustc/6067b36314ab5eb2eb47cecc464545ba58e1ad24/library/core/src/panic/unwind_safe.rs:272:9
[INFO] [stdout]   36:     0x62d005befa3a - std::panicking::try::do_call::h2f73af3616c35465
[INFO] [stdout]                                at /rustc/6067b36314ab5eb2eb47cecc464545ba58e1ad24/library/std/src/panicking.rs:587:40
[INFO] [stdout]   37:     0x62d005befa3a - std::panicking::try::hd1660ce9efadef5a
[INFO] [stdout]                                at /rustc/6067b36314ab5eb2eb47cecc464545ba58e1ad24/library/std/src/panicking.rs:550:19
[INFO] [stdout]   38:     0x62d005befa3a - std::panic::catch_unwind::h5ee8d7823b8ca744
[INFO] [stdout]                                at /rustc/6067b36314ab5eb2eb47cecc464545ba58e1ad24/library/std/src/panic.rs:358:14
[INFO] [stdout]   39:     0x62d005befa3a - std::thread::Builder::spawn_unchecked_::{{closure}}::h53c3a1894dce8407
[INFO] [stdout]                                at /rustc/6067b36314ab5eb2eb47cecc464545ba58e1ad24/library/std/src/thread/mod.rs:557:30
[INFO] [stdout]   40:     0x62d005befa3a - core::ops::function::FnOnce::call_once{{vtable.shim}}::h048ce291ad4f62bf
[INFO] [stdout]                                at /rustc/6067b36314ab5eb2eb47cecc464545ba58e1ad24/library/core/src/ops/function.rs:250:5
[INFO] [stdout]   41:     0x62d005c9919b - <alloc::boxed::Box<F,A> as core::ops::function::FnOnce<Args>>::call_once::ha52bedf99a3b4981
[INFO] [stdout]                                at /rustc/6067b36314ab5eb2eb47cecc464545ba58e1ad24/library/alloc/src/boxed.rs:2013:9
[INFO] [stdout]   42:     0x62d005c9919b - <alloc::boxed::Box<F,A> as core::ops::function::FnOnce<Args>>::call_once::h567748934d80ccf8
[INFO] [stdout]                                at /rustc/6067b36314ab5eb2eb47cecc464545ba58e1ad24/library/alloc/src/boxed.rs:2013:9
[INFO] [stdout]   43:     0x62d005c9919b - std::sys::pal::unix::thread::Thread::new::thread_start::h2d970728ae887adc
[INFO] [stdout]                                at /rustc/6067b36314ab5eb2eb47cecc464545ba58e1ad24/library/std/src/sys/pal/unix/thread.rs:106:17
[INFO] [stdout]   44:     0x7f5b554a9ac3 - <unknown>
[INFO] [stdout]   45:     0x7f5b5553aa04 - clone
[INFO] [stdout]   46:                0x0 - <unknown>
[INFO] [stdout] 
[INFO] [stdout] 
[INFO] [stdout] failures:
[INFO] [stdout]     nopointer::universe::universe_tests::should_be_able_to_generate_a_vertical_universe_of_two_cells
[INFO] [stdout] 
[INFO] [stdout] test result: FAILED. 33 passed; 1 failed; 0 ignored; 0 measured; 0 filtered out; finished in 0.02s
[INFO] [stdout] 
[INFO] [stderr] error: test failed, to rerun pass `--bin kata-game-of-life-rs`
[INFO] running `Command { std: "docker" "inspect" "e855a13b2560349677ec569a7e1b082019d6d232101b69a256b84d2d2b17670b", kill_on_drop: false }`
[INFO] running `Command { std: "docker" "rm" "-f" "e855a13b2560349677ec569a7e1b082019d6d232101b69a256b84d2d2b17670b", kill_on_drop: false }`
[INFO] [stdout] e855a13b2560349677ec569a7e1b082019d6d232101b69a256b84d2d2b17670b
