[INFO] cloning repository https://github.com/CrispinStichart/email-liberator
[INFO] running `Command { std: "git" "-c" "credential.helper=" "-c" "credential.helper=/workspace/cargo-home/bin/git-credential-null" "clone" "--bare" "https://github.com/CrispinStichart/email-liberator" "/workspace/cache/git-repos/https%3A%2F%2Fgithub.com%2FCrispinStichart%2Femail-liberator", kill_on_drop: false }`
[INFO] [stderr] Cloning into bare repository '/workspace/cache/git-repos/https%3A%2F%2Fgithub.com%2FCrispinStichart%2Femail-liberator'...
[INFO] running `Command { std: "git" "rev-parse" "HEAD", kill_on_drop: false }`
[INFO] [stdout] 2c32d6e238e03a11242436100265f5258f7c9e8e
[INFO] testing CrispinStichart/email-liberator against nightly-2025-01-18+rustflags=-Zrandomize-layout for randomize-layout-2
[INFO] running `Command { std: "git" "clone" "/workspace/cache/git-repos/https%3A%2F%2Fgithub.com%2FCrispinStichart%2Femail-liberator" "/workspace/builds/worker-5-tc2/source", kill_on_drop: false }`
[INFO] [stderr] Cloning into '/workspace/builds/worker-5-tc2/source'...
[INFO] [stderr] done.
[INFO] validating manifest of git repo https://github.com/CrispinStichart/email-liberator on toolchain nightly-2025-01-18
[INFO] running `Command { std: CARGO_HOME="/workspace/cargo-home" RUSTUP_HOME="/workspace/rustup-home" "/workspace/cargo-home/bin/cargo" "+nightly-2025-01-18" "metadata" "--manifest-path" "Cargo.toml" "--no-deps", kill_on_drop: false }`
[INFO] started tweaking git repo https://github.com/CrispinStichart/email-liberator
[INFO] finished tweaking git repo https://github.com/CrispinStichart/email-liberator
[INFO] tweaked toml for git repo https://github.com/CrispinStichart/email-liberator written to /workspace/builds/worker-5-tc2/source/Cargo.toml
[INFO] crate git repo https://github.com/CrispinStichart/email-liberator already has a lockfile, it will not be regenerated
[INFO] running `Command { std: CARGO_HOME="/workspace/cargo-home" RUSTUP_HOME="/workspace/rustup-home" "/workspace/cargo-home/bin/cargo" "+nightly-2025-01-18" "fetch" "--manifest-path" "Cargo.toml", kill_on_drop: false }`
[INFO] [stderr]     Blocking waiting for file lock on package cache
[INFO] running `Command { std: "docker" "create" "-v" "/var/lib/crater-agent-workspace/builds/worker-5-tc2/target:/opt/rustwide/target:rw,Z" "-v" "/var/lib/crater-agent-workspace/builds/worker-5-tc2/source:/opt/rustwide/workdir:ro,Z" "-v" "/var/lib/crater-agent-workspace/cargo-home:/opt/rustwide/cargo-home:ro,Z" "-v" "/var/lib/crater-agent-workspace/rustup-home:/opt/rustwide/rustup-home:ro,Z" "-e" "SOURCE_DIR=/opt/rustwide/workdir" "-e" "CARGO_TARGET_DIR=/opt/rustwide/target" "-e" "CARGO_HOME=/opt/rustwide/cargo-home" "-e" "RUSTUP_HOME=/opt/rustwide/rustup-home" "-w" "/opt/rustwide/workdir" "-m" "1610612736" "--user" "0:0" "--network" "none" "ghcr.io/rust-lang/crates-build-env/linux@sha256:819108c5571ea2e421544af4d832f968d213c87fbe3707a016657f43d2f853bc" "/opt/rustwide/cargo-home/bin/cargo" "+nightly-2025-01-18" "metadata" "--no-deps" "--format-version=1", kill_on_drop: false }`
[INFO] [stdout] d73824d85e74c47b2b5cab6ee1dee961f60548d20945943b05041f72eda8ec72
[INFO] running `Command { std: "docker" "start" "-a" "d73824d85e74c47b2b5cab6ee1dee961f60548d20945943b05041f72eda8ec72", kill_on_drop: false }`
[INFO] running `Command { std: "docker" "inspect" "d73824d85e74c47b2b5cab6ee1dee961f60548d20945943b05041f72eda8ec72", kill_on_drop: false }`
[INFO] running `Command { std: "docker" "rm" "-f" "d73824d85e74c47b2b5cab6ee1dee961f60548d20945943b05041f72eda8ec72", kill_on_drop: false }`
[INFO] [stdout] d73824d85e74c47b2b5cab6ee1dee961f60548d20945943b05041f72eda8ec72
[INFO] running `Command { std: "docker" "create" "-v" "/var/lib/crater-agent-workspace/builds/worker-5-tc2/target:/opt/rustwide/target:rw,Z" "-v" "/var/lib/crater-agent-workspace/builds/worker-5-tc2/source:/opt/rustwide/workdir:ro,Z" "-v" "/var/lib/crater-agent-workspace/cargo-home:/opt/rustwide/cargo-home:ro,Z" "-v" "/var/lib/crater-agent-workspace/rustup-home:/opt/rustwide/rustup-home:ro,Z" "-e" "SOURCE_DIR=/opt/rustwide/workdir" "-e" "CARGO_TARGET_DIR=/opt/rustwide/target" "-e" "CARGO_INCREMENTAL=0" "-e" "RUST_BACKTRACE=full" "-e" "RUSTFLAGS=--cap-lints=forbid -Zrandomize-layout" "-e" "RUSTDOCFLAGS=--cap-lints=forbid" "-e" "CARGO_HOME=/opt/rustwide/cargo-home" "-e" "RUSTUP_HOME=/opt/rustwide/rustup-home" "-w" "/opt/rustwide/workdir" "-m" "1610612736" "--user" "0:0" "--network" "none" "ghcr.io/rust-lang/crates-build-env/linux@sha256:819108c5571ea2e421544af4d832f968d213c87fbe3707a016657f43d2f853bc" "/opt/rustwide/cargo-home/bin/cargo" "+nightly-2025-01-18" "build" "--frozen" "--message-format=json", kill_on_drop: false }`
[INFO] [stdout] 83547cff1e9bf72bd9752573a427b2d5c5c918e37a099ee5ea89ddf9dcd414b7
[INFO] running `Command { std: "docker" "start" "-a" "83547cff1e9bf72bd9752573a427b2d5c5c918e37a099ee5ea89ddf9dcd414b7", kill_on_drop: false }`
[INFO] [stderr]    Compiling autocfg v1.1.0
[INFO] [stderr]    Compiling libc v0.2.121
[INFO] [stderr]    Compiling proc-macro2 v1.0.36
[INFO] [stderr]    Compiling unicode-xid v0.2.2
[INFO] [stderr]    Compiling version_check v0.9.4
[INFO] [stderr]    Compiling syn v1.0.86
[INFO] [stderr]    Compiling memchr v2.4.1
[INFO] [stderr]    Compiling cfg-if v1.0.0
[INFO] [stderr]    Compiling rand_core v0.4.2
[INFO] [stderr]    Compiling pkg-config v0.3.24
[INFO] [stderr]    Compiling cc v1.0.73
[INFO] [stderr]    Compiling encoding_index_tests v0.1.4
[INFO] [stderr]    Compiling version_check v0.1.5
[INFO] [stderr]    Compiling bitflags v1.3.2
[INFO] [stderr]    Compiling serde_derive v1.0.136
[INFO] [stderr]    Compiling serde v1.0.136
[INFO] [stderr]    Compiling log v0.4.14
[INFO] [stderr]    Compiling openssl v0.10.38
[INFO] [stderr]    Compiling foreign-types-shared v0.1.1
[INFO] [stderr]    Compiling foreign-types v0.3.2
[INFO] [stderr]    Compiling byteorder v1.4.3
[INFO] [stderr]    Compiling autocfg v0.1.8
[INFO] [stderr]    Compiling native-tls v0.2.8
[INFO] [stderr]    Compiling once_cell v1.10.0
[INFO] [stderr]    Compiling openssl-probe v0.1.5
[INFO] [stderr]    Compiling serde_json v1.0.79
[INFO] [stderr]    Compiling proc-macro-error-attr v1.0.4
[INFO] [stderr]    Compiling proc-macro-error v1.0.4
[INFO] [stderr]    Compiling nom v7.1.0
[INFO] [stderr]    Compiling encoding_rs v0.8.30
[INFO] [stderr]    Compiling num-traits v0.2.14
[INFO] [stderr]    Compiling num-integer v0.1.44
[INFO] [stderr]    Compiling rand_core v0.3.1
[INFO] [stderr]    Compiling rand_pcg v0.1.2
[INFO] [stderr]    Compiling rand_chacha v0.1.1
[INFO] [stderr]    Compiling memoffset v0.6.5
[INFO] [stderr]    Compiling nom v4.2.3
[INFO] [stderr]    Compiling rand v0.6.5
[INFO] [stderr]    Compiling rand_xorshift v0.1.1
[INFO] [stderr]    Compiling rand_isaac v0.1.1
[INFO] [stderr]    Compiling rand_hc v0.1.0
[INFO] [stderr]    Compiling email v0.0.20
[INFO] [stderr]    Compiling rand_jitter v0.1.4
[INFO] [stderr]    Compiling indexmap v1.8.0
[INFO] [stderr]    Compiling encoding-index-tradchinese v1.20141219.5
[INFO] [stderr]    Compiling encoding-index-singlebyte v1.20141219.5
[INFO] [stderr]    Compiling encoding-index-simpchinese v1.20141219.5
[INFO] [stderr]    Compiling encoding-index-korean v1.20141219.5
[INFO] [stderr]    Compiling encoding-index-japanese v1.20141219.5
[INFO] [stderr]    Compiling bufstream v0.1.4
[INFO] [stderr]    Compiling ascii_utils v0.9.3
[INFO] [stderr]    Compiling ryu v1.0.9
[INFO] [stderr]    Compiling base64 v0.13.0
[INFO] [stderr]    Compiling safemem v0.3.3
[INFO] [stderr]    Compiling itoa v1.0.1
[INFO] [stderr]    Compiling Inflector v0.11.4
[INFO] [stderr]    Compiling minimal-lexical v0.2.1
[INFO] [stderr]    Compiling fast_chemail v0.9.6
[INFO] [stderr]    Compiling base64 v0.9.3
[INFO] [stderr]    Compiling encoding v0.2.33
[INFO] [stderr]    Compiling base64 v0.10.1
[INFO] [stderr]    Compiling aho-corasick v0.7.18
[INFO] [stderr]    Compiling regex-syntax v0.6.25
[INFO] [stderr]    Compiling stable_deref_trait v1.2.0
[INFO] [stderr]    Compiling heck v0.4.0
[INFO] [stderr]    Compiling quote v1.0.15
[INFO] [stderr]    Compiling hashbrown v0.11.2
[INFO] [stderr]    Compiling aliasable v0.1.3
[INFO] [stderr]    Compiling openssl-sys v0.9.72
[INFO] [stderr]    Compiling anyhow v1.0.56
[INFO] [stderr]    Compiling os_str_bytes v6.0.0
[INFO] [stderr]    Compiling textwrap v0.15.0
[INFO] [stderr]    Compiling quoted_printable v0.4.5
[INFO] [stderr]    Compiling time v0.1.44
[INFO] [stderr]    Compiling rand_os v0.1.3
[INFO] [stderr]    Compiling hostname v0.1.5
[INFO] [stderr]    Compiling rand v0.4.6
[INFO] [stderr]    Compiling nix v0.23.1
[INFO] [stderr]    Compiling atty v0.2.14
[INFO] [stderr]    Compiling mime v0.3.16
[INFO] [stderr]    Compiling chrono v0.4.19
[INFO] [stderr]    Compiling termcolor v1.1.3
[INFO] [stderr]    Compiling data-encoding v2.3.2
[INFO] [stderr]    Compiling strsim v0.10.0
[INFO] [stderr]    Compiling either v1.6.1
[INFO] [stderr]    Compiling which v4.2.4
[INFO] [stderr]    Compiling charset v0.1.3
[INFO] [stderr]    Compiling uuid v0.7.4
[INFO] [stderr]    Compiling mailparse v0.13.8
[INFO] [stderr]    Compiling regex v1.5.5
[INFO] [stderr]    Compiling imap-proto v0.15.0
[INFO] [stderr]    Compiling ouroboros_macro v0.14.2
[INFO] [stderr]    Compiling clap_derive v3.1.4
[INFO] [stderr]    Compiling ctrlc v3.2.1
[INFO] [stderr]    Compiling ouroboros v0.14.2
[INFO] [stderr]    Compiling imap v3.0.0-alpha.6
[INFO] [stderr]    Compiling clap v3.1.6
[INFO] [stderr]    Compiling toml v0.5.8
[INFO] [stderr]    Compiling lettre v0.9.6
[INFO] [stderr]    Compiling lettre_email v0.9.4
[INFO] [stderr]    Compiling mail_client v0.1.0 (/opt/rustwide/workdir)
[INFO] [stdout] warning: unused import: `anyhow::Result`
[INFO] [stdout]  --> src/action.rs:1:5
[INFO] [stdout]   |
[INFO] [stdout] 1 | use anyhow::Result;
[INFO] [stdout]   |     ^^^^^^^^^^^^^^
[INFO] [stdout]   |
[INFO] [stdout]   = note: `#[warn(unused_imports)]` on by default
[INFO] [stdout] 
[INFO] [stdout] 
[INFO] [stdout] warning: field `sections` is never read
[INFO] [stdout]   --> src/config.rs:40:5
[INFO] [stdout]    |
[INFO] [stdout] 39 | pub struct ImapOptions {
[INFO] [stdout]    |            ----------- field in this struct
[INFO] [stdout] 40 |     sections: Vec<Sections>,
[INFO] [stdout]    |     ^^^^^^^^
[INFO] [stdout]    |
[INFO] [stdout]    = note: `ImapOptions` has a derived impl for the trait `Debug`, but this is intentionally ignored during dead code analysis
[INFO] [stdout]    = note: `#[warn(dead_code)]` on by default
[INFO] [stdout] 
[INFO] [stdout] 
[INFO] [stderr]     Finished `dev` profile [unoptimized + debuginfo] target(s) in 44.64s
[INFO] [stderr] warning: the following packages contain code that will be rejected by a future version of Rust: nom v4.2.3
[INFO] [stderr] note: to see what the problems were, use the option `--future-incompat-report`, or run `cargo report future-incompatibilities --id 1`
[INFO] running `Command { std: "docker" "inspect" "83547cff1e9bf72bd9752573a427b2d5c5c918e37a099ee5ea89ddf9dcd414b7", kill_on_drop: false }`
[INFO] running `Command { std: "docker" "rm" "-f" "83547cff1e9bf72bd9752573a427b2d5c5c918e37a099ee5ea89ddf9dcd414b7", kill_on_drop: false }`
[INFO] [stdout] 83547cff1e9bf72bd9752573a427b2d5c5c918e37a099ee5ea89ddf9dcd414b7
[INFO] running `Command { std: "docker" "create" "-v" "/var/lib/crater-agent-workspace/builds/worker-5-tc2/target:/opt/rustwide/target:rw,Z" "-v" "/var/lib/crater-agent-workspace/builds/worker-5-tc2/source:/opt/rustwide/workdir:ro,Z" "-v" "/var/lib/crater-agent-workspace/cargo-home:/opt/rustwide/cargo-home:ro,Z" "-v" "/var/lib/crater-agent-workspace/rustup-home:/opt/rustwide/rustup-home:ro,Z" "-e" "SOURCE_DIR=/opt/rustwide/workdir" "-e" "CARGO_TARGET_DIR=/opt/rustwide/target" "-e" "CARGO_INCREMENTAL=0" "-e" "RUST_BACKTRACE=full" "-e" "RUSTFLAGS=--cap-lints=forbid -Zrandomize-layout" "-e" "RUSTDOCFLAGS=--cap-lints=forbid" "-e" "CARGO_HOME=/opt/rustwide/cargo-home" "-e" "RUSTUP_HOME=/opt/rustwide/rustup-home" "-w" "/opt/rustwide/workdir" "-m" "1610612736" "--user" "0:0" "--network" "none" "ghcr.io/rust-lang/crates-build-env/linux@sha256:819108c5571ea2e421544af4d832f968d213c87fbe3707a016657f43d2f853bc" "/opt/rustwide/cargo-home/bin/cargo" "+nightly-2025-01-18" "test" "--frozen" "--no-run" "--message-format=json", kill_on_drop: false }`
[INFO] [stdout] 9ac9f8a1feae6e8d7bb82e26d5688fe81db4771ee349c670b5aa7cf5c1e48d9d
[INFO] running `Command { std: "docker" "start" "-a" "9ac9f8a1feae6e8d7bb82e26d5688fe81db4771ee349c670b5aa7cf5c1e48d9d", kill_on_drop: false }`
[INFO] [stderr]    Compiling predicates-core v1.0.3
[INFO] [stderr]    Compiling doc-comment v0.3.3
[INFO] [stderr]    Compiling itertools v0.10.3
[INFO] [stderr]    Compiling termtree v0.2.4
[INFO] [stderr]    Compiling difflib v0.4.0
[INFO] [stderr]    Compiling regex-automata v0.1.10
[INFO] [stderr]    Compiling getrandom v0.2.5
[INFO] [stderr]    Compiling os_pipe v0.9.2
[INFO] [stderr]    Compiling wait-timeout v0.2.0
[INFO] [stderr]    Compiling shared_child v0.3.5
[INFO] [stdout] warning: unused import: `anyhow::Result`
[INFO] [stdout]  --> src/action.rs:1:5
[INFO] [stdout]   |
[INFO] [stdout] 1 | use anyhow::Result;
[INFO] [stdout]   |     ^^^^^^^^^^^^^^
[INFO] [stdout]   |
[INFO] [stdout]   = note: `#[warn(unused_imports)]` on by default
[INFO] [stdout] 
[INFO] [stdout] 
[INFO] [stdout] warning: field `sections` is never read
[INFO] [stdout]   --> src/config.rs:40:5
[INFO] [stdout]    |
[INFO] [stdout] 39 | pub struct ImapOptions {
[INFO] [stdout]    |            ----------- field in this struct
[INFO] [stdout] 40 |     sections: Vec<Sections>,
[INFO] [stdout]    |     ^^^^^^^^
[INFO] [stdout]    |
[INFO] [stdout]    = note: `ImapOptions` has a derived impl for the trait `Debug`, but this is intentionally ignored during dead code analysis
[INFO] [stdout]    = note: `#[warn(dead_code)]` on by default
[INFO] [stdout] 
[INFO] [stdout] 
[INFO] [stderr]    Compiling bstr v0.2.17
[INFO] [stderr]    Compiling predicates-tree v1.0.5
[INFO] [stderr]    Compiling uuid v0.8.2
[INFO] [stderr]    Compiling duct v0.13.5
[INFO] [stderr]    Compiling predicates v2.1.1
[INFO] [stderr]    Compiling assert_cmd v2.0.4
[INFO] [stderr]    Compiling mail_client v0.1.0 (/opt/rustwide/workdir)
[INFO] [stdout] warning: unused import: `utils::*`
[INFO] [stdout]  --> tests/pipeline_test.rs:3:5
[INFO] [stdout]   |
[INFO] [stdout] 3 | use utils::*;
[INFO] [stdout]   |     ^^^^^^^^
[INFO] [stdout]   |
[INFO] [stdout]   = note: `#[warn(unused_imports)]` on by default
[INFO] [stdout] 
[INFO] [stdout] 
[INFO] [stdout] warning: unused import: `std::thread::sleep`
[INFO] [stdout]  --> tests/test_execute.rs:5:5
[INFO] [stdout]   |
[INFO] [stdout] 5 | use std::thread::sleep;
[INFO] [stdout]   |     ^^^^^^^^^^^^^^^^^^
[INFO] [stdout]   |
[INFO] [stdout]   = note: `#[warn(unused_imports)]` on by default
[INFO] [stdout] 
[INFO] [stdout] 
[INFO] [stdout] warning: unused import: `std::time::Duration`
[INFO] [stdout]  --> tests/test_execute.rs:6:5
[INFO] [stdout]   |
[INFO] [stdout] 6 | use std::time::Duration;
[INFO] [stdout]   |     ^^^^^^^^^^^^^^^^^^^
[INFO] [stdout] 
[INFO] [stdout] 
[INFO] [stdout] warning: field `sections` is never read
[INFO] [stdout]   --> src/config.rs:40:5
[INFO] [stdout]    |
[INFO] [stdout] 39 | pub struct ImapOptions {
[INFO] [stdout]    |            ----------- field in this struct
[INFO] [stdout] 40 |     sections: Vec<Sections>,
[INFO] [stdout]    |     ^^^^^^^^
[INFO] [stdout]    |
[INFO] [stdout]    = note: `ImapOptions` has a derived impl for the trait `Debug`, but this is intentionally ignored during dead code analysis
[INFO] [stdout]    = note: `#[warn(dead_code)]` on by default
[INFO] [stdout] 
[INFO] [stdout] 
[INFO] [stderr]     Finished `test` profile [unoptimized + debuginfo] target(s) in 8.73s
[INFO] [stderr] warning: the following packages contain code that will be rejected by a future version of Rust: nom v4.2.3
[INFO] [stderr] note: to see what the problems were, use the option `--future-incompat-report`, or run `cargo report future-incompatibilities --id 1`
[INFO] running `Command { std: "docker" "inspect" "9ac9f8a1feae6e8d7bb82e26d5688fe81db4771ee349c670b5aa7cf5c1e48d9d", kill_on_drop: false }`
[INFO] running `Command { std: "docker" "rm" "-f" "9ac9f8a1feae6e8d7bb82e26d5688fe81db4771ee349c670b5aa7cf5c1e48d9d", kill_on_drop: false }`
[INFO] [stdout] 9ac9f8a1feae6e8d7bb82e26d5688fe81db4771ee349c670b5aa7cf5c1e48d9d
[INFO] running `Command { std: "docker" "create" "-v" "/var/lib/crater-agent-workspace/builds/worker-5-tc2/target:/opt/rustwide/target:rw,Z" "-v" "/var/lib/crater-agent-workspace/builds/worker-5-tc2/source:/opt/rustwide/workdir:ro,Z" "-v" "/var/lib/crater-agent-workspace/cargo-home:/opt/rustwide/cargo-home:ro,Z" "-v" "/var/lib/crater-agent-workspace/rustup-home:/opt/rustwide/rustup-home:ro,Z" "-e" "SOURCE_DIR=/opt/rustwide/workdir" "-e" "CARGO_TARGET_DIR=/opt/rustwide/target" "-e" "CARGO_INCREMENTAL=0" "-e" "RUST_BACKTRACE=full" "-e" "RUSTFLAGS=--cap-lints=forbid -Zrandomize-layout" "-e" "RUSTDOCFLAGS=--cap-lints=forbid" "-e" "CARGO_HOME=/opt/rustwide/cargo-home" "-e" "RUSTUP_HOME=/opt/rustwide/rustup-home" "-w" "/opt/rustwide/workdir" "-m" "1610612736" "--user" "0:0" "--network" "none" "ghcr.io/rust-lang/crates-build-env/linux@sha256:819108c5571ea2e421544af4d832f968d213c87fbe3707a016657f43d2f853bc" "/opt/rustwide/cargo-home/bin/cargo" "+nightly-2025-01-18" "test" "--frozen", kill_on_drop: false }`
[INFO] [stdout] 1001f32f24cfc064ecc7f5a975266df561353533b801cfe615f9c9aec037ca75
[INFO] running `Command { std: "docker" "start" "-a" "1001f32f24cfc064ecc7f5a975266df561353533b801cfe615f9c9aec037ca75", kill_on_drop: false }`
[INFO] [stderr] warning: unused import: `anyhow::Result`
[INFO] [stderr]  --> src/action.rs:1:5
[INFO] [stderr]   |
[INFO] [stderr] 1 | use anyhow::Result;
[INFO] [stderr]   |     ^^^^^^^^^^^^^^
[INFO] [stderr]   |
[INFO] [stderr]   = note: `#[warn(unused_imports)]` on by default
[INFO] [stderr] 
[INFO] [stderr] warning: field `sections` is never read
[INFO] [stderr]   --> src/config.rs:40:5
[INFO] [stderr]    |
[INFO] [stderr] 39 | pub struct ImapOptions {
[INFO] [stderr]    |            ----------- field in this struct
[INFO] [stderr] 40 |     sections: Vec<Sections>,
[INFO] [stderr]    |     ^^^^^^^^
[INFO] [stderr]    |
[INFO] [stderr]    = note: `ImapOptions` has a derived impl for the trait `Debug`, but this is intentionally ignored during dead code analysis
[INFO] [stderr]    = note: `#[warn(dead_code)]` on by default
[INFO] [stderr] 
[INFO] [stderr] warning: `mail_client` (lib) generated 2 warnings (run `cargo fix --lib -p mail_client` to apply 1 suggestion)
[INFO] [stderr] warning: unused import: `std::thread::sleep`
[INFO] [stderr]  --> tests/test_execute.rs:5:5
[INFO] [stderr]   |
[INFO] [stderr] 5 | use std::thread::sleep;
[INFO] [stderr]   |     ^^^^^^^^^^^^^^^^^^
[INFO] [stderr]   |
[INFO] [stderr]   = note: `#[warn(unused_imports)]` on by default
[INFO] [stderr] 
[INFO] [stderr] warning: unused import: `std::time::Duration`
[INFO] [stderr]  --> tests/test_execute.rs:6:5
[INFO] [stderr]   |
[INFO] [stderr] 6 | use std::time::Duration;
[INFO] [stderr]   |     ^^^^^^^^^^^^^^^^^^^
[INFO] [stderr] 
[INFO] [stderr] warning: unused import: `utils::*`
[INFO] [stderr]  --> tests/pipeline_test.rs:3:5
[INFO] [stderr]   |
[INFO] [stderr] 3 | use utils::*;
[INFO] [stderr]   |     ^^^^^^^^
[INFO] [stderr]   |
[INFO] [stderr]   = note: `#[warn(unused_imports)]` on by default
[INFO] [stderr] 
[INFO] [stderr] warning: `mail_client` (test "test_execute") generated 2 warnings (run `cargo fix --test "test_execute"` to apply 2 suggestions)
[INFO] [stderr] warning: `mail_client` (lib test) generated 1 warning (1 duplicate)
[INFO] [stderr] warning: `mail_client` (test "pipeline_test") generated 1 warning (run `cargo fix --test "pipeline_test"` to apply 1 suggestion)
[INFO] [stderr]     Finished `test` profile [unoptimized + debuginfo] target(s) in 0.15s
[INFO] [stderr] warning: the following packages contain code that will be rejected by a future version of Rust: nom v4.2.3
[INFO] [stderr] note: to see what the problems were, use the option `--future-incompat-report`, or run `cargo report future-incompatibilities --id 1`
[INFO] [stderr]      Running unittests src/lib.rs (/opt/rustwide/target/debug/deps/mail_client-b26072ca0018c60e)
[INFO] [stdout] 
[INFO] [stdout] running 4 tests
[INFO] [stdout] test action::tests::back_and_forth ... ok
[INFO] [stdout] test email::tests::from_json ... ok
[INFO] [stdout] test email::tests::to_json ... ok
[INFO] [stdout] test config::tests::test_get_config ... ok
[INFO] [stdout] 
[INFO] [stdout] test result: ok. 4 passed; 0 failed; 0 ignored; 0 measured; 0 filtered out; finished in 0.00s
[INFO] [stdout] 
[INFO] [stderr]      Running unittests src/bin/executor.rs (/opt/rustwide/target/debug/deps/executor-9fc044bb5e1be98d)
[INFO] [stdout] 
[INFO] [stdout] running 0 tests
[INFO] [stdout] 
[INFO] [stdout] test result: ok. 0 passed; 0 failed; 0 ignored; 0 measured; 0 filtered out; finished in 0.00s
[INFO] [stdout] 
[INFO] [stderr]      Running unittests src/bin/fetcher.rs (/opt/rustwide/target/debug/deps/fetcher-788fe84d47ab77f7)
[INFO] [stdout] 
[INFO] [stdout] running 0 tests
[INFO] [stdout] 
[INFO] [stdout] test result: ok. 0 passed; 0 failed; 0 ignored; 0 measured; 0 filtered out; finished in 0.00s
[INFO] [stdout] 
[INFO] [stderr]      Running unittests src/bin/get_all_emails.rs (/opt/rustwide/target/debug/deps/get_all_emails-c5f47724ebbe7060)
[INFO] [stderr]      Running unittests src/bin/runner.rs (/opt/rustwide/target/debug/deps/runner-e18dea880e2374d9)
[INFO] [stdout] 
[INFO] [stdout] running 0 tests
[INFO] [stdout] 
[INFO] [stdout] test result: ok. 0 passed; 0 failed; 0 ignored; 0 measured; 0 filtered out; finished in 0.00s
[INFO] [stdout] 
[INFO] [stdout] 
[INFO] [stdout] running 0 tests
[INFO] [stdout] 
[INFO] [stdout] test result: ok. 0 passed; 0 failed; 0 ignored; 0 measured; 0 filtered out; finished in 0.00s
[INFO] [stdout] 
[INFO] [stderr]      Running unittests src/bin/send_test_email.rs (/opt/rustwide/target/debug/deps/send_test_email-ba00861d518a6233)
[INFO] [stdout] 
[INFO] [stdout] running 0 tests
[INFO] [stdout] 
[INFO] [stdout] test result: ok. 0 passed; 0 failed; 0 ignored; 0 measured; 0 filtered out; finished in 0.00s
[INFO] [stdout] 
[INFO] [stderr]      Running tests/pipeline_test.rs (/opt/rustwide/target/debug/deps/pipeline_test-a89d13fa8d1cfb5c)
[INFO] [stdout] 
[INFO] [stdout] running 1 test
[INFO] [stdout] test run_pipeline ... ok
[INFO] [stdout] 
[INFO] [stdout] test result: ok. 1 passed; 0 failed; 0 ignored; 0 measured; 0 filtered out; finished in 0.00s
[INFO] [stdout] 
[INFO] [stderr]      Running tests/test_core_lib.rs (/opt/rustwide/target/debug/deps/test_core_lib-a899307048c52ea1)
[INFO] [stdout] 
[INFO] [stdout] running 4 tests
[INFO] [stdout] test test_delete ... FAILED
[INFO] [stdout] test test_move ... FAILED
[INFO] [stdout] test test_login ... FAILED
[INFO] [stdout] test test_fetch ... FAILED
[INFO] [stdout] 
[INFO] [stdout] failures:
[INFO] [stdout] 
[INFO] [stdout] ---- test_delete stdout ----
[INFO] [stdout] Error: Client builder failed
[INFO] [stdout] 
[INFO] [stdout] Caused by:
[INFO] [stdout]     failed to lookup address information: Temporary failure in name resolution
[INFO] [stdout] 
[INFO] [stdout] ---- test_move stdout ----
[INFO] [stdout] Error: Client builder failed
[INFO] [stdout] 
[INFO] [stdout] Caused by:
[INFO] [stdout]     failed to lookup address information: Temporary failure in name resolution
[INFO] [stdout] 
[INFO] [stdout] ---- test_login stdout ----
[INFO] [stdout] Error: Client builder failed
[INFO] [stdout] 
[INFO] [stdout] Caused by:
[INFO] [stdout]     failed to lookup address information: Temporary failure in name resolution
[INFO] [stdout] 
[INFO] [stdout] ---- test_fetch stdout ----
[INFO] [stdout] 
[INFO] [stdout] thread 'test_fetch' panicked at tests/utils/mod.rs:86:6:
[INFO] [stdout] called `Result::unwrap()` on an `Err` value: Io(Custom { kind: Uncategorized, error: "failed to lookup address information: Temporary failure in name resolution" })
[INFO] [stdout] stack backtrace:
[INFO] [stdout]    0:     0x58b47c30b4fa - std::backtrace_rs::backtrace::libunwind::trace::hb059275cfc8d6126
[INFO] [stdout]                                at /rustc/6067b36314ab5eb2eb47cecc464545ba58e1ad24/library/std/src/../../backtrace/src/backtrace/libunwind.rs:116:5
[INFO] [stdout]    1:     0x58b47c30b4fa - std::backtrace_rs::backtrace::trace_unsynchronized::h2da071e4327ce3ee
[INFO] [stdout]                                at /rustc/6067b36314ab5eb2eb47cecc464545ba58e1ad24/library/std/src/../../backtrace/src/backtrace/mod.rs:66:5
[INFO] [stdout]    2:     0x58b47c30b4fa - std::sys::backtrace::_print_fmt::h842a1474e6f8d23f
[INFO] [stdout]                                at /rustc/6067b36314ab5eb2eb47cecc464545ba58e1ad24/library/std/src/sys/backtrace.rs:66:9
[INFO] [stdout]    3:     0x58b47c30b4fa - <std::sys::backtrace::BacktraceLock::print::DisplayBacktrace as core::fmt::Display>::fmt::h71a62eb3b9696b12
[INFO] [stdout]                                at /rustc/6067b36314ab5eb2eb47cecc464545ba58e1ad24/library/std/src/sys/backtrace.rs:39:26
[INFO] [stdout]    4:     0x58b47c337233 - core::fmt::rt::Argument::fmt::hdb6b616786b41dc1
[INFO] [stdout]                                at /rustc/6067b36314ab5eb2eb47cecc464545ba58e1ad24/library/core/src/fmt/rt.rs:177:76
[INFO] [stdout]    5:     0x58b47c337233 - core::fmt::write::h2cc1698af7e2d686
[INFO] [stdout]                                at /rustc/6067b36314ab5eb2eb47cecc464545ba58e1ad24/library/core/src/fmt/mod.rs:1440:21
[INFO] [stdout]    6:     0x58b47c307453 - std::io::Write::write_fmt::hab1b4cd059a79022
[INFO] [stdout]                                at /rustc/6067b36314ab5eb2eb47cecc464545ba58e1ad24/library/std/src/io/mod.rs:1887:15
[INFO] [stdout]    7:     0x58b47c30b342 - std::sys::backtrace::BacktraceLock::print::h147fe35b4ea13b08
[INFO] [stdout]                                at /rustc/6067b36314ab5eb2eb47cecc464545ba58e1ad24/library/std/src/sys/backtrace.rs:42:9
[INFO] [stdout]    8:     0x58b47c30c91f - std::panicking::default_hook::{{closure}}::hbd44223dbdc0d208
[INFO] [stdout]                                at /rustc/6067b36314ab5eb2eb47cecc464545ba58e1ad24/library/std/src/panicking.rs:298:22
[INFO] [stdout]    9:     0x58b47c30c738 - std::panicking::default_hook::h20f81eb0576efcec
[INFO] [stdout]                                at /rustc/6067b36314ab5eb2eb47cecc464545ba58e1ad24/library/std/src/panicking.rs:322:9
[INFO] [stdout]   10:     0x58b47c057d03 - <alloc::boxed::Box<F,A> as core::ops::function::Fn<Args>>::call::hdb53814c496a4d34
[INFO] [stdout]                                at /rustc/6067b36314ab5eb2eb47cecc464545ba58e1ad24/library/alloc/src/boxed.rs:2027:9
[INFO] [stdout]   11:     0x58b47c057d03 - test::test_main::{{closure}}::hc0a4963c59427c24
[INFO] [stdout]                                at /rustc/6067b36314ab5eb2eb47cecc464545ba58e1ad24/library/test/src/lib.rs:134:21
[INFO] [stdout]   12:     0x58b47c30d413 - <alloc::boxed::Box<F,A> as core::ops::function::Fn<Args>>::call::h591b2225413a77e9
[INFO] [stdout]                                at /rustc/6067b36314ab5eb2eb47cecc464545ba58e1ad24/library/alloc/src/boxed.rs:2027:9
[INFO] [stdout]   13:     0x58b47c30d413 - std::panicking::rust_panic_with_hook::h625eea43051b2edc
[INFO] [stdout]                                at /rustc/6067b36314ab5eb2eb47cecc464545ba58e1ad24/library/std/src/panicking.rs:839:13
[INFO] [stdout]   14:     0x58b47c30d0ca - std::panicking::begin_panic_handler::{{closure}}::h4f9159cfbc3f6bd3
[INFO] [stdout]                                at /rustc/6067b36314ab5eb2eb47cecc464545ba58e1ad24/library/std/src/panicking.rs:704:13
[INFO] [stdout]   15:     0x58b47c30b9f9 - std::sys::backtrace::__rust_end_short_backtrace::h0390abce48353151
[INFO] [stdout]                                at /rustc/6067b36314ab5eb2eb47cecc464545ba58e1ad24/library/std/src/sys/backtrace.rs:168:18
[INFO] [stdout]   16:     0x58b47c30cd5d - rust_begin_unwind
[INFO] [stdout]                                at /rustc/6067b36314ab5eb2eb47cecc464545ba58e1ad24/library/std/src/panicking.rs:695:5
[INFO] [stdout]   17:     0x58b47c335790 - core::panicking::panic_fmt::h9e7c637e9e5f29c9
[INFO] [stdout]                                at /rustc/6067b36314ab5eb2eb47cecc464545ba58e1ad24/library/core/src/panicking.rs:75:14
[INFO] [stdout]   18:     0x58b47c335c06 - core::result::unwrap_failed::h7979f09313fe1849
[INFO] [stdout]                                at /rustc/6067b36314ab5eb2eb47cecc464545ba58e1ad24/library/core/src/result.rs:1704:5
[INFO] [stdout]   19:     0x58b47c01b9de - core::result::Result<T,E>::unwrap::hda0954a35d244daa
[INFO] [stdout]                                at /rustc/6067b36314ab5eb2eb47cecc464545ba58e1ad24/library/core/src/result.rs:1109:23
[INFO] [stdout]   20:     0x58b47c01b9de - test_core_lib::utils::smtp::hc0822fb04dc25c5f
[INFO] [stdout]                                at /opt/rustwide/workdir/tests/utils/mod.rs:76:5
[INFO] [stdout]   21:     0x58b47c01ad8f - test_core_lib::utils::send_email::h85febeb4a8e6aafa
[INFO] [stdout]                                at /opt/rustwide/workdir/tests/utils/mod.rs:29:17
[INFO] [stdout]   22:     0x58b47c01bf3b - test_core_lib::test_fetch::hbaa1150f7fb2b660
[INFO] [stdout]                                at /opt/rustwide/workdir/tests/test_core_lib.rs:18:5
[INFO] [stdout]   23:     0x58b47c01be07 - test_core_lib::test_fetch::{{closure}}::h4b1bd25db903a0b4
[INFO] [stdout]                                at /opt/rustwide/workdir/tests/test_core_lib.rs:15:20
[INFO] [stdout]   24:     0x58b47c016466 - core::ops::function::FnOnce::call_once::h2157b5014a75ca95
[INFO] [stdout]                                at /rustc/6067b36314ab5eb2eb47cecc464545ba58e1ad24/library/core/src/ops/function.rs:250:5
[INFO] [stdout]   25:     0x58b47c05d45b - core::ops::function::FnOnce::call_once::he27718dfdd183f43
[INFO] [stdout]                                at /rustc/6067b36314ab5eb2eb47cecc464545ba58e1ad24/library/core/src/ops/function.rs:250:5
[INFO] [stdout]   26:     0x58b47c05d45b - test::__rust_begin_short_backtrace::h4e84902998457a5d
[INFO] [stdout]                                at /rustc/6067b36314ab5eb2eb47cecc464545ba58e1ad24/library/test/src/lib.rs:632:18
[INFO] [stdout]   27:     0x58b47c05c393 - test::run_test_in_process::{{closure}}::h7176fd18fc1feca0
[INFO] [stdout]                                at /rustc/6067b36314ab5eb2eb47cecc464545ba58e1ad24/library/test/src/lib.rs:655:60
[INFO] [stdout]   28:     0x58b47c05c393 - <core::panic::unwind_safe::AssertUnwindSafe<F> as core::ops::function::FnOnce<()>>::call_once::hf79cff2a624d8cf7
[INFO] [stdout]                                at /rustc/6067b36314ab5eb2eb47cecc464545ba58e1ad24/library/core/src/panic/unwind_safe.rs:272:9
[INFO] [stdout]   29:     0x58b47c05c393 - std::panicking::try::do_call::h3da0561d9ab99c25
[INFO] [stdout]                                at /rustc/6067b36314ab5eb2eb47cecc464545ba58e1ad24/library/std/src/panicking.rs:587:40
[INFO] [stdout]   30:     0x58b47c05c393 - std::panicking::try::h41c9fa508bc61df6
[INFO] [stdout]                                at /rustc/6067b36314ab5eb2eb47cecc464545ba58e1ad24/library/std/src/panicking.rs:550:19
[INFO] [stdout]   31:     0x58b47c05c393 - std::panic::catch_unwind::h6b3ff07bb5afad93
[INFO] [stdout]                                at /rustc/6067b36314ab5eb2eb47cecc464545ba58e1ad24/library/std/src/panic.rs:358:14
[INFO] [stdout]   32:     0x58b47c05c393 - test::run_test_in_process::hc7253dd11b39b9f4
[INFO] [stdout]                                at /rustc/6067b36314ab5eb2eb47cecc464545ba58e1ad24/library/test/src/lib.rs:655:27
[INFO] [stdout]   33:     0x58b47c05c393 - test::run_test::{{closure}}::hfb2007f8649c30bb
[INFO] [stdout]                                at /rustc/6067b36314ab5eb2eb47cecc464545ba58e1ad24/library/test/src/lib.rs:576:43
[INFO] [stdout]   34:     0x58b47c01f475 - test::run_test::{{closure}}::h56a17aa7a282a9f4
[INFO] [stdout]                                at /rustc/6067b36314ab5eb2eb47cecc464545ba58e1ad24/library/test/src/lib.rs:606:41
[INFO] [stdout]   35:     0x58b47c01f475 - std::sys::backtrace::__rust_begin_short_backtrace::hd2d2d2fb8e8c6aac
[INFO] [stdout]                                at /rustc/6067b36314ab5eb2eb47cecc464545ba58e1ad24/library/std/src/sys/backtrace.rs:152:18
[INFO] [stdout]   36:     0x58b47c022d5a - std::thread::Builder::spawn_unchecked_::{{closure}}::{{closure}}::h4faa3f9db6133423
[INFO] [stdout]                                at /rustc/6067b36314ab5eb2eb47cecc464545ba58e1ad24/library/std/src/thread/mod.rs:559:17
[INFO] [stdout]   37:     0x58b47c022d5a - <core::panic::unwind_safe::AssertUnwindSafe<F> as core::ops::function::FnOnce<()>>::call_once::hf2e855a36a4ea846
[INFO] [stdout]                                at /rustc/6067b36314ab5eb2eb47cecc464545ba58e1ad24/library/core/src/panic/unwind_safe.rs:272:9
[INFO] [stdout]   38:     0x58b47c022d5a - std::panicking::try::do_call::h2f73af3616c35465
[INFO] [stdout]                                at /rustc/6067b36314ab5eb2eb47cecc464545ba58e1ad24/library/std/src/panicking.rs:587:40
[INFO] [stdout]   39:     0x58b47c022d5a - std::panicking::try::hd1660ce9efadef5a
[INFO] [stdout]                                at /rustc/6067b36314ab5eb2eb47cecc464545ba58e1ad24/library/std/src/panicking.rs:550:19
[INFO] [stdout]   40:     0x58b47c022d5a - std::panic::catch_unwind::h5ee8d7823b8ca744
[INFO] [stdout]                                at /rustc/6067b36314ab5eb2eb47cecc464545ba58e1ad24/library/std/src/panic.rs:358:14
[INFO] [stdout]   41:     0x58b47c022d5a - std::thread::Builder::spawn_unchecked_::{{closure}}::h53c3a1894dce8407
[INFO] [stdout]                                at /rustc/6067b36314ab5eb2eb47cecc464545ba58e1ad24/library/std/src/thread/mod.rs:557:30
[INFO] [stdout]   42:     0x58b47c022d5a - core::ops::function::FnOnce::call_once{{vtable.shim}}::h048ce291ad4f62bf
[INFO] [stdout]                                at /rustc/6067b36314ab5eb2eb47cecc464545ba58e1ad24/library/core/src/ops/function.rs:250:5
[INFO] [stdout]   43:     0x58b47c31173b - <alloc::boxed::Box<F,A> as core::ops::function::FnOnce<Args>>::call_once::ha52bedf99a3b4981
[INFO] [stdout]                                at /rustc/6067b36314ab5eb2eb47cecc464545ba58e1ad24/library/alloc/src/boxed.rs:2013:9
[INFO] [stdout]   44:     0x58b47c31173b - <alloc::boxed::Box<F,A> as core::ops::function::FnOnce<Args>>::call_once::h567748934d80ccf8
[INFO] [stdout]                                at /rustc/6067b36314ab5eb2eb47cecc464545ba58e1ad24/library/alloc/src/boxed.rs:2013:9
[INFO] [stdout]   45:     0x58b47c31173b - std::sys::pal::unix::thread::Thread::new::thread_start::h2d970728ae887adc
[INFO] [stdout]                                at /rustc/6067b36314ab5eb2eb47cecc464545ba58e1ad24/library/std/src/sys/pal/unix/thread.rs:106:17
[INFO] [stdout]   46:     0x791dda96dac3 - <unknown>
[INFO] [stdout]   47:     0x791dda9fea04 - clone
[INFO] [stdout]   48:                0x0 - <unknown>
[INFO] [stdout] 
[INFO] [stdout] 
[INFO] [stdout] failures:
[INFO] [stdout]     test_delete
[INFO] [stdout]     test_fetch
[INFO] [stdout]     test_login
[INFO] [stdout]     test_move
[INFO] [stdout] 
[INFO] [stdout] test result: FAILED. 0 passed; 4 failed; 0 ignored; 0 measured; 0 filtered out; finished in 0.14s
[INFO] [stdout] 
[INFO] [stderr] error: test failed, to rerun pass `--test test_core_lib`
[INFO] running `Command { std: "docker" "inspect" "1001f32f24cfc064ecc7f5a975266df561353533b801cfe615f9c9aec037ca75", kill_on_drop: false }`
[INFO] running `Command { std: "docker" "rm" "-f" "1001f32f24cfc064ecc7f5a975266df561353533b801cfe615f9c9aec037ca75", kill_on_drop: false }`
[INFO] [stdout] 1001f32f24cfc064ecc7f5a975266df561353533b801cfe615f9c9aec037ca75
