[INFO] cloning repository https://github.com/Craig-Macomber/Life-Struggle
[INFO] running `Command { std: "git" "-c" "credential.helper=" "-c" "credential.helper=/workspace/cargo-home/bin/git-credential-null" "clone" "--bare" "https://github.com/Craig-Macomber/Life-Struggle" "/workspace/cache/git-repos/https%3A%2F%2Fgithub.com%2FCraig-Macomber%2FLife-Struggle", kill_on_drop: false }`
[INFO] [stderr] Cloning into bare repository '/workspace/cache/git-repos/https%3A%2F%2Fgithub.com%2FCraig-Macomber%2FLife-Struggle'...
[INFO] running `Command { std: "git" "rev-parse" "HEAD", kill_on_drop: false }`
[INFO] [stdout] 051d4626dafb950554469862d922425ceb2d3ff3
[INFO] testing Craig-Macomber/Life-Struggle against nightly-2025-01-18 for randomize-layout-2
[INFO] running `Command { std: "git" "clone" "/workspace/cache/git-repos/https%3A%2F%2Fgithub.com%2FCraig-Macomber%2FLife-Struggle" "/workspace/builds/worker-1-tc1/source", kill_on_drop: false }`
[INFO] [stderr] Cloning into '/workspace/builds/worker-1-tc1/source'...
[INFO] [stderr] done.
[INFO] validating manifest of git repo https://github.com/Craig-Macomber/Life-Struggle on toolchain nightly-2025-01-18
[INFO] running `Command { std: CARGO_HOME="/workspace/cargo-home" RUSTUP_HOME="/workspace/rustup-home" "/workspace/cargo-home/bin/cargo" "+nightly-2025-01-18" "metadata" "--manifest-path" "Cargo.toml" "--no-deps", kill_on_drop: false }`
[INFO] removed /workspace/builds/worker-1-tc1/source/.cargo/config
[INFO] started tweaking git repo https://github.com/Craig-Macomber/Life-Struggle
[INFO] finished tweaking git repo https://github.com/Craig-Macomber/Life-Struggle
[INFO] tweaked toml for git repo https://github.com/Craig-Macomber/Life-Struggle written to /workspace/builds/worker-1-tc1/source/Cargo.toml
[INFO] crate git repo https://github.com/Craig-Macomber/Life-Struggle already has a lockfile, it will not be regenerated
[INFO] running `Command { std: CARGO_HOME="/workspace/cargo-home" RUSTUP_HOME="/workspace/rustup-home" "/workspace/cargo-home/bin/cargo" "+nightly-2025-01-18" "fetch" "--manifest-path" "Cargo.toml", kill_on_drop: false }`
[INFO] [stderr] warning: no edition set: defaulting to the 2015 edition while the latest is 2024
[INFO] [stderr]  Downloading crates ...
[INFO] [stderr]   Downloaded png v0.12.0
[INFO] [stderr]   Downloaded byteorder v1.2.6
[INFO] [stderr]   Downloaded num-derive v0.2.2
[INFO] [stderr]   Downloaded quote v0.6.8
[INFO] [stderr]   Downloaded proc-macro2 v0.4.19
[INFO] [stderr]   Downloaded inflate v0.4.3
[INFO] [stderr]   Downloaded image v0.19.0
[INFO] [stderr]   Downloaded gif v0.10.0
[INFO] [stderr]   Downloaded rayon v1.0.2
[INFO] running `Command { std: "docker" "create" "-v" "/var/lib/crater-agent-workspace/builds/worker-1-tc1/target:/opt/rustwide/target:rw,Z" "-v" "/var/lib/crater-agent-workspace/builds/worker-1-tc1/source:/opt/rustwide/workdir:ro,Z" "-v" "/var/lib/crater-agent-workspace/cargo-home:/opt/rustwide/cargo-home:ro,Z" "-v" "/var/lib/crater-agent-workspace/rustup-home:/opt/rustwide/rustup-home:ro,Z" "-e" "SOURCE_DIR=/opt/rustwide/workdir" "-e" "CARGO_TARGET_DIR=/opt/rustwide/target" "-e" "CARGO_HOME=/opt/rustwide/cargo-home" "-e" "RUSTUP_HOME=/opt/rustwide/rustup-home" "-w" "/opt/rustwide/workdir" "-m" "1610612736" "--user" "0:0" "--network" "none" "ghcr.io/rust-lang/crates-build-env/linux@sha256:819108c5571ea2e421544af4d832f968d213c87fbe3707a016657f43d2f853bc" "/opt/rustwide/cargo-home/bin/cargo" "+nightly-2025-01-18" "metadata" "--no-deps" "--format-version=1", kill_on_drop: false }`
[INFO] [stdout] 6080fe473dc1e0f3465f084c02d0d4e058f0d1e248d9ca68fbec2393c4e691c1
[INFO] running `Command { std: "docker" "start" "-a" "6080fe473dc1e0f3465f084c02d0d4e058f0d1e248d9ca68fbec2393c4e691c1", kill_on_drop: false }`
[INFO] running `Command { std: "docker" "inspect" "6080fe473dc1e0f3465f084c02d0d4e058f0d1e248d9ca68fbec2393c4e691c1", kill_on_drop: false }`
[INFO] running `Command { std: "docker" "rm" "-f" "6080fe473dc1e0f3465f084c02d0d4e058f0d1e248d9ca68fbec2393c4e691c1", kill_on_drop: false }`
[INFO] [stdout] 6080fe473dc1e0f3465f084c02d0d4e058f0d1e248d9ca68fbec2393c4e691c1
[INFO] running `Command { std: "docker" "create" "-v" "/var/lib/crater-agent-workspace/builds/worker-1-tc1/target:/opt/rustwide/target:rw,Z" "-v" "/var/lib/crater-agent-workspace/builds/worker-1-tc1/source:/opt/rustwide/workdir:ro,Z" "-v" "/var/lib/crater-agent-workspace/cargo-home:/opt/rustwide/cargo-home:ro,Z" "-v" "/var/lib/crater-agent-workspace/rustup-home:/opt/rustwide/rustup-home:ro,Z" "-e" "SOURCE_DIR=/opt/rustwide/workdir" "-e" "CARGO_TARGET_DIR=/opt/rustwide/target" "-e" "CARGO_INCREMENTAL=0" "-e" "RUST_BACKTRACE=full" "-e" "RUSTFLAGS=--cap-lints=forbid" "-e" "RUSTDOCFLAGS=--cap-lints=forbid" "-e" "CARGO_HOME=/opt/rustwide/cargo-home" "-e" "RUSTUP_HOME=/opt/rustwide/rustup-home" "-w" "/opt/rustwide/workdir" "-m" "1610612736" "--user" "0:0" "--network" "none" "ghcr.io/rust-lang/crates-build-env/linux@sha256:819108c5571ea2e421544af4d832f968d213c87fbe3707a016657f43d2f853bc" "/opt/rustwide/cargo-home/bin/cargo" "+nightly-2025-01-18" "build" "--frozen" "--message-format=json", kill_on_drop: false }`
[INFO] [stdout] 27d9fde28ea8a3db6f4df7e9f94785fab1f37a3db0d72395426089f50ce8fadf
[INFO] running `Command { std: "docker" "start" "-a" "27d9fde28ea8a3db6f4df7e9f94785fab1f37a3db0d72395426089f50ce8fadf", kill_on_drop: false }`
[INFO] [stderr] warning: no edition set: defaulting to the 2015 edition while the latest is 2024
[INFO] [stderr]    Compiling version_check v0.1.4
[INFO] [stderr]    Compiling num-traits v0.2.6
[INFO] [stderr]    Compiling libc v0.2.43
[INFO] [stderr]    Compiling nodrop v0.1.12
[INFO] [stderr]    Compiling cfg-if v0.1.5
[INFO] [stderr]    Compiling scopeguard v0.3.3
[INFO] [stderr]    Compiling memoffset v0.2.1
[INFO] [stderr]    Compiling proc-macro2 v0.4.19
[INFO] [stderr]    Compiling num-integer v0.1.39
[INFO] [stderr]    Compiling rayon-core v1.4.1
[INFO] [stderr]    Compiling rayon v1.0.2
[INFO] [stderr]    Compiling adler32 v1.0.3
[INFO] [stderr]    Compiling byteorder v1.2.6
[INFO] [stderr]    Compiling num-iter v0.1.37
[INFO] [stderr]    Compiling either v1.5.0
[INFO] [stderr]    Compiling color_quant v1.0.1
[INFO] [stderr]    Compiling arrayvec v0.4.7
[INFO] [stderr]    Compiling crossbeam-utils v0.2.2
[INFO] [stderr]    Compiling lzw v0.10.0
[INFO] [stderr]    Compiling inflate v0.4.3
[INFO] [stderr]    Compiling bitflags v1.0.4
[INFO] [stderr]    Compiling rand_core v0.2.1
[INFO] [stderr]    Compiling deflate v0.7.18
[INFO] [stderr]    Compiling fixedbitset v0.1.9
[INFO] [stderr]    Compiling lazy_static v1.1.0
[INFO] [stderr]    Compiling gif v0.10.0
[INFO] [stderr]    Compiling crossbeam-epoch v0.3.1
[INFO] [stderr]    Compiling num_cpus v1.8.0
[INFO] [stderr]    Compiling rand v0.5.5
[INFO] [stderr]    Compiling time v0.1.40
[INFO] [stderr]    Compiling crossbeam-deque v0.2.0
[INFO] [stderr]    Compiling quote v0.6.8
[INFO] [stderr]    Compiling syn v0.14.9
[INFO] [stderr]    Compiling num-rational v0.1.42
[INFO] [stderr]    Compiling png v0.12.0
[INFO] [stderr]    Compiling jpeg-decoder v0.1.15
[INFO] [stderr]    Compiling num-derive v0.2.2
[INFO] [stderr]    Compiling image v0.19.0
[INFO] [stderr]    Compiling life_struggle v0.1.0 (/opt/rustwide/workdir)
[INFO] [stdout] warning: trait objects without an explicit `dyn` are deprecated
[INFO] [stdout]   --> src/tile.rs:19:25
[INFO] [stdout]    |
[INFO] [stdout] 19 |     fn copy_from(t_in: &LifeTileSrc) -> Self {
[INFO] [stdout]    |                         ^^^^^^^^^^^
[INFO] [stdout]    |
[INFO] [stdout]    = warning: this is accepted in the current edition (Rust 2015) but is a hard error in Rust 2021!
[INFO] [stdout]    = note: for more information, see <https://doc.rust-lang.org/nightly/edition-guide/rust-2021/warnings-promoted-to-error.html>
[INFO] [stdout]    = note: `#[warn(bare_trait_objects)]` on by default
[INFO] [stdout] help: if this is a dyn-compatible trait, use `dyn`
[INFO] [stdout]    |
[INFO] [stdout] 19 |     fn copy_from(t_in: &dyn LifeTileSrc) -> Self {
[INFO] [stdout]    |                         +++
[INFO] [stdout] 
[INFO] [stdout] 
[INFO] [stdout] warning: trait objects without an explicit `dyn` are deprecated
[INFO] [stdout]   --> src/game.rs:18:46
[INFO] [stdout]    |
[INFO] [stdout] 18 | pub fn struggle(generations: usize, tile_a: &LifeTileSrc, tile_b: &LifeTileSrc) -> (isize, isize) {
[INFO] [stdout]    |                                              ^^^^^^^^^^^
[INFO] [stdout]    |
[INFO] [stdout]    = warning: this is accepted in the current edition (Rust 2015) but is a hard error in Rust 2021!
[INFO] [stdout]    = note: for more information, see <https://doc.rust-lang.org/nightly/edition-guide/rust-2021/warnings-promoted-to-error.html>
[INFO] [stdout] help: if this is a dyn-compatible trait, use `dyn`
[INFO] [stdout]    |
[INFO] [stdout] 18 | pub fn struggle(generations: usize, tile_a: &dyn LifeTileSrc, tile_b: &LifeTileSrc) -> (isize, isize) {
[INFO] [stdout]    |                                              +++
[INFO] [stdout] 
[INFO] [stdout] 
[INFO] [stdout] warning: trait objects without an explicit `dyn` are deprecated
[INFO] [stdout]   --> src/game.rs:18:68
[INFO] [stdout]    |
[INFO] [stdout] 18 | pub fn struggle(generations: usize, tile_a: &LifeTileSrc, tile_b: &LifeTileSrc) -> (isize, isize) {
[INFO] [stdout]    |                                                                    ^^^^^^^^^^^
[INFO] [stdout]    |
[INFO] [stdout]    = warning: this is accepted in the current edition (Rust 2015) but is a hard error in Rust 2021!
[INFO] [stdout]    = note: for more information, see <https://doc.rust-lang.org/nightly/edition-guide/rust-2021/warnings-promoted-to-error.html>
[INFO] [stdout] help: if this is a dyn-compatible trait, use `dyn`
[INFO] [stdout]    |
[INFO] [stdout] 18 | pub fn struggle(generations: usize, tile_a: &LifeTileSrc, tile_b: &dyn LifeTileSrc) -> (isize, isize) {
[INFO] [stdout]    |                                                                    +++
[INFO] [stdout] 
[INFO] [stdout] 
[INFO] [stdout] warning: trait objects without an explicit `dyn` are deprecated
[INFO] [stdout]   --> src/game.rs:33:52
[INFO] [stdout]    |
[INFO] [stdout] 33 | pub fn struggle_board(generations: usize, tile_a: &LifeTileSrc, tile_b: &LifeTileSrc) -> Option<B> {
[INFO] [stdout]    |                                                    ^^^^^^^^^^^
[INFO] [stdout]    |
[INFO] [stdout]    = warning: this is accepted in the current edition (Rust 2015) but is a hard error in Rust 2021!
[INFO] [stdout]    = note: for more information, see <https://doc.rust-lang.org/nightly/edition-guide/rust-2021/warnings-promoted-to-error.html>
[INFO] [stdout] help: if this is a dyn-compatible trait, use `dyn`
[INFO] [stdout]    |
[INFO] [stdout] 33 | pub fn struggle_board(generations: usize, tile_a: &dyn LifeTileSrc, tile_b: &LifeTileSrc) -> Option<B> {
[INFO] [stdout]    |                                                    +++
[INFO] [stdout] 
[INFO] [stdout] 
[INFO] [stdout] warning: trait objects without an explicit `dyn` are deprecated
[INFO] [stdout]   --> src/game.rs:33:74
[INFO] [stdout]    |
[INFO] [stdout] 33 | pub fn struggle_board(generations: usize, tile_a: &LifeTileSrc, tile_b: &LifeTileSrc) -> Option<B> {
[INFO] [stdout]    |                                                                          ^^^^^^^^^^^
[INFO] [stdout]    |
[INFO] [stdout]    = warning: this is accepted in the current edition (Rust 2015) but is a hard error in Rust 2021!
[INFO] [stdout]    = note: for more information, see <https://doc.rust-lang.org/nightly/edition-guide/rust-2021/warnings-promoted-to-error.html>
[INFO] [stdout] help: if this is a dyn-compatible trait, use `dyn`
[INFO] [stdout]    |
[INFO] [stdout] 33 | pub fn struggle_board(generations: usize, tile_a: &LifeTileSrc, tile_b: &dyn LifeTileSrc) -> Option<B> {
[INFO] [stdout]    |                                                                          +++
[INFO] [stdout] 
[INFO] [stdout] 
[INFO] [stdout] warning: variable does not need to be mutable
[INFO] [stdout]   --> src/tile.rs:86:21
[INFO] [stdout]    |
[INFO] [stdout] 86 |                 let mut at = |cc: &mut usize, ix: usize, iy: usize| {
[INFO] [stdout]    |                     ----^^
[INFO] [stdout]    |                     |
[INFO] [stdout]    |                     help: remove this `mut`
[INFO] [stdout]    |
[INFO] [stdout]    = note: `#[warn(unused_mut)]` on by default
[INFO] [stdout] 
[INFO] [stdout] 
[INFO] [stdout] warning: method `print` is never used
[INFO] [stdout]   --> src/board.rs:54:8
[INFO] [stdout]    |
[INFO] [stdout] 8  | pub trait Board<T>: Sized
[INFO] [stdout]    |           ----- method in this trait
[INFO] [stdout] ...
[INFO] [stdout] 54 |     fn print(&self) {
[INFO] [stdout]    |        ^^^^^
[INFO] [stdout]    |
[INFO] [stdout]    = note: `#[warn(dead_code)]` on by default
[INFO] [stdout] 
[INFO] [stdout] 
[INFO] [stdout] warning: function `struggle` is never used
[INFO] [stdout]   --> src/game.rs:18:8
[INFO] [stdout]    |
[INFO] [stdout] 18 | pub fn struggle(generations: usize, tile_a: &LifeTileSrc, tile_b: &LifeTileSrc) -> (isize, isize) {
[INFO] [stdout]    |        ^^^^^^^^
[INFO] [stdout] 
[INFO] [stdout] 
[INFO] [stdout] warning: function `lwss_at` is never used
[INFO] [stdout]    --> src/game.rs:101:8
[INFO] [stdout]     |
[INFO] [stdout] 101 |     fn lwss_at<T: LifeTile>(t: &mut T, x: usize, y: usize) {
[INFO] [stdout]     |        ^^^^^^^
[INFO] [stdout] 
[INFO] [stdout] 
[INFO] [stderr]     Finished `dev` profile [unoptimized + debuginfo] target(s) in 12.49s
[INFO] [stderr] warning: the following packages contain code that will be rejected by a future version of Rust: syn v0.14.9
[INFO] [stderr] note: to see what the problems were, use the option `--future-incompat-report`, or run `cargo report future-incompatibilities --id 1`
[INFO] running `Command { std: "docker" "inspect" "27d9fde28ea8a3db6f4df7e9f94785fab1f37a3db0d72395426089f50ce8fadf", kill_on_drop: false }`
[INFO] running `Command { std: "docker" "rm" "-f" "27d9fde28ea8a3db6f4df7e9f94785fab1f37a3db0d72395426089f50ce8fadf", kill_on_drop: false }`
[INFO] [stdout] 27d9fde28ea8a3db6f4df7e9f94785fab1f37a3db0d72395426089f50ce8fadf
[INFO] running `Command { std: "docker" "create" "-v" "/var/lib/crater-agent-workspace/builds/worker-1-tc1/target:/opt/rustwide/target:rw,Z" "-v" "/var/lib/crater-agent-workspace/builds/worker-1-tc1/source:/opt/rustwide/workdir:ro,Z" "-v" "/var/lib/crater-agent-workspace/cargo-home:/opt/rustwide/cargo-home:ro,Z" "-v" "/var/lib/crater-agent-workspace/rustup-home:/opt/rustwide/rustup-home:ro,Z" "-e" "SOURCE_DIR=/opt/rustwide/workdir" "-e" "CARGO_TARGET_DIR=/opt/rustwide/target" "-e" "CARGO_INCREMENTAL=0" "-e" "RUST_BACKTRACE=full" "-e" "RUSTFLAGS=--cap-lints=forbid" "-e" "RUSTDOCFLAGS=--cap-lints=forbid" "-e" "CARGO_HOME=/opt/rustwide/cargo-home" "-e" "RUSTUP_HOME=/opt/rustwide/rustup-home" "-w" "/opt/rustwide/workdir" "-m" "1610612736" "--user" "0:0" "--network" "none" "ghcr.io/rust-lang/crates-build-env/linux@sha256:819108c5571ea2e421544af4d832f968d213c87fbe3707a016657f43d2f853bc" "/opt/rustwide/cargo-home/bin/cargo" "+nightly-2025-01-18" "test" "--frozen" "--no-run" "--message-format=json", kill_on_drop: false }`
[INFO] [stdout] 75c656edf3afaf19afabe2d788925534951013f881dce4b992b5b63b98af7d9a
[INFO] running `Command { std: "docker" "start" "-a" "75c656edf3afaf19afabe2d788925534951013f881dce4b992b5b63b98af7d9a", kill_on_drop: false }`
[INFO] [stderr] warning: no edition set: defaulting to the 2015 edition while the latest is 2024
[INFO] [stderr]    Compiling cfg-if v0.1.5
[INFO] [stderr]    Compiling libc v0.2.43
[INFO] [stderr]    Compiling nodrop v0.1.12
[INFO] [stderr]    Compiling num-traits v0.2.6
[INFO] [stderr]    Compiling memoffset v0.2.1
[INFO] [stderr]    Compiling scopeguard v0.3.3
[INFO] [stderr]    Compiling byteorder v1.2.6
[INFO] [stderr]    Compiling adler32 v1.0.3
[INFO] [stderr]    Compiling num-integer v0.1.39
[INFO] [stderr]    Compiling rayon-core v1.4.1
[INFO] [stderr]    Compiling num-iter v0.1.37
[INFO] [stderr]    Compiling either v1.5.0
[INFO] [stderr]    Compiling lzw v0.10.0
[INFO] [stderr]    Compiling lazy_static v1.1.0
[INFO] [stderr]    Compiling bitflags v1.0.4
[INFO] [stderr]    Compiling rayon v1.0.2
[INFO] [stderr]    Compiling color_quant v1.0.1
[INFO] [stderr]    Compiling rand_core v0.2.1
[INFO] [stderr]    Compiling crossbeam-utils v0.2.2
[INFO] [stderr]    Compiling arrayvec v0.4.7
[INFO] [stderr]    Compiling scoped_threadpool v0.1.9
[INFO] [stderr]    Compiling fixedbitset v0.1.9
[INFO] [stderr]    Compiling inflate v0.4.3
[INFO] [stderr]    Compiling gif v0.10.0
[INFO] [stderr]    Compiling crossbeam-epoch v0.3.1
[INFO] [stderr]    Compiling deflate v0.7.18
[INFO] [stderr]    Compiling crossbeam-deque v0.2.0
[INFO] [stderr]    Compiling num_cpus v1.8.0
[INFO] [stderr]    Compiling rand v0.5.5
[INFO] [stderr]    Compiling time v0.1.40
[INFO] [stderr]    Compiling num-derive v0.2.2
[INFO] [stderr]    Compiling png v0.12.0
[INFO] [stderr]    Compiling num-rational v0.1.42
[INFO] [stderr]    Compiling jpeg-decoder v0.1.15
[INFO] [stderr]    Compiling image v0.19.0
[INFO] [stderr]    Compiling life_struggle v0.1.0 (/opt/rustwide/workdir)
[INFO] [stdout] warning: trait objects without an explicit `dyn` are deprecated
[INFO] [stdout]   --> src/tile.rs:19:25
[INFO] [stdout]    |
[INFO] [stdout] 19 |     fn copy_from(t_in: &LifeTileSrc) -> Self {
[INFO] [stdout]    |                         ^^^^^^^^^^^
[INFO] [stdout]    |
[INFO] [stdout]    = warning: this is accepted in the current edition (Rust 2015) but is a hard error in Rust 2021!
[INFO] [stdout]    = note: for more information, see <https://doc.rust-lang.org/nightly/edition-guide/rust-2021/warnings-promoted-to-error.html>
[INFO] [stdout]    = note: `#[warn(bare_trait_objects)]` on by default
[INFO] [stdout] help: if this is a dyn-compatible trait, use `dyn`
[INFO] [stdout]    |
[INFO] [stdout] 19 |     fn copy_from(t_in: &dyn LifeTileSrc) -> Self {
[INFO] [stdout]    |                         +++
[INFO] [stdout] 
[INFO] [stdout] 
[INFO] [stdout] warning: trait objects without an explicit `dyn` are deprecated
[INFO] [stdout]   --> src/game.rs:18:46
[INFO] [stdout]    |
[INFO] [stdout] 18 | pub fn struggle(generations: usize, tile_a: &LifeTileSrc, tile_b: &LifeTileSrc) -> (isize, isize) {
[INFO] [stdout]    |                                              ^^^^^^^^^^^
[INFO] [stdout]    |
[INFO] [stdout]    = warning: this is accepted in the current edition (Rust 2015) but is a hard error in Rust 2021!
[INFO] [stdout]    = note: for more information, see <https://doc.rust-lang.org/nightly/edition-guide/rust-2021/warnings-promoted-to-error.html>
[INFO] [stdout] help: if this is a dyn-compatible trait, use `dyn`
[INFO] [stdout]    |
[INFO] [stdout] 18 | pub fn struggle(generations: usize, tile_a: &dyn LifeTileSrc, tile_b: &LifeTileSrc) -> (isize, isize) {
[INFO] [stdout]    |                                              +++
[INFO] [stdout] 
[INFO] [stdout] 
[INFO] [stdout] warning: trait objects without an explicit `dyn` are deprecated
[INFO] [stdout]   --> src/game.rs:18:68
[INFO] [stdout]    |
[INFO] [stdout] 18 | pub fn struggle(generations: usize, tile_a: &LifeTileSrc, tile_b: &LifeTileSrc) -> (isize, isize) {
[INFO] [stdout]    |                                                                    ^^^^^^^^^^^
[INFO] [stdout]    |
[INFO] [stdout]    = warning: this is accepted in the current edition (Rust 2015) but is a hard error in Rust 2021!
[INFO] [stdout]    = note: for more information, see <https://doc.rust-lang.org/nightly/edition-guide/rust-2021/warnings-promoted-to-error.html>
[INFO] [stdout] help: if this is a dyn-compatible trait, use `dyn`
[INFO] [stdout]    |
[INFO] [stdout] 18 | pub fn struggle(generations: usize, tile_a: &LifeTileSrc, tile_b: &dyn LifeTileSrc) -> (isize, isize) {
[INFO] [stdout]    |                                                                    +++
[INFO] [stdout] 
[INFO] [stdout] 
[INFO] [stdout] warning: trait objects without an explicit `dyn` are deprecated
[INFO] [stdout]   --> src/game.rs:33:52
[INFO] [stdout]    |
[INFO] [stdout] 33 | pub fn struggle_board(generations: usize, tile_a: &LifeTileSrc, tile_b: &LifeTileSrc) -> Option<B> {
[INFO] [stdout]    |                                                    ^^^^^^^^^^^
[INFO] [stdout]    |
[INFO] [stdout]    = warning: this is accepted in the current edition (Rust 2015) but is a hard error in Rust 2021!
[INFO] [stdout]    = note: for more information, see <https://doc.rust-lang.org/nightly/edition-guide/rust-2021/warnings-promoted-to-error.html>
[INFO] [stdout] help: if this is a dyn-compatible trait, use `dyn`
[INFO] [stdout]    |
[INFO] [stdout] 33 | pub fn struggle_board(generations: usize, tile_a: &dyn LifeTileSrc, tile_b: &LifeTileSrc) -> Option<B> {
[INFO] [stdout]    |                                                    +++
[INFO] [stdout] 
[INFO] [stdout] 
[INFO] [stdout] warning: trait objects without an explicit `dyn` are deprecated
[INFO] [stdout]   --> src/game.rs:33:74
[INFO] [stdout]    |
[INFO] [stdout] 33 | pub fn struggle_board(generations: usize, tile_a: &LifeTileSrc, tile_b: &LifeTileSrc) -> Option<B> {
[INFO] [stdout]    |                                                                          ^^^^^^^^^^^
[INFO] [stdout]    |
[INFO] [stdout]    = warning: this is accepted in the current edition (Rust 2015) but is a hard error in Rust 2021!
[INFO] [stdout]    = note: for more information, see <https://doc.rust-lang.org/nightly/edition-guide/rust-2021/warnings-promoted-to-error.html>
[INFO] [stdout] help: if this is a dyn-compatible trait, use `dyn`
[INFO] [stdout]    |
[INFO] [stdout] 33 | pub fn struggle_board(generations: usize, tile_a: &LifeTileSrc, tile_b: &dyn LifeTileSrc) -> Option<B> {
[INFO] [stdout]    |                                                                          +++
[INFO] [stdout] 
[INFO] [stdout] 
[INFO] [stdout] warning: variable does not need to be mutable
[INFO] [stdout]   --> src/tile.rs:86:21
[INFO] [stdout]    |
[INFO] [stdout] 86 |                 let mut at = |cc: &mut usize, ix: usize, iy: usize| {
[INFO] [stdout]    |                     ----^^
[INFO] [stdout]    |                     |
[INFO] [stdout]    |                     help: remove this `mut`
[INFO] [stdout]    |
[INFO] [stdout]    = note: `#[warn(unused_mut)]` on by default
[INFO] [stdout] 
[INFO] [stdout] 
[INFO] [stdout] warning: method `print` is never used
[INFO] [stdout]   --> src/board.rs:54:8
[INFO] [stdout]    |
[INFO] [stdout] 8  | pub trait Board<T>: Sized
[INFO] [stdout]    |           ----- method in this trait
[INFO] [stdout] ...
[INFO] [stdout] 54 |     fn print(&self) {
[INFO] [stdout]    |        ^^^^^
[INFO] [stdout]    |
[INFO] [stdout]    = note: `#[warn(dead_code)]` on by default
[INFO] [stdout] 
[INFO] [stdout] 
[INFO] [stderr]     Finished `test` profile [optimized + debuginfo] target(s) in 26.71s
[INFO] [stderr] warning: the following packages contain code that will be rejected by a future version of Rust: syn v0.14.9
[INFO] [stderr] note: to see what the problems were, use the option `--future-incompat-report`, or run `cargo report future-incompatibilities --id 1`
[INFO] running `Command { std: "docker" "inspect" "75c656edf3afaf19afabe2d788925534951013f881dce4b992b5b63b98af7d9a", kill_on_drop: false }`
[INFO] running `Command { std: "docker" "rm" "-f" "75c656edf3afaf19afabe2d788925534951013f881dce4b992b5b63b98af7d9a", kill_on_drop: false }`
[INFO] [stdout] 75c656edf3afaf19afabe2d788925534951013f881dce4b992b5b63b98af7d9a
[INFO] running `Command { std: "docker" "create" "-v" "/var/lib/crater-agent-workspace/builds/worker-1-tc1/target:/opt/rustwide/target:rw,Z" "-v" "/var/lib/crater-agent-workspace/builds/worker-1-tc1/source:/opt/rustwide/workdir:ro,Z" "-v" "/var/lib/crater-agent-workspace/cargo-home:/opt/rustwide/cargo-home:ro,Z" "-v" "/var/lib/crater-agent-workspace/rustup-home:/opt/rustwide/rustup-home:ro,Z" "-e" "SOURCE_DIR=/opt/rustwide/workdir" "-e" "CARGO_TARGET_DIR=/opt/rustwide/target" "-e" "CARGO_INCREMENTAL=0" "-e" "RUST_BACKTRACE=full" "-e" "RUSTFLAGS=--cap-lints=forbid" "-e" "RUSTDOCFLAGS=--cap-lints=forbid" "-e" "CARGO_HOME=/opt/rustwide/cargo-home" "-e" "RUSTUP_HOME=/opt/rustwide/rustup-home" "-w" "/opt/rustwide/workdir" "-m" "1610612736" "--user" "0:0" "--network" "none" "ghcr.io/rust-lang/crates-build-env/linux@sha256:819108c5571ea2e421544af4d832f968d213c87fbe3707a016657f43d2f853bc" "/opt/rustwide/cargo-home/bin/cargo" "+nightly-2025-01-18" "test" "--frozen", kill_on_drop: false }`
[INFO] [stdout] a4b7bc4284a8dbbd7ed31c1ae364e80ea3aca2895de01f5b81b01a8717a93cbd
[INFO] running `Command { std: "docker" "start" "-a" "a4b7bc4284a8dbbd7ed31c1ae364e80ea3aca2895de01f5b81b01a8717a93cbd", kill_on_drop: false }`
[INFO] [stderr] warning: no edition set: defaulting to the 2015 edition while the latest is 2024
[INFO] [stderr] warning: trait objects without an explicit `dyn` are deprecated
[INFO] [stderr]   --> src/tile.rs:19:25
[INFO] [stderr]    |
[INFO] [stderr] 19 |     fn copy_from(t_in: &LifeTileSrc) -> Self {
[INFO] [stderr]    |                         ^^^^^^^^^^^
[INFO] [stderr]    |
[INFO] [stderr]    = warning: this is accepted in the current edition (Rust 2015) but is a hard error in Rust 2021!
[INFO] [stderr]    = note: for more information, see <https://doc.rust-lang.org/nightly/edition-guide/rust-2021/warnings-promoted-to-error.html>
[INFO] [stderr]    = note: `#[warn(bare_trait_objects)]` on by default
[INFO] [stderr] help: if this is a dyn-compatible trait, use `dyn`
[INFO] [stderr]    |
[INFO] [stderr] 19 |     fn copy_from(t_in: &dyn LifeTileSrc) -> Self {
[INFO] [stderr]    |                         +++
[INFO] [stderr] 
[INFO] [stderr] warning: trait objects without an explicit `dyn` are deprecated
[INFO] [stderr]   --> src/game.rs:18:46
[INFO] [stderr]    |
[INFO] [stderr] 18 | pub fn struggle(generations: usize, tile_a: &LifeTileSrc, tile_b: &LifeTileSrc) -> (isize, isize) {
[INFO] [stderr]    |                                              ^^^^^^^^^^^
[INFO] [stderr]    |
[INFO] [stderr]    = warning: this is accepted in the current edition (Rust 2015) but is a hard error in Rust 2021!
[INFO] [stderr]    = note: for more information, see <https://doc.rust-lang.org/nightly/edition-guide/rust-2021/warnings-promoted-to-error.html>
[INFO] [stderr] help: if this is a dyn-compatible trait, use `dyn`
[INFO] [stderr]    |
[INFO] [stderr] 18 | pub fn struggle(generations: usize, tile_a: &dyn LifeTileSrc, tile_b: &LifeTileSrc) -> (isize, isize) {
[INFO] [stderr]    |                                              +++
[INFO] [stderr] 
[INFO] [stderr] warning: trait objects without an explicit `dyn` are deprecated
[INFO] [stderr]   --> src/game.rs:18:68
[INFO] [stderr]    |
[INFO] [stderr] 18 | pub fn struggle(generations: usize, tile_a: &LifeTileSrc, tile_b: &LifeTileSrc) -> (isize, isize) {
[INFO] [stderr]    |                                                                    ^^^^^^^^^^^
[INFO] [stderr]    |
[INFO] [stderr]    = warning: this is accepted in the current edition (Rust 2015) but is a hard error in Rust 2021!
[INFO] [stderr]    = note: for more information, see <https://doc.rust-lang.org/nightly/edition-guide/rust-2021/warnings-promoted-to-error.html>
[INFO] [stderr] help: if this is a dyn-compatible trait, use `dyn`
[INFO] [stderr]    |
[INFO] [stderr] 18 | pub fn struggle(generations: usize, tile_a: &LifeTileSrc, tile_b: &dyn LifeTileSrc) -> (isize, isize) {
[INFO] [stderr]    |                                                                    +++
[INFO] [stderr] 
[INFO] [stderr] warning: trait objects without an explicit `dyn` are deprecated
[INFO] [stderr]   --> src/game.rs:33:52
[INFO] [stderr]    |
[INFO] [stderr] 33 | pub fn struggle_board(generations: usize, tile_a: &LifeTileSrc, tile_b: &LifeTileSrc) -> Option<B> {
[INFO] [stderr]    |                                                    ^^^^^^^^^^^
[INFO] [stderr]    |
[INFO] [stderr]    = warning: this is accepted in the current edition (Rust 2015) but is a hard error in Rust 2021!
[INFO] [stderr]    = note: for more information, see <https://doc.rust-lang.org/nightly/edition-guide/rust-2021/warnings-promoted-to-error.html>
[INFO] [stderr] help: if this is a dyn-compatible trait, use `dyn`
[INFO] [stderr]    |
[INFO] [stderr] 33 | pub fn struggle_board(generations: usize, tile_a: &dyn LifeTileSrc, tile_b: &LifeTileSrc) -> Option<B> {
[INFO] [stderr]    |                                                    +++
[INFO] [stderr] 
[INFO] [stderr] warning: trait objects without an explicit `dyn` are deprecated
[INFO] [stderr]   --> src/game.rs:33:74
[INFO] [stderr]    |
[INFO] [stderr] 33 | pub fn struggle_board(generations: usize, tile_a: &LifeTileSrc, tile_b: &LifeTileSrc) -> Option<B> {
[INFO] [stderr]    |                                                                          ^^^^^^^^^^^
[INFO] [stderr]    |
[INFO] [stderr]    = warning: this is accepted in the current edition (Rust 2015) but is a hard error in Rust 2021!
[INFO] [stderr]    = note: for more information, see <https://doc.rust-lang.org/nightly/edition-guide/rust-2021/warnings-promoted-to-error.html>
[INFO] [stderr] help: if this is a dyn-compatible trait, use `dyn`
[INFO] [stderr]    |
[INFO] [stderr] 33 | pub fn struggle_board(generations: usize, tile_a: &LifeTileSrc, tile_b: &dyn LifeTileSrc) -> Option<B> {
[INFO] [stderr]    |                                                                          +++
[INFO] [stderr] 
[INFO] [stderr] warning: variable does not need to be mutable
[INFO] [stderr]   --> src/tile.rs:86:21
[INFO] [stderr]    |
[INFO] [stderr] 86 |                 let mut at = |cc: &mut usize, ix: usize, iy: usize| {
[INFO] [stderr]    |                     ----^^
[INFO] [stderr]    |                     |
[INFO] [stderr]    |                     help: remove this `mut`
[INFO] [stderr]    |
[INFO] [stderr]    = note: `#[warn(unused_mut)]` on by default
[INFO] [stderr] 
[INFO] [stderr] warning: method `print` is never used
[INFO] [stderr]   --> src/board.rs:54:8
[INFO] [stderr]    |
[INFO] [stderr] 8  | pub trait Board<T>: Sized
[INFO] [stderr]    |           ----- method in this trait
[INFO] [stderr] ...
[INFO] [stderr] 54 |     fn print(&self) {
[INFO] [stderr]    |        ^^^^^
[INFO] [stderr]    |
[INFO] [stderr]    = note: `#[warn(dead_code)]` on by default
[INFO] [stderr] 
[INFO] [stderr] warning: `life_struggle` (bin "life_struggle" test) generated 7 warnings (run `cargo fix --bin "life_struggle" --tests` to apply 6 suggestions)
[INFO] [stderr]     Finished `test` profile [optimized + debuginfo] target(s) in 0.05s
[INFO] [stderr] warning: the following packages contain code that will be rejected by a future version of Rust: syn v0.14.9
[INFO] [stderr] note: to see what the problems were, use the option `--future-incompat-report`, or run `cargo report future-incompatibilities --id 1`
[INFO] [stderr]      Running unittests src/main.rs (/opt/rustwide/target/debug/deps/life_struggle-df6c3a4061354179)
[INFO] [stdout] 
[INFO] [stdout] running 4 tests
[INFO] [stdout] test game::tests::bench_lwss_200 ... ok
[INFO] [stdout] test game::tests::bench_lwss_2000 ... ok
[INFO] [stdout] test game::tests::test_lwss_vs_empty ... FAILED
[INFO] [stdout] test game::tests::test_lwss_vs_gliders ... FAILED
[INFO] [stdout] 
[INFO] [stdout] failures:
[INFO] [stdout] 
[INFO] [stdout] ---- game::tests::test_lwss_vs_empty stdout ----
[INFO] [stdout] 
[INFO] [stdout] thread 'game::tests::test_lwss_vs_empty' panicked at src/board.rs:101:27:
[INFO] [stdout] called `Result::unwrap()` on an `Err` value: Os { code: 30, kind: ReadOnlyFilesystem, message: "Read-only file system" }
[INFO] [stdout] stack backtrace:
[INFO] [stdout]    0:     0x63096cd4a1ca - std::backtrace_rs::backtrace::libunwind::trace::hb059275cfc8d6126
[INFO] [stdout]                                at /rustc/6067b36314ab5eb2eb47cecc464545ba58e1ad24/library/std/src/../../backtrace/src/backtrace/libunwind.rs:116:5
[INFO] [stdout]    1:     0x63096cd4a1ca - std::backtrace_rs::backtrace::trace_unsynchronized::h2da071e4327ce3ee
[INFO] [stdout]                                at /rustc/6067b36314ab5eb2eb47cecc464545ba58e1ad24/library/std/src/../../backtrace/src/backtrace/mod.rs:66:5
[INFO] [stdout]    2:     0x63096cd4a1ca - std::sys::backtrace::_print_fmt::h842a1474e6f8d23f
[INFO] [stdout]                                at /rustc/6067b36314ab5eb2eb47cecc464545ba58e1ad24/library/std/src/sys/backtrace.rs:66:9
[INFO] [stdout]    3:     0x63096cd4a1ca - <std::sys::backtrace::BacktraceLock::print::DisplayBacktrace as core::fmt::Display>::fmt::h71a62eb3b9696b12
[INFO] [stdout]                                at /rustc/6067b36314ab5eb2eb47cecc464545ba58e1ad24/library/std/src/sys/backtrace.rs:39:26
[INFO] [stdout]    4:     0x63096cd719f3 - core::fmt::rt::Argument::fmt::hdb6b616786b41dc1
[INFO] [stdout]                                at /rustc/6067b36314ab5eb2eb47cecc464545ba58e1ad24/library/core/src/fmt/rt.rs:177:76
[INFO] [stdout]    5:     0x63096cd719f3 - core::fmt::write::h2cc1698af7e2d686
[INFO] [stdout]                                at /rustc/6067b36314ab5eb2eb47cecc464545ba58e1ad24/library/core/src/fmt/mod.rs:1440:21
[INFO] [stdout]    6:     0x63096cd46c23 - std::io::Write::write_fmt::hab1b4cd059a79022
[INFO] [stdout]                                at /rustc/6067b36314ab5eb2eb47cecc464545ba58e1ad24/library/std/src/io/mod.rs:1887:15
[INFO] [stdout]    7:     0x63096cd4a012 - std::sys::backtrace::BacktraceLock::print::h147fe35b4ea13b08
[INFO] [stdout]                                at /rustc/6067b36314ab5eb2eb47cecc464545ba58e1ad24/library/std/src/sys/backtrace.rs:42:9
[INFO] [stdout]    8:     0x63096cd4b5ef - std::panicking::default_hook::{{closure}}::hbd44223dbdc0d208
[INFO] [stdout]                                at /rustc/6067b36314ab5eb2eb47cecc464545ba58e1ad24/library/std/src/panicking.rs:298:22
[INFO] [stdout]    9:     0x63096cd4b408 - std::panicking::default_hook::h20f81eb0576efcec
[INFO] [stdout]                                at /rustc/6067b36314ab5eb2eb47cecc464545ba58e1ad24/library/std/src/panicking.rs:322:9
[INFO] [stdout]   10:     0x63096ccf2003 - <alloc::boxed::Box<F,A> as core::ops::function::Fn<Args>>::call::hdb53814c496a4d34
[INFO] [stdout]                                at /rustc/6067b36314ab5eb2eb47cecc464545ba58e1ad24/library/alloc/src/boxed.rs:2027:9
[INFO] [stdout]   11:     0x63096ccf2003 - test::test_main::{{closure}}::hc0a4963c59427c24
[INFO] [stdout]                                at /rustc/6067b36314ab5eb2eb47cecc464545ba58e1ad24/library/test/src/lib.rs:134:21
[INFO] [stdout]   12:     0x63096cd4c0e3 - <alloc::boxed::Box<F,A> as core::ops::function::Fn<Args>>::call::h591b2225413a77e9
[INFO] [stdout]                                at /rustc/6067b36314ab5eb2eb47cecc464545ba58e1ad24/library/alloc/src/boxed.rs:2027:9
[INFO] [stdout]   13:     0x63096cd4c0e3 - std::panicking::rust_panic_with_hook::h625eea43051b2edc
[INFO] [stdout]                                at /rustc/6067b36314ab5eb2eb47cecc464545ba58e1ad24/library/std/src/panicking.rs:839:13
[INFO] [stdout]   14:     0x63096cd4bd9a - std::panicking::begin_panic_handler::{{closure}}::h4f9159cfbc3f6bd3
[INFO] [stdout]                                at /rustc/6067b36314ab5eb2eb47cecc464545ba58e1ad24/library/std/src/panicking.rs:704:13
[INFO] [stdout]   15:     0x63096cd4a6c9 - std::sys::backtrace::__rust_end_short_backtrace::h0390abce48353151
[INFO] [stdout]                                at /rustc/6067b36314ab5eb2eb47cecc464545ba58e1ad24/library/std/src/sys/backtrace.rs:168:18
[INFO] [stdout]   16:     0x63096cd4ba2d - rust_begin_unwind
[INFO] [stdout]                                at /rustc/6067b36314ab5eb2eb47cecc464545ba58e1ad24/library/std/src/panicking.rs:695:5
[INFO] [stdout]   17:     0x63096cd703d0 - core::panicking::panic_fmt::h9e7c637e9e5f29c9
[INFO] [stdout]                                at /rustc/6067b36314ab5eb2eb47cecc464545ba58e1ad24/library/core/src/panicking.rs:75:14
[INFO] [stdout]   18:     0x63096cd70846 - core::result::unwrap_failed::h7979f09313fe1849
[INFO] [stdout]                                at /rustc/6067b36314ab5eb2eb47cecc464545ba58e1ad24/library/core/src/result.rs:1704:5
[INFO] [stdout]   19:     0x63096ccb34fd - core::result::Result<T,E>::unwrap::hcf1fc9345beb99c7
[INFO] [stdout]                                at /rustc/6067b36314ab5eb2eb47cecc464545ba58e1ad24/library/core/src/result.rs:1109:23
[INFO] [stdout]   20:     0x63096ccb34fd - life_struggle::board::Board::print_image::hdfde128c43a72468
[INFO] [stdout]                                at /opt/rustwide/workdir/src/board.rs:101:9
[INFO] [stdout]   21:     0x63096ccb70ee - life_struggle::game::struggle::hcbbb55dcbcebe45e
[INFO] [stdout]                                at /opt/rustwide/workdir/src/game.rs:23:13
[INFO] [stdout]   22:     0x63096ccb7859 - life_struggle::game::tests::test_lwss_vs_empty::h18878a5a42822573
[INFO] [stdout]                                at /opt/rustwide/workdir/src/game.rs:127:38
[INFO] [stdout]   23:     0x63096ccb5799 - life_struggle::game::tests::test_lwss_vs_empty::{{closure}}::h7d6ccc11aa53038e
[INFO] [stdout]                                at /opt/rustwide/workdir/src/game.rs:118:28
[INFO] [stdout]   24:     0x63096ccb5799 - core::ops::function::FnOnce::call_once::hde3bb188948b6803
[INFO] [stdout]                                at /rustc/6067b36314ab5eb2eb47cecc464545ba58e1ad24/library/core/src/ops/function.rs:250:5
[INFO] [stdout]   25:     0x63096ccf775b - core::ops::function::FnOnce::call_once::he27718dfdd183f43
[INFO] [stdout]                                at /rustc/6067b36314ab5eb2eb47cecc464545ba58e1ad24/library/core/src/ops/function.rs:250:5
[INFO] [stdout]   26:     0x63096ccf775b - test::__rust_begin_short_backtrace::h4e84902998457a5d
[INFO] [stdout]                                at /rustc/6067b36314ab5eb2eb47cecc464545ba58e1ad24/library/test/src/lib.rs:632:18
[INFO] [stdout]   27:     0x63096ccf6693 - test::run_test_in_process::{{closure}}::h7176fd18fc1feca0
[INFO] [stdout]                                at /rustc/6067b36314ab5eb2eb47cecc464545ba58e1ad24/library/test/src/lib.rs:655:60
[INFO] [stdout]   28:     0x63096ccf6693 - <core::panic::unwind_safe::AssertUnwindSafe<F> as core::ops::function::FnOnce<()>>::call_once::hf79cff2a624d8cf7
[INFO] [stdout]                                at /rustc/6067b36314ab5eb2eb47cecc464545ba58e1ad24/library/core/src/panic/unwind_safe.rs:272:9
[INFO] [stdout]   29:     0x63096ccf6693 - std::panicking::try::do_call::h3da0561d9ab99c25
[INFO] [stdout]                                at /rustc/6067b36314ab5eb2eb47cecc464545ba58e1ad24/library/std/src/panicking.rs:587:40
[INFO] [stdout]   30:     0x63096ccf6693 - std::panicking::try::h41c9fa508bc61df6
[INFO] [stdout]                                at /rustc/6067b36314ab5eb2eb47cecc464545ba58e1ad24/library/std/src/panicking.rs:550:19
[INFO] [stdout]   31:     0x63096ccf6693 - std::panic::catch_unwind::h6b3ff07bb5afad93
[INFO] [stdout]                                at /rustc/6067b36314ab5eb2eb47cecc464545ba58e1ad24/library/std/src/panic.rs:358:14
[INFO] [stdout]   32:     0x63096ccf6693 - test::run_test_in_process::hc7253dd11b39b9f4
[INFO] [stdout]                                at /rustc/6067b36314ab5eb2eb47cecc464545ba58e1ad24/library/test/src/lib.rs:655:27
[INFO] [stdout]   33:     0x63096ccf6693 - test::run_test::{{closure}}::hfb2007f8649c30bb
[INFO] [stdout]                                at /rustc/6067b36314ab5eb2eb47cecc464545ba58e1ad24/library/test/src/lib.rs:576:43
[INFO] [stdout]   34:     0x63096ccb9565 - test::run_test::{{closure}}::h56a17aa7a282a9f4
[INFO] [stdout]                                at /rustc/6067b36314ab5eb2eb47cecc464545ba58e1ad24/library/test/src/lib.rs:606:41
[INFO] [stdout]   35:     0x63096ccb9565 - std::sys::backtrace::__rust_begin_short_backtrace::hd2d2d2fb8e8c6aac
[INFO] [stdout]                                at /rustc/6067b36314ab5eb2eb47cecc464545ba58e1ad24/library/std/src/sys/backtrace.rs:152:18
[INFO] [stdout]   36:     0x63096ccbce4a - std::thread::Builder::spawn_unchecked_::{{closure}}::{{closure}}::h4faa3f9db6133423
[INFO] [stdout]                                at /rustc/6067b36314ab5eb2eb47cecc464545ba58e1ad24/library/std/src/thread/mod.rs:559:17
[INFO] [stdout]   37:     0x63096ccbce4a - <core::panic::unwind_safe::AssertUnwindSafe<F> as core::ops::function::FnOnce<()>>::call_once::hf2e855a36a4ea846
[INFO] [stdout]                                at /rustc/6067b36314ab5eb2eb47cecc464545ba58e1ad24/library/core/src/panic/unwind_safe.rs:272:9
[INFO] [stdout]   38:     0x63096ccbce4a - std::panicking::try::do_call::h2f73af3616c35465
[INFO] [stdout]                                at /rustc/6067b36314ab5eb2eb47cecc464545ba58e1ad24/library/std/src/panicking.rs:587:40
[INFO] [stdout]   39:     0x63096ccbce4a - std::panicking::try::hd1660ce9efadef5a
[INFO] [stdout]                                at /rustc/6067b36314ab5eb2eb47cecc464545ba58e1ad24/library/std/src/panicking.rs:550:19
[INFO] [stdout]   40:     0x63096ccbce4a - std::panic::catch_unwind::h5ee8d7823b8ca744
[INFO] [stdout]                                at /rustc/6067b36314ab5eb2eb47cecc464545ba58e1ad24/library/std/src/panic.rs:358:14
[INFO] [stdout]   41:     0x63096ccbce4a - std::thread::Builder::spawn_unchecked_::{{closure}}::h53c3a1894dce8407
[INFO] [stdout]                                at /rustc/6067b36314ab5eb2eb47cecc464545ba58e1ad24/library/std/src/thread/mod.rs:557:30
[INFO] [stdout]   42:     0x63096ccbce4a - core::ops::function::FnOnce::call_once{{vtable.shim}}::h048ce291ad4f62bf
[INFO] [stdout]                                at /rustc/6067b36314ab5eb2eb47cecc464545ba58e1ad24/library/core/src/ops/function.rs:250:5
[INFO] [stdout]   43:     0x63096cd5012b - <alloc::boxed::Box<F,A> as core::ops::function::FnOnce<Args>>::call_once::ha52bedf99a3b4981
[INFO] [stdout]                                at /rustc/6067b36314ab5eb2eb47cecc464545ba58e1ad24/library/alloc/src/boxed.rs:2013:9
[INFO] [stdout]   44:     0x63096cd5012b - <alloc::boxed::Box<F,A> as core::ops::function::FnOnce<Args>>::call_once::h567748934d80ccf8
[INFO] [stdout]                                at /rustc/6067b36314ab5eb2eb47cecc464545ba58e1ad24/library/alloc/src/boxed.rs:2013:9
[INFO] [stdout]   45:     0x63096cd5012b - std::sys::pal::unix::thread::Thread::new::thread_start::h2d970728ae887adc
[INFO] [stdout]                                at /rustc/6067b36314ab5eb2eb47cecc464545ba58e1ad24/library/std/src/sys/pal/unix/thread.rs:106:17
[INFO] [stdout]   46:     0x7994d5a70ac3 - <unknown>
[INFO] [stdout]   47:     0x7994d5b01a04 - clone
[INFO] [stdout]   48:                0x0 - <unknown>
[INFO] [stdout] 
[INFO] [stdout] ---- game::tests::test_lwss_vs_gliders stdout ----
[INFO] [stdout] 
[INFO] [stdout] thread 'game::tests::test_lwss_vs_gliders' panicked at src/board.rs:101:27:
[INFO] [stdout] called `Result::unwrap()` on an `Err` value: Os { code: 30, kind: ReadOnlyFilesystem, message: "Read-only file system" }
[INFO] [stdout] stack backtrace:
[INFO] [stdout]    0:     0x63096cd4a1ca - std::backtrace_rs::backtrace::libunwind::trace::hb059275cfc8d6126
[INFO] [stdout]                                at /rustc/6067b36314ab5eb2eb47cecc464545ba58e1ad24/library/std/src/../../backtrace/src/backtrace/libunwind.rs:116:5
[INFO] [stdout]    1:     0x63096cd4a1ca - std::backtrace_rs::backtrace::trace_unsynchronized::h2da071e4327ce3ee
[INFO] [stdout]                                at /rustc/6067b36314ab5eb2eb47cecc464545ba58e1ad24/library/std/src/../../backtrace/src/backtrace/mod.rs:66:5
[INFO] [stdout]    2:     0x63096cd4a1ca - std::sys::backtrace::_print_fmt::h842a1474e6f8d23f
[INFO] [stdout]                                at /rustc/6067b36314ab5eb2eb47cecc464545ba58e1ad24/library/std/src/sys/backtrace.rs:66:9
[INFO] [stdout]    3:     0x63096cd4a1ca - <std::sys::backtrace::BacktraceLock::print::DisplayBacktrace as core::fmt::Display>::fmt::h71a62eb3b9696b12
[INFO] [stdout]                                at /rustc/6067b36314ab5eb2eb47cecc464545ba58e1ad24/library/std/src/sys/backtrace.rs:39:26
[INFO] [stdout]    4:     0x63096cd719f3 - core::fmt::rt::Argument::fmt::hdb6b616786b41dc1
[INFO] [stdout]                                at /rustc/6067b36314ab5eb2eb47cecc464545ba58e1ad24/library/core/src/fmt/rt.rs:177:76
[INFO] [stdout]    5:     0x63096cd719f3 - core::fmt::write::h2cc1698af7e2d686
[INFO] [stdout]                                at /rustc/6067b36314ab5eb2eb47cecc464545ba58e1ad24/library/core/src/fmt/mod.rs:1440:21
[INFO] [stdout]    6:     0x63096cd46c23 - std::io::Write::write_fmt::hab1b4cd059a79022
[INFO] [stdout]                                at /rustc/6067b36314ab5eb2eb47cecc464545ba58e1ad24/library/std/src/io/mod.rs:1887:15
[INFO] [stdout]    7:     0x63096cd4a012 - std::sys::backtrace::BacktraceLock::print::h147fe35b4ea13b08
[INFO] [stdout]                                at /rustc/6067b36314ab5eb2eb47cecc464545ba58e1ad24/library/std/src/sys/backtrace.rs:42:9
[INFO] [stdout]    8:     0x63096cd4b5ef - std::panicking::default_hook::{{closure}}::hbd44223dbdc0d208
[INFO] [stdout]                                at /rustc/6067b36314ab5eb2eb47cecc464545ba58e1ad24/library/std/src/panicking.rs:298:22
[INFO] [stdout]    9:     0x63096cd4b408 - std::panicking::default_hook::h20f81eb0576efcec
[INFO] [stdout]                                at /rustc/6067b36314ab5eb2eb47cecc464545ba58e1ad24/library/std/src/panicking.rs:322:9
[INFO] [stdout]   10:     0x63096ccf2003 - <alloc::boxed::Box<F,A> as core::ops::function::Fn<Args>>::call::hdb53814c496a4d34
[INFO] [stdout]                                at /rustc/6067b36314ab5eb2eb47cecc464545ba58e1ad24/library/alloc/src/boxed.rs:2027:9
[INFO] [stdout]   11:     0x63096ccf2003 - test::test_main::{{closure}}::hc0a4963c59427c24
[INFO] [stdout]                                at /rustc/6067b36314ab5eb2eb47cecc464545ba58e1ad24/library/test/src/lib.rs:134:21
[INFO] [stdout]   12:     0x63096cd4c0e3 - <alloc::boxed::Box<F,A> as core::ops::function::Fn<Args>>::call::h591b2225413a77e9
[INFO] [stdout]                                at /rustc/6067b36314ab5eb2eb47cecc464545ba58e1ad24/library/alloc/src/boxed.rs:2027:9
[INFO] [stdout]   13:     0x63096cd4c0e3 - std::panicking::rust_panic_with_hook::h625eea43051b2edc
[INFO] [stdout]                                at /rustc/6067b36314ab5eb2eb47cecc464545ba58e1ad24/library/std/src/panicking.rs:839:13
[INFO] [stdout]   14:     0x63096cd4bd9a - std::panicking::begin_panic_handler::{{closure}}::h4f9159cfbc3f6bd3
[INFO] [stdout]                                at /rustc/6067b36314ab5eb2eb47cecc464545ba58e1ad24/library/std/src/panicking.rs:704:13
[INFO] [stdout]   15:     0x63096cd4a6c9 - std::sys::backtrace::__rust_end_short_backtrace::h0390abce48353151
[INFO] [stdout]                                at /rustc/6067b36314ab5eb2eb47cecc464545ba58e1ad24/library/std/src/sys/backtrace.rs:168:18
[INFO] [stdout]   16:     0x63096cd4ba2d - rust_begin_unwind
[INFO] [stdout]                                at /rustc/6067b36314ab5eb2eb47cecc464545ba58e1ad24/library/std/src/panicking.rs:695:5
[INFO] [stdout]   17:     0x63096cd703d0 - core::panicking::panic_fmt::h9e7c637e9e5f29c9
[INFO] [stdout]                                at /rustc/6067b36314ab5eb2eb47cecc464545ba58e1ad24/library/core/src/panicking.rs:75:14
[INFO] [stdout]   18:     0x63096cd70846 - core::result::unwrap_failed::h7979f09313fe1849
[INFO] [stdout]                                at /rustc/6067b36314ab5eb2eb47cecc464545ba58e1ad24/library/core/src/result.rs:1704:5
[INFO] [stdout]   19:     0x63096ccb34fd - core::result::Result<T,E>::unwrap::hcf1fc9345beb99c7
[INFO] [stdout]                                at /rustc/6067b36314ab5eb2eb47cecc464545ba58e1ad24/library/core/src/result.rs:1109:23
[INFO] [stdout]   20:     0x63096ccb34fd - life_struggle::board::Board::print_image::hdfde128c43a72468
[INFO] [stdout]                                at /opt/rustwide/workdir/src/board.rs:101:9
[INFO] [stdout]   21:     0x63096ccb70ee - life_struggle::game::struggle::hcbbb55dcbcebe45e
[INFO] [stdout]                                at /opt/rustwide/workdir/src/game.rs:23:13
[INFO] [stdout]   22:     0x63096ccb7530 - life_struggle::game::tests::test_lwss_vs_gliders::hacf4aff162fe0de0
[INFO] [stdout]                                at /opt/rustwide/workdir/src/game.rs:90:34
[INFO] [stdout]   23:     0x63096ccb5779 - life_struggle::game::tests::test_lwss_vs_gliders::{{closure}}::h085df084abd2544f
[INFO] [stdout]                                at /opt/rustwide/workdir/src/game.rs:63:30
[INFO] [stdout]   24:     0x63096ccb5779 - core::ops::function::FnOnce::call_once::hc306d0a0f306e330
[INFO] [stdout]                                at /rustc/6067b36314ab5eb2eb47cecc464545ba58e1ad24/library/core/src/ops/function.rs:250:5
[INFO] [stdout]   25:     0x63096ccf775b - core::ops::function::FnOnce::call_once::he27718dfdd183f43
[INFO] [stdout]                                at /rustc/6067b36314ab5eb2eb47cecc464545ba58e1ad24/library/core/src/ops/function.rs:250:5
[INFO] [stdout]   26:     0x63096ccf775b - test::__rust_begin_short_backtrace::h4e84902998457a5d
[INFO] [stdout]                                at /rustc/6067b36314ab5eb2eb47cecc464545ba58e1ad24/library/test/src/lib.rs:632:18
[INFO] [stdout]   27:     0x63096ccf6693 - test::run_test_in_process::{{closure}}::h7176fd18fc1feca0
[INFO] [stdout]                                at /rustc/6067b36314ab5eb2eb47cecc464545ba58e1ad24/library/test/src/lib.rs:655:60
[INFO] [stdout]   28:     0x63096ccf6693 - <core::panic::unwind_safe::AssertUnwindSafe<F> as core::ops::function::FnOnce<()>>::call_once::hf79cff2a624d8cf7
[INFO] [stdout]                                at /rustc/6067b36314ab5eb2eb47cecc464545ba58e1ad24/library/core/src/panic/unwind_safe.rs:272:9
[INFO] [stdout]   29:     0x63096ccf6693 - std::panicking::try::do_call::h3da0561d9ab99c25
[INFO] [stdout]                                at /rustc/6067b36314ab5eb2eb47cecc464545ba58e1ad24/library/std/src/panicking.rs:587:40
[INFO] [stdout]   30:     0x63096ccf6693 - std::panicking::try::h41c9fa508bc61df6
[INFO] [stdout]                                at /rustc/6067b36314ab5eb2eb47cecc464545ba58e1ad24/library/std/src/panicking.rs:550:19
[INFO] [stdout]   31:     0x63096ccf6693 - std::panic::catch_unwind::h6b3ff07bb5afad93
[INFO] [stdout]                                at /rustc/6067b36314ab5eb2eb47cecc464545ba58e1ad24/library/std/src/panic.rs:358:14
[INFO] [stdout]   32:     0x63096ccf6693 - test::run_test_in_process::hc7253dd11b39b9f4
[INFO] [stdout]                                at /rustc/6067b36314ab5eb2eb47cecc464545ba58e1ad24/library/test/src/lib.rs:655:27
[INFO] [stdout]   33:     0x63096ccf6693 - test::run_test::{{closure}}::hfb2007f8649c30bb
[INFO] [stdout]                                at /rustc/6067b36314ab5eb2eb47cecc464545ba58e1ad24/library/test/src/lib.rs:576:43
[INFO] [stdout]   34:     0x63096ccb9565 - test::run_test::{{closure}}::h56a17aa7a282a9f4
[INFO] [stdout]                                at /rustc/6067b36314ab5eb2eb47cecc464545ba58e1ad24/library/test/src/lib.rs:606:41
[INFO] [stdout]   35:     0x63096ccb9565 - std::sys::backtrace::__rust_begin_short_backtrace::hd2d2d2fb8e8c6aac
[INFO] [stdout]                                at /rustc/6067b36314ab5eb2eb47cecc464545ba58e1ad24/library/std/src/sys/backtrace.rs:152:18
[INFO] [stdout]   36:     0x63096ccbce4a - std::thread::Builder::spawn_unchecked_::{{closure}}::{{closure}}::h4faa3f9db6133423
[INFO] [stdout]                                at /rustc/6067b36314ab5eb2eb47cecc464545ba58e1ad24/library/std/src/thread/mod.rs:559:17
[INFO] [stdout]   37:     0x63096ccbce4a - <core::panic::unwind_safe::AssertUnwindSafe<F> as core::ops::function::FnOnce<()>>::call_once::hf2e855a36a4ea846
[INFO] [stdout]                                at /rustc/6067b36314ab5eb2eb47cecc464545ba58e1ad24/library/core/src/panic/unwind_safe.rs:272:9
[INFO] [stdout]   38:     0x63096ccbce4a - std::panicking::try::do_call::h2f73af3616c35465
[INFO] [stdout]                                at /rustc/6067b36314ab5eb2eb47cecc464545ba58e1ad24/library/std/src/panicking.rs:587:40
[INFO] [stdout]   39:     0x63096ccbce4a - std::panicking::try::hd1660ce9efadef5a
[INFO] [stdout]                                at /rustc/6067b36314ab5eb2eb47cecc464545ba58e1ad24/library/std/src/panicking.rs:550:19
[INFO] [stdout]   40:     0x63096ccbce4a - std::panic::catch_unwind::h5ee8d7823b8ca744
[INFO] [stdout]                                at /rustc/6067b36314ab5eb2eb47cecc464545ba58e1ad24/library/std/src/panic.rs:358:14
[INFO] [stdout]   41:     0x63096ccbce4a - std::thread::Builder::spawn_unchecked_::{{closure}}::h53c3a1894dce8407
[INFO] [stdout]                                at /rustc/6067b36314ab5eb2eb47cecc464545ba58e1ad24/library/std/src/thread/mod.rs:557:30
[INFO] [stdout]   42:     0x63096ccbce4a - core::ops::function::FnOnce::call_once{{vtable.shim}}::h048ce291ad4f62bf
[INFO] [stdout]                                at /rustc/6067b36314ab5eb2eb47cecc464545ba58e1ad24/library/core/src/ops/function.rs:250:5
[INFO] [stdout]   43:     0x63096cd5012b - <alloc::boxed::Box<F,A> as core::ops::function::FnOnce<Args>>::call_once::ha52bedf99a3b4981
[INFO] [stdout]                                at /rustc/6067b36314ab5eb2eb47cecc464545ba58e1ad24/library/alloc/src/boxed.rs:2013:9
[INFO] [stdout]   44:     0x63096cd5012b - <alloc::boxed::Box<F,A> as core::ops::function::FnOnce<Args>>::call_once::h567748934d80ccf8
[INFO] [stdout]                                at /rustc/6067b36314ab5eb2eb47cecc464545ba58e1ad24/library/alloc/src/boxed.rs:2013:9
[INFO] [stdout]   45:     0x63096cd5012b - std::sys::pal::unix::thread::Thread::new::thread_start::h2d970728ae887adc
[INFO] [stdout]                                at /rustc/6067b36314ab5eb2eb47cecc464545ba58e1ad24/library/std/src/sys/pal/unix/thread.rs:106:17
[INFO] [stdout]   46:     0x7994d5a70ac3 - <unknown>
[INFO] [stdout]   47:     0x7994d5b01a04 - clone
[INFO] [stdout]   48:                0x0 - <unknown>
[INFO] [stdout] 
[INFO] [stdout] 
[INFO] [stdout] failures:
[INFO] [stdout]     game::tests::test_lwss_vs_empty
[INFO] [stdout]     game::tests::test_lwss_vs_gliders
[INFO] [stdout] 
[INFO] [stdout] test result: FAILED. 2 passed; 2 failed; 0 ignored; 0 measured; 0 filtered out; finished in 0.44s
[INFO] [stdout] 
[INFO] [stderr] error: test failed, to rerun pass `--bin life_struggle`
[INFO] running `Command { std: "docker" "inspect" "a4b7bc4284a8dbbd7ed31c1ae364e80ea3aca2895de01f5b81b01a8717a93cbd", kill_on_drop: false }`
[INFO] running `Command { std: "docker" "rm" "-f" "a4b7bc4284a8dbbd7ed31c1ae364e80ea3aca2895de01f5b81b01a8717a93cbd", kill_on_drop: false }`
[INFO] [stdout] a4b7bc4284a8dbbd7ed31c1ae364e80ea3aca2895de01f5b81b01a8717a93cbd
