[INFO] cloning repository https://github.com/CouleeApps/fork-map
[INFO] running `Command { std: "git" "-c" "credential.helper=" "-c" "credential.helper=/workspace/cargo-home/bin/git-credential-null" "clone" "--bare" "https://github.com/CouleeApps/fork-map" "/workspace/cache/git-repos/https%3A%2F%2Fgithub.com%2FCouleeApps%2Ffork-map", kill_on_drop: false }`
[INFO] [stderr] Cloning into bare repository '/workspace/cache/git-repos/https%3A%2F%2Fgithub.com%2FCouleeApps%2Ffork-map'...
[INFO] running `Command { std: "git" "rev-parse" "HEAD", kill_on_drop: false }`
[INFO] [stdout] 8e4e898611dbeb72d24d221fd9198da2b2b84124
[INFO] testing CouleeApps/fork-map against nightly-2025-01-18 for randomize-layout-2
[INFO] running `Command { std: "git" "clone" "/workspace/cache/git-repos/https%3A%2F%2Fgithub.com%2FCouleeApps%2Ffork-map" "/workspace/builds/worker-1-tc1/source", kill_on_drop: false }`
[INFO] [stderr] Cloning into '/workspace/builds/worker-1-tc1/source'...
[INFO] [stderr] done.
[INFO] validating manifest of git repo https://github.com/CouleeApps/fork-map on toolchain nightly-2025-01-18
[INFO] running `Command { std: CARGO_HOME="/workspace/cargo-home" RUSTUP_HOME="/workspace/rustup-home" "/workspace/cargo-home/bin/cargo" "+nightly-2025-01-18" "metadata" "--manifest-path" "Cargo.toml" "--no-deps", kill_on_drop: false }`
[INFO] started tweaking git repo https://github.com/CouleeApps/fork-map
[INFO] finished tweaking git repo https://github.com/CouleeApps/fork-map
[INFO] tweaked toml for git repo https://github.com/CouleeApps/fork-map written to /workspace/builds/worker-1-tc1/source/Cargo.toml
[INFO] crate git repo https://github.com/CouleeApps/fork-map already has a lockfile, it will not be regenerated
[INFO] running `Command { std: CARGO_HOME="/workspace/cargo-home" RUSTUP_HOME="/workspace/rustup-home" "/workspace/cargo-home/bin/cargo" "+nightly-2025-01-18" "fetch" "--manifest-path" "Cargo.toml", kill_on_drop: false }`
[INFO] [stderr]     Updating crates.io index
[INFO] [stderr]  Downloading crates ...
[INFO] [stderr]   Downloaded serde-error v0.1.2
[INFO] running `Command { std: "docker" "create" "-v" "/var/lib/crater-agent-workspace/builds/worker-1-tc1/target:/opt/rustwide/target:rw,Z" "-v" "/var/lib/crater-agent-workspace/builds/worker-1-tc1/source:/opt/rustwide/workdir:ro,Z" "-v" "/var/lib/crater-agent-workspace/cargo-home:/opt/rustwide/cargo-home:ro,Z" "-v" "/var/lib/crater-agent-workspace/rustup-home:/opt/rustwide/rustup-home:ro,Z" "-e" "SOURCE_DIR=/opt/rustwide/workdir" "-e" "CARGO_TARGET_DIR=/opt/rustwide/target" "-e" "CARGO_HOME=/opt/rustwide/cargo-home" "-e" "RUSTUP_HOME=/opt/rustwide/rustup-home" "-w" "/opt/rustwide/workdir" "-m" "1610612736" "--user" "0:0" "--network" "none" "ghcr.io/rust-lang/crates-build-env/linux@sha256:819108c5571ea2e421544af4d832f968d213c87fbe3707a016657f43d2f853bc" "/opt/rustwide/cargo-home/bin/cargo" "+nightly-2025-01-18" "metadata" "--no-deps" "--format-version=1", kill_on_drop: false }`
[INFO] [stdout] ec6740a0f081919d04274295987862ec8d11271ca8eb2c5e29f36a8b2f1716b7
[INFO] running `Command { std: "docker" "start" "-a" "ec6740a0f081919d04274295987862ec8d11271ca8eb2c5e29f36a8b2f1716b7", kill_on_drop: false }`
[INFO] running `Command { std: "docker" "inspect" "ec6740a0f081919d04274295987862ec8d11271ca8eb2c5e29f36a8b2f1716b7", kill_on_drop: false }`
[INFO] running `Command { std: "docker" "rm" "-f" "ec6740a0f081919d04274295987862ec8d11271ca8eb2c5e29f36a8b2f1716b7", kill_on_drop: false }`
[INFO] [stdout] ec6740a0f081919d04274295987862ec8d11271ca8eb2c5e29f36a8b2f1716b7
[INFO] running `Command { std: "docker" "create" "-v" "/var/lib/crater-agent-workspace/builds/worker-1-tc1/target:/opt/rustwide/target:rw,Z" "-v" "/var/lib/crater-agent-workspace/builds/worker-1-tc1/source:/opt/rustwide/workdir:ro,Z" "-v" "/var/lib/crater-agent-workspace/cargo-home:/opt/rustwide/cargo-home:ro,Z" "-v" "/var/lib/crater-agent-workspace/rustup-home:/opt/rustwide/rustup-home:ro,Z" "-e" "SOURCE_DIR=/opt/rustwide/workdir" "-e" "CARGO_TARGET_DIR=/opt/rustwide/target" "-e" "CARGO_INCREMENTAL=0" "-e" "RUST_BACKTRACE=full" "-e" "RUSTFLAGS=--cap-lints=forbid" "-e" "RUSTDOCFLAGS=--cap-lints=forbid" "-e" "CARGO_HOME=/opt/rustwide/cargo-home" "-e" "RUSTUP_HOME=/opt/rustwide/rustup-home" "-w" "/opt/rustwide/workdir" "-m" "1610612736" "--user" "0:0" "--network" "none" "ghcr.io/rust-lang/crates-build-env/linux@sha256:819108c5571ea2e421544af4d832f968d213c87fbe3707a016657f43d2f853bc" "/opt/rustwide/cargo-home/bin/cargo" "+nightly-2025-01-18" "build" "--frozen" "--message-format=json", kill_on_drop: false }`
[INFO] [stdout] a6d18956ccadd2ac37f168338959112ce1cd88c9d3577cf5300a4287d899c6bd
[INFO] running `Command { std: "docker" "start" "-a" "a6d18956ccadd2ac37f168338959112ce1cd88c9d3577cf5300a4287d899c6bd", kill_on_drop: false }`
[INFO] [stderr]    Compiling proc-macro2 v1.0.78
[INFO] [stderr]    Compiling serde v1.0.196
[INFO] [stderr]    Compiling anyhow v1.0.79
[INFO] [stderr]    Compiling libc v0.2.153
[INFO] [stderr]    Compiling serde_json v1.0.113
[INFO] [stderr]    Compiling itoa v1.0.10
[INFO] [stderr]    Compiling ryu v1.0.16
[INFO] [stderr]    Compiling quote v1.0.35
[INFO] [stderr]    Compiling syn v2.0.48
[INFO] [stderr]    Compiling serde_derive v1.0.196
[INFO] [stderr]    Compiling serde-error v0.1.2
[INFO] [stderr]    Compiling fork-map v0.1.3 (/opt/rustwide/workdir)
[INFO] [stderr]     Finished `dev` profile [unoptimized + debuginfo] target(s) in 15.17s
[INFO] running `Command { std: "docker" "inspect" "a6d18956ccadd2ac37f168338959112ce1cd88c9d3577cf5300a4287d899c6bd", kill_on_drop: false }`
[INFO] running `Command { std: "docker" "rm" "-f" "a6d18956ccadd2ac37f168338959112ce1cd88c9d3577cf5300a4287d899c6bd", kill_on_drop: false }`
[INFO] [stdout] a6d18956ccadd2ac37f168338959112ce1cd88c9d3577cf5300a4287d899c6bd
[INFO] running `Command { std: "docker" "create" "-v" "/var/lib/crater-agent-workspace/builds/worker-1-tc1/target:/opt/rustwide/target:rw,Z" "-v" "/var/lib/crater-agent-workspace/builds/worker-1-tc1/source:/opt/rustwide/workdir:ro,Z" "-v" "/var/lib/crater-agent-workspace/cargo-home:/opt/rustwide/cargo-home:ro,Z" "-v" "/var/lib/crater-agent-workspace/rustup-home:/opt/rustwide/rustup-home:ro,Z" "-e" "SOURCE_DIR=/opt/rustwide/workdir" "-e" "CARGO_TARGET_DIR=/opt/rustwide/target" "-e" "CARGO_INCREMENTAL=0" "-e" "RUST_BACKTRACE=full" "-e" "RUSTFLAGS=--cap-lints=forbid" "-e" "RUSTDOCFLAGS=--cap-lints=forbid" "-e" "CARGO_HOME=/opt/rustwide/cargo-home" "-e" "RUSTUP_HOME=/opt/rustwide/rustup-home" "-w" "/opt/rustwide/workdir" "-m" "1610612736" "--user" "0:0" "--network" "none" "ghcr.io/rust-lang/crates-build-env/linux@sha256:819108c5571ea2e421544af4d832f968d213c87fbe3707a016657f43d2f853bc" "/opt/rustwide/cargo-home/bin/cargo" "+nightly-2025-01-18" "test" "--frozen" "--no-run" "--message-format=json", kill_on_drop: false }`
[INFO] [stdout] e8fe38ea44e71c69d7f79f33a86ef3ef26f64956770f703a0084ce37ce1c0264
[INFO] running `Command { std: "docker" "start" "-a" "e8fe38ea44e71c69d7f79f33a86ef3ef26f64956770f703a0084ce37ce1c0264", kill_on_drop: false }`
[INFO] [stderr]    Compiling fork-map v0.1.3 (/opt/rustwide/workdir)
[INFO] [stderr]     Finished `test` profile [unoptimized + debuginfo] target(s) in 0.32s
[INFO] running `Command { std: "docker" "inspect" "e8fe38ea44e71c69d7f79f33a86ef3ef26f64956770f703a0084ce37ce1c0264", kill_on_drop: false }`
[INFO] running `Command { std: "docker" "rm" "-f" "e8fe38ea44e71c69d7f79f33a86ef3ef26f64956770f703a0084ce37ce1c0264", kill_on_drop: false }`
[INFO] [stdout] e8fe38ea44e71c69d7f79f33a86ef3ef26f64956770f703a0084ce37ce1c0264
[INFO] running `Command { std: "docker" "create" "-v" "/var/lib/crater-agent-workspace/builds/worker-1-tc1/target:/opt/rustwide/target:rw,Z" "-v" "/var/lib/crater-agent-workspace/builds/worker-1-tc1/source:/opt/rustwide/workdir:ro,Z" "-v" "/var/lib/crater-agent-workspace/cargo-home:/opt/rustwide/cargo-home:ro,Z" "-v" "/var/lib/crater-agent-workspace/rustup-home:/opt/rustwide/rustup-home:ro,Z" "-e" "SOURCE_DIR=/opt/rustwide/workdir" "-e" "CARGO_TARGET_DIR=/opt/rustwide/target" "-e" "CARGO_INCREMENTAL=0" "-e" "RUST_BACKTRACE=full" "-e" "RUSTFLAGS=--cap-lints=forbid" "-e" "RUSTDOCFLAGS=--cap-lints=forbid" "-e" "CARGO_HOME=/opt/rustwide/cargo-home" "-e" "RUSTUP_HOME=/opt/rustwide/rustup-home" "-w" "/opt/rustwide/workdir" "-m" "1610612736" "--user" "0:0" "--network" "none" "ghcr.io/rust-lang/crates-build-env/linux@sha256:819108c5571ea2e421544af4d832f968d213c87fbe3707a016657f43d2f853bc" "/opt/rustwide/cargo-home/bin/cargo" "+nightly-2025-01-18" "test" "--frozen", kill_on_drop: false }`
[INFO] [stdout] 530840ff758b6c716933499d79906867a9837ae5e3896d7ae2d55876b55500d3
[INFO] running `Command { std: "docker" "start" "-a" "530840ff758b6c716933499d79906867a9837ae5e3896d7ae2d55876b55500d3", kill_on_drop: false }`
[INFO] [stderr]     Finished `test` profile [unoptimized + debuginfo] target(s) in 0.04s
[INFO] [stderr]      Running unittests src/lib.rs (/opt/rustwide/target/debug/deps/fork_map-9f0657bc7a6941fd)
[INFO] [stderr]    Doc-tests fork_map
[INFO] [stdout] 
[INFO] [stdout] running 0 tests
[INFO] [stdout] 
[INFO] [stdout] test result: ok. 0 passed; 0 failed; 0 ignored; 0 measured; 0 filtered out; finished in 0.00s
[INFO] [stdout] 
[INFO] [stdout] 
[INFO] [stdout] running 2 tests
[INFO] [stdout] test src/lib.rs - fork_map (line 34) ... FAILED
[INFO] [stdout] test src/lib.rs - fork_map (line 9) ... ok
[INFO] [stdout] 
[INFO] [stdout] failures:
[INFO] [stdout] 
[INFO] [stdout] ---- src/lib.rs - fork_map (line 34) stdout ----
[INFO] [stdout] error[E0433]: failed to resolve: use of undeclared crate or module `rayon`
[INFO] [stdout]  --> src/lib.rs:37:5
[INFO] [stdout]   |
[INFO] [stdout] 5 | use rayon::prelude::*;
[INFO] [stdout]   |     ^^^^^ use of undeclared crate or module `rayon`
[INFO] [stdout] 
[INFO] [stdout] error[E0599]: no method named `into_par_iter` found for array `[_; 0]` in the current scope
[INFO] [stdout]   --> src/lib.rs:43:31
[INFO] [stdout]    |
[INFO] [stdout] 11 |     let results = my_big_list.into_par_iter().map(|item| {
[INFO] [stdout]    |                               ^^^^^^^^^^^^^
[INFO] [stdout]    |
[INFO] [stdout] help: there is a method `into_iter` with a similar name
[INFO] [stdout]    |
[INFO] [stdout] 11 |     let results = my_big_list.into_iter().map(|item| {
[INFO] [stdout]    |                               ~~~~~~~~~
[INFO] [stdout] 
[INFO] [stdout] error: aborting due to 2 previous errors
[INFO] [stdout] 
[INFO] [stdout] Some errors have detailed explanations: E0433, E0599.
[INFO] [stdout] For more information about an error, try `rustc --explain E0433`.
[INFO] [stdout] Couldn't compile the test.
[INFO] [stdout] 
[INFO] [stdout] failures:
[INFO] [stdout]     src/lib.rs - fork_map (line 34)
[INFO] [stdout] 
[INFO] [stdout] test result: FAILED. 1 passed; 1 failed; 0 ignored; 0 measured; 0 filtered out; finished in 0.42s
[INFO] [stdout] 
[INFO] [stderr] error: doctest failed, to rerun pass `--doc`
[INFO] running `Command { std: "docker" "inspect" "530840ff758b6c716933499d79906867a9837ae5e3896d7ae2d55876b55500d3", kill_on_drop: false }`
[INFO] running `Command { std: "docker" "rm" "-f" "530840ff758b6c716933499d79906867a9837ae5e3896d7ae2d55876b55500d3", kill_on_drop: false }`
[INFO] [stdout] 530840ff758b6c716933499d79906867a9837ae5e3896d7ae2d55876b55500d3
